[INFO] fetching crate fbas_analyzer 0.7.4...
[INFO] testing fbas_analyzer-0.7.4 against beta-2024-12-08 for beta-1.84.0-4-retry
[INFO] extracting crate fbas_analyzer 0.7.4 into /workspace/builds/worker-4-tc2/source
[INFO] validating manifest of crates.io crate fbas_analyzer 0.7.4 on toolchain beta-2024-12-08
[INFO] running `Command { std: CARGO_HOME="/workspace/cargo-home" RUSTUP_HOME="/workspace/rustup-home" "/workspace/cargo-home/bin/cargo" "+beta-2024-12-08" "metadata" "--manifest-path" "Cargo.toml" "--no-deps", kill_on_drop: false }`
[INFO] started tweaking crates.io crate fbas_analyzer 0.7.4
[INFO] finished tweaking crates.io crate fbas_analyzer 0.7.4
[INFO] tweaked toml for crates.io crate fbas_analyzer 0.7.4 written to /workspace/builds/worker-4-tc2/source/Cargo.toml
[INFO] crate crates.io crate fbas_analyzer 0.7.4 already has a lockfile, it will not be regenerated
[INFO] running `Command { std: CARGO_HOME="/workspace/cargo-home" RUSTUP_HOME="/workspace/rustup-home" "/workspace/cargo-home/bin/cargo" "+beta-2024-12-08" "fetch" "--manifest-path" "Cargo.toml", kill_on_drop: false }`
[INFO] running `Command { std: "docker" "create" "-v" "/var/lib/crater-agent-workspace/builds/worker-4-tc2/target:/opt/rustwide/target:rw,Z" "-v" "/var/lib/crater-agent-workspace/builds/worker-4-tc2/source:/opt/rustwide/workdir:ro,Z" "-v" "/var/lib/crater-agent-workspace/cargo-home:/opt/rustwide/cargo-home:ro,Z" "-v" "/var/lib/crater-agent-workspace/rustup-home:/opt/rustwide/rustup-home:ro,Z" "-e" "SOURCE_DIR=/opt/rustwide/workdir" "-e" "CARGO_TARGET_DIR=/opt/rustwide/target" "-e" "CARGO_HOME=/opt/rustwide/cargo-home" "-e" "RUSTUP_HOME=/opt/rustwide/rustup-home" "-w" "/opt/rustwide/workdir" "-m" "1610612736" "--user" "0:0" "--network" "none" "ghcr.io/rust-lang/crates-build-env/linux@sha256:f3a9d4ad9d972b27faf3965f35b62e55ba32bbce8f20bc8fe909558a86702fde" "/opt/rustwide/cargo-home/bin/cargo" "+beta-2024-12-08" "metadata" "--no-deps" "--format-version=1", kill_on_drop: false }`
[INFO] [stdout] 5bb1717fc6389ace057eb7931ace8b26dd0ce9c82fb042a94adc1bf9cfec62c5
[INFO] running `Command { std: "docker" "start" "-a" "5bb1717fc6389ace057eb7931ace8b26dd0ce9c82fb042a94adc1bf9cfec62c5", kill_on_drop: false }`
[INFO] running `Command { std: "docker" "inspect" "5bb1717fc6389ace057eb7931ace8b26dd0ce9c82fb042a94adc1bf9cfec62c5", kill_on_drop: false }`
[INFO] running `Command { std: "docker" "rm" "-f" "5bb1717fc6389ace057eb7931ace8b26dd0ce9c82fb042a94adc1bf9cfec62c5", kill_on_drop: false }`
[INFO] [stdout] 5bb1717fc6389ace057eb7931ace8b26dd0ce9c82fb042a94adc1bf9cfec62c5
[INFO] running `Command { std: "docker" "create" "-v" "/var/lib/crater-agent-workspace/builds/worker-4-tc2/target:/opt/rustwide/target:rw,Z" "-v" "/var/lib/crater-agent-workspace/builds/worker-4-tc2/source:/opt/rustwide/workdir:ro,Z" "-v" "/var/lib/crater-agent-workspace/cargo-home:/opt/rustwide/cargo-home:ro,Z" "-v" "/var/lib/crater-agent-workspace/rustup-home:/opt/rustwide/rustup-home:ro,Z" "-e" "SOURCE_DIR=/opt/rustwide/workdir" "-e" "CARGO_TARGET_DIR=/opt/rustwide/target" "-e" "CARGO_INCREMENTAL=0" "-e" "RUST_BACKTRACE=full" "-e" "RUSTFLAGS=--cap-lints=warn" "-e" "RUSTDOCFLAGS=--cap-lints=warn" "-e" "CARGO_HOME=/opt/rustwide/cargo-home" "-e" "RUSTUP_HOME=/opt/rustwide/rustup-home" "-w" "/opt/rustwide/workdir" "-m" "1610612736" "--user" "0:0" "--network" "none" "ghcr.io/rust-lang/crates-build-env/linux@sha256:f3a9d4ad9d972b27faf3965f35b62e55ba32bbce8f20bc8fe909558a86702fde" "/opt/rustwide/cargo-home/bin/cargo" "+beta-2024-12-08" "build" "--frozen" "--message-format=json", kill_on_drop: false }`
[INFO] [stdout] c9cdaab70384840f1507c18515dbd8058bde78d90ee572dbbb1c7c20bbbe228a
[INFO] running `Command { std: "docker" "start" "-a" "c9cdaab70384840f1507c18515dbd8058bde78d90ee572dbbb1c7c20bbbe228a", kill_on_drop: false }`
[INFO] [stderr]    Compiling autocfg v1.1.0
[INFO] [stderr]    Compiling proc-macro2 v1.0.36
[INFO] [stderr]    Compiling unicode-xid v0.2.2
[INFO] [stderr]    Compiling syn v1.0.90
[INFO] [stderr]    Compiling memchr v2.4.1
[INFO] [stderr]    Compiling cfg-if v1.0.0
[INFO] [stderr]    Compiling libc v0.2.121
[INFO] [stderr]    Compiling lazy_static v1.4.0
[INFO] [stderr]    Compiling serde_derive v1.0.136
[INFO] [stderr]    Compiling serde v1.0.136
[INFO] [stderr]    Compiling crossbeam-utils v0.8.8
[INFO] [stderr]    Compiling fnv v1.0.7
[INFO] [stderr]    Compiling proc-macro2 v0.4.30
[INFO] [stderr]    Compiling log v0.4.16
[INFO] [stderr]    Compiling memoffset v0.6.5
[INFO] [stderr]    Compiling miniz_oxide v0.4.4
[INFO] [stderr]    Compiling aho-corasick v0.7.18
[INFO] [stderr]    Compiling unicode-xid v0.1.0
[INFO] [stderr]    Compiling cc v1.0.73
[INFO] [stderr]    Compiling regex-syntax v0.6.25
[INFO] [stderr]    Compiling quote v1.0.17
[INFO] [stderr]    Compiling crossbeam-epoch v0.9.8
[INFO] [stderr]    Compiling failure_derive v0.1.8
[INFO] [stderr]    Compiling typenum v1.15.0
[INFO] [stderr]    Compiling syn v0.15.44
[INFO] [stderr]    Compiling regex-automata v0.1.10
[INFO] [stderr]    Compiling gimli v0.26.1
[INFO] [stderr]    Compiling adler v1.0.2
[INFO] [stderr]    Compiling version_check v0.9.4
[INFO] [stderr]    Compiling backtrace v0.3.64
[INFO] [stderr]    Compiling quote v0.6.13
[INFO] [stderr]    Compiling generic-array v0.14.5
[INFO] [stderr]    Compiling atty v0.2.14
[INFO] [stderr]    Compiling num_cpus v1.13.1
[INFO] [stderr]    Compiling object v0.27.1
[INFO] [stderr]    Compiling ident_case v1.0.1
[INFO] [stderr]    Compiling rayon-core v1.9.1
[INFO] [stderr]    Compiling scopeguard v1.1.0
[INFO] [stderr]    Compiling unicode-width v0.1.9
[INFO] [stderr]    Compiling unicode-segmentation v1.9.0
[INFO] [stderr]    Compiling strsim v0.10.0
[INFO] [stderr]    Compiling rustc-demangle v0.1.21
[INFO] [stderr]    Compiling textwrap v0.11.0
[INFO] [stderr]    Compiling heck v0.3.3
[INFO] [stderr]    Compiling num-traits v0.2.14
[INFO] [stderr]    Compiling bitflags v1.3.2
[INFO] [stderr]    Compiling same-file v1.0.6
[INFO] [stderr]    Compiling regex v1.5.5
[INFO] [stderr]    Compiling either v1.6.1
[INFO] [stderr]    Compiling once_cell v1.10.0
[INFO] [stderr]    Compiling quick-error v1.2.3
[INFO] [stderr]    Compiling strsim v0.8.0
[INFO] [stderr]    Compiling vec_map v0.8.2
[INFO] [stderr]    Compiling ansi_term v0.12.1
[INFO] [stderr]    Compiling addr2line v0.17.0
[INFO] [stderr]    Compiling clap v2.34.0
[INFO] [stderr]    Compiling humantime v1.3.0
[INFO] [stderr]    Compiling thread_local v1.1.4
[INFO] [stderr]    Compiling walkdir v2.3.2
[INFO] [stderr]    Compiling crossbeam-deque v0.8.1
[INFO] [stderr]    Compiling crossbeam-channel v0.5.4
[INFO] [stderr]    Compiling rayon v1.5.1
[INFO] [stderr]    Compiling indexmap v1.8.1
[INFO] [stderr]    Compiling termcolor v1.1.3
[INFO] [stderr]    Compiling synstructure v0.12.6
[INFO] [stderr]    Compiling darling_core v0.13.2
[INFO] [stderr]    Compiling structopt-derive v0.2.18
[INFO] [stderr]    Compiling rustversion v1.0.6
[INFO] [stderr]    Compiling env_logger v0.5.13
[INFO] [stderr]    Compiling serde_json v1.0.79
[INFO] [stderr]    Compiling futures v0.1.31
[INFO] [stderr]    Compiling ryu v1.0.9
[INFO] [stderr]    Compiling structopt v0.2.18
[INFO] [stderr]    Compiling hashbrown v0.11.2
[INFO] [stderr]    Compiling block-padding v0.2.1
[INFO] [stderr]    Compiling block-buffer v0.9.0
[INFO] [stderr]    Compiling integer-sqrt v0.1.5
[INFO] [stderr]    Compiling digest v0.9.0
[INFO] [stderr]    Compiling itertools v0.10.3
[INFO] [stderr]    Compiling csv-core v0.1.10
[INFO] [stderr]    Compiling futures-cpupool v0.1.8
[INFO] [stderr]    Compiling darling_macro v0.13.2
[INFO] [stderr]    Compiling itoa v1.0.1
[INFO] [stderr]    Compiling rustc-hash v1.1.0
[INFO] [stderr]    Compiling fixedbitset v0.4.1
[INFO] [stderr]    Compiling itoa v0.4.8
[INFO] [stderr]    Compiling pub-iterator-type v0.1.1
[INFO] [stderr]    Compiling opaque-debug v0.3.0
[INFO] [stderr]    Compiling bit-vec v0.6.3
[INFO] [stderr]    Compiling darling v0.13.2
[INFO] [stderr]    Compiling serde_with_macros v1.5.1
[INFO] [stderr]    Compiling keccak v0.1.0
[INFO] [stderr]    Compiling remove_dir_all v0.5.3
[INFO] [stderr]    Compiling bit-set v0.5.2
[INFO] [stderr]    Compiling sha3 v0.9.1
[INFO] [stderr]    Compiling par-map v0.1.4
[INFO] [stderr]    Compiling failure v0.1.8
[INFO] [stderr]    Compiling hex v0.4.3
[INFO] [stderr]    Compiling exitfailure v0.5.1
[INFO] [stderr]    Compiling clap-verbosity-flag v0.2.0
[INFO] [stderr]    Compiling pathfinding v2.2.3
[INFO] [stderr]    Compiling bstr v0.2.17
[INFO] [stderr]    Compiling serde_with v1.12.0
[INFO] [stderr]    Compiling globset v0.4.8
[INFO] [stderr]    Compiling csv v1.1.6
[INFO] [stderr]    Compiling ignore v0.4.18
[INFO] [stderr]    Compiling globwalk v0.3.1
[INFO] [stderr]    Compiling quicli v0.4.0
[INFO] [stderr]    Compiling fbas_analyzer v0.7.4 (/opt/rustwide/workdir)
[INFO] [stdout] warning: unused import: `std::collections::HashSet`
[INFO] [stdout]  --> src/core_types/mod.rs:7:9
[INFO] [stdout]   |
[INFO] [stdout] 7 | pub use std::collections::HashSet;
[INFO] [stdout]   |         ^^^^^^^^^^^^^^^^^^^^^^^^^
[INFO] [stdout]   |
[INFO] [stdout]   = note: `#[warn(unused_imports)]` on by default
[INFO] [stdout] 
[INFO] [stdout] 
[INFO] [stdout] warning: elided lifetime has a name
[INFO] [stdout]    --> src/core_types/quorum_set.rs:102:44
[INFO] [stdout]     |
[INFO] [stdout] 99  |     pub(crate) fn nonempty_slices_iter<'a>(
[INFO] [stdout]     |                                        -- lifetime `'a` declared here
[INFO] [stdout] ...
[INFO] [stdout] 102 |     ) -> impl Iterator<Item = NodeIdSet> + '_ {
[INFO] [stdout]     |                                            ^^ this elided lifetime gets resolved as `'a`
[INFO] [stdout]     |
[INFO] [stdout]     = note: `#[warn(elided_named_lifetimes)]` on by default
[INFO] [stdout] 
[INFO] [stdout] 
[INFO] [stdout] warning: unused import: `set_helpers::*`
[INFO] [stdout]   --> src/core_types/mod.rs:27:9
[INFO] [stdout]    |
[INFO] [stdout] 27 | pub use set_helpers::*;
[INFO] [stdout]    |         ^^^^^^^^^^^^^^
[INFO] [stdout] 
[INFO] [stdout] 
[INFO] [stderr]     Finished `dev` profile [unoptimized + debuginfo] target(s) in 1m 27s
[INFO] running `Command { std: "docker" "inspect" "c9cdaab70384840f1507c18515dbd8058bde78d90ee572dbbb1c7c20bbbe228a", kill_on_drop: false }`
[INFO] running `Command { std: "docker" "rm" "-f" "c9cdaab70384840f1507c18515dbd8058bde78d90ee572dbbb1c7c20bbbe228a", kill_on_drop: false }`
[INFO] [stdout] c9cdaab70384840f1507c18515dbd8058bde78d90ee572dbbb1c7c20bbbe228a
[INFO] running `Command { std: "docker" "create" "-v" "/var/lib/crater-agent-workspace/builds/worker-4-tc2/target:/opt/rustwide/target:rw,Z" "-v" "/var/lib/crater-agent-workspace/builds/worker-4-tc2/source:/opt/rustwide/workdir:ro,Z" "-v" "/var/lib/crater-agent-workspace/cargo-home:/opt/rustwide/cargo-home:ro,Z" "-v" "/var/lib/crater-agent-workspace/rustup-home:/opt/rustwide/rustup-home:ro,Z" "-e" "SOURCE_DIR=/opt/rustwide/workdir" "-e" "CARGO_TARGET_DIR=/opt/rustwide/target" "-e" "CARGO_INCREMENTAL=0" "-e" "RUST_BACKTRACE=full" "-e" "RUSTFLAGS=--cap-lints=warn" "-e" "RUSTDOCFLAGS=--cap-lints=warn" "-e" "CARGO_HOME=/opt/rustwide/cargo-home" "-e" "RUSTUP_HOME=/opt/rustwide/rustup-home" "-w" "/opt/rustwide/workdir" "-m" "1610612736" "--user" "0:0" "--network" "none" "ghcr.io/rust-lang/crates-build-env/linux@sha256:f3a9d4ad9d972b27faf3965f35b62e55ba32bbce8f20bc8fe909558a86702fde" "/opt/rustwide/cargo-home/bin/cargo" "+beta-2024-12-08" "test" "--frozen" "--no-run" "--message-format=json", kill_on_drop: false }`
[INFO] [stdout] 8d1a8a4fae5cf946e88cb2f028c7eb28b77bc363c470959bb980456e9d687a3b
[INFO] running `Command { std: "docker" "start" "-a" "8d1a8a4fae5cf946e88cb2f028c7eb28b77bc363c470959bb980456e9d687a3b", kill_on_drop: false }`
[INFO] [stderr]    Compiling semver v1.0.7
[INFO] [stderr]    Compiling plotters-backend v0.3.2
[INFO] [stderr]    Compiling predicates-core v1.0.3
[INFO] [stderr]    Compiling doc-comment v0.3.3
[INFO] [stderr]    Compiling float-cmp v0.9.0
[INFO] [stderr]    Compiling half v1.8.2
[INFO] [stderr]    Compiling termtree v0.2.4
[INFO] [stderr]    Compiling difflib v0.4.0
[INFO] [stderr]    Compiling normalize-line-endings v0.3.0
[INFO] [stderr]    Compiling predicates-tree v1.0.5
[INFO] [stderr]    Compiling tinytemplate v1.2.1
[INFO] [stdout] warning: unused import: `std::collections::HashSet`
[INFO] [stdout]  --> src/core_types/mod.rs:7:9
[INFO] [stdout]   |
[INFO] [stdout] 7 | pub use std::collections::HashSet;
[INFO] [stdout]   |         ^^^^^^^^^^^^^^^^^^^^^^^^^
[INFO] [stdout]   |
[INFO] [stdout]   = note: `#[warn(unused_imports)]` on by default
[INFO] [stdout] 
[INFO] [stdout] 
[INFO] [stdout] warning: elided lifetime has a name
[INFO] [stdout]    --> src/core_types/quorum_set.rs:102:44
[INFO] [stdout]     |
[INFO] [stdout] 99  |     pub(crate) fn nonempty_slices_iter<'a>(
[INFO] [stdout]     |                                        -- lifetime `'a` declared here
[INFO] [stdout] ...
[INFO] [stdout] 102 |     ) -> impl Iterator<Item = NodeIdSet> + '_ {
[INFO] [stdout]     |                                            ^^ this elided lifetime gets resolved as `'a`
[INFO] [stdout]     |
[INFO] [stdout]     = note: `#[warn(elided_named_lifetimes)]` on by default
[INFO] [stdout] 
[INFO] [stdout] 
[INFO] [stdout] warning: unused import: `set_helpers::*`
[INFO] [stdout]   --> src/core_types/mod.rs:27:9
[INFO] [stdout]    |
[INFO] [stdout] 27 | pub use set_helpers::*;
[INFO] [stdout]    |         ^^^^^^^^^^^^^^
[INFO] [stdout] 
[INFO] [stdout] 
[INFO] [stderr]    Compiling wait-timeout v0.2.0
[INFO] [stderr]    Compiling plotters-svg v0.3.1
[INFO] [stderr]    Compiling predicates v2.1.1
[INFO] [stderr]    Compiling serde_cbor v0.11.2
[INFO] [stderr]    Compiling plotters v0.3.1
[INFO] [stderr]    Compiling oorandom v11.1.3
[INFO] [stderr]    Compiling rustc_version v0.4.0
[INFO] [stderr]    Compiling cast v0.2.7
[INFO] [stderr]    Compiling assert_cmd v2.0.4
[INFO] [stderr]    Compiling criterion-plot v0.4.4
[INFO] [stderr]    Compiling criterion v0.3.5
[INFO] [stderr]    Compiling fbas_analyzer v0.7.4 (/opt/rustwide/workdir)
[INFO] [stdout] warning: unused import: `std::collections::HashSet`
[INFO] [stdout]  --> src/core_types/mod.rs:7:9
[INFO] [stdout]   |
[INFO] [stdout] 7 | pub use std::collections::HashSet;
[INFO] [stdout]   |         ^^^^^^^^^^^^^^^^^^^^^^^^^
[INFO] [stdout]   |
[INFO] [stdout]   = note: `#[warn(unused_imports)]` on by default
[INFO] [stdout] 
[INFO] [stdout] 
[INFO] [stdout] warning: elided lifetime has a name
[INFO] [stdout]    --> src/core_types/quorum_set.rs:102:44
[INFO] [stdout]     |
[INFO] [stdout] 99  |     pub(crate) fn nonempty_slices_iter<'a>(
[INFO] [stdout]     |                                        -- lifetime `'a` declared here
[INFO] [stdout] ...
[INFO] [stdout] 102 |     ) -> impl Iterator<Item = NodeIdSet> + '_ {
[INFO] [stdout]     |                                            ^^ this elided lifetime gets resolved as `'a`
[INFO] [stdout]     |
[INFO] [stdout]     = note: `#[warn(elided_named_lifetimes)]` on by default
[INFO] [stdout] 
[INFO] [stdout] 
[INFO] [stdout] warning: unused import: `set_helpers::*`
[INFO] [stdout]   --> src/core_types/mod.rs:27:9
[INFO] [stdout]    |
[INFO] [stdout] 27 | pub use set_helpers::*;
[INFO] [stdout]    |         ^^^^^^^^^^^^^^
[INFO] [stdout] 
[INFO] [stdout] 
[INFO] [stderr]     Finished `test` profile [unoptimized + debuginfo] target(s) in 27.02s
[INFO] [stderr] warning: the following packages contain code that will be rejected by a future version of Rust: criterion v0.3.5
[INFO] [stderr] note: to see what the problems were, use the option `--future-incompat-report`, or run `cargo report future-incompatibilities --id 1`
[INFO] running `Command { std: "docker" "inspect" "8d1a8a4fae5cf946e88cb2f028c7eb28b77bc363c470959bb980456e9d687a3b", kill_on_drop: false }`
[INFO] running `Command { std: "docker" "rm" "-f" "8d1a8a4fae5cf946e88cb2f028c7eb28b77bc363c470959bb980456e9d687a3b", kill_on_drop: false }`
[INFO] [stdout] 8d1a8a4fae5cf946e88cb2f028c7eb28b77bc363c470959bb980456e9d687a3b
[INFO] running `Command { std: "docker" "create" "-v" "/var/lib/crater-agent-workspace/builds/worker-4-tc2/target:/opt/rustwide/target:rw,Z" "-v" "/var/lib/crater-agent-workspace/builds/worker-4-tc2/source:/opt/rustwide/workdir:ro,Z" "-v" "/var/lib/crater-agent-workspace/cargo-home:/opt/rustwide/cargo-home:ro,Z" "-v" "/var/lib/crater-agent-workspace/rustup-home:/opt/rustwide/rustup-home:ro,Z" "-e" "SOURCE_DIR=/opt/rustwide/workdir" "-e" "CARGO_TARGET_DIR=/opt/rustwide/target" "-e" "CARGO_INCREMENTAL=0" "-e" "RUST_BACKTRACE=full" "-e" "RUSTFLAGS=--cap-lints=warn" "-e" "RUSTDOCFLAGS=--cap-lints=warn" "-e" "CARGO_HOME=/opt/rustwide/cargo-home" "-e" "RUSTUP_HOME=/opt/rustwide/rustup-home" "-w" "/opt/rustwide/workdir" "-m" "1610612736" "--user" "0:0" "--network" "none" "ghcr.io/rust-lang/crates-build-env/linux@sha256:f3a9d4ad9d972b27faf3965f35b62e55ba32bbce8f20bc8fe909558a86702fde" "/opt/rustwide/cargo-home/bin/cargo" "+beta-2024-12-08" "test" "--frozen", kill_on_drop: false }`
[INFO] [stdout] 859450a990ee466ceeb27125013ed91d77b02a8ac28a604a25b8dc1d0925eee9
[INFO] running `Command { std: "docker" "start" "-a" "859450a990ee466ceeb27125013ed91d77b02a8ac28a604a25b8dc1d0925eee9", kill_on_drop: false }`
[INFO] [stderr] warning: unused import: `std::collections::HashSet`
[INFO] [stderr]  --> src/core_types/mod.rs:7:9
[INFO] [stderr]   |
[INFO] [stderr] 7 | pub use std::collections::HashSet;
[INFO] [stderr]   |         ^^^^^^^^^^^^^^^^^^^^^^^^^
[INFO] [stderr]   |
[INFO] [stderr]   = note: `#[warn(unused_imports)]` on by default
[INFO] [stderr] 
[INFO] [stderr] warning: elided lifetime has a name
[INFO] [stderr]    --> src/core_types/quorum_set.rs:102:44
[INFO] [stderr]     |
[INFO] [stderr] 99  |     pub(crate) fn nonempty_slices_iter<'a>(
[INFO] [stderr]     |                                        -- lifetime `'a` declared here
[INFO] [stderr] ...
[INFO] [stderr] 102 |     ) -> impl Iterator<Item = NodeIdSet> + '_ {
[INFO] [stderr]     |                                            ^^ this elided lifetime gets resolved as `'a`
[INFO] [stderr]     |
[INFO] [stderr]     = note: `#[warn(elided_named_lifetimes)]` on by default
[INFO] [stderr] 
[INFO] [stderr] warning: unused import: `set_helpers::*`
[INFO] [stderr]   --> src/core_types/mod.rs:27:9
[INFO] [stderr]    |
[INFO] [stderr] 27 | pub use set_helpers::*;
[INFO] [stderr]    |         ^^^^^^^^^^^^^^
[INFO] [stderr] 
[INFO] [stderr] warning: `fbas_analyzer` (lib) generated 3 warnings (run `cargo fix --lib -p fbas_analyzer` to apply 2 suggestions)
[INFO] [stderr] warning: `fbas_analyzer` (lib test) generated 3 warnings (3 duplicates)
[INFO] [stderr]     Finished `test` profile [unoptimized + debuginfo] target(s) in 0.32s
[INFO] [stderr] warning: the following packages contain code that will be rejected by a future version of Rust: criterion v0.3.5
[INFO] [stderr] note: to see what the problems were, use the option `--future-incompat-report`, or run `cargo report future-incompatibilities --id 1`
[INFO] [stdout] 
[INFO] [stderr]      Running unittests src/lib.rs (/opt/rustwide/target/debug/deps/fbas_analyzer-34f83ab95217d4d6)
[INFO] [stdout] running 150 tests
[INFO] [stdout] test analysis::assume_faulty::tests::assume_crash_faulty_makes_nodes_unsatisfiable ... ok
[INFO] [stdout] test analysis::assume_faulty::tests::assume_split_faulty_removes_from_quorum_sets ... ok
[INFO] [stdout] test analysis::assume_faulty::tests::assume_split_faulty_makes_nodes_unsatisfiable ... ok
[INFO] [stdout] test analysis::blocking_sets::tests::empty_quorum_set_to_blocking_sets ... ok
[INFO] [stdout] test analysis::assume_faulty::tests::assume_split_faulty_works_on_a_more_complex_fbas ... ok
[INFO] [stdout] test analysis::blocking_sets::tests::flat_2_of_3_quorum_set_to_blocking_sets ... ok
[INFO] [stdout] test analysis::blocking_sets::tests::minimal_blocking_sets_in_broken_trivial ... ok
[INFO] [stdout] test analysis::blocking_sets::tests::minimal_blocking_sets_in_different_symmetric_consensus_clusters ... ok
[INFO] [stdout] test analysis::blocking_sets::tests::minimal_blocking_sets_more_minimal_than_minimal_quorums ... ignored
[INFO] [stdout] test analysis::blocking_sets::tests::unsatisfiable_quorum_set_to_blocking_sets ... ok
[INFO] [stdout] test analysis::merge_by_group::tests::merge_node_sets_by_isp ... ok
[INFO] [stdout] test analysis::merge_by_group::tests::merge_node_sets_by_organization ... ok
[INFO] [stdout] test analysis::blocking_sets::tests::minimal_blocking_sets_in_symmetric_consensus_cluster ... ok
[INFO] [stdout] test analysis::preprocessing::tests::remove_nodes_from_fbas ... ok
[INFO] [stdout] test analysis::preprocessing::tests::one_node_quorums_are_relevant ... ok
[INFO] [stdout] test analysis::preprocessing::tests::sort_by_score_sorts_equivalent_nodes_by_node_id ... ok
[INFO] [stdout] test analysis::preprocessing::tests::affected_nodes_outside_symmetric_cluster ... ok
[INFO] [stdout] test analysis::preprocessing::tests::find_transitively_unsatisfiable_nodes ... ok
[INFO] [stdout] test analysis::preprocessing::tests::to_core_removes_non_core_nodes ... ok
[INFO] [stdout] test analysis::preprocessing::tests::one_node_quorums_returns_only_one_node_quorums ... ok
[INFO] [stdout] test analysis::preprocessing::tests::to_standard_form_keeps_satisfiable_edge_nodes ... ok
[INFO] [stdout] test analysis::preprocessing::tests::to_standard_form_no_change ... ok
[INFO] [stdout] test analysis::preprocessing::tests::to_standard_form_filters_unsatisfiable ... ok
[INFO] [stdout] test analysis::preprocessing::tests::to_standard_form_reorders ... ok
[INFO] [stdout] test analysis::preprocessing::tests::unsatisfiable_nodes_not_returned_as_relevant ... ok
[INFO] [stdout] test analysis::quorums::tests::minimal_quorums_in_broken_trivial ... ok
[INFO] [stdout] test analysis::quorums::tests::minimal_quorums_in_correct_trivial ... ok
[INFO] [stdout] test analysis::blocking_sets::tests::minimal_blocking_sets_in_different_consensus_clusters ... ok
[INFO] [stdout] test analysis::quorums::tests::minimal_quorums_when_naive_remove_non_minimal_optimization_doesnt_work ... ok
[INFO] [stdout] test analysis::quorums::tests::nonintersecting_quorums_in_half_half ... ok
[INFO] [stdout] test analysis::results::tests::involved_nodes_in_shrunken_result ... ok
[INFO] [stdout] test analysis::results::tests::involved_nodes_in_shrunken_vec_result ... ok
[INFO] [stdout] test analysis::quorums::tests::minimal_quorums_in_broken_trivial_reversed_node_ids ... ok
[INFO] [stdout] test analysis::blocking_sets::tests::minimal_blocking_sets_in_correct ... ok
[INFO] [stdout] test analysis::results::tests::node_sets_describe ... ok
[INFO] [stdout] test analysis::results::tests::merge_results_by_organization ... ok
[INFO] [stdout] test analysis::results::tests::node_sets_histogram ... ok
[INFO] [stdout] test analysis::results::tests::remove_nodes_from_shrunken_result ... ok
[INFO] [stdout] test analysis::results::tests::remove_nodes_from_unshrunken_vec_result ... ok
[INFO] [stdout] test analysis::results::tests::remove_nodes_from_shrunken_vec_result ... ok
[INFO] [stdout] test analysis::results::tests::remove_nodes_by_pretty_name ... ok
[INFO] [stdout] test analysis::results::tests::remove_nodes_from_unshrunken_node_set_result ... ok
[INFO] [stdout] test analysis::results::tests::remove_non_minimal_sets ... ok
[INFO] [stdout] test analysis::results::tests::remove_nodes_by_pretty_name_and_org ... ok
[INFO] [stdout] test analysis::sets::tests::is_set_of_minimal_node_sets_detects_duplicates ... ok
[INFO] [stdout] test analysis::sets::tests::minimize_node_sets ... ok
[INFO] [stdout] test analysis::sets::tests::remove_non_minimal_x_removes_duplicates ... ok
[INFO] [stdout] test analysis::splitting_sets::tests::empty_quorum_set_to_splitting_sets ... ok
[INFO] [stdout] test analysis::splitting_sets::tests::minimal_splitting_sets_if_no_quorum ... ok
[INFO] [stdout] test analysis::splitting_sets::tests::minimal_splitting_sets_if_one_quorum ... ok
[INFO] [stdout] test analysis::splitting_sets::tests::minimal_splitting_sets_if_two_quorums ... ok
[INFO] [stdout] test analysis::splitting_sets::tests::minimal_splitting_sets_if_one_quorum_and_symmetric ... ok
[INFO] [stdout] test analysis::sets::tests::node_set_intersections ... ok
[INFO] [stdout] test analysis::quorums::tests::nonintersecting_quorums_in_broken ... ok
[INFO] [stdout] test analysis::splitting_sets::tests::minimal_splitting_sets_in_4_ring ... ok
[INFO] [stdout] test analysis::splitting_sets::tests::minimal_splitting_sets_in_different_consensus_clusters ... ok
[INFO] [stdout] test analysis::splitting_sets::tests::minimal_splitting_sets_in_almost_line ... ok
[INFO] [stdout] test analysis::results::tests::merge_results_by_country ... ok
[INFO] [stdout] test analysis::splitting_sets::tests::minimal_splitting_sets_of_pyramid ... ok
[INFO] [stdout] test analysis::splitting_sets::tests::quorum_expanders_in_3_ring ... ok
[INFO] [stdout] test analysis::splitting_sets::tests::quorum_set_with_non_intersecting_slices_to_splitting_sets ... ok
[INFO] [stdout] test analysis::splitting_sets::tests::minimal_splitting_sets_that_split_multiple_nodes_by_qset_lying ... ok
[INFO] [stdout] test analysis::splitting_sets::tests::minimal_splitting_sets_outside_symmetric_cluster ... ok
[INFO] [stdout] test analysis::symmetric_clusters::tests::standard_form_on_good_qset_does_nothing ... ok
[INFO] [stdout] test analysis::splitting_sets::tests::unsatisfiable_nodes_can_be_quorum_expanders ... ok
[INFO] [stdout] test analysis::splitting_sets::tests::minimal_splitting_sets_that_split_single_nodes_by_qset_lying ... ok
[INFO] [stdout] test analysis::splitting_sets::tests::minimal_splitting_sets_in_correct ... ok
[INFO] [stdout] test analysis::symmetric_clusters::tests::standard_form_on_weird_qset_includes_node_and_sorts_correctly ... ok
[INFO] [stdout] test analysis::splitting_sets::tests::unsatisfiable_quorum_set_to_splitting_sets ... ok
[INFO] [stdout] test analysis::symmetric_clusters::tests::symmetric_cluster_in_weird_cluster ... ok
[INFO] [stdout] test analysis::symmetric_clusters::tests::symmetric_cluster_in_correct_trivial ... ok
[INFO] [stdout] test analysis::symmetric_clusters::tests::symmetric_cluster_in_split_fbas ... ok
[INFO] [stdout] test analysis::symmetric_clusters::tests::symmetric_cluster_in_symmetric_cluster ... ok
[INFO] [stdout] test analysis::splitting_sets::tests::minimal_splitting_sets_of_weird_fbas ... ok
[INFO] [stdout] test analysis::splitting_sets::tests::minimal_splitting_sets_in_six_node_cigar ... ok
[INFO] [stdout] test analysis::symmetric_clusters::tests::symmetric_top_tier_in_weird_split_fbas ... ok
[INFO] [stdout] test analysis::symmetric_clusters::tests::symmetric_top_tier_in_mobilecoinish_fbas ... ok
[INFO] [stdout] test analysis::symmetric_clusters::tests::symmetric_top_tier_in_split_fbas ... ok
[INFO] [stdout] test analysis::symmetric_nodes::tests::expand_symmetric_nodes_in_simple_set ... ok
[INFO] [stdout] test analysis::symmetric_clusters::tests::symmetric_top_tier_in_broken_symmetric_fbas ... ok
[INFO] [stdout] test analysis::symmetric_nodes::tests::symmetric_nodes_in_not_quite_symmetric_cluster ... ok
[INFO] [stdout] test analysis::symmetric_clusters::tests::symmetric_top_tier_in_symmetric_fbas ... ok
[INFO] [stdout] test analysis::symmetric_nodes::tests::symmetric_nodes_in_symmetric_cluster ... ok
[INFO] [stdout] test analysis::symmetric_nodes::tests::expand_symmetric_nodes_in_complex_set ... ok
[INFO] [stdout] test analysis::symmetric_clusters::tests::symmetric_cluster_in_weird_cluster_made_standard ... ok
[INFO] [stdout] test analysis::tests::has_quorum_intersection_if_just_one_quorum ... ok
[INFO] [stdout] test analysis::tests::alternative_check_on_broken ... ok
[INFO] [stdout] test analysis::tests::has_quorum_intersection_trivial ... ok
[INFO] [stdout] test analysis::tests::minimal_quorums_id_ordering ... ok
[INFO] [stdout] test analysis::tests::analysis_nontrivial_blocking_sets_first ... ok
[INFO] [stdout] test analysis::tests::analysis_nontrivial_shrink_to_core_nodes ... ok
[INFO] [stdout] test analysis::tests::no_has_quorum_intersection_if_there_is_no_quorum ... ok
[INFO] [stdout] test analysis::tests::top_tier_analysis_big ... ignored
[INFO] [stdout] test core_types::fbas::tests::empty_set_is_not_quorum ... ok
[INFO] [stdout] test analysis::tests::analysis_with_merging_by_organization_nontrivial ... ok
[INFO] [stdout] test core_types::fbas::tests::is_quorum_for_fbas ... ok
[INFO] [stdout] test core_types::quorum_set::tests::empty_quorum_set_to_quorum_slices ... ok
[INFO] [stdout] test analysis::tests::analysis_nontrivial ... ok
[INFO] [stdout] test core_types::quorum_set::tests::duplicate_validators ... ok
[INFO] [stdout] test analysis::tests::splitting_sets_with_affected_quorums ... ok
[INFO] [stdout] test core_types::quorum_set::tests::empty_set_is_not_quorum_slice_of_unsatisfiable_quorum_set ... ok
[INFO] [stdout] test core_types::quorum_set::tests::empty_set_is_not_quorum_slice_of_nonempty_quorum_set ... ok
[INFO] [stdout] test core_types::quorum_set::tests::empty_set_is_quorum_slice_of_empty_quorum_set ... ok
[INFO] [stdout] test core_types::quorum_set::tests::flat_quorum_set_to_quorum_slices ... ok
[INFO] [stdout] test analysis::tests::has_quorum_intersection_nontrivial ... ok
[INFO] [stdout] test core_types::quorum_set::tests::is_quorum_slice_with_inner_quorum_sets ... ok
[INFO] [stdout] test core_types::quorum_set::tests::is_quorum_slice_if_not_quorum_slice ... ok
[INFO] [stdout] test core_types::quorum_set::tests::nested_quorum_set_has_nonintersecting_quorum_slices ... ok
[INFO] [stdout] test core_types::quorum_set::tests::is_quorum_if_quorum ... ok
[INFO] [stdout] test core_types::quorum_set::tests::quorum_set_with_threshold_0_matches_always ... ok
[INFO] [stdout] test core_types::quorum_set::tests::unsatisfiable_quorum_set_to_quorum_slices ... ok
[INFO] [stdout] test core_types::quorum_set::tests::nested_quorum_set_to_quorum_slices ... ok
[INFO] [stdout] test core_types::quorum_set::tests::nested_quorum_set_with_duplicates_has_no_nonintersecting_quorum_slices ... ok
[INFO] [stdout] test core_types::shrinking::tests::reshrink_sets_reencodes_sets ... ok
[INFO] [stdout] test core_types::shrinking::tests::shrink_organizations ... ok
[INFO] [stdout] test core_types::shrinking::tests::shrink_quorum_set ... ok
[INFO] [stdout] test core_types::shrinking::tests::shrink_set_shrinks_ids ... ok
[INFO] [stdout] test core_types::shrinking::tests::shrink_sets_shrinks_ids ... ok
[INFO] [stdout] test core_types::shrinking::tests::shrink_organization ... ok
[INFO] [stdout] test core_types::quorum_set::tests::no_duplicate_validators ... ok
[INFO] [stdout] test core_types::quorum_set::tests::weird_nested_quorum_set_to_quorum_slices ... ok
[INFO] [stdout] test core_types::shrinking::tests::shrunken_fbas_has_correct_size ... ok
[INFO] [stdout] test core_types::shrinking::tests::shrunken_fbas_has_correct_public_keys ... ok
[INFO] [stdout] test core_types::fbas::tests::add_node_panics_on_duplicate_public_key - should panic ... ok
[INFO] [stdout] test core_types::shrinking::tests::shrinking_to_all_nodes_does_nothing ... ok
[INFO] [stdout] test io::core_types::tests::from_json_ignores_unknown_public_keys ... ok
[INFO] [stdout] test io::core_types::tests::from_json_keeps_inactive_nodes ... ok
[INFO] [stdout] test io::core_types::tests::can_serizalize_quorum_sets_with_unknown_nodes ... ok
[INFO] [stdout] test io::core_types::tests::from_json_to_fbas ... ok
[INFO] [stdout] test io::core_types::tests::to_json_and_back_results_in_identical_fbas ... ok
[INFO] [stdout] test core_types::shrinking::tests::shrink_unshrink_find_minimal_quorums ... ok
[INFO] [stdout] test io::core_types::tests::from_json_parses_null_quorum_sets ... ok
[INFO] [stdout] test io::groupings::tests::generic_groupings_from_json_str_equals_organizations_from_json_str ... ok
[INFO] [stdout] test io::groupings::tests::read_isps_from_nodes_json_str ... ok
[INFO] [stdout] test io::groupings::tests::special_chars_filtered_from_json_str ... ok
[INFO] [stdout] test io::groupings::tests::missing_or_empty_ctry_key_in_json_doesnt_panic ... ok
[INFO] [stdout] test core_types::shrinking::tests::shrink_set_panics_if_cant_map_id - should panic ... ok
[INFO] [stdout] test io::groupings::tests::read_countries_from_nodes_json_str ... ok
[INFO] [stdout] test io::results::tests::into_pretty_vec_keeps_original_order ... ok
[INFO] [stdout] test io::results::tests::into_pretty_vec_vec_keeps_original_order ... ok
[INFO] [stdout] test io::results::tests::merge_by_organization_results_output_correctly ... ignored
[INFO] [stdout] test io::results::tests::results_output_correctly ... ignored
[INFO] [stdout] test io::results::tests::into_pretty_vec_vec_works_with_orgs ... ok
[INFO] [stdout] test io::groupings::tests::generic_groupings_from_json_file_equals_organizations_from_json_file ... ok
[INFO] [stdout] test io::results::tests::into_pretty_quorum_set ... ok
[INFO] [stdout] test io::filtered_nodes::tests::inactive_nodes_from_json ... ok
[INFO] [stdout] test io::results::tests::symmetric_clusters_id_output_correctly ... ok
[INFO] [stdout] test analysis::preprocessing::tests::standard_form_is_stable ... ok
[INFO] [stdout] test io::results::tests::symmetric_clusters_by_organization_pretty_output_correctly ... ok
[INFO] [stdout] test analysis::tests::splitting_sets_on_broken ... ok
[INFO] [stdout] 
[INFO] [stdout] test result: ok. 146 passed; 0 failed; 4 ignored; 0 measured; 0 filtered out; finished in 0.77s
[INFO] [stdout] 
[INFO] [stderr]      Running unittests src/bin/bulk_fbas_analyzer.rs (/opt/rustwide/target/debug/deps/bulk_fbas_analyzer-bf3eabc4a17aca3a)
[INFO] [stdout] 
[INFO] [stdout] running 0 tests
[INFO] [stdout] 
[INFO] [stdout] test result: ok. 0 passed; 0 failed; 0 ignored; 0 measured; 0 filtered out; finished in 0.00s
[INFO] [stdout] 
[INFO] [stderr]      Running unittests src/bin/fbas_analyzer.rs (/opt/rustwide/target/debug/deps/fbas_analyzer-710ba4b73a16e319)
[INFO] [stdout] 
[INFO] [stdout] running 0 tests
[INFO] [stdout] 
[INFO] [stdout] test result: ok. 0 passed; 0 failed; 0 ignored; 0 measured; 0 filtered out; finished in 0.00s
[INFO] [stdout] 
[INFO] [stderr]      Running tests/fbas_analyzer.rs (/opt/rustwide/target/debug/deps/fbas_analyzer-5c4984d17ac07853)
[INFO] [stdout] 
[INFO] [stdout] running 3 tests
[INFO] [stdout] test json_describing_fbas_not_available_as_file ... ok
[INFO] [stdout] test multiple_merging_options_passed ... ok
[INFO] [stdout] test merge_by_ctry_cli_arg_works ... ok
[INFO] [stdout] 
[INFO] [stdout] test result: ok. 3 passed; 0 failed; 0 ignored; 0 measured; 0 filtered out; finished in 0.88s
[INFO] [stdout] 
[INFO] [stderr]    Doc-tests fbas_analyzer
[INFO] [stdout] 
[INFO] [stdout] running 7 tests
[INFO] [stdout] test src/analysis/timing.rs - analysis::timing::timed (line 6) ... FAILED
[INFO] [stdout] test src/analysis/timing.rs - analysis::timing::timed_secs (line 35) ... ok
[INFO] [stdout] test src/core_types/set_helpers.rs - core_types::set_helpers::bitsetvec (line 34) ... ok
[INFO] [stdout] test src/core_types/set_helpers.rs - core_types::set_helpers::bitset (line 4) ... ok
[INFO] [stdout] test src/io/filtered_nodes.rs - io::filtered_nodes::FilteredNodes (line 6) ... ok
[INFO] [stdout] test src/lib.rs - (line 8) ... ok
[INFO] [stdout] test src/core_types/fbas.rs - core_types::fbas::Fbas (line 9) ... ok
[INFO] [stdout] 
[INFO] [stdout] failures:
[INFO] [stdout] 
[INFO] [stdout] ---- src/analysis/timing.rs - analysis::timing::timed (line 6) stdout ----
[INFO] [stdout] Test executable failed (exit status: 101).
[INFO] [stdout] 
[INFO] [stdout] stderr:
[INFO] [stdout] thread 'main' panicked at src/analysis/timing.rs:18:1:
[INFO] [stdout] assertion failed: duration < twelve_millis
[INFO] [stdout] stack backtrace:
[INFO] [stdout]    0:     0x601e462e4caa - std::backtrace_rs::backtrace::libunwind::trace::h8810477743020387
[INFO] [stdout]                                at /rustc/202008a1b8de96d2e5b6bc02d379db03a877d34d/library/std/src/../../backtrace/src/backtrace/libunwind.rs:116:5
[INFO] [stdout]    1:     0x601e462e4caa - std::backtrace_rs::backtrace::trace_unsynchronized::h3aa55355dd6c54a6
[INFO] [stdout]                                at /rustc/202008a1b8de96d2e5b6bc02d379db03a877d34d/library/std/src/../../backtrace/src/backtrace/mod.rs:66:5
[INFO] [stdout]    2:     0x601e462e4caa - std::sys::backtrace::_print_fmt::h8588b0f62410823f
[INFO] [stdout]                                at /rustc/202008a1b8de96d2e5b6bc02d379db03a877d34d/library/std/src/sys/backtrace.rs:66:9
[INFO] [stdout]    3:     0x601e462e4caa - <std::sys::backtrace::BacktraceLock::print::DisplayBacktrace as core::fmt::Display>::fmt::h98c26ac25ffe89bb
[INFO] [stdout]                                at /rustc/202008a1b8de96d2e5b6bc02d379db03a877d34d/library/std/src/sys/backtrace.rs:39:26
[INFO] [stdout]    4:     0x601e46300753 - core::fmt::rt::Argument::fmt::hf95377f4aebd453b
[INFO] [stdout]                                at /rustc/202008a1b8de96d2e5b6bc02d379db03a877d34d/library/core/src/fmt/rt.rs:177:76
[INFO] [stdout]    5:     0x601e46300753 - core::fmt::write::h0dd5f6e2238c7982
[INFO] [stdout]                                at /rustc/202008a1b8de96d2e5b6bc02d379db03a877d34d/library/core/src/fmt/mod.rs:1189:21
[INFO] [stdout]    6:     0x601e462e29b3 - std::io::Write::write_fmt::hc00bff0a88e08857
[INFO] [stdout]                                at /rustc/202008a1b8de96d2e5b6bc02d379db03a877d34d/library/std/src/io/mod.rs:1884:15
[INFO] [stdout]    7:     0x601e462e4af2 - std::sys::backtrace::BacktraceLock::print::h5c19c1c038ee186d
[INFO] [stdout]                                at /rustc/202008a1b8de96d2e5b6bc02d379db03a877d34d/library/std/src/sys/backtrace.rs:42:9
[INFO] [stdout]    8:     0x601e462e5abc - std::panicking::default_hook::{{closure}}::h77172f079a1fcb13
[INFO] [stdout]                                at /rustc/202008a1b8de96d2e5b6bc02d379db03a877d34d/library/std/src/panicking.rs:268:22
[INFO] [stdout]    9:     0x601e462e5902 - std::panicking::default_hook::he5f8e3b203ccddba
[INFO] [stdout]                                at /rustc/202008a1b8de96d2e5b6bc02d379db03a877d34d/library/std/src/panicking.rs:295:9
[INFO] [stdout]   10:     0x601e462e6097 - std::panicking::rust_panic_with_hook::h53863d4e9018df39
[INFO] [stdout]                                at /rustc/202008a1b8de96d2e5b6bc02d379db03a877d34d/library/std/src/panicking.rs:801:13
[INFO] [stdout]   11:     0x601e462e5ef6 - std::panicking::begin_panic_handler::{{closure}}::h67280e6fa0757873
[INFO] [stdout]                                at /rustc/202008a1b8de96d2e5b6bc02d379db03a877d34d/library/std/src/panicking.rs:667:13
[INFO] [stdout]   12:     0x601e462e5189 - std::sys::backtrace::__rust_end_short_backtrace::h1dac3f54d6fbbeb2
[INFO] [stdout]                                at /rustc/202008a1b8de96d2e5b6bc02d379db03a877d34d/library/std/src/sys/backtrace.rs:170:18
[INFO] [stdout]   13:     0x601e462e5bbc - rust_begin_unwind
[INFO] [stdout]                                at /rustc/202008a1b8de96d2e5b6bc02d379db03a877d34d/library/std/src/panicking.rs:665:5
[INFO] [stdout]   14:     0x601e462c50a0 - core::panicking::panic_fmt::h6792bd1b2bf01041
[INFO] [stdout]                                at /rustc/202008a1b8de96d2e5b6bc02d379db03a877d34d/library/core/src/panicking.rs:76:14
[INFO] [stdout]   15:     0x601e462c512c - core::panicking::panic::hbb5c236a846c507c
[INFO] [stdout]                                at /rustc/202008a1b8de96d2e5b6bc02d379db03a877d34d/library/core/src/panicking.rs:148:5
[INFO] [stdout]   16:     0x601e462c5b1e - rust_out::main::_doctest_main_src_analysis_timing_rs_6_0::h730e117ed1ac1f6e
[INFO] [stdout]   17:     0x601e462c59d6 - rust_out::main::h57eefffa92e38ed0
[INFO] [stdout]   18:     0x601e462c58d3 - core::ops::function::FnOnce::call_once::hcb3872443a25b5b7
[INFO] [stdout]   19:     0x601e462c57a6 - std::sys::backtrace::__rust_begin_short_backtrace::hb8f53f53663d2e9e
[INFO] [stdout]   20:     0x601e462c5789 - std::rt::lang_start::{{closure}}::h0d6bdb8cb611c7e9
[INFO] [stdout]   21:     0x601e462e0ce7 - core::ops::function::impls::<impl core::ops::function::FnOnce<A> for &F>::call_once::hba2470d01d3f5e41
[INFO] [stdout]                                at /rustc/202008a1b8de96d2e5b6bc02d379db03a877d34d/library/core/src/ops/function.rs:284:13
[INFO] [stdout]   22:     0x601e462e0ce7 - std::panicking::try::do_call::hc063fb73159aab72
[INFO] [stdout]                                at /rustc/202008a1b8de96d2e5b6bc02d379db03a877d34d/library/std/src/panicking.rs:557:40
[INFO] [stdout]   23:     0x601e462e0ce7 - std::panicking::try::h2767c6d245d3a3bb
[INFO] [stdout]                                at /rustc/202008a1b8de96d2e5b6bc02d379db03a877d34d/library/std/src/panicking.rs:520:19
[INFO] [stdout]   24:     0x601e462e0ce7 - std::panic::catch_unwind::h061c6ef75790da63
[INFO] [stdout]                                at /rustc/202008a1b8de96d2e5b6bc02d379db03a877d34d/library/std/src/panic.rs:358:14
[INFO] [stdout]   25:     0x601e462e0ce7 - std::rt::lang_start_internal::{{closure}}::h5c5e35b11a4b8c4e
[INFO] [stdout]                                at /rustc/202008a1b8de96d2e5b6bc02d379db03a877d34d/library/std/src/rt.rs:174:48
[INFO] [stdout]   26:     0x601e462e0ce7 - std::panicking::try::do_call::h705e99690a8109cc
[INFO] [stdout]                                at /rustc/202008a1b8de96d2e5b6bc02d379db03a877d34d/library/std/src/panicking.rs:557:40
[INFO] [stdout]   27:     0x601e462e0ce7 - std::panicking::try::he5f4452754ed9a34
[INFO] [stdout]                                at /rustc/202008a1b8de96d2e5b6bc02d379db03a877d34d/library/std/src/panicking.rs:520:19
[INFO] [stdout]   28:     0x601e462e0ce7 - std::panic::catch_unwind::h5db61b3bcbe883e5
[INFO] [stdout]                                at /rustc/202008a1b8de96d2e5b6bc02d379db03a877d34d/library/std/src/panic.rs:358:14
[INFO] [stdout]   29:     0x601e462e0ce7 - std::rt::lang_start_internal::h81da9b59bab665c6
[INFO] [stdout]                                at /rustc/202008a1b8de96d2e5b6bc02d379db03a877d34d/library/std/src/rt.rs:174:20
[INFO] [stdout]   30:     0x601e462c5767 - std::rt::lang_start::h2798034e47ddebf9
[INFO] [stdout]   31:     0x601e462c5b45 - main
[INFO] [stdout]   32:     0x7e1030698d90 - <unknown>
[INFO] [stdout]   33:     0x7e1030698e40 - __libc_start_main
[INFO] [stdout]   34:     0x601e462c5675 - _start
[INFO] [stdout]   35:                0x0 - <unknown>
[INFO] [stdout] 
[INFO] [stdout] 
[INFO] [stdout] 
[INFO] [stdout] failures:
[INFO] [stdout]     src/analysis/timing.rs - analysis::timing::timed (line 6)
[INFO] [stdout] 
[INFO] [stdout] test result: FAILED. 6 passed; 1 failed; 0 ignored; 0 measured; 0 filtered out; finished in 3.53s
[INFO] [stdout] 
[INFO] [stderr] error: doctest failed, to rerun pass `--doc`
[INFO] running `Command { std: "docker" "inspect" "859450a990ee466ceeb27125013ed91d77b02a8ac28a604a25b8dc1d0925eee9", kill_on_drop: false }`
[INFO] running `Command { std: "docker" "rm" "-f" "859450a990ee466ceeb27125013ed91d77b02a8ac28a604a25b8dc1d0925eee9", kill_on_drop: false }`
[INFO] [stdout] 859450a990ee466ceeb27125013ed91d77b02a8ac28a604a25b8dc1d0925eee9
