[INFO] fetching crate fav_core 0.1.7...
[INFO] testing fav_core-0.1.7 against beta-2024-12-08 for beta-1.84.0-4-retry
[INFO] extracting crate fav_core 0.1.7 into /workspace/builds/worker-5-tc2/source
[INFO] validating manifest of crates.io crate fav_core 0.1.7 on toolchain beta-2024-12-08
[INFO] running `Command { std: CARGO_HOME="/workspace/cargo-home" RUSTUP_HOME="/workspace/rustup-home" "/workspace/cargo-home/bin/cargo" "+beta-2024-12-08" "metadata" "--manifest-path" "Cargo.toml" "--no-deps", kill_on_drop: false }`
[INFO] started tweaking crates.io crate fav_core 0.1.7
[INFO] finished tweaking crates.io crate fav_core 0.1.7
[INFO] tweaked toml for crates.io crate fav_core 0.1.7 written to /workspace/builds/worker-5-tc2/source/Cargo.toml
[INFO] running `Command { std: CARGO_HOME="/workspace/cargo-home" RUSTUP_HOME="/workspace/rustup-home" "/workspace/cargo-home/bin/cargo" "+beta-2024-12-08" "generate-lockfile" "--manifest-path" "Cargo.toml", kill_on_drop: false }`
[INFO] [stderr]     Updating crates.io index
[INFO] [stderr]      Locking 204 packages to latest compatible versions
[INFO] [stderr]       Adding fav_derive v0.0.3 (available: v0.0.4)
[INFO] running `Command { std: CARGO_HOME="/workspace/cargo-home" RUSTUP_HOME="/workspace/rustup-home" "/workspace/cargo-home/bin/cargo" "+beta-2024-12-08" "fetch" "--manifest-path" "Cargo.toml", kill_on_drop: false }`
[INFO] running `Command { std: "docker" "create" "-v" "/var/lib/crater-agent-workspace/builds/worker-5-tc2/target:/opt/rustwide/target:rw,Z" "-v" "/var/lib/crater-agent-workspace/builds/worker-5-tc2/source:/opt/rustwide/workdir:ro,Z" "-v" "/var/lib/crater-agent-workspace/cargo-home:/opt/rustwide/cargo-home:ro,Z" "-v" "/var/lib/crater-agent-workspace/rustup-home:/opt/rustwide/rustup-home:ro,Z" "-e" "SOURCE_DIR=/opt/rustwide/workdir" "-e" "CARGO_TARGET_DIR=/opt/rustwide/target" "-e" "CARGO_HOME=/opt/rustwide/cargo-home" "-e" "RUSTUP_HOME=/opt/rustwide/rustup-home" "-w" "/opt/rustwide/workdir" "-m" "1610612736" "--user" "0:0" "--network" "none" "ghcr.io/rust-lang/crates-build-env/linux@sha256:f3a9d4ad9d972b27faf3965f35b62e55ba32bbce8f20bc8fe909558a86702fde" "/opt/rustwide/cargo-home/bin/cargo" "+beta-2024-12-08" "metadata" "--no-deps" "--format-version=1", kill_on_drop: false }`
[INFO] [stdout] 44b61edb1e49505e53d3de386ab2f794f33adadccdf8dc991023906e253a942c
[INFO] running `Command { std: "docker" "start" "-a" "44b61edb1e49505e53d3de386ab2f794f33adadccdf8dc991023906e253a942c", kill_on_drop: false }`
[INFO] running `Command { std: "docker" "inspect" "44b61edb1e49505e53d3de386ab2f794f33adadccdf8dc991023906e253a942c", kill_on_drop: false }`
[INFO] running `Command { std: "docker" "rm" "-f" "44b61edb1e49505e53d3de386ab2f794f33adadccdf8dc991023906e253a942c", kill_on_drop: false }`
[INFO] [stdout] 44b61edb1e49505e53d3de386ab2f794f33adadccdf8dc991023906e253a942c
[INFO] running `Command { std: "docker" "create" "-v" "/var/lib/crater-agent-workspace/builds/worker-5-tc2/target:/opt/rustwide/target:rw,Z" "-v" "/var/lib/crater-agent-workspace/builds/worker-5-tc2/source:/opt/rustwide/workdir:ro,Z" "-v" "/var/lib/crater-agent-workspace/cargo-home:/opt/rustwide/cargo-home:ro,Z" "-v" "/var/lib/crater-agent-workspace/rustup-home:/opt/rustwide/rustup-home:ro,Z" "-e" "SOURCE_DIR=/opt/rustwide/workdir" "-e" "CARGO_TARGET_DIR=/opt/rustwide/target" "-e" "CARGO_INCREMENTAL=0" "-e" "RUST_BACKTRACE=full" "-e" "RUSTFLAGS=--cap-lints=warn" "-e" "RUSTDOCFLAGS=--cap-lints=warn" "-e" "CARGO_HOME=/opt/rustwide/cargo-home" "-e" "RUSTUP_HOME=/opt/rustwide/rustup-home" "-w" "/opt/rustwide/workdir" "-m" "1610612736" "--user" "0:0" "--network" "none" "ghcr.io/rust-lang/crates-build-env/linux@sha256:f3a9d4ad9d972b27faf3965f35b62e55ba32bbce8f20bc8fe909558a86702fde" "/opt/rustwide/cargo-home/bin/cargo" "+beta-2024-12-08" "build" "--frozen" "--message-format=json", kill_on_drop: false }`
[INFO] [stdout] a96453222d2ec5dfadc2931d3c9db4335f1a82576683e6b50230f7819afbb4ac
[INFO] running `Command { std: "docker" "start" "-a" "a96453222d2ec5dfadc2931d3c9db4335f1a82576683e6b50230f7819afbb4ac", kill_on_drop: false }`
[INFO] [stderr]    Compiling once_cell v1.20.2
[INFO] [stderr]    Compiling libc v0.2.168
[INFO] [stderr]    Compiling stable_deref_trait v1.2.0
[INFO] [stderr]    Compiling pin-project-lite v0.2.15
[INFO] [stderr]    Compiling bytes v1.9.0
[INFO] [stderr]    Compiling futures-core v0.3.31
[INFO] [stderr]    Compiling itoa v1.0.14
[INFO] [stderr]    Compiling syn v2.0.90
[INFO] [stderr]    Compiling autocfg v1.4.0
[INFO] [stderr]    Compiling futures-sink v0.3.31
[INFO] [stderr]    Compiling writeable v0.5.5
[INFO] [stderr]    Compiling shlex v1.3.0
[INFO] [stderr]    Compiling litemap v0.7.4
[INFO] [stderr]    Compiling cfg-if v1.0.0
[INFO] [stderr]    Compiling vcpkg v0.2.15
[INFO] [stderr]    Compiling cc v1.2.4
[INFO] [stderr]    Compiling fnv v1.0.7
[INFO] [stderr]    Compiling thiserror v1.0.69
[INFO] [stderr]    Compiling pkg-config v0.3.31
[INFO] [stderr]    Compiling slab v0.4.9
[INFO] [stderr]    Compiling memchr v2.7.4
[INFO] [stderr]    Compiling smallvec v1.13.2
[INFO] [stderr]    Compiling hashbrown v0.15.2
[INFO] [stderr]    Compiling equivalent v1.0.1
[INFO] [stderr]    Compiling icu_locid_transform_data v1.5.0
[INFO] [stderr]    Compiling log v0.4.22
[INFO] [stderr]    Compiling futures-channel v0.3.31
[INFO] [stderr]    Compiling socket2 v0.5.8
[INFO] [stderr]    Compiling mio v1.0.3
[INFO] [stderr]    Compiling signal-hook-registry v1.4.2
[INFO] [stderr]    Compiling futures-io v0.3.31
[INFO] [stderr]    Compiling icu_properties_data v1.5.0
[INFO] [stderr]    Compiling indexmap v2.7.0
[INFO] [stderr]    Compiling futures-task v0.3.31
[INFO] [stderr]    Compiling rustix v0.38.42
[INFO] [stderr]    Compiling pin-utils v0.1.0
[INFO] [stderr]    Compiling http v1.2.0
[INFO] [stderr]    Compiling bitflags v2.6.0
[INFO] [stderr]    Compiling utf8_iter v1.0.4
[INFO] [stderr]    Compiling linux-raw-sys v0.4.14
[INFO] [stderr]    Compiling write16 v1.0.0
[INFO] [stderr]    Compiling utf16_iter v1.0.5
[INFO] [stderr]    Compiling icu_normalizer_data v1.5.0
[INFO] [stderr]    Compiling tracing-core v0.1.33
[INFO] [stderr]    Compiling protobuf v3.7.1
[INFO] [stderr]    Compiling openssl-sys v0.9.104
[INFO] [stderr]    Compiling serde v1.0.216
[INFO] [stderr]    Compiling foreign-types-shared v0.1.1
[INFO] [stderr]    Compiling openssl v0.10.68
[INFO] [stderr]    Compiling httparse v1.9.5
[INFO] [stderr]    Compiling percent-encoding v2.3.1
[INFO] [stderr]    Compiling anyhow v1.0.94
[INFO] [stderr]    Compiling http-body v1.0.1
[INFO] [stderr]    Compiling foreign-types v0.3.2
[INFO] [stderr]    Compiling native-tls v0.2.12
[INFO] [stderr]    Compiling either v1.13.0
[INFO] [stderr]    Compiling atomic-waker v1.1.2
[INFO] [stderr]    Compiling version_check v0.9.5
[INFO] [stderr]    Compiling time-core v0.1.2
[INFO] [stderr]    Compiling aho-corasick v1.1.3
[INFO] [stderr]    Compiling num-conv v0.1.0
[INFO] [stderr]    Compiling regex-syntax v0.8.5
[INFO] [stderr]    Compiling powerfmt v0.2.0
[INFO] [stderr]    Compiling home v0.5.9
[INFO] [stderr]    Compiling fastrand v2.3.0
[INFO] [stderr]    Compiling try-lock v0.2.5
[INFO] [stderr]    Compiling deranged v0.3.11
[INFO] [stderr]    Compiling want v0.3.1
[INFO] [stderr]    Compiling cookie v0.18.1
[INFO] [stderr]    Compiling time-macros v0.2.19
[INFO] [stderr]    Compiling which v4.4.2
[INFO] [stderr]    Compiling tempfile v3.14.0
[INFO] [stderr]    Compiling synstructure v0.13.1
[INFO] [stderr]    Compiling form_urlencoded v1.2.1
[INFO] [stderr]    Compiling openssl-probe v0.1.5
[INFO] [stderr]    Compiling syn v1.0.109
[INFO] [stderr]    Compiling ryu v1.0.18
[INFO] [stderr]    Compiling serde_json v1.0.133
[INFO] [stderr]    Compiling proc-macro-error-attr2 v2.0.0
[INFO] [stderr]    Compiling litrs v0.4.1
[INFO] [stderr]    Compiling psl-types v2.0.11
[INFO] [stderr]    Compiling tower-service v0.3.3
[INFO] [stderr]    Compiling rustls-pki-types v1.10.1
[INFO] [stderr]    Compiling proc-macro-error2 v2.0.1
[INFO] [stderr]    Compiling time v0.3.37
[INFO] [stderr]    Compiling document-features v0.2.10
[INFO] [stderr]    Compiling heck v0.4.1
[INFO] [stderr]    Compiling fav_derive v0.0.3
[INFO] [stderr]    Compiling regex-automata v0.4.9
[INFO] [stderr]    Compiling unicode-width v0.2.0
[INFO] [stderr]    Compiling bytecount v0.6.8
[INFO] [stderr]    Compiling rustls-pemfile v2.2.0
[INFO] [stderr]    Compiling encoding_rs v0.8.35
[INFO] [stderr]    Compiling sync_wrapper v1.0.2
[INFO] [stderr]    Compiling papergrid v0.13.0
[INFO] [stderr]    Compiling base64 v0.22.1
[INFO] [stderr]    Compiling zerofrom-derive v0.1.5
[INFO] [stderr]    Compiling yoke-derive v0.7.5
[INFO] [stderr]    Compiling zerovec-derive v0.10.3
[INFO] [stderr]    Compiling displaydoc v0.2.5
[INFO] [stderr]    Compiling icu_provider_macros v1.5.0
[INFO] [stderr]    Compiling tokio-macros v2.4.0
[INFO] [stderr]    Compiling thiserror-impl v1.0.69
[INFO] [stderr]    Compiling zerofrom v0.1.5
[INFO] [stderr]    Compiling yoke v0.7.5
[INFO] [stderr]    Compiling futures-macro v0.3.31
[INFO] [stderr]    Compiling zerovec v0.10.4
[INFO] [stderr]    Compiling tracing-attributes v0.1.28
[INFO] [stderr]    Compiling openssl-macros v0.1.1
[INFO] [stderr]    Compiling tokio v1.42.0
[INFO] [stderr]    Compiling serde_derive v1.0.216
[INFO] [stderr]    Compiling tinystr v0.7.6
[INFO] [stderr]    Compiling icu_collections v1.5.0
[INFO] [stderr]    Compiling icu_locid v1.5.0
[INFO] [stderr]    Compiling futures-util v0.3.31
[INFO] [stderr]    Compiling protobuf-support v3.7.1
[INFO] [stderr]    Compiling icu_provider v1.5.0
[INFO] [stderr]    Compiling tracing v0.1.41
[INFO] [stderr]    Compiling regex v1.11.1
[INFO] [stderr]    Compiling icu_locid_transform v1.5.0
[INFO] [stderr]    Compiling tabled_derive v0.9.0
[INFO] [stderr]    Compiling icu_properties v1.5.1
[INFO] [stderr]    Compiling tokio-util v0.7.13
[INFO] [stderr]    Compiling tokio-native-tls v0.3.1
[INFO] [stderr]    Compiling http-body-util v0.1.2
[INFO] [stderr]    Compiling h2 v0.4.7
[INFO] [stderr]    Compiling futures-executor v0.3.31
[INFO] [stderr]    Compiling ipnet v2.10.1
[INFO] [stderr]    Compiling protobuf-parse v3.7.1
[INFO] [stderr]    Compiling icu_normalizer v1.5.0
[INFO] [stderr]    Compiling mime v0.3.17
[INFO] [stderr]    Compiling protobuf-json-mapping v3.7.1
[INFO] [stderr]    Compiling futures v0.3.31
[INFO] [stderr]    Compiling tabled v0.17.0
[INFO] [stderr]    Compiling idna_adapter v1.2.0
[INFO] [stderr]    Compiling idna v1.0.3
[INFO] [stderr]    Compiling protobuf-codegen v3.7.1
[INFO] [stderr]    Compiling publicsuffix v2.3.0
[INFO] [stderr]    Compiling url v2.5.4
[INFO] [stderr]    Compiling serde_urlencoded v0.7.1
[INFO] [stderr]    Compiling hyper v1.5.1
[INFO] [stderr]    Compiling cookie_store v0.21.1
[INFO] [stderr]    Compiling tokio-stream v0.1.17
[INFO] [stderr]    Compiling trait-variant v0.1.2
[INFO] [stderr]    Compiling hyper-util v0.1.10
[INFO] [stderr]    Compiling fav_core v0.1.7 (/opt/rustwide/workdir)
[INFO] [stderr]    Compiling hyper-tls v0.6.0
[INFO] [stderr]    Compiling reqwest v0.12.9
[INFO] [stderr]     Finished `dev` profile [unoptimized + debuginfo] target(s) in 2m 14s
[INFO] running `Command { std: "docker" "inspect" "a96453222d2ec5dfadc2931d3c9db4335f1a82576683e6b50230f7819afbb4ac", kill_on_drop: false }`
[INFO] running `Command { std: "docker" "rm" "-f" "a96453222d2ec5dfadc2931d3c9db4335f1a82576683e6b50230f7819afbb4ac", kill_on_drop: false }`
[INFO] [stdout] a96453222d2ec5dfadc2931d3c9db4335f1a82576683e6b50230f7819afbb4ac
[INFO] running `Command { std: "docker" "create" "-v" "/var/lib/crater-agent-workspace/builds/worker-5-tc2/target:/opt/rustwide/target:rw,Z" "-v" "/var/lib/crater-agent-workspace/builds/worker-5-tc2/source:/opt/rustwide/workdir:ro,Z" "-v" "/var/lib/crater-agent-workspace/cargo-home:/opt/rustwide/cargo-home:ro,Z" "-v" "/var/lib/crater-agent-workspace/rustup-home:/opt/rustwide/rustup-home:ro,Z" "-e" "SOURCE_DIR=/opt/rustwide/workdir" "-e" "CARGO_TARGET_DIR=/opt/rustwide/target" "-e" "CARGO_INCREMENTAL=0" "-e" "RUST_BACKTRACE=full" "-e" "RUSTFLAGS=--cap-lints=warn" "-e" "RUSTDOCFLAGS=--cap-lints=warn" "-e" "CARGO_HOME=/opt/rustwide/cargo-home" "-e" "RUSTUP_HOME=/opt/rustwide/rustup-home" "-w" "/opt/rustwide/workdir" "-m" "1610612736" "--user" "0:0" "--network" "none" "ghcr.io/rust-lang/crates-build-env/linux@sha256:f3a9d4ad9d972b27faf3965f35b62e55ba32bbce8f20bc8fe909558a86702fde" "/opt/rustwide/cargo-home/bin/cargo" "+beta-2024-12-08" "test" "--frozen" "--no-run" "--message-format=json", kill_on_drop: false }`
[INFO] [stdout] 0a44ad37c3a4eb63e1747b66d129477754474ea75f7b9821c3f4ae2219d825e0
[INFO] running `Command { std: "docker" "start" "-a" "0a44ad37c3a4eb63e1747b66d129477754474ea75f7b9821c3f4ae2219d825e0", kill_on_drop: false }`
[INFO] [stderr]    Compiling lock_api v0.4.12
[INFO] [stderr]    Compiling parking_lot_core v0.9.10
[INFO] [stderr]    Compiling scopeguard v1.2.0
[INFO] [stderr]    Compiling parking_lot v0.12.3
[INFO] [stderr]    Compiling tokio v1.42.0
[INFO] [stderr]    Compiling tokio-util v0.7.13
[INFO] [stderr]    Compiling tokio-native-tls v0.3.1
[INFO] [stderr]    Compiling tokio-stream v0.1.17
[INFO] [stderr]    Compiling h2 v0.4.7
[INFO] [stderr]    Compiling hyper v1.5.1
[INFO] [stderr]    Compiling hyper-util v0.1.10
[INFO] [stderr]    Compiling hyper-tls v0.6.0
[INFO] [stderr]    Compiling reqwest v0.12.9
[INFO] [stderr]    Compiling fav_core v0.1.7 (/opt/rustwide/workdir)
[INFO] [stderr]     Finished `test` profile [unoptimized + debuginfo] target(s) in 27.87s
[INFO] running `Command { std: "docker" "inspect" "0a44ad37c3a4eb63e1747b66d129477754474ea75f7b9821c3f4ae2219d825e0", kill_on_drop: false }`
[INFO] running `Command { std: "docker" "rm" "-f" "0a44ad37c3a4eb63e1747b66d129477754474ea75f7b9821c3f4ae2219d825e0", kill_on_drop: false }`
[INFO] [stdout] 0a44ad37c3a4eb63e1747b66d129477754474ea75f7b9821c3f4ae2219d825e0
[INFO] running `Command { std: "docker" "create" "-v" "/var/lib/crater-agent-workspace/builds/worker-5-tc2/target:/opt/rustwide/target:rw,Z" "-v" "/var/lib/crater-agent-workspace/builds/worker-5-tc2/source:/opt/rustwide/workdir:ro,Z" "-v" "/var/lib/crater-agent-workspace/cargo-home:/opt/rustwide/cargo-home:ro,Z" "-v" "/var/lib/crater-agent-workspace/rustup-home:/opt/rustwide/rustup-home:ro,Z" "-e" "SOURCE_DIR=/opt/rustwide/workdir" "-e" "CARGO_TARGET_DIR=/opt/rustwide/target" "-e" "CARGO_INCREMENTAL=0" "-e" "RUST_BACKTRACE=full" "-e" "RUSTFLAGS=--cap-lints=warn" "-e" "RUSTDOCFLAGS=--cap-lints=warn" "-e" "CARGO_HOME=/opt/rustwide/cargo-home" "-e" "RUSTUP_HOME=/opt/rustwide/rustup-home" "-w" "/opt/rustwide/workdir" "-m" "1610612736" "--user" "0:0" "--network" "none" "ghcr.io/rust-lang/crates-build-env/linux@sha256:f3a9d4ad9d972b27faf3965f35b62e55ba32bbce8f20bc8fe909558a86702fde" "/opt/rustwide/cargo-home/bin/cargo" "+beta-2024-12-08" "test" "--frozen", kill_on_drop: false }`
[INFO] [stdout] bbc54b54b44cab9af7305b7f6555e05c6973c02073e92d0ff5df30485a6b12fe
[INFO] running `Command { std: "docker" "start" "-a" "bbc54b54b44cab9af7305b7f6555e05c6973c02073e92d0ff5df30485a6b12fe", kill_on_drop: false }`
[INFO] [stderr]     Finished `test` profile [unoptimized + debuginfo] target(s) in 0.19s
[INFO] [stderr]      Running unittests src/lib.rs (/opt/rustwide/target/debug/deps/fav_core-05cdf24baf97186e)
[INFO] [stdout] 
[INFO] [stdout] running 2 tests
[INFO] [stdout] test status::tests::status_flags_test ... ok
[INFO] [stdout] test status::tests::status_test ... ok
[INFO] [stdout] 
[INFO] [stdout] test result: ok. 2 passed; 0 failed; 0 ignored; 0 measured; 0 filtered out; finished in 0.00s
[INFO] [stdout] 
[INFO] [stderr]    Doc-tests fav_core
[INFO] [stdout] 
[INFO] [stdout] running 18 tests
[INFO] [stdout] test src/ops.rs - ops::Net::client (line 336) - compile ... ok
[INFO] [stdout] test src/ops.rs - ops::Ops (line 31) - compile ... ok
[INFO] [stdout] test src/ops.rs - ops::ResOpsExt (line 210) - compile ... ok
[INFO] [stdout] test src/attr.rs - attr::Attr (line 68) ... ok
[INFO] [stdout] test src/ops.rs - ops::SetOpsExt (line 128) - compile ... ok
[INFO] [stdout] test src/res.rs - res::Set::subset (line 19) - compile ... ok
[INFO] [stdout] test src/ops.rs - ops::batch_op_res (line 251) - compile ... ok
[INFO] [stdout] test src/res.rs - res::Sets::subset (line 51) - compile ... ok
[INFO] [stdout] test src/config.rs - config::HttpConfig (line 10) ... ok
[INFO] [stdout] test src/status.rs - status::SetsStatusExt (line 70) ... ok
[INFO] [stdout] test src/local.rs - local::ProtoLocal (line 19) ... FAILED
[INFO] [stdout] test src/attr.rs - attr::Attr (line 47) ... FAILED
[INFO] [stdout] test src/status.rs - status::ResStatusExt (line 176) ... ok
[INFO] [stdout] test src/status.rs - status::SetStatusExt (line 127) ... ok
[INFO] [stdout] test src/status.rs - status::Status (line 10) ... ok
[INFO] [stdout] test src/api.rs - api::ApiProvider (line 24) ... ok
[INFO] [stdout] test src/visual.rs - visual::show_table (line 82) ... ok
[INFO] [stdout] test src/attr.rs - attr::Id (line 11) ... ok
[INFO] [stdout] 
[INFO] [stdout] failures:
[INFO] [stdout] 
[INFO] [stdout] ---- src/local.rs - local::ProtoLocal (line 19) stdout ----
[INFO] [stdout] error: linking with `cc` failed: exit status: 1
[INFO] [stdout]   |
[INFO] [stdout]   = note: LC_ALL="C" PATH="/opt/rustwide/rustup-home/toolchains/beta-2024-12-08-x86_64-unknown-linux-gnu/lib/rustlib/x86_64-unknown-linux-gnu/bin:/opt/rustwide/cargo-home/bin:/usr/local/sbin:/usr/local/bin:/usr/sbin:/usr/bin:/sbin:/bin" VSLANG="1033" "cc" "-m64" "/tmp/rustczF3e6r/symbols.o" "/tmp/rustdoctest4DoN26/rust_out.rust_out.9242fac72db2cd11-cgu.0.rcgu.o" "/tmp/rustdoctest4DoN26/rust_out.2hl2tb9xdtge7mguxzn2q1kvi.rcgu.o" "-Wl,--as-needed" "-Wl,-Bstatic" "/opt/rustwide/target/debug/deps/libfav_core-4b8f0d4f0795e8ad.rlib" "/opt/rustwide/target/debug/deps/libtokio_stream-ef81e27a41ede486.rlib" "/opt/rustwide/target/debug/deps/libtabled-0de0e1f2b60f16d2.rlib" "/opt/rustwide/target/debug/deps/libpapergrid-fe6bb7a6f13761c5.rlib" "/opt/rustwide/target/debug/deps/libbytecount-bb026d563bdc2e3e.rlib" "/opt/rustwide/target/debug/deps/libunicode_width-25e9facf36bfb576.rlib" "/opt/rustwide/target/debug/deps/libprotobuf_json_mapping-8e4fcdeea8430476.rlib" "/opt/rustwide/target/debug/deps/libfutures-6a8e4b9c78d95965.rlib" "/opt/rustwide/target/debug/deps/libfutures_executor-ce588162b99ef1c7.rlib" "/opt/rustwide/target/debug/deps/libprotobuf-7010a9a603a44362.rlib" "/opt/rustwide/target/debug/deps/libprotobuf_support-0f9d546fbd9407ee.rlib" "/opt/rustwide/target/debug/deps/libthiserror-adabc6dbccefd567.rlib" "/opt/rustwide/target/debug/deps/libreqwest-ef3faaafe5b571d2.rlib" "/opt/rustwide/target/debug/deps/librustls_pemfile-1209f3a54c7e87de.rlib" "/opt/rustwide/target/debug/deps/librustls_pki_types-f84abf657abe97d2.rlib" "/opt/rustwide/target/debug/deps/libserde_urlencoded-30fe31c3bf56e88a.rlib" "/opt/rustwide/target/debug/deps/libcookie_store-cd112f89d5241335.rlib" "/opt/rustwide/target/debug/deps/libpublicsuffix-ad886b6dbbfbd994.rlib" "/opt/rustwide/target/debug/deps/libpsl_types-49d16274b03367a7.rlib" "/opt/rustwide/target/debug/deps/libcookie-5adbd6d4a8f9bf31.rlib" "/opt/rustwide/target/debug/deps/libtime-08be219d17260935.rlib" "/opt/rustwide/target/debug/deps/libtime_core-f368596cca30f67d.rlib" "/opt/rustwide/target/debug/deps/libnum_conv-a312b8300ce88506.rlib" "/opt/rustwide/target/debug/deps/libderanged-7c3aacebfed7a85e.rlib" "/opt/rustwide/target/debug/deps/libpowerfmt-a584063b8a4e44a4.rlib" "/opt/rustwide/target/debug/deps/libbase64-1e2a536fab485f9b.rlib" "/opt/rustwide/target/debug/deps/libipnet-b41a9adca91d2813.rlib" "/opt/rustwide/target/debug/deps/libhyper_tls-ca5db5f3ce50f3a8.rlib" "/opt/rustwide/target/debug/deps/libtokio_native_tls-f35ece4ec43687e4.rlib" "/opt/rustwide/target/debug/deps/libmime-a9df5a780629fb7d.rlib" "/opt/rustwide/target/debug/deps/libencoding_rs-2caf505cdd079dea.rlib" "/opt/rustwide/target/debug/deps/libserde_json-8e1998c178af3284.rlib" "/opt/rustwide/target/debug/deps/libryu-6e02dac7c3b6be75.rlib" "/opt/rustwide/target/debug/deps/libserde-6af77799f44fac1d.rlib" "/opt/rustwide/target/debug/deps/libnative_tls-10bbca064c215c5b.rlib" "/opt/rustwide/target/debug/deps/libopenssl_probe-ed1174850529d944.rlib" "/opt/rustwide/target/debug/deps/libopenssl-6ae1b83a41299a8e.rlib" "/opt/rustwide/target/debug/deps/libbitflags-84877d9103c9f4ef.rlib" "/opt/rustwide/target/debug/deps/libforeign_types-2619a4331d8b6eb7.rlib" "/opt/rustwide/target/debug/deps/libforeign_types_shared-c35523625cfd8702.rlib" "/opt/rustwide/target/debug/deps/libopenssl_sys-52e86da2219abac5.rlib" "/opt/rustwide/target/debug/deps/libhyper_util-3d9ae5f31eacbe5c.rlib" "/opt/rustwide/target/debug/deps/libtower_service-ad41766f31b83ae5.rlib" "/opt/rustwide/target/debug/deps/libhyper-d7b1c872337c482b.rlib" "/opt/rustwide/target/debug/deps/libwant-254baf7a3ce1b24f.rlib" "/opt/rustwide/target/debug/deps/libtry_lock-523daa20a4acb788.rlib" "/opt/rustwide/target/debug/deps/libhttparse-f69ea1a7261f1ab3.rlib" "/opt/rustwide/target/debug/deps/libh2-92cc83adac9e80cb.rlib" "/opt/rustwide/target/debug/deps/libtracing-ae3c7a642acef636.rlib" "/opt/rustwide/target/debug/deps/libtracing_core-41c7dbc08d6b49f5.rlib" "/opt/rustwide/target/debug/deps/libonce_cell-0a05695a483fa658.rlib" "/opt/rustwide/target/debug/deps/libindexmap-4adac39f4066dbcd.rlib" "/opt/rustwide/target/debug/deps/libequivalent-e4dc2e1acc32de2c.rlib" "/opt/rustwide/target/debug/deps/libhashbrown-d84fbfd56281ed8b.rlib" "/opt/rustwide/target/debug/deps/libatomic_waker-6cd29d6269b9677d.rlib" "/opt/rustwide/target/debug/deps/libtokio_util-3b5a31354225b51f.rlib" "/opt/rustwide/target/debug/deps/libtokio-35108b7403894c3b.rlib" "/opt/rustwide/target/debug/deps/libsignal_hook_registry-e39bbd51ff6364f9.rlib" "/opt/rustwide/target/debug/deps/libsocket2-433ce6310ebfb808.rlib" "/opt/rustwide/target/debug/deps/libmio-8e9e0b65b4a17abc.rlib" "/opt/rustwide/target/debug/deps/libparking_lot-d025b084ff9fe118.rlib" "/opt/rustwide/target/debug/deps/libparking_lot_core-d6ac1980df4ed349.rlib" "/opt/rustwide/target/debug/deps/liblibc-ab537429a1f68abe.rlib" "/opt/rustwide/target/debug/deps/libcfg_if-a3e7e701fcd1f47b.rlib" "/opt/rustwide/target/debug/deps/liblock_api-6967e438d0a7fd52.rlib" "/opt/rustwide/target/debug/deps/libscopeguard-f937485db0060aca.rlib" "/opt/rustwide/target/debug/deps/libhttp_body_util-0bd103a4e23dea3e.rlib" "/opt/rustwide/target/debug/deps/libfutures_util-e345fecb3cb28729.rlib" "/opt/rustwide/target/debug/deps/libmemchr-412d53cbfea52259.rlib" "/opt/rustwide/target/debug/deps/libfutures_io-44864b0c8cf48010.rlib" "/opt/rustwide/target/debug/deps/libslab-1467acbaaf6df1c2.rlib" "/opt/rustwide/target/debug/deps/libfutures_channel-0d5d1d8b0e7cc09a.rlib" "/opt/rustwide/target/debug/deps/libfutures_sink-c08971cd7bb2121a.rlib" "/opt/rustwide/target/debug/deps/libfutures_task-c53a98e83ad67eed.rlib" "/opt/rustwide/target/debug/deps/libpin_utils-e8360a4d12f71807.rlib" "/opt/rustwide/target/debug/deps/libpin_project_lite-7402bb5815a515fa.rlib" "/opt/rustwide/target/debug/deps/libhttp_body-a6c63aea9c540bc8.rlib" "/opt/rustwide/target/debug/deps/liblog-35c349e0e34201c2.rlib" "/opt/rustwide/target/debug/deps/libfutures_core-155b59cd655dda41.rlib" "/opt/rustwide/target/debug/deps/liburl-e52a41b592cf9886.rlib" "/opt/rustwide/target/debug/deps/libidna-0cd9d6d87e911b22.rlib" "/opt/rustwide/target/debug/deps/libidna_adapter-79253cf1fd7357a2.rlib" "/opt/rustwide/target/debug/deps/libicu_normalizer-9b6a5cf3101e12e3.rlib" "/opt/rustwide/target/debug/deps/libicu_normalizer_data-d3c2725a089a2467.rlib" "/opt/rustwide/target/debug/deps/libwrite16-d15e33f2b3b5e6d8.rlib" "/opt/rustwide/target/debug/deps/libutf8_iter-d5e8daeaacfd8f95.rlib" "/opt/rustwide/target/debug/deps/libutf16_iter-9749a04129eccc81.rlib" "/opt/rustwide/target/debug/deps/libsmallvec-e47cf4c2f7e4fd50.rlib" "/opt/rustwide/target/debug/deps/libicu_properties-46e3205f8881ba8f.rlib" "/opt/rustwide/target/debug/deps/libicu_properties_data-8db115c81033ba3a.rlib" "/opt/rustwide/target/debug/deps/libicu_locid_transform-5e91e601f8d7860d.rlib" "/opt/rustwide/target/debug/deps/libicu_locid_transform_data-b75aeb662448ba61.rlib" "/opt/rustwide/target/debug/deps/libicu_collections-4775e53f09f86c67.rlib" "/opt/rustwide/target/debug/deps/libicu_provider-aab12e62eb21a968.rlib" "/opt/rustwide/target/debug/deps/libicu_locid-5c6afad52a166631.rlib" "/opt/rustwide/target/debug/deps/liblitemap-f4f1c45b9b1b6474.rlib" "/opt/rustwide/target/debug/deps/libtinystr-8cb4f4e4e162fb31.rlib" "/opt/rustwide/target/debug/deps/libzerovec-e3bf4d958f5b955c.rlib" "/opt/rustwide/target/debug/deps/libwriteable-d425da3f2cf37998.rlib" "/opt/rustwide/target/debug/deps/libyoke-b55b3062831cfcff.rlib" "/opt/rustwide/target/debug/deps/libzerofrom-5d80ea442dd530a4.rlib" "/opt/rustwide/target/debug/deps/libstable_deref_trait-8e22d1dc883a4bb5.rlib" "/opt/rustwide/target/debug/deps/libform_urlencoded-59e65d5ba0f82c92.rlib" "/opt/rustwide/target/debug/deps/libpercent_encoding-fc63a8437ca6afa3.rlib" "/opt/rustwide/target/debug/deps/libhttp-b6865ffda5ebcaac.rlib" "/opt/rustwide/target/debug/deps/libitoa-87633a66effadcdd.rlib" "/opt/rustwide/target/debug/deps/libbytes-d350a029aac7517f.rlib" "/opt/rustwide/target/debug/deps/libfnv-953831fe314029b4.rlib" "/opt/rustwide/rustup-home/toolchains/beta-2024-12-08-x86_64-unknown-linux-gnu/lib/rustlib/x86_64-unknown-linux-gnu/lib/libstd-02dc84f49135b6b8.rlib" "/opt/rustwide/rustup-home/toolchains/beta-2024-12-08-x86_64-unknown-linux-gnu/lib/rustlib/x86_64-unknown-linux-gnu/lib/libpanic_unwind-a8f45b397fae3f81.rlib" "/opt/rustwide/rustup-home/toolchains/beta-2024-12-08-x86_64-unknown-linux-gnu/lib/rustlib/x86_64-unknown-linux-gnu/lib/libobject-089607133c180609.rlib" "/opt/rustwide/rustup-home/toolchains/beta-2024-12-08-x86_64-unknown-linux-gnu/lib/rustlib/x86_64-unknown-linux-gnu/lib/libmemchr-fc89f091bcd86cbb.rlib" "/opt/rustwide/rustup-home/toolchains/beta-2024-12-08-x86_64-unknown-linux-gnu/lib/rustlib/x86_64-unknown-linux-gnu/lib/libaddr2line-5a60949f01c7340c.rlib" "/opt/rustwide/rustup-home/toolchains/beta-2024-12-08-x86_64-unknown-linux-gnu/lib/rustlib/x86_64-unknown-linux-gnu/lib/libgimli-d29e6a55ca253c8c.rlib" "/opt/rustwide/rustup-home/toolchains/beta-2024-12-08-x86_64-unknown-linux-gnu/lib/rustlib/x86_64-unknown-linux-gnu/lib/librustc_demangle-273c078d5f65de7a.rlib" "/opt/rustwide/rustup-home/toolchains/beta-2024-12-08-x86_64-unknown-linux-gnu/lib/rustlib/x86_64-unknown-linux-gnu/lib/libstd_detect-413c950ffbdd4454.rlib" "/opt/rustwide/rustup-home/toolchains/beta-2024-12-08-x86_64-unknown-linux-gnu/lib/rustlib/x86_64-unknown-linux-gnu/lib/libhashbrown-1853c0976a1d88a6.rlib" "/opt/rustwide/rustup-home/toolchains/beta-2024-12-08-x86_64-unknown-linux-gnu/lib/rustlib/x86_64-unknown-linux-gnu/lib/librustc_std_workspace_alloc-ccb3384ddacb0f9e.rlib" "/opt/rustwide/rustup-home/toolchains/beta-2024-12-08-x86_64-unknown-linux-gnu/lib/rustlib/x86_64-unknown-linux-gnu/lib/libminiz_oxide-0b901dfb0ca849e0.rlib" "/opt/rustwide/rustup-home/toolchains/beta-2024-12-08-x86_64-unknown-linux-gnu/lib/rustlib/x86_64-unknown-linux-gnu/lib/libadler-eebeb8d7c64543ad.rlib" "/opt/rustwide/rustup-home/toolchains/beta-2024-12-08-x86_64-unknown-linux-gnu/lib/rustlib/x86_64-unknown-linux-gnu/lib/libunwind-4723ef81d6079867.rlib" "/opt/rustwide/rustup-home/toolchains/beta-2024-12-08-x86_64-unknown-linux-gnu/lib/rustlib/x86_64-unknown-linux-gnu/lib/libcfg_if-54442f8b422f5a54.rlib" "/opt/rustwide/rustup-home/toolchains/beta-2024-12-08-x86_64-unknown-linux-gnu/lib/rustlib/x86_64-unknown-linux-gnu/lib/liblibc-e0bbe034b5282553.rlib" "/opt/rustwide/rustup-home/toolchains/beta-2024-12-08-x86_64-unknown-linux-gnu/lib/rustlib/x86_64-unknown-linux-gnu/lib/liballoc-d0febb68c1c37b90.rlib" "/opt/rustwide/rustup-home/toolchains/beta-2024-12-08-x86_64-unknown-linux-gnu/lib/rustlib/x86_64-unknown-linux-gnu/lib/librustc_std_workspace_core-4cf833632aafa84c.rlib" "/opt/rustwide/rustup-home/toolchains/beta-2024-12-08-x86_64-unknown-linux-gnu/lib/rustlib/x86_64-unknown-linux-gnu/lib/libcore-65c2c6d2d6ae570b.rlib" "/opt/rustwide/rustup-home/toolchains/beta-2024-12-08-x86_64-unknown-linux-gnu/lib/rustlib/x86_64-unknown-linux-gnu/lib/libcompiler_builtins-97929cee0dcfe424.rlib" "-Wl,-Bdynamic" "-lssl" "-lcrypto" "-lgcc_s" "-lutil" "-lrt" "-lpthread" "-lm" "-ldl" "-lc" "-Wl,--eh-frame-hdr" "-Wl,-z,noexecstack" "-L" "/opt/rustwide/rustup-home/toolchains/beta-2024-12-08-x86_64-unknown-linux-gnu/lib/rustlib/x86_64-unknown-linux-gnu/lib" "-o" "/tmp/rustdoctest4DoN26/rust_out" "-Wl,--gc-sections" "-pie" "-Wl,-z,relro,-z,now" "-nodefaultlibs"
[INFO] [stdout]   = note: collect2: fatal error: ld terminated with signal 9 [Killed]
[INFO] [stdout]           compilation terminated.
[INFO] [stdout]           
[INFO] [stdout] 
[INFO] [stdout] error: aborting due to 1 previous error
[INFO] [stdout] 
[INFO] [stdout] Couldn't compile the test.
[INFO] [stdout] ---- src/attr.rs - attr::Attr (line 47) stdout ----
[INFO] [stdout] error: linking with `cc` failed: exit status: 1
[INFO] [stdout]   |
[INFO] [stdout]   = note: LC_ALL="C" PATH="/opt/rustwide/rustup-home/toolchains/beta-2024-12-08-x86_64-unknown-linux-gnu/lib/rustlib/x86_64-unknown-linux-gnu/bin:/opt/rustwide/cargo-home/bin:/usr/local/sbin:/usr/local/bin:/usr/sbin:/usr/bin:/sbin:/bin" VSLANG="1033" "cc" "-m64" "/tmp/rustckMiJhT/symbols.o" "/tmp/rustdoctestiq1QV8/rust_out.rust_out.9242fac72db2cd11-cgu.0.rcgu.o" "/tmp/rustdoctestiq1QV8/rust_out.2hl2tb9xdtge7mguxzn2q1kvi.rcgu.o" "-Wl,--as-needed" "-Wl,-Bstatic" "/opt/rustwide/target/debug/deps/libfav_core-4b8f0d4f0795e8ad.rlib" "/opt/rustwide/target/debug/deps/libtokio_stream-ef81e27a41ede486.rlib" "/opt/rustwide/target/debug/deps/libtabled-0de0e1f2b60f16d2.rlib" "/opt/rustwide/target/debug/deps/libpapergrid-fe6bb7a6f13761c5.rlib" "/opt/rustwide/target/debug/deps/libbytecount-bb026d563bdc2e3e.rlib" "/opt/rustwide/target/debug/deps/libunicode_width-25e9facf36bfb576.rlib" "/opt/rustwide/target/debug/deps/libprotobuf_json_mapping-8e4fcdeea8430476.rlib" "/opt/rustwide/target/debug/deps/libfutures-6a8e4b9c78d95965.rlib" "/opt/rustwide/target/debug/deps/libfutures_executor-ce588162b99ef1c7.rlib" "/opt/rustwide/target/debug/deps/libprotobuf-7010a9a603a44362.rlib" "/opt/rustwide/target/debug/deps/libprotobuf_support-0f9d546fbd9407ee.rlib" "/opt/rustwide/target/debug/deps/libthiserror-adabc6dbccefd567.rlib" "/opt/rustwide/target/debug/deps/libreqwest-ef3faaafe5b571d2.rlib" "/opt/rustwide/target/debug/deps/librustls_pemfile-1209f3a54c7e87de.rlib" "/opt/rustwide/target/debug/deps/librustls_pki_types-f84abf657abe97d2.rlib" "/opt/rustwide/target/debug/deps/libserde_urlencoded-30fe31c3bf56e88a.rlib" "/opt/rustwide/target/debug/deps/libcookie_store-cd112f89d5241335.rlib" "/opt/rustwide/target/debug/deps/libpublicsuffix-ad886b6dbbfbd994.rlib" "/opt/rustwide/target/debug/deps/libpsl_types-49d16274b03367a7.rlib" "/opt/rustwide/target/debug/deps/libcookie-5adbd6d4a8f9bf31.rlib" "/opt/rustwide/target/debug/deps/libtime-08be219d17260935.rlib" "/opt/rustwide/target/debug/deps/libtime_core-f368596cca30f67d.rlib" "/opt/rustwide/target/debug/deps/libnum_conv-a312b8300ce88506.rlib" "/opt/rustwide/target/debug/deps/libderanged-7c3aacebfed7a85e.rlib" "/opt/rustwide/target/debug/deps/libpowerfmt-a584063b8a4e44a4.rlib" "/opt/rustwide/target/debug/deps/libbase64-1e2a536fab485f9b.rlib" "/opt/rustwide/target/debug/deps/libipnet-b41a9adca91d2813.rlib" "/opt/rustwide/target/debug/deps/libhyper_tls-ca5db5f3ce50f3a8.rlib" "/opt/rustwide/target/debug/deps/libtokio_native_tls-f35ece4ec43687e4.rlib" "/opt/rustwide/target/debug/deps/libmime-a9df5a780629fb7d.rlib" "/opt/rustwide/target/debug/deps/libencoding_rs-2caf505cdd079dea.rlib" "/opt/rustwide/target/debug/deps/libserde_json-8e1998c178af3284.rlib" "/opt/rustwide/target/debug/deps/libryu-6e02dac7c3b6be75.rlib" "/opt/rustwide/target/debug/deps/libserde-6af77799f44fac1d.rlib" "/opt/rustwide/target/debug/deps/libnative_tls-10bbca064c215c5b.rlib" "/opt/rustwide/target/debug/deps/libopenssl_probe-ed1174850529d944.rlib" "/opt/rustwide/target/debug/deps/libopenssl-6ae1b83a41299a8e.rlib" "/opt/rustwide/target/debug/deps/libbitflags-84877d9103c9f4ef.rlib" "/opt/rustwide/target/debug/deps/libforeign_types-2619a4331d8b6eb7.rlib" "/opt/rustwide/target/debug/deps/libforeign_types_shared-c35523625cfd8702.rlib" "/opt/rustwide/target/debug/deps/libopenssl_sys-52e86da2219abac5.rlib" "/opt/rustwide/target/debug/deps/libhyper_util-3d9ae5f31eacbe5c.rlib" "/opt/rustwide/target/debug/deps/libtower_service-ad41766f31b83ae5.rlib" "/opt/rustwide/target/debug/deps/libhyper-d7b1c872337c482b.rlib" "/opt/rustwide/target/debug/deps/libwant-254baf7a3ce1b24f.rlib" "/opt/rustwide/target/debug/deps/libtry_lock-523daa20a4acb788.rlib" "/opt/rustwide/target/debug/deps/libhttparse-f69ea1a7261f1ab3.rlib" "/opt/rustwide/target/debug/deps/libh2-92cc83adac9e80cb.rlib" "/opt/rustwide/target/debug/deps/libtracing-ae3c7a642acef636.rlib" "/opt/rustwide/target/debug/deps/libtracing_core-41c7dbc08d6b49f5.rlib" "/opt/rustwide/target/debug/deps/libonce_cell-0a05695a483fa658.rlib" "/opt/rustwide/target/debug/deps/libindexmap-4adac39f4066dbcd.rlib" "/opt/rustwide/target/debug/deps/libequivalent-e4dc2e1acc32de2c.rlib" "/opt/rustwide/target/debug/deps/libhashbrown-d84fbfd56281ed8b.rlib" "/opt/rustwide/target/debug/deps/libatomic_waker-6cd29d6269b9677d.rlib" "/opt/rustwide/target/debug/deps/libtokio_util-3b5a31354225b51f.rlib" "/opt/rustwide/target/debug/deps/libtokio-35108b7403894c3b.rlib" "/opt/rustwide/target/debug/deps/libsignal_hook_registry-e39bbd51ff6364f9.rlib" "/opt/rustwide/target/debug/deps/libsocket2-433ce6310ebfb808.rlib" "/opt/rustwide/target/debug/deps/libmio-8e9e0b65b4a17abc.rlib" "/opt/rustwide/target/debug/deps/libparking_lot-d025b084ff9fe118.rlib" "/opt/rustwide/target/debug/deps/libparking_lot_core-d6ac1980df4ed349.rlib" "/opt/rustwide/target/debug/deps/liblibc-ab537429a1f68abe.rlib" "/opt/rustwide/target/debug/deps/libcfg_if-a3e7e701fcd1f47b.rlib" "/opt/rustwide/target/debug/deps/liblock_api-6967e438d0a7fd52.rlib" "/opt/rustwide/target/debug/deps/libscopeguard-f937485db0060aca.rlib" "/opt/rustwide/target/debug/deps/libhttp_body_util-0bd103a4e23dea3e.rlib" "/opt/rustwide/target/debug/deps/libfutures_util-e345fecb3cb28729.rlib" "/opt/rustwide/target/debug/deps/libmemchr-412d53cbfea52259.rlib" "/opt/rustwide/target/debug/deps/libfutures_io-44864b0c8cf48010.rlib" "/opt/rustwide/target/debug/deps/libslab-1467acbaaf6df1c2.rlib" "/opt/rustwide/target/debug/deps/libfutures_channel-0d5d1d8b0e7cc09a.rlib" "/opt/rustwide/target/debug/deps/libfutures_sink-c08971cd7bb2121a.rlib" "/opt/rustwide/target/debug/deps/libfutures_task-c53a98e83ad67eed.rlib" "/opt/rustwide/target/debug/deps/libpin_utils-e8360a4d12f71807.rlib" "/opt/rustwide/target/debug/deps/libpin_project_lite-7402bb5815a515fa.rlib" "/opt/rustwide/target/debug/deps/libhttp_body-a6c63aea9c540bc8.rlib" "/opt/rustwide/target/debug/deps/liblog-35c349e0e34201c2.rlib" "/opt/rustwide/target/debug/deps/libfutures_core-155b59cd655dda41.rlib" "/opt/rustwide/target/debug/deps/liburl-e52a41b592cf9886.rlib" "/opt/rustwide/target/debug/deps/libidna-0cd9d6d87e911b22.rlib" "/opt/rustwide/target/debug/deps/libidna_adapter-79253cf1fd7357a2.rlib" "/opt/rustwide/target/debug/deps/libicu_normalizer-9b6a5cf3101e12e3.rlib" "/opt/rustwide/target/debug/deps/libicu_normalizer_data-d3c2725a089a2467.rlib" "/opt/rustwide/target/debug/deps/libwrite16-d15e33f2b3b5e6d8.rlib" "/opt/rustwide/target/debug/deps/libutf8_iter-d5e8daeaacfd8f95.rlib" "/opt/rustwide/target/debug/deps/libutf16_iter-9749a04129eccc81.rlib" "/opt/rustwide/target/debug/deps/libsmallvec-e47cf4c2f7e4fd50.rlib" "/opt/rustwide/target/debug/deps/libicu_properties-46e3205f8881ba8f.rlib" "/opt/rustwide/target/debug/deps/libicu_properties_data-8db115c81033ba3a.rlib" "/opt/rustwide/target/debug/deps/libicu_locid_transform-5e91e601f8d7860d.rlib" "/opt/rustwide/target/debug/deps/libicu_locid_transform_data-b75aeb662448ba61.rlib" "/opt/rustwide/target/debug/deps/libicu_collections-4775e53f09f86c67.rlib" "/opt/rustwide/target/debug/deps/libicu_provider-aab12e62eb21a968.rlib" "/opt/rustwide/target/debug/deps/libicu_locid-5c6afad52a166631.rlib" "/opt/rustwide/target/debug/deps/liblitemap-f4f1c45b9b1b6474.rlib" "/opt/rustwide/target/debug/deps/libtinystr-8cb4f4e4e162fb31.rlib" "/opt/rustwide/target/debug/deps/libzerovec-e3bf4d958f5b955c.rlib" "/opt/rustwide/target/debug/deps/libwriteable-d425da3f2cf37998.rlib" "/opt/rustwide/target/debug/deps/libyoke-b55b3062831cfcff.rlib" "/opt/rustwide/target/debug/deps/libzerofrom-5d80ea442dd530a4.rlib" "/opt/rustwide/target/debug/deps/libstable_deref_trait-8e22d1dc883a4bb5.rlib" "/opt/rustwide/target/debug/deps/libform_urlencoded-59e65d5ba0f82c92.rlib" "/opt/rustwide/target/debug/deps/libpercent_encoding-fc63a8437ca6afa3.rlib" "/opt/rustwide/target/debug/deps/libhttp-b6865ffda5ebcaac.rlib" "/opt/rustwide/target/debug/deps/libitoa-87633a66effadcdd.rlib" "/opt/rustwide/target/debug/deps/libbytes-d350a029aac7517f.rlib" "/opt/rustwide/target/debug/deps/libfnv-953831fe314029b4.rlib" "/opt/rustwide/rustup-home/toolchains/beta-2024-12-08-x86_64-unknown-linux-gnu/lib/rustlib/x86_64-unknown-linux-gnu/lib/libstd-02dc84f49135b6b8.rlib" "/opt/rustwide/rustup-home/toolchains/beta-2024-12-08-x86_64-unknown-linux-gnu/lib/rustlib/x86_64-unknown-linux-gnu/lib/libpanic_unwind-a8f45b397fae3f81.rlib" "/opt/rustwide/rustup-home/toolchains/beta-2024-12-08-x86_64-unknown-linux-gnu/lib/rustlib/x86_64-unknown-linux-gnu/lib/libobject-089607133c180609.rlib" "/opt/rustwide/rustup-home/toolchains/beta-2024-12-08-x86_64-unknown-linux-gnu/lib/rustlib/x86_64-unknown-linux-gnu/lib/libmemchr-fc89f091bcd86cbb.rlib" "/opt/rustwide/rustup-home/toolchains/beta-2024-12-08-x86_64-unknown-linux-gnu/lib/rustlib/x86_64-unknown-linux-gnu/lib/libaddr2line-5a60949f01c7340c.rlib" "/opt/rustwide/rustup-home/toolchains/beta-2024-12-08-x86_64-unknown-linux-gnu/lib/rustlib/x86_64-unknown-linux-gnu/lib/libgimli-d29e6a55ca253c8c.rlib" "/opt/rustwide/rustup-home/toolchains/beta-2024-12-08-x86_64-unknown-linux-gnu/lib/rustlib/x86_64-unknown-linux-gnu/lib/librustc_demangle-273c078d5f65de7a.rlib" "/opt/rustwide/rustup-home/toolchains/beta-2024-12-08-x86_64-unknown-linux-gnu/lib/rustlib/x86_64-unknown-linux-gnu/lib/libstd_detect-413c950ffbdd4454.rlib" "/opt/rustwide/rustup-home/toolchains/beta-2024-12-08-x86_64-unknown-linux-gnu/lib/rustlib/x86_64-unknown-linux-gnu/lib/libhashbrown-1853c0976a1d88a6.rlib" "/opt/rustwide/rustup-home/toolchains/beta-2024-12-08-x86_64-unknown-linux-gnu/lib/rustlib/x86_64-unknown-linux-gnu/lib/librustc_std_workspace_alloc-ccb3384ddacb0f9e.rlib" "/opt/rustwide/rustup-home/toolchains/beta-2024-12-08-x86_64-unknown-linux-gnu/lib/rustlib/x86_64-unknown-linux-gnu/lib/libminiz_oxide-0b901dfb0ca849e0.rlib" "/opt/rustwide/rustup-home/toolchains/beta-2024-12-08-x86_64-unknown-linux-gnu/lib/rustlib/x86_64-unknown-linux-gnu/lib/libadler-eebeb8d7c64543ad.rlib" "/opt/rustwide/rustup-home/toolchains/beta-2024-12-08-x86_64-unknown-linux-gnu/lib/rustlib/x86_64-unknown-linux-gnu/lib/libunwind-4723ef81d6079867.rlib" "/opt/rustwide/rustup-home/toolchains/beta-2024-12-08-x86_64-unknown-linux-gnu/lib/rustlib/x86_64-unknown-linux-gnu/lib/libcfg_if-54442f8b422f5a54.rlib" "/opt/rustwide/rustup-home/toolchains/beta-2024-12-08-x86_64-unknown-linux-gnu/lib/rustlib/x86_64-unknown-linux-gnu/lib/liblibc-e0bbe034b5282553.rlib" "/opt/rustwide/rustup-home/toolchains/beta-2024-12-08-x86_64-unknown-linux-gnu/lib/rustlib/x86_64-unknown-linux-gnu/lib/liballoc-d0febb68c1c37b90.rlib" "/opt/rustwide/rustup-home/toolchains/beta-2024-12-08-x86_64-unknown-linux-gnu/lib/rustlib/x86_64-unknown-linux-gnu/lib/librustc_std_workspace_core-4cf833632aafa84c.rlib" "/opt/rustwide/rustup-home/toolchains/beta-2024-12-08-x86_64-unknown-linux-gnu/lib/rustlib/x86_64-unknown-linux-gnu/lib/libcore-65c2c6d2d6ae570b.rlib" "/opt/rustwide/rustup-home/toolchains/beta-2024-12-08-x86_64-unknown-linux-gnu/lib/rustlib/x86_64-unknown-linux-gnu/lib/libcompiler_builtins-97929cee0dcfe424.rlib" "-Wl,-Bdynamic" "-lssl" "-lcrypto" "-lgcc_s" "-lutil" "-lrt" "-lpthread" "-lm" "-ldl" "-lc" "-Wl,--eh-frame-hdr" "-Wl,-z,noexecstack" "-L" "/opt/rustwide/rustup-home/toolchains/beta-2024-12-08-x86_64-unknown-linux-gnu/lib/rustlib/x86_64-unknown-linux-gnu/lib" "-o" "/tmp/rustdoctestiq1QV8/rust_out" "-Wl,--gc-sections" "-pie" "-Wl,-z,relro,-z,now" "-nodefaultlibs"
[INFO] [stdout]   = note: collect2: fatal error: ld terminated with signal 9 [Killed]
[INFO] [stdout]           compilation terminated.
[INFO] [stdout]           
[INFO] [stdout] 
[INFO] [stdout] error: aborting due to 1 previous error
[INFO] [stdout] 
[INFO] [stdout] Couldn't compile the test.
[INFO] [stdout] 
[INFO] [stdout] failures:
[INFO] [stdout]     src/attr.rs - attr::Attr (line 47)
[INFO] [stdout]     src/local.rs - local::ProtoLocal (line 19)
[INFO] [stdout] 
[INFO] [stdout] test result: FAILED. 16 passed; 2 failed; 0 ignored; 0 measured; 0 filtered out; finished in 14.68s
[INFO] [stdout] 
[INFO] [stderr] error: doctest failed, to rerun pass `--doc`
[INFO] running `Command { std: "docker" "inspect" "bbc54b54b44cab9af7305b7f6555e05c6973c02073e92d0ff5df30485a6b12fe", kill_on_drop: false }`
[INFO] running `Command { std: "docker" "rm" "-f" "bbc54b54b44cab9af7305b7f6555e05c6973c02073e92d0ff5df30485a6b12fe", kill_on_drop: false }`
[INFO] [stdout] bbc54b54b44cab9af7305b7f6555e05c6973c02073e92d0ff5df30485a6b12fe
