[INFO] fetching crate fauxgen 0.1.5...
[INFO] testing fauxgen-0.1.5 against 1.83.0 for beta-1.84.0-4-retry
[INFO] extracting crate fauxgen 0.1.5 into /workspace/builds/worker-0-tc1/source
[INFO] validating manifest of crates.io crate fauxgen 0.1.5 on toolchain 1.83.0
[INFO] running `Command { std: CARGO_HOME="/workspace/cargo-home" RUSTUP_HOME="/workspace/rustup-home" "/workspace/cargo-home/bin/cargo" "+1.83.0" "metadata" "--manifest-path" "Cargo.toml" "--no-deps", kill_on_drop: false }`
[INFO] started tweaking crates.io crate fauxgen 0.1.5
[INFO] removed 0 missing examples
[INFO] removed 0 missing tests
[INFO] finished tweaking crates.io crate fauxgen 0.1.5
[INFO] tweaked toml for crates.io crate fauxgen 0.1.5 written to /workspace/builds/worker-0-tc1/source/Cargo.toml
[INFO] crate crates.io crate fauxgen 0.1.5 already has a lockfile, it will not be regenerated
[INFO] running `Command { std: CARGO_HOME="/workspace/cargo-home" RUSTUP_HOME="/workspace/rustup-home" "/workspace/cargo-home/bin/cargo" "+1.83.0" "fetch" "--manifest-path" "Cargo.toml", kill_on_drop: false }`
[INFO] [stderr]     Updating crates.io index
[INFO] [stderr]  Downloading crates ...
[INFO] [stderr]   Downloaded fauxgen-macros v0.1.5
[INFO] [stderr]   Downloaded trybuild v1.0.83
[INFO] running `Command { std: "docker" "create" "-v" "/var/lib/crater-agent-workspace/builds/worker-0-tc1/target:/opt/rustwide/target:rw,Z" "-v" "/var/lib/crater-agent-workspace/builds/worker-0-tc1/source:/opt/rustwide/workdir:ro,Z" "-v" "/var/lib/crater-agent-workspace/cargo-home:/opt/rustwide/cargo-home:ro,Z" "-v" "/var/lib/crater-agent-workspace/rustup-home:/opt/rustwide/rustup-home:ro,Z" "-e" "SOURCE_DIR=/opt/rustwide/workdir" "-e" "CARGO_TARGET_DIR=/opt/rustwide/target" "-e" "CARGO_HOME=/opt/rustwide/cargo-home" "-e" "RUSTUP_HOME=/opt/rustwide/rustup-home" "-w" "/opt/rustwide/workdir" "-m" "1610612736" "--user" "0:0" "--network" "none" "ghcr.io/rust-lang/crates-build-env/linux@sha256:f3a9d4ad9d972b27faf3965f35b62e55ba32bbce8f20bc8fe909558a86702fde" "/opt/rustwide/cargo-home/bin/cargo" "+1.83.0" "metadata" "--no-deps" "--format-version=1", kill_on_drop: false }`
[INFO] [stdout] 93cd3bf2236a72bb87105e3734d63241b8791de3641ba090e092f7eda1b045d4
[INFO] running `Command { std: "docker" "start" "-a" "93cd3bf2236a72bb87105e3734d63241b8791de3641ba090e092f7eda1b045d4", kill_on_drop: false }`
[INFO] running `Command { std: "docker" "inspect" "93cd3bf2236a72bb87105e3734d63241b8791de3641ba090e092f7eda1b045d4", kill_on_drop: false }`
[INFO] running `Command { std: "docker" "rm" "-f" "93cd3bf2236a72bb87105e3734d63241b8791de3641ba090e092f7eda1b045d4", kill_on_drop: false }`
[INFO] [stdout] 93cd3bf2236a72bb87105e3734d63241b8791de3641ba090e092f7eda1b045d4
[INFO] running `Command { std: "docker" "create" "-v" "/var/lib/crater-agent-workspace/builds/worker-0-tc1/target:/opt/rustwide/target:rw,Z" "-v" "/var/lib/crater-agent-workspace/builds/worker-0-tc1/source:/opt/rustwide/workdir:ro,Z" "-v" "/var/lib/crater-agent-workspace/cargo-home:/opt/rustwide/cargo-home:ro,Z" "-v" "/var/lib/crater-agent-workspace/rustup-home:/opt/rustwide/rustup-home:ro,Z" "-e" "SOURCE_DIR=/opt/rustwide/workdir" "-e" "CARGO_TARGET_DIR=/opt/rustwide/target" "-e" "CARGO_INCREMENTAL=0" "-e" "RUST_BACKTRACE=full" "-e" "RUSTFLAGS=--cap-lints=warn" "-e" "RUSTDOCFLAGS=--cap-lints=warn" "-e" "CARGO_HOME=/opt/rustwide/cargo-home" "-e" "RUSTUP_HOME=/opt/rustwide/rustup-home" "-w" "/opt/rustwide/workdir" "-m" "1610612736" "--user" "0:0" "--network" "none" "ghcr.io/rust-lang/crates-build-env/linux@sha256:f3a9d4ad9d972b27faf3965f35b62e55ba32bbce8f20bc8fe909558a86702fde" "/opt/rustwide/cargo-home/bin/cargo" "+1.83.0" "build" "--frozen" "--message-format=json", kill_on_drop: false }`
[INFO] [stdout] 45bb36f43b5052413ef0f98c8ec3316baee1ac099cc29cfff7ac5894d3b59693
[INFO] running `Command { std: "docker" "start" "-a" "45bb36f43b5052413ef0f98c8ec3316baee1ac099cc29cfff7ac5894d3b59693", kill_on_drop: false }`
[INFO] [stderr]    Compiling semver v1.0.18
[INFO] [stderr]    Compiling proc-macro2 v1.0.66
[INFO] [stderr]    Compiling unicode-ident v1.0.11
[INFO] [stderr]    Compiling futures-core v0.3.28
[INFO] [stderr]    Compiling rustc_version v0.4.0
[INFO] [stderr]    Compiling quote v1.0.33
[INFO] [stderr]    Compiling fauxgen v0.1.5 (/opt/rustwide/workdir)
[INFO] [stderr]    Compiling syn v2.0.29
[INFO] [stderr]    Compiling fauxgen-macros v0.1.5
[INFO] [stderr]     Finished `dev` profile [unoptimized + debuginfo] target(s) in 9.39s
[INFO] running `Command { std: "docker" "inspect" "45bb36f43b5052413ef0f98c8ec3316baee1ac099cc29cfff7ac5894d3b59693", kill_on_drop: false }`
[INFO] running `Command { std: "docker" "rm" "-f" "45bb36f43b5052413ef0f98c8ec3316baee1ac099cc29cfff7ac5894d3b59693", kill_on_drop: false }`
[INFO] [stdout] 45bb36f43b5052413ef0f98c8ec3316baee1ac099cc29cfff7ac5894d3b59693
[INFO] running `Command { std: "docker" "create" "-v" "/var/lib/crater-agent-workspace/builds/worker-0-tc1/target:/opt/rustwide/target:rw,Z" "-v" "/var/lib/crater-agent-workspace/builds/worker-0-tc1/source:/opt/rustwide/workdir:ro,Z" "-v" "/var/lib/crater-agent-workspace/cargo-home:/opt/rustwide/cargo-home:ro,Z" "-v" "/var/lib/crater-agent-workspace/rustup-home:/opt/rustwide/rustup-home:ro,Z" "-e" "SOURCE_DIR=/opt/rustwide/workdir" "-e" "CARGO_TARGET_DIR=/opt/rustwide/target" "-e" "CARGO_INCREMENTAL=0" "-e" "RUST_BACKTRACE=full" "-e" "RUSTFLAGS=--cap-lints=warn" "-e" "RUSTDOCFLAGS=--cap-lints=warn" "-e" "CARGO_HOME=/opt/rustwide/cargo-home" "-e" "RUSTUP_HOME=/opt/rustwide/rustup-home" "-w" "/opt/rustwide/workdir" "-m" "1610612736" "--user" "0:0" "--network" "none" "ghcr.io/rust-lang/crates-build-env/linux@sha256:f3a9d4ad9d972b27faf3965f35b62e55ba32bbce8f20bc8fe909558a86702fde" "/opt/rustwide/cargo-home/bin/cargo" "+1.83.0" "test" "--frozen" "--no-run" "--message-format=json", kill_on_drop: false }`
[INFO] [stdout] 56d019dc0aa4d796d2e6196493ac1bb4a9883c22a1bc0bc1b0efc307c3acc42e
[INFO] running `Command { std: "docker" "start" "-a" "56d019dc0aa4d796d2e6196493ac1bb4a9883c22a1bc0bc1b0efc307c3acc42e", kill_on_drop: false }`
[INFO] [stderr]    Compiling serde v1.0.188
[INFO] [stderr]    Compiling autocfg v1.1.0
[INFO] [stderr]    Compiling futures-task v0.3.28
[INFO] [stderr]    Compiling serde_json v1.0.105
[INFO] [stderr]    Compiling futures-util v0.3.28
[INFO] [stderr]    Compiling itoa v1.0.9
[INFO] [stderr]    Compiling pin-project-lite v0.2.13
[INFO] [stderr]    Compiling ryu v1.0.15
[INFO] [stderr]    Compiling trybuild v1.0.83
[INFO] [stderr]    Compiling pin-project-internal v1.1.3
[INFO] [stderr]    Compiling tokio-macros v2.1.0
[INFO] [stderr]    Compiling serde_derive v1.0.188
[INFO] [stderr]    Compiling futures-macro v0.3.28
[INFO] [stderr]    Compiling pin-utils v0.1.0
[INFO] [stderr]    Compiling termcolor v1.2.0
[INFO] [stderr]    Compiling glob v0.3.1
[INFO] [stderr]    Compiling once_cell v1.18.0
[INFO] [stderr]    Compiling slab v0.4.9
[INFO] [stderr]    Compiling tokio v1.32.0
[INFO] [stderr]    Compiling pin-project v1.1.3
[INFO] [stderr]    Compiling basic-toml v0.1.4
[INFO] [stderr]    Compiling fauxgen v0.1.5 (/opt/rustwide/workdir)
[INFO] [stdout] warning: unused attribute
[INFO] [stdout]   --> tests/trybuild.rs:13:5
[INFO] [stdout]    |
[INFO] [stdout] 13 |     ignore = "these tests are only supported on rust nightly"
[INFO] [stdout]    |     ^^^^^^^^^^^^^^^^^^^^^^^^^^^^^^^^^^^^^^^^^^^^^^^^^^^^^^^^^ help: remove this attribute
[INFO] [stdout]    |
[INFO] [stdout] note: attribute also specified here
[INFO] [stdout]   --> tests/trybuild.rs:10:1
[INFO] [stdout]    |
[INFO] [stdout] 10 | #[ignore = "these tests are currently broken"]
[INFO] [stdout]    | ^^^^^^^^^^^^^^^^^^^^^^^^^^^^^^^^^^^^^^^^^^^^^^
[INFO] [stdout]    = note: `#[warn(unused_attributes)]` on by default
[INFO] [stdout] 
[INFO] [stdout] 
[INFO] [stderr]     Finished `test` profile [unoptimized + debuginfo] target(s) in 16.16s
[INFO] running `Command { std: "docker" "inspect" "56d019dc0aa4d796d2e6196493ac1bb4a9883c22a1bc0bc1b0efc307c3acc42e", kill_on_drop: false }`
[INFO] running `Command { std: "docker" "rm" "-f" "56d019dc0aa4d796d2e6196493ac1bb4a9883c22a1bc0bc1b0efc307c3acc42e", kill_on_drop: false }`
[INFO] [stdout] 56d019dc0aa4d796d2e6196493ac1bb4a9883c22a1bc0bc1b0efc307c3acc42e
[INFO] running `Command { std: "docker" "create" "-v" "/var/lib/crater-agent-workspace/builds/worker-0-tc1/target:/opt/rustwide/target:rw,Z" "-v" "/var/lib/crater-agent-workspace/builds/worker-0-tc1/source:/opt/rustwide/workdir:ro,Z" "-v" "/var/lib/crater-agent-workspace/cargo-home:/opt/rustwide/cargo-home:ro,Z" "-v" "/var/lib/crater-agent-workspace/rustup-home:/opt/rustwide/rustup-home:ro,Z" "-e" "SOURCE_DIR=/opt/rustwide/workdir" "-e" "CARGO_TARGET_DIR=/opt/rustwide/target" "-e" "CARGO_INCREMENTAL=0" "-e" "RUST_BACKTRACE=full" "-e" "RUSTFLAGS=--cap-lints=warn" "-e" "RUSTDOCFLAGS=--cap-lints=warn" "-e" "CARGO_HOME=/opt/rustwide/cargo-home" "-e" "RUSTUP_HOME=/opt/rustwide/rustup-home" "-w" "/opt/rustwide/workdir" "-m" "1610612736" "--user" "0:0" "--network" "none" "ghcr.io/rust-lang/crates-build-env/linux@sha256:f3a9d4ad9d972b27faf3965f35b62e55ba32bbce8f20bc8fe909558a86702fde" "/opt/rustwide/cargo-home/bin/cargo" "+1.83.0" "test" "--frozen", kill_on_drop: false }`
[INFO] [stdout] a9385e87bb677fb45e2ac26a05b57270fbe6a273f94d0c2ce66e7a6fa8652f29
[INFO] running `Command { std: "docker" "start" "-a" "a9385e87bb677fb45e2ac26a05b57270fbe6a273f94d0c2ce66e7a6fa8652f29", kill_on_drop: false }`
[INFO] [stderr] warning: unused attribute
[INFO] [stderr]   --> tests/trybuild.rs:13:5
[INFO] [stderr]    |
[INFO] [stderr] 13 |     ignore = "these tests are only supported on rust nightly"
[INFO] [stderr]    |     ^^^^^^^^^^^^^^^^^^^^^^^^^^^^^^^^^^^^^^^^^^^^^^^^^^^^^^^^^ help: remove this attribute
[INFO] [stderr]    |
[INFO] [stderr] note: attribute also specified here
[INFO] [stderr]   --> tests/trybuild.rs:10:1
[INFO] [stderr]    |
[INFO] [stderr] 10 | #[ignore = "these tests are currently broken"]
[INFO] [stderr]    | ^^^^^^^^^^^^^^^^^^^^^^^^^^^^^^^^^^^^^^^^^^^^^^
[INFO] [stderr]    = note: `#[warn(unused_attributes)]` on by default
[INFO] [stderr] 
[INFO] [stderr] warning: `fauxgen` (test "trybuild") generated 1 warning (run `cargo fix --test "trybuild"` to apply 1 suggestion)
[INFO] [stderr]     Finished `test` profile [unoptimized + debuginfo] target(s) in 0.06s
[INFO] [stderr]      Running unittests src/lib.rs (/opt/rustwide/target/debug/deps/fauxgen-11ab431914b6ca37)
[INFO] [stdout] 
[INFO] [stdout] running 0 tests
[INFO] [stdout] 
[INFO] [stdout] test result: ok. 0 passed; 0 failed; 0 ignored; 0 measured; 0 filtered out; finished in 0.00s
[INFO] [stdout] 
[INFO] [stderr]      Running tests/async.rs (/opt/rustwide/target/debug/deps/async-7197532214941638)
[INFO] [stdout] 
[INFO] [stdout] running 1 test
[INFO] [stderr]      Running tests/basic.rs (/opt/rustwide/target/debug/deps/basic-1bb6387510bae045)
[INFO] [stdout] test test_async_gen ... ok
[INFO] [stdout] 
[INFO] [stdout] test result: ok. 1 passed; 0 failed; 0 ignored; 0 measured; 0 filtered out; finished in 0.51s
[INFO] [stdout] 
[INFO] [stdout] 
[INFO] [stdout] running 2 tests
[INFO] [stdout] test ensure_send ... ok
[INFO] [stdout] test iter_basic ... ok
[INFO] [stdout] 
[INFO] [stdout] test result: ok. 2 passed; 0 failed; 0 ignored; 0 measured; 0 filtered out; finished in 0.00s
[INFO] [stdout] 
[INFO] [stderr]      Running tests/inline.rs (/opt/rustwide/target/debug/deps/inline-7821728168212aab)
[INFO] [stdout] 
[INFO] [stdout] running 2 tests
[INFO] [stdout] test basic_sync ... ok
[INFO] [stdout] test basic_async ... ok
[INFO] [stdout] 
[INFO] [stdout] test result: ok. 2 passed; 0 failed; 0 ignored; 0 measured; 0 filtered out; finished in 0.11s
[INFO] [stdout] 
[INFO] [stdout] 
[INFO] [stderr]      Running tests/nested.rs (/opt/rustwide/target/debug/deps/nested-f1422c0d9e8560d9)
[INFO] [stdout] running 1 test
[INFO] [stdout] test nested_gens - should panic ... ok
[INFO] [stdout] 
[INFO] [stdout] test result: ok. 1 passed; 0 failed; 0 ignored; 0 measured; 0 filtered out; finished in 0.02s
[INFO] [stdout] 
[INFO] [stderr]      Running tests/trybuild.rs (/opt/rustwide/target/debug/deps/trybuild-642f9f52da646c52)
[INFO] [stdout] 
[INFO] [stdout] running 3 tests
[INFO] [stdout] test ui_nightly ... ignored, these tests are currently broken
[INFO] [stderr]    Compiling proc-macro2 v1.0.66
[INFO] [stderr]    Compiling unicode-ident v1.0.11
[INFO] [stderr]    Compiling semver v1.0.18
[INFO] [stderr]    Compiling futures-core v0.3.28
[INFO] [stderr]    Compiling autocfg v1.1.0
[INFO] [stderr]    Compiling futures-task v0.3.28
[INFO] [stderr]    Compiling futures-util v0.3.28
[INFO] [stderr]     Checking pin-project-lite v0.2.13
[INFO] [stderr]     Checking pin-utils v0.1.0
[INFO] [stderr]    Compiling slab v0.4.9
[INFO] [stderr]    Compiling rustc_version v0.4.0
[INFO] [stderr]    Compiling quote v1.0.33
[INFO] [stderr]    Compiling fauxgen v0.1.5 (/opt/rustwide/workdir)
[INFO] [stderr]    Compiling syn v2.0.29
[INFO] [stderr]    Compiling tokio-macros v2.1.0
[INFO] [stderr]    Compiling pin-project-internal v1.1.3
[INFO] [stderr]    Compiling fauxgen-macros v0.1.5
[INFO] [stderr]    Compiling futures-macro v0.3.28
[INFO] [stderr]     Checking tokio v1.32.0
[INFO] [stderr]     Checking pin-project v1.1.3
[INFO] [stderr]     Checking fauxgen-tests v0.0.0 (/opt/rustwide/target/tests/trybuild/fauxgen)
[INFO] [stderr]     Finished `dev` profile [unoptimized + debuginfo] target(s) in 9.49s
[INFO] [stderr] 
[INFO] [stderr] 
[INFO] [stderr] test tests/ui/stable/fail-wrong-yield-type.rs ... mismatch
[INFO] [stderr] 
[INFO] [stderr] EXPECTED:
[INFO] [stderr] ┈┈┈┈┈┈┈┈┈┈┈┈┈┈┈┈┈┈┈┈┈┈┈┈┈┈┈┈┈┈┈┈┈┈┈┈┈┈┈┈┈┈┈┈┈┈┈┈┈┈┈┈┈┈┈┈┈┈┈┈
[INFO] [stderr] error[E0308]: mismatched types
[INFO] [stderr]  --> tests/ui/stable/fail-wrong-yield-type.rs:4:14
[INFO] [stderr]   |
[INFO] [stderr] 2 | #[fauxgen::generator(yield = i32)]
[INFO] [stderr]   |                      ----------- arguments to this method are incorrect
[INFO] [stderr] 3 | fn gen() {
[INFO] [stderr] 4 |     r#yield!("test");
[INFO] [stderr]   |              ^^^^^^ expected `i32`, found `&str`
[INFO] [stderr]   |
[INFO] [stderr] help: the return type of this call is `&'static str` due to the type of the argument passed
[INFO] [stderr]  --> tests/ui/stable/fail-wrong-yield-type.rs:2:1
[INFO] [stderr]   |
[INFO] [stderr] 2 | #[fauxgen::generator(yield = i32)]
[INFO] [stderr]   | ^^^^^^^^^^^^^^^^^^^^^^^^^^^^^^^^^^
[INFO] [stderr] 3 | fn gen() {
[INFO] [stderr] 4 |     r#yield!("test");
[INFO] [stderr]   |     ----------------
[INFO] [stderr]   |     |        |
[INFO] [stderr]   |     |        this argument influences the return type of `yield_`
[INFO] [stderr]   |     in this macro invocation
[INFO] [stderr] note: method defined here
[INFO] [stderr]  --> src/detail/token.rs
[INFO] [stderr]   |
[INFO] [stderr]   |     pub async fn yield_(self: Pin<&Self>, value: Y) -> A {
[INFO] [stderr]   |                  ^^^^^^
[INFO] [stderr]   = note: this error originates in the macro `yield` (in Nightly builds, run with -Z macro-backtrace for more info)
[INFO] [stderr] ┈┈┈┈┈┈┈┈┈┈┈┈┈┈┈┈┈┈┈┈┈┈┈┈┈┈┈┈┈┈┈┈┈┈┈┈┈┈┈┈┈┈┈┈┈┈┈┈┈┈┈┈┈┈┈┈┈┈┈┈
[INFO] [stderr] 
[INFO] [stderr] ACTUAL OUTPUT:
[INFO] [stderr] ┈┈┈┈┈┈┈┈┈┈┈┈┈┈┈┈┈┈┈┈┈┈┈┈┈┈┈┈┈┈┈┈┈┈┈┈┈┈┈┈┈┈┈┈┈┈┈┈┈┈┈┈┈┈┈┈┈┈┈┈
[INFO] [stderr] error[E0308]: mismatched types
[INFO] [stderr]  --> tests/ui/stable/fail-wrong-yield-type.rs:4:14
[INFO] [stderr]   |
[INFO] [stderr] 2 | #[fauxgen::generator(yield = i32)]
[INFO] [stderr]   |                      ----- arguments to this method are incorrect
[INFO] [stderr] 3 | fn gen() {
[INFO] [stderr] 4 |     r#yield!("test");
[INFO] [stderr]   |              ^^^^^^ expected `i32`, found `&str`
[INFO] [stderr]   |
[INFO] [stderr] help: the return type of this call is `&'static str` due to the type of the argument passed
[INFO] [stderr]  --> tests/ui/stable/fail-wrong-yield-type.rs:2:1
[INFO] [stderr]   |
[INFO] [stderr] 2 | #[fauxgen::generator(yield = i32)]
[INFO] [stderr]   | ^^^^^^^^^^^^^^^^^^^^^^^^^^^^^^^^^^
[INFO] [stderr] 3 | fn gen() {
[INFO] [stderr] 4 |     r#yield!("test");
[INFO] [stderr]   |     ----------------
[INFO] [stderr]   |     |        |
[INFO] [stderr]   |     |        this argument influences the return type of `yield_`
[INFO] [stderr]   |     in this macro invocation
[INFO] [stderr] note: method defined here
[INFO] [stderr]  --> src/detail/token.rs
[INFO] [stderr]   |
[INFO] [stderr]   |     pub async fn yield_(self: Pin<&Self>, value: Y) -> A {
[INFO] [stderr]   |                  ^^^^^^
[INFO] [stderr]   = note: this error originates in the macro `yield` (in Nightly builds, run with -Z macro-backtrace for more info)
[INFO] [stderr] ┈┈┈┈┈┈┈┈┈┈┈┈┈┈┈┈┈┈┈┈┈┈┈┈┈┈┈┈┈┈┈┈┈┈┈┈┈┈┈┈┈┈┈┈┈┈┈┈┈┈┈┈┈┈┈┈┈┈┈┈
[INFO] [stderr] note: If the actual output is the correct output you can bless it by rerunning
[INFO] [stderr]       your test with the environment variable TRYBUILD=overwrite
[INFO] [stderr] 
[INFO] [stderr] 
[INFO] [stderr] 
[INFO] [stdout] test ui_stable ... FAILED
[INFO] [stderr]    Compiling pin-project-lite v0.2.13
[INFO] [stderr]    Compiling pin-utils v0.1.0
[INFO] [stderr]    Compiling futures-core v0.3.28
[INFO] [stderr]    Compiling futures-task v0.3.28
[INFO] [stderr]    Compiling slab v0.4.9
[INFO] [stderr]    Compiling pin-project v1.1.3
[INFO] [stderr]    Compiling tokio v1.32.0
[INFO] [stderr]    Compiling fauxgen v0.1.5 (/opt/rustwide/workdir)
[INFO] [stderr]    Compiling futures-util v0.3.28
[INFO] [stderr]    Compiling fauxgen-tests v0.0.0 (/opt/rustwide/target/tests/trybuild/fauxgen)
[INFO] [stderr]     Finished `dev` profile [unoptimized + debuginfo] target(s) in 4.47s
[INFO] [stderr] 
[INFO] [stderr] 
[INFO] [stderr] test tests/ui/fail/duplicate-param.rs [should fail to compile] ... ok
[INFO] [stderr] test tests/ui/fail/unknown-param.rs [should fail to compile] ... ok
[INFO] [stderr] test tests/ui/fail/unknown-return-type.rs [should fail to compile] ... ok
[INFO] [stderr] test tests/ui/fail/wrong-arg-type.rs [should fail to compile] ... ok
[INFO] [stderr] test tests/ui/fail/wrong-unit-yield-type.rs [should fail to compile] ... ok
[INFO] [stderr] test tests/ui/pass/all-params.rs [should pass] ... ok
[INFO] [stderr] test tests/ui/pass/elided-arg-lifetime.rs [should pass] ... ok
[INFO] [stderr] test tests/ui/pass/elided-return-lifetime.rs [should pass] ... ok
[INFO] [stderr] test tests/ui/pass/elided-yield-lifetime.rs [should pass] ... ok
[INFO] [stderr] test tests/ui/pass/impl-trait.rs [should pass] ... ok
[INFO] [stderr] 
[INFO] [stderr] 
[INFO] [stdout] test ui ... ok
[INFO] [stdout] 
[INFO] [stdout] failures:
[INFO] [stdout] 
[INFO] [stdout] ---- ui_stable stdout ----
[INFO] [stdout] thread 'ui_stable' panicked at /opt/rustwide/cargo-home/registry/src/index.crates.io-6f17d22bba15001f/trybuild-1.0.83/src/run.rs:101:13:
[INFO] [stdout] 1 of 1 tests failed
[INFO] [stdout] stack backtrace:
[INFO] [stdout]    0:     0x57e4de2c0e3a - std::backtrace_rs::backtrace::libunwind::trace::h5a5b8284f2d0c266
[INFO] [stdout]                                at /rustc/90b35a6239c3d8bdabc530a6a0816f7ff89a0aaf/library/std/src/../../backtrace/src/backtrace/libunwind.rs:116:5
[INFO] [stdout]    1:     0x57e4de2c0e3a - std::backtrace_rs::backtrace::trace_unsynchronized::h76d4f1c9b0b875e3
[INFO] [stdout]                                at /rustc/90b35a6239c3d8bdabc530a6a0816f7ff89a0aaf/library/std/src/../../backtrace/src/backtrace/mod.rs:66:5
[INFO] [stdout]    2:     0x57e4de2c0e3a - std::sys::backtrace::_print_fmt::hc4546b8364a537c6
[INFO] [stdout]                                at /rustc/90b35a6239c3d8bdabc530a6a0816f7ff89a0aaf/library/std/src/sys/backtrace.rs:66:9
[INFO] [stdout]    3:     0x57e4de2c0e3a - <std::sys::backtrace::BacktraceLock::print::DisplayBacktrace as core::fmt::Display>::fmt::h5b6bd5631a6d1f6b
[INFO] [stdout]                                at /rustc/90b35a6239c3d8bdabc530a6a0816f7ff89a0aaf/library/std/src/sys/backtrace.rs:39:26
[INFO] [stdout]    4:     0x57e4de2e8c83 - core::fmt::rt::Argument::fmt::h270f6602a2b96f62
[INFO] [stdout]                                at /rustc/90b35a6239c3d8bdabc530a6a0816f7ff89a0aaf/library/core/src/fmt/rt.rs:177:76
[INFO] [stdout]    5:     0x57e4de2e8c83 - core::fmt::write::h7550c97b06c86515
[INFO] [stdout]                                at /rustc/90b35a6239c3d8bdabc530a6a0816f7ff89a0aaf/library/core/src/fmt/mod.rs:1186:21
[INFO] [stdout]    6:     0x57e4de2bd513 - std::io::Write::write_fmt::h509ff860e5956e5e
[INFO] [stdout]                                at /rustc/90b35a6239c3d8bdabc530a6a0816f7ff89a0aaf/library/std/src/io/mod.rs:1839:15
[INFO] [stdout]    7:     0x57e4de2c0c82 - std::sys::backtrace::BacktraceLock::print::h2395ccd2c84ba3aa
[INFO] [stdout]                                at /rustc/90b35a6239c3d8bdabc530a6a0816f7ff89a0aaf/library/std/src/sys/backtrace.rs:42:9
[INFO] [stdout]    8:     0x57e4de2c229a - std::panicking::default_hook::{{closure}}::he19d4c7230e07961
[INFO] [stdout]                                at /rustc/90b35a6239c3d8bdabc530a6a0816f7ff89a0aaf/library/std/src/panicking.rs:268:22
[INFO] [stdout]    9:     0x57e4de2c20a4 - std::panicking::default_hook::hf614597d3c67bbdb
[INFO] [stdout]                                at /rustc/90b35a6239c3d8bdabc530a6a0816f7ff89a0aaf/library/std/src/panicking.rs:292:9
[INFO] [stdout]   10:     0x57e4de28b8e9 - <alloc::boxed::Box<F,A> as core::ops::function::Fn<Args>>::call::h39b51ce4599c23d1
[INFO] [stdout]                                at /rustc/90b35a6239c3d8bdabc530a6a0816f7ff89a0aaf/library/alloc/src/boxed.rs:2468:9
[INFO] [stdout]   11:     0x57e4de28b8e9 - test::test_main::{{closure}}::he977ae839a582784
[INFO] [stdout]                                at /rustc/90b35a6239c3d8bdabc530a6a0816f7ff89a0aaf/library/test/src/lib.rs:133:21
[INFO] [stdout]   12:     0x57e4de2c2938 - <alloc::boxed::Box<F,A> as core::ops::function::Fn<Args>>::call::h9455091b6b06f9fb
[INFO] [stdout]                                at /rustc/90b35a6239c3d8bdabc530a6a0816f7ff89a0aaf/library/alloc/src/boxed.rs:2468:9
[INFO] [stdout]   13:     0x57e4de2c2938 - std::panicking::rust_panic_with_hook::h8942133a8b252070
[INFO] [stdout]                                at /rustc/90b35a6239c3d8bdabc530a6a0816f7ff89a0aaf/library/std/src/panicking.rs:809:13
[INFO] [stdout]   14:     0x57e4de2c26fa - std::panicking::begin_panic_handler::{{closure}}::hb5f5963570096b29
[INFO] [stdout]                                at /rustc/90b35a6239c3d8bdabc530a6a0816f7ff89a0aaf/library/std/src/panicking.rs:674:13
[INFO] [stdout]   15:     0x57e4de2c1319 - std::sys::backtrace::__rust_end_short_backtrace::h6208cedc1922feda
[INFO] [stdout]                                at /rustc/90b35a6239c3d8bdabc530a6a0816f7ff89a0aaf/library/std/src/sys/backtrace.rs:170:18
[INFO] [stdout]   16:     0x57e4de2c238c - rust_begin_unwind
[INFO] [stdout]                                at /rustc/90b35a6239c3d8bdabc530a6a0816f7ff89a0aaf/library/std/src/panicking.rs:665:5
[INFO] [stdout]   17:     0x57e4de07aca0 - core::panicking::panic_fmt::h0c3082644d1bf418
[INFO] [stdout]                                at /rustc/90b35a6239c3d8bdabc530a6a0816f7ff89a0aaf/library/core/src/panicking.rs:74:14
[INFO] [stdout]   18:     0x57e4de11b257 - trybuild::run::<impl trybuild::Runner>::run::ha0cdd8b2a6a5c2f0
[INFO] [stdout]                                at /opt/rustwide/cargo-home/registry/src/index.crates.io-6f17d22bba15001f/trybuild-1.0.83/src/run.rs:101:13
[INFO] [stdout]   19:     0x57e4de120898 - <trybuild::TestCases as core::ops::drop::Drop>::drop::h84bc882e53f8adae
[INFO] [stdout]                                at /opt/rustwide/cargo-home/registry/src/index.crates.io-6f17d22bba15001f/trybuild-1.0.83/src/lib.rs:315:13
[INFO] [stdout]   20:     0x57e4de07b867 - core::ptr::drop_in_place<trybuild::TestCases>::h7964f72446081cb0
[INFO] [stdout]                                at /rustc/90b35a6239c3d8bdabc530a6a0816f7ff89a0aaf/library/core/src/ptr/mod.rs:574:1
[INFO] [stdout]   21:     0x57e4de07c27b - trybuild::ui_stable::h98b0062e8ead7d7e
[INFO] [stdout]                                at /opt/rustwide/workdir/tests/trybuild.rs:29:1
[INFO] [stdout]   22:     0x57e4de07c1f7 - trybuild::ui_stable::{{closure}}::h8811a7e5f0b06ac2
[INFO] [stdout]                                at /opt/rustwide/workdir/tests/trybuild.rs:25:15
[INFO] [stdout]   23:     0x57e4de07b7d6 - core::ops::function::FnOnce::call_once::h75e0e78a4b2f0f68
[INFO] [stdout]                                at /rustc/90b35a6239c3d8bdabc530a6a0816f7ff89a0aaf/library/core/src/ops/function.rs:250:5
[INFO] [stdout]   24:     0x57e4de2902ab - core::ops::function::FnOnce::call_once::h109cf8051a59b34e
[INFO] [stdout]                                at /rustc/90b35a6239c3d8bdabc530a6a0816f7ff89a0aaf/library/core/src/ops/function.rs:250:5
[INFO] [stdout]   25:     0x57e4de2902ab - test::__rust_begin_short_backtrace::hf4fff89d377446ba
[INFO] [stdout]                                at /rustc/90b35a6239c3d8bdabc530a6a0816f7ff89a0aaf/library/test/src/lib.rs:621:18
[INFO] [stdout]   26:     0x57e4de28fae7 - test::run_test_in_process::{{closure}}::h0e39181dd7ee5a43
[INFO] [stdout]                                at /rustc/90b35a6239c3d8bdabc530a6a0816f7ff89a0aaf/library/test/src/lib.rs:644:60
[INFO] [stdout]   27:     0x57e4de28fae7 - <core::panic::unwind_safe::AssertUnwindSafe<F> as core::ops::function::FnOnce<()>>::call_once::hc5a66a30f0bdfd1f
[INFO] [stdout]                                at /rustc/90b35a6239c3d8bdabc530a6a0816f7ff89a0aaf/library/core/src/panic/unwind_safe.rs:272:9
[INFO] [stdout]   28:     0x57e4de28fae7 - std::panicking::try::do_call::h873b7cf639554a5e
[INFO] [stdout]                                at /rustc/90b35a6239c3d8bdabc530a6a0816f7ff89a0aaf/library/std/src/panicking.rs:557:40
[INFO] [stdout]   29:     0x57e4de28fae7 - std::panicking::try::hdb19862fad9c8bd1
[INFO] [stdout]                                at /rustc/90b35a6239c3d8bdabc530a6a0816f7ff89a0aaf/library/std/src/panicking.rs:520:19
[INFO] [stdout]   30:     0x57e4de28fae7 - std::panic::catch_unwind::h281fe732d236d260
[INFO] [stdout]                                at /rustc/90b35a6239c3d8bdabc530a6a0816f7ff89a0aaf/library/std/src/panic.rs:358:14
[INFO] [stdout]   31:     0x57e4de28fae7 - test::run_test_in_process::h949b6df8457ed338
[INFO] [stdout]                                at /rustc/90b35a6239c3d8bdabc530a6a0816f7ff89a0aaf/library/test/src/lib.rs:644:27
[INFO] [stdout]   32:     0x57e4de28fae7 - test::run_test::{{closure}}::h52c556a6d4740e10
[INFO] [stdout]                                at /rustc/90b35a6239c3d8bdabc530a6a0816f7ff89a0aaf/library/test/src/lib.rs:565:43
[INFO] [stdout]   33:     0x57e4de254dc4 - test::run_test::{{closure}}::h4237f6381c45ccb9
[INFO] [stdout]                                at /rustc/90b35a6239c3d8bdabc530a6a0816f7ff89a0aaf/library/test/src/lib.rs:595:41
[INFO] [stdout]   34:     0x57e4de254dc4 - std::sys::backtrace::__rust_begin_short_backtrace::h505c97a579eca628
[INFO] [stdout]                                at /rustc/90b35a6239c3d8bdabc530a6a0816f7ff89a0aaf/library/std/src/sys/backtrace.rs:154:18
[INFO] [stdout]   35:     0x57e4de25848e - std::thread::Builder::spawn_unchecked_::{{closure}}::{{closure}}::h9e86b2e2bc107ea3
[INFO] [stdout]                                at /rustc/90b35a6239c3d8bdabc530a6a0816f7ff89a0aaf/library/std/src/thread/mod.rs:538:17
[INFO] [stdout]   36:     0x57e4de25848e - <core::panic::unwind_safe::AssertUnwindSafe<F> as core::ops::function::FnOnce<()>>::call_once::h8b06ddb275ff4a25
[INFO] [stdout]                                at /rustc/90b35a6239c3d8bdabc530a6a0816f7ff89a0aaf/library/core/src/panic/unwind_safe.rs:272:9
[INFO] [stdout]   37:     0x57e4de25848e - std::panicking::try::do_call::hb26ecd7cd9a9355d
[INFO] [stdout]                                at /rustc/90b35a6239c3d8bdabc530a6a0816f7ff89a0aaf/library/std/src/panicking.rs:557:40
[INFO] [stdout]   38:     0x57e4de25848e - std::panicking::try::h8ddeca9d705f9069
[INFO] [stdout]                                at /rustc/90b35a6239c3d8bdabc530a6a0816f7ff89a0aaf/library/std/src/panicking.rs:520:19
[INFO] [stdout]   39:     0x57e4de25848e - std::panic::catch_unwind::h49e1c33078844c46
[INFO] [stdout]                                at /rustc/90b35a6239c3d8bdabc530a6a0816f7ff89a0aaf/library/std/src/panic.rs:358:14
[INFO] [stdout]   40:     0x57e4de25848e - std::thread::Builder::spawn_unchecked_::{{closure}}::h6073db6ff56ad35d
[INFO] [stdout]                                at /rustc/90b35a6239c3d8bdabc530a6a0816f7ff89a0aaf/library/std/src/thread/mod.rs:537:30
[INFO] [stdout]   41:     0x57e4de25848e - core::ops::function::FnOnce::call_once{{vtable.shim}}::h2c5a5f3779c774f1
[INFO] [stdout]                                at /rustc/90b35a6239c3d8bdabc530a6a0816f7ff89a0aaf/library/core/src/ops/function.rs:250:5
[INFO] [stdout]   42:     0x57e4de2c762b - <alloc::boxed::Box<F,A> as core::ops::function::FnOnce<Args>>::call_once::hf75717d9f28faebf
[INFO] [stdout]                                at /rustc/90b35a6239c3d8bdabc530a6a0816f7ff89a0aaf/library/alloc/src/boxed.rs:2454:9
[INFO] [stdout]   43:     0x57e4de2c762b - <alloc::boxed::Box<F,A> as core::ops::function::FnOnce<Args>>::call_once::h7bd883a5f3c5f3c1
[INFO] [stdout]                                at /rustc/90b35a6239c3d8bdabc530a6a0816f7ff89a0aaf/library/alloc/src/boxed.rs:2454:9
[INFO] [stdout]   44:     0x57e4de2c762b - std::sys::pal::unix::thread::Thread::new::thread_start::hcc78f3943333fa94
[INFO] [stdout]                                at /rustc/90b35a6239c3d8bdabc530a6a0816f7ff89a0aaf/library/std/src/sys/pal/unix/thread.rs:105:17
[INFO] [stdout]   45:     0x7cdbdd766ac3 - <unknown>
[INFO] [stdout]   46:     0x7cdbdd7f7a04 - clone
[INFO] [stdout]   47:                0x0 - <unknown>
[INFO] [stdout] 
[INFO] [stdout] 
[INFO] [stdout] failures:
[INFO] [stdout]     ui_stable
[INFO] [stdout] 
[INFO] [stdout] test result: FAILED. 1 passed; 1 failed; 1 ignored; 0 measured; 0 filtered out; finished in 18.03s
[INFO] [stdout] 
[INFO] [stderr] error: test failed, to rerun pass `--test trybuild`
[INFO] running `Command { std: "docker" "inspect" "a9385e87bb677fb45e2ac26a05b57270fbe6a273f94d0c2ce66e7a6fa8652f29", kill_on_drop: false }`
[INFO] running `Command { std: "docker" "rm" "-f" "a9385e87bb677fb45e2ac26a05b57270fbe6a273f94d0c2ce66e7a6fa8652f29", kill_on_drop: false }`
[INFO] [stdout] a9385e87bb677fb45e2ac26a05b57270fbe6a273f94d0c2ce66e7a6fa8652f29
