[INFO] fetching crate fastpasta_toml_macro_derive 0.1.1...
[INFO] testing fastpasta_toml_macro_derive-0.1.1 against beta-2024-12-08 for beta-1.84.0-4-retry
[INFO] extracting crate fastpasta_toml_macro_derive 0.1.1 into /workspace/builds/worker-5-tc2/source
[INFO] validating manifest of crates.io crate fastpasta_toml_macro_derive 0.1.1 on toolchain beta-2024-12-08
[INFO] running `Command { std: CARGO_HOME="/workspace/cargo-home" RUSTUP_HOME="/workspace/rustup-home" "/workspace/cargo-home/bin/cargo" "+beta-2024-12-08" "metadata" "--manifest-path" "Cargo.toml" "--no-deps", kill_on_drop: false }`
[INFO] started tweaking crates.io crate fastpasta_toml_macro_derive 0.1.1
[INFO] finished tweaking crates.io crate fastpasta_toml_macro_derive 0.1.1
[INFO] tweaked toml for crates.io crate fastpasta_toml_macro_derive 0.1.1 written to /workspace/builds/worker-5-tc2/source/Cargo.toml
[INFO] running `Command { std: CARGO_HOME="/workspace/cargo-home" RUSTUP_HOME="/workspace/rustup-home" "/workspace/cargo-home/bin/cargo" "+beta-2024-12-08" "generate-lockfile" "--manifest-path" "Cargo.toml", kill_on_drop: false }`
[INFO] [stderr]     Updating crates.io index
[INFO] [stderr]      Locking 4 packages to latest compatible versions
[INFO] running `Command { std: CARGO_HOME="/workspace/cargo-home" RUSTUP_HOME="/workspace/rustup-home" "/workspace/cargo-home/bin/cargo" "+beta-2024-12-08" "fetch" "--manifest-path" "Cargo.toml", kill_on_drop: false }`
[INFO] running `Command { std: "docker" "create" "-v" "/var/lib/crater-agent-workspace/builds/worker-5-tc2/target:/opt/rustwide/target:rw,Z" "-v" "/var/lib/crater-agent-workspace/builds/worker-5-tc2/source:/opt/rustwide/workdir:ro,Z" "-v" "/var/lib/crater-agent-workspace/cargo-home:/opt/rustwide/cargo-home:ro,Z" "-v" "/var/lib/crater-agent-workspace/rustup-home:/opt/rustwide/rustup-home:ro,Z" "-e" "SOURCE_DIR=/opt/rustwide/workdir" "-e" "CARGO_TARGET_DIR=/opt/rustwide/target" "-e" "CARGO_HOME=/opt/rustwide/cargo-home" "-e" "RUSTUP_HOME=/opt/rustwide/rustup-home" "-w" "/opt/rustwide/workdir" "-m" "1610612736" "--user" "0:0" "--network" "none" "ghcr.io/rust-lang/crates-build-env/linux@sha256:f3a9d4ad9d972b27faf3965f35b62e55ba32bbce8f20bc8fe909558a86702fde" "/opt/rustwide/cargo-home/bin/cargo" "+beta-2024-12-08" "metadata" "--no-deps" "--format-version=1", kill_on_drop: false }`
[INFO] [stdout] c9eb16080e88138031af89d90abddbaf79a3b229b9c7e1bb15efd3052b018555
[INFO] running `Command { std: "docker" "start" "-a" "c9eb16080e88138031af89d90abddbaf79a3b229b9c7e1bb15efd3052b018555", kill_on_drop: false }`
[INFO] running `Command { std: "docker" "inspect" "c9eb16080e88138031af89d90abddbaf79a3b229b9c7e1bb15efd3052b018555", kill_on_drop: false }`
[INFO] running `Command { std: "docker" "rm" "-f" "c9eb16080e88138031af89d90abddbaf79a3b229b9c7e1bb15efd3052b018555", kill_on_drop: false }`
[INFO] [stdout] c9eb16080e88138031af89d90abddbaf79a3b229b9c7e1bb15efd3052b018555
[INFO] running `Command { std: "docker" "create" "-v" "/var/lib/crater-agent-workspace/builds/worker-5-tc2/target:/opt/rustwide/target:rw,Z" "-v" "/var/lib/crater-agent-workspace/builds/worker-5-tc2/source:/opt/rustwide/workdir:ro,Z" "-v" "/var/lib/crater-agent-workspace/cargo-home:/opt/rustwide/cargo-home:ro,Z" "-v" "/var/lib/crater-agent-workspace/rustup-home:/opt/rustwide/rustup-home:ro,Z" "-e" "SOURCE_DIR=/opt/rustwide/workdir" "-e" "CARGO_TARGET_DIR=/opt/rustwide/target" "-e" "CARGO_INCREMENTAL=0" "-e" "RUST_BACKTRACE=full" "-e" "RUSTFLAGS=--cap-lints=warn" "-e" "RUSTDOCFLAGS=--cap-lints=warn" "-e" "CARGO_HOME=/opt/rustwide/cargo-home" "-e" "RUSTUP_HOME=/opt/rustwide/rustup-home" "-w" "/opt/rustwide/workdir" "-m" "1610612736" "--user" "0:0" "--network" "none" "ghcr.io/rust-lang/crates-build-env/linux@sha256:f3a9d4ad9d972b27faf3965f35b62e55ba32bbce8f20bc8fe909558a86702fde" "/opt/rustwide/cargo-home/bin/cargo" "+beta-2024-12-08" "build" "--frozen" "--message-format=json", kill_on_drop: false }`
[INFO] [stdout] 2e376d95aabb4bf9cc70a78a0c587b5acd5c0b882866b585ed1b4ef5c5dfa772
[INFO] running `Command { std: "docker" "start" "-a" "2e376d95aabb4bf9cc70a78a0c587b5acd5c0b882866b585ed1b4ef5c5dfa772", kill_on_drop: false }`
[INFO] [stderr]    Compiling proc-macro2 v1.0.92
[INFO] [stderr]    Compiling unicode-ident v1.0.14
[INFO] [stderr]    Compiling quote v1.0.37
[INFO] [stderr]    Compiling syn v2.0.90
[INFO] [stderr]    Compiling fastpasta_toml_macro_derive v0.1.1 (/opt/rustwide/workdir)
[INFO] [stderr]     Finished `dev` profile [unoptimized + debuginfo] target(s) in 4.05s
[INFO] running `Command { std: "docker" "inspect" "2e376d95aabb4bf9cc70a78a0c587b5acd5c0b882866b585ed1b4ef5c5dfa772", kill_on_drop: false }`
[INFO] running `Command { std: "docker" "rm" "-f" "2e376d95aabb4bf9cc70a78a0c587b5acd5c0b882866b585ed1b4ef5c5dfa772", kill_on_drop: false }`
[INFO] [stdout] 2e376d95aabb4bf9cc70a78a0c587b5acd5c0b882866b585ed1b4ef5c5dfa772
[INFO] running `Command { std: "docker" "create" "-v" "/var/lib/crater-agent-workspace/builds/worker-5-tc2/target:/opt/rustwide/target:rw,Z" "-v" "/var/lib/crater-agent-workspace/builds/worker-5-tc2/source:/opt/rustwide/workdir:ro,Z" "-v" "/var/lib/crater-agent-workspace/cargo-home:/opt/rustwide/cargo-home:ro,Z" "-v" "/var/lib/crater-agent-workspace/rustup-home:/opt/rustwide/rustup-home:ro,Z" "-e" "SOURCE_DIR=/opt/rustwide/workdir" "-e" "CARGO_TARGET_DIR=/opt/rustwide/target" "-e" "CARGO_INCREMENTAL=0" "-e" "RUST_BACKTRACE=full" "-e" "RUSTFLAGS=--cap-lints=warn" "-e" "RUSTDOCFLAGS=--cap-lints=warn" "-e" "CARGO_HOME=/opt/rustwide/cargo-home" "-e" "RUSTUP_HOME=/opt/rustwide/rustup-home" "-w" "/opt/rustwide/workdir" "-m" "1610612736" "--user" "0:0" "--network" "none" "ghcr.io/rust-lang/crates-build-env/linux@sha256:f3a9d4ad9d972b27faf3965f35b62e55ba32bbce8f20bc8fe909558a86702fde" "/opt/rustwide/cargo-home/bin/cargo" "+beta-2024-12-08" "test" "--frozen" "--no-run" "--message-format=json", kill_on_drop: false }`
[INFO] [stdout] 55564b504743699a01c83c1f557fd441391d33e07d35017d243ed870d744bbd7
[INFO] running `Command { std: "docker" "start" "-a" "55564b504743699a01c83c1f557fd441391d33e07d35017d243ed870d744bbd7", kill_on_drop: false }`
[INFO] [stderr]    Compiling fastpasta_toml_macro_derive v0.1.1 (/opt/rustwide/workdir)
[INFO] [stderr]     Finished `test` profile [unoptimized + debuginfo] target(s) in 0.67s
[INFO] running `Command { std: "docker" "inspect" "55564b504743699a01c83c1f557fd441391d33e07d35017d243ed870d744bbd7", kill_on_drop: false }`
[INFO] running `Command { std: "docker" "rm" "-f" "55564b504743699a01c83c1f557fd441391d33e07d35017d243ed870d744bbd7", kill_on_drop: false }`
[INFO] [stdout] 55564b504743699a01c83c1f557fd441391d33e07d35017d243ed870d744bbd7
[INFO] running `Command { std: "docker" "create" "-v" "/var/lib/crater-agent-workspace/builds/worker-5-tc2/target:/opt/rustwide/target:rw,Z" "-v" "/var/lib/crater-agent-workspace/builds/worker-5-tc2/source:/opt/rustwide/workdir:ro,Z" "-v" "/var/lib/crater-agent-workspace/cargo-home:/opt/rustwide/cargo-home:ro,Z" "-v" "/var/lib/crater-agent-workspace/rustup-home:/opt/rustwide/rustup-home:ro,Z" "-e" "SOURCE_DIR=/opt/rustwide/workdir" "-e" "CARGO_TARGET_DIR=/opt/rustwide/target" "-e" "CARGO_INCREMENTAL=0" "-e" "RUST_BACKTRACE=full" "-e" "RUSTFLAGS=--cap-lints=warn" "-e" "RUSTDOCFLAGS=--cap-lints=warn" "-e" "CARGO_HOME=/opt/rustwide/cargo-home" "-e" "RUSTUP_HOME=/opt/rustwide/rustup-home" "-w" "/opt/rustwide/workdir" "-m" "1610612736" "--user" "0:0" "--network" "none" "ghcr.io/rust-lang/crates-build-env/linux@sha256:f3a9d4ad9d972b27faf3965f35b62e55ba32bbce8f20bc8fe909558a86702fde" "/opt/rustwide/cargo-home/bin/cargo" "+beta-2024-12-08" "test" "--frozen", kill_on_drop: false }`
[INFO] [stdout] 76123aac667054c5e124c2231c3983a883445fe6c16a21402bfb930da8d76c99
[INFO] running `Command { std: "docker" "start" "-a" "76123aac667054c5e124c2231c3983a883445fe6c16a21402bfb930da8d76c99", kill_on_drop: false }`
[INFO] [stderr]     Finished `test` profile [unoptimized + debuginfo] target(s) in 0.02s
[INFO] [stderr]      Running unittests src/lib.rs (/opt/rustwide/target/debug/deps/fastpasta_toml_macro_derive-763414c558638398)
[INFO] [stdout] 
[INFO] [stdout] running 0 tests
[INFO] [stdout] 
[INFO] [stdout] test result: ok. 0 passed; 0 failed; 0 ignored; 0 measured; 0 filtered out; finished in 0.00s
[INFO] [stdout] 
[INFO] [stderr]    Doc-tests fastpasta_toml_macro_derive
[INFO] [stdout] 
[INFO] [stdout] running 4 tests
[INFO] [stdout] test src/lib.rs - (line 67) ... FAILED
[INFO] [stdout] test src/lib.rs - (line 102) ... FAILED
[INFO] [stdout] test src/lib.rs - (line 38) ... FAILED
[INFO] [stdout] test src/lib.rs - (line 25) ... ok
[INFO] [stdout] 
[INFO] [stdout] failures:
[INFO] [stdout] 
[INFO] [stdout] ---- src/lib.rs - (line 67) stdout ----
[INFO] [stdout] error[E0433]: failed to resolve: use of undeclared type `CustomChecks`
[INFO] [stdout]  --> src/lib.rs:68:12
[INFO] [stdout]   |
[INFO] [stdout] 3 | let toml = CustomChecks::default().to_string_pretty_toml();
[INFO] [stdout]   |            ^^^^^^^^^^^^ use of undeclared type `CustomChecks`
[INFO] [stdout] 
[INFO] [stdout] error: aborting due to 1 previous error
[INFO] [stdout] 
[INFO] [stdout] For more information about this error, try `rustc --explain E0433`.
[INFO] [stdout] Couldn't compile the test.
[INFO] [stdout] ---- src/lib.rs - (line 102) stdout ----
[INFO] [stdout] error[E0433]: failed to resolve: use of undeclared crate or module `toml`
[INFO] [stdout]  --> src/lib.rs:104:21
[INFO] [stdout]   |
[INFO] [stdout] 4 | let custom_checks = toml::from_str(&toml).unwrap();
[INFO] [stdout]   |                     ^^^^ use of undeclared crate or module `toml`
[INFO] [stdout] 
[INFO] [stdout] error: aborting due to 1 previous error
[INFO] [stdout] 
[INFO] [stdout] For more information about this error, try `rustc --explain E0433`.
[INFO] [stdout] Couldn't compile the test.
[INFO] [stdout] ---- src/lib.rs - (line 38) stdout ----
[INFO] [stdout] error[E0432]: unresolved import `serde_derive`
[INFO] [stdout]  --> src/lib.rs:41:5
[INFO] [stdout]   |
[INFO] [stdout] 6 | use serde_derive::{Deserialize, Serialize};
[INFO] [stdout]   |     ^^^^^^^^^^^^ use of undeclared crate or module `serde_derive`
[INFO] [stdout] 
[INFO] [stdout] error: aborting due to 1 previous error
[INFO] [stdout] 
[INFO] [stdout] For more information about this error, try `rustc --explain E0432`.
[INFO] [stdout] Couldn't compile the test.
[INFO] [stdout] 
[INFO] [stdout] failures:
[INFO] [stdout]     src/lib.rs - (line 102)
[INFO] [stdout]     src/lib.rs - (line 38)
[INFO] [stdout]     src/lib.rs - (line 67)
[INFO] [stdout] 
[INFO] [stdout] test result: FAILED. 1 passed; 3 failed; 0 ignored; 0 measured; 0 filtered out; finished in 0.36s
[INFO] [stdout] 
[INFO] [stderr] error: doctest failed, to rerun pass `--doc`
[INFO] running `Command { std: "docker" "inspect" "76123aac667054c5e124c2231c3983a883445fe6c16a21402bfb930da8d76c99", kill_on_drop: false }`
[INFO] running `Command { std: "docker" "rm" "-f" "76123aac667054c5e124c2231c3983a883445fe6c16a21402bfb930da8d76c99", kill_on_drop: false }`
[INFO] [stdout] 76123aac667054c5e124c2231c3983a883445fe6c16a21402bfb930da8d76c99
