[INFO] fetching crate fastnum 0.1.1...
[INFO] testing fastnum-0.1.1 against beta-2024-12-08 for beta-1.84.0-4-retry
[INFO] extracting crate fastnum 0.1.1 into /workspace/builds/worker-0-tc2/source
[INFO] validating manifest of crates.io crate fastnum 0.1.1 on toolchain beta-2024-12-08
[INFO] running `Command { std: CARGO_HOME="/workspace/cargo-home" RUSTUP_HOME="/workspace/rustup-home" "/workspace/cargo-home/bin/cargo" "+beta-2024-12-08" "metadata" "--manifest-path" "Cargo.toml" "--no-deps", kill_on_drop: false }`
[INFO] started tweaking crates.io crate fastnum 0.1.1
[INFO] removed 0 missing tests
[INFO] finished tweaking crates.io crate fastnum 0.1.1
[INFO] tweaked toml for crates.io crate fastnum 0.1.1 written to /workspace/builds/worker-0-tc2/source/Cargo.toml
[INFO] running `Command { std: CARGO_HOME="/workspace/cargo-home" RUSTUP_HOME="/workspace/rustup-home" "/workspace/cargo-home/bin/cargo" "+beta-2024-12-08" "generate-lockfile" "--manifest-path" "Cargo.toml", kill_on_drop: false }`
[INFO] [stderr]     Updating crates.io index
[INFO] [stderr]      Locking 210 packages to latest compatible versions
[INFO] running `Command { std: CARGO_HOME="/workspace/cargo-home" RUSTUP_HOME="/workspace/rustup-home" "/workspace/cargo-home/bin/cargo" "+beta-2024-12-08" "fetch" "--manifest-path" "Cargo.toml", kill_on_drop: false }`
[INFO] running `Command { std: "docker" "create" "-v" "/var/lib/crater-agent-workspace/builds/worker-0-tc2/target:/opt/rustwide/target:rw,Z" "-v" "/var/lib/crater-agent-workspace/builds/worker-0-tc2/source:/opt/rustwide/workdir:ro,Z" "-v" "/var/lib/crater-agent-workspace/cargo-home:/opt/rustwide/cargo-home:ro,Z" "-v" "/var/lib/crater-agent-workspace/rustup-home:/opt/rustwide/rustup-home:ro,Z" "-e" "SOURCE_DIR=/opt/rustwide/workdir" "-e" "CARGO_TARGET_DIR=/opt/rustwide/target" "-e" "CARGO_HOME=/opt/rustwide/cargo-home" "-e" "RUSTUP_HOME=/opt/rustwide/rustup-home" "-w" "/opt/rustwide/workdir" "-m" "1610612736" "--user" "0:0" "--network" "none" "ghcr.io/rust-lang/crates-build-env/linux@sha256:f3a9d4ad9d972b27faf3965f35b62e55ba32bbce8f20bc8fe909558a86702fde" "/opt/rustwide/cargo-home/bin/cargo" "+beta-2024-12-08" "metadata" "--no-deps" "--format-version=1", kill_on_drop: false }`
[INFO] [stdout] b949413286f2f85d6d706d55fed587cded563f6394fff5152988ce6dfaecf3bb
[INFO] running `Command { std: "docker" "start" "-a" "b949413286f2f85d6d706d55fed587cded563f6394fff5152988ce6dfaecf3bb", kill_on_drop: false }`
[INFO] running `Command { std: "docker" "inspect" "b949413286f2f85d6d706d55fed587cded563f6394fff5152988ce6dfaecf3bb", kill_on_drop: false }`
[INFO] running `Command { std: "docker" "rm" "-f" "b949413286f2f85d6d706d55fed587cded563f6394fff5152988ce6dfaecf3bb", kill_on_drop: false }`
[INFO] [stdout] b949413286f2f85d6d706d55fed587cded563f6394fff5152988ce6dfaecf3bb
[INFO] running `Command { std: "docker" "create" "-v" "/var/lib/crater-agent-workspace/builds/worker-0-tc2/target:/opt/rustwide/target:rw,Z" "-v" "/var/lib/crater-agent-workspace/builds/worker-0-tc2/source:/opt/rustwide/workdir:ro,Z" "-v" "/var/lib/crater-agent-workspace/cargo-home:/opt/rustwide/cargo-home:ro,Z" "-v" "/var/lib/crater-agent-workspace/rustup-home:/opt/rustwide/rustup-home:ro,Z" "-e" "SOURCE_DIR=/opt/rustwide/workdir" "-e" "CARGO_TARGET_DIR=/opt/rustwide/target" "-e" "CARGO_INCREMENTAL=0" "-e" "RUST_BACKTRACE=full" "-e" "RUSTFLAGS=--cap-lints=warn" "-e" "RUSTDOCFLAGS=--cap-lints=warn" "-e" "CARGO_HOME=/opt/rustwide/cargo-home" "-e" "RUSTUP_HOME=/opt/rustwide/rustup-home" "-w" "/opt/rustwide/workdir" "-m" "1610612736" "--user" "0:0" "--network" "none" "ghcr.io/rust-lang/crates-build-env/linux@sha256:f3a9d4ad9d972b27faf3965f35b62e55ba32bbce8f20bc8fe909558a86702fde" "/opt/rustwide/cargo-home/bin/cargo" "+beta-2024-12-08" "build" "--frozen" "--message-format=json", kill_on_drop: false }`
[INFO] [stdout] 26897f155a4dd22286bd0f70b2efba5beba70be332a603c08eb38886c210e444
[INFO] running `Command { std: "docker" "start" "-a" "26897f155a4dd22286bd0f70b2efba5beba70be332a603c08eb38886c210e444", kill_on_drop: false }`
[INFO] [stderr]    Compiling fastnum v0.1.1 (/opt/rustwide/workdir)
[INFO] [stderr]    Compiling bnum v0.12.0
[INFO] [stderr]    Compiling const-str v0.5.7
[INFO] [stderr]     Finished `dev` profile [unoptimized + debuginfo] target(s) in 3.13s
[INFO] running `Command { std: "docker" "inspect" "26897f155a4dd22286bd0f70b2efba5beba70be332a603c08eb38886c210e444", kill_on_drop: false }`
[INFO] running `Command { std: "docker" "rm" "-f" "26897f155a4dd22286bd0f70b2efba5beba70be332a603c08eb38886c210e444", kill_on_drop: false }`
[INFO] [stdout] 26897f155a4dd22286bd0f70b2efba5beba70be332a603c08eb38886c210e444
[INFO] running `Command { std: "docker" "create" "-v" "/var/lib/crater-agent-workspace/builds/worker-0-tc2/target:/opt/rustwide/target:rw,Z" "-v" "/var/lib/crater-agent-workspace/builds/worker-0-tc2/source:/opt/rustwide/workdir:ro,Z" "-v" "/var/lib/crater-agent-workspace/cargo-home:/opt/rustwide/cargo-home:ro,Z" "-v" "/var/lib/crater-agent-workspace/rustup-home:/opt/rustwide/rustup-home:ro,Z" "-e" "SOURCE_DIR=/opt/rustwide/workdir" "-e" "CARGO_TARGET_DIR=/opt/rustwide/target" "-e" "CARGO_INCREMENTAL=0" "-e" "RUST_BACKTRACE=full" "-e" "RUSTFLAGS=--cap-lints=warn" "-e" "RUSTDOCFLAGS=--cap-lints=warn" "-e" "CARGO_HOME=/opt/rustwide/cargo-home" "-e" "RUSTUP_HOME=/opt/rustwide/rustup-home" "-w" "/opt/rustwide/workdir" "-m" "1610612736" "--user" "0:0" "--network" "none" "ghcr.io/rust-lang/crates-build-env/linux@sha256:f3a9d4ad9d972b27faf3965f35b62e55ba32bbce8f20bc8fe909558a86702fde" "/opt/rustwide/cargo-home/bin/cargo" "+beta-2024-12-08" "test" "--frozen" "--no-run" "--message-format=json", kill_on_drop: false }`
[INFO] [stdout] 267548220b09ace6c613c754b61d9668e5f32a96473d196877b97fb7364692c6
[INFO] running `Command { std: "docker" "start" "-a" "267548220b09ace6c613c754b61d9668e5f32a96473d196877b97fb7364692c6", kill_on_drop: false }`
[INFO] [stderr]    Compiling proc-macro2 v1.0.92
[INFO] [stderr]    Compiling semver v1.0.24
[INFO] [stderr]    Compiling memchr v2.7.4
[INFO] [stderr]    Compiling futures-core v0.3.31
[INFO] [stderr]    Compiling futures-sink v0.3.31
[INFO] [stderr]    Compiling regex-syntax v0.8.5
[INFO] [stderr]    Compiling futures-io v0.3.31
[INFO] [stderr]    Compiling futures-task v0.3.31
[INFO] [stderr]    Compiling serde v1.0.216
[INFO] [stderr]    Compiling winnow v0.6.20
[INFO] [stderr]    Compiling glob v0.3.1
[INFO] [stderr]    Compiling relative-path v1.9.3
[INFO] [stderr]    Compiling cfg-if v1.0.0
[INFO] [stderr]    Compiling paste v1.0.15
[INFO] [stderr]    Compiling futures-timer v3.0.3
[INFO] [stderr]    Compiling futures-channel v0.3.31
[INFO] [stderr]    Compiling rustc_version v0.4.1
[INFO] [stderr]    Compiling aho-corasick v1.1.3
[INFO] [stderr]    Compiling rstest_macros v0.23.0
[INFO] [stderr]    Compiling quote v1.0.37
[INFO] [stderr]    Compiling syn v2.0.90
[INFO] [stderr]    Compiling toml_edit v0.22.22
[INFO] [stderr]    Compiling regex-automata v0.4.9
[INFO] [stderr]    Compiling serde_test v1.0.177
[INFO] [stderr]    Compiling serde_json v1.0.133
[INFO] [stderr]    Compiling proc-macro-crate v3.2.0
[INFO] [stderr]    Compiling regex v1.11.1
[INFO] [stderr]    Compiling futures-macro v0.3.31
[INFO] [stderr]    Compiling futures-util v0.3.31
[INFO] [stderr]    Compiling futures-executor v0.3.31
[INFO] [stderr]    Compiling futures v0.3.31
[INFO] [stderr]    Compiling rstest v0.23.0
[INFO] [stderr]    Compiling fastnum v0.1.1 (/opt/rustwide/workdir)
[INFO] [stderr]     Finished `test` profile [unoptimized + debuginfo] target(s) in 12.03s
[INFO] running `Command { std: "docker" "inspect" "267548220b09ace6c613c754b61d9668e5f32a96473d196877b97fb7364692c6", kill_on_drop: false }`
[INFO] running `Command { std: "docker" "rm" "-f" "267548220b09ace6c613c754b61d9668e5f32a96473d196877b97fb7364692c6", kill_on_drop: false }`
[INFO] [stdout] 267548220b09ace6c613c754b61d9668e5f32a96473d196877b97fb7364692c6
[INFO] running `Command { std: "docker" "create" "-v" "/var/lib/crater-agent-workspace/builds/worker-0-tc2/target:/opt/rustwide/target:rw,Z" "-v" "/var/lib/crater-agent-workspace/builds/worker-0-tc2/source:/opt/rustwide/workdir:ro,Z" "-v" "/var/lib/crater-agent-workspace/cargo-home:/opt/rustwide/cargo-home:ro,Z" "-v" "/var/lib/crater-agent-workspace/rustup-home:/opt/rustwide/rustup-home:ro,Z" "-e" "SOURCE_DIR=/opt/rustwide/workdir" "-e" "CARGO_TARGET_DIR=/opt/rustwide/target" "-e" "CARGO_INCREMENTAL=0" "-e" "RUST_BACKTRACE=full" "-e" "RUSTFLAGS=--cap-lints=warn" "-e" "RUSTDOCFLAGS=--cap-lints=warn" "-e" "CARGO_HOME=/opt/rustwide/cargo-home" "-e" "RUSTUP_HOME=/opt/rustwide/rustup-home" "-w" "/opt/rustwide/workdir" "-m" "1610612736" "--user" "0:0" "--network" "none" "ghcr.io/rust-lang/crates-build-env/linux@sha256:f3a9d4ad9d972b27faf3965f35b62e55ba32bbce8f20bc8fe909558a86702fde" "/opt/rustwide/cargo-home/bin/cargo" "+beta-2024-12-08" "test" "--frozen", kill_on_drop: false }`
[INFO] [stdout] e1d858b73935a5189d7703d0deb96a17aee6ecd67dd33a8ebb175fc65fc31031
[INFO] running `Command { std: "docker" "start" "-a" "e1d858b73935a5189d7703d0deb96a17aee6ecd67dd33a8ebb175fc65fc31031", kill_on_drop: false }`
[INFO] [stderr]     Finished `test` profile [unoptimized + debuginfo] target(s) in 0.12s
[INFO] [stderr]      Running unittests src/lib.rs (/opt/rustwide/target/debug/deps/fastnum-42bb4f33eb2a8f3b)
[INFO] [stdout] 
[INFO] [stderr]    Doc-tests fastnum
[INFO] [stdout] running 0 tests
[INFO] [stdout] 
[INFO] [stdout] test result: ok. 0 passed; 0 failed; 0 ignored; 0 measured; 0 filtered out; finished in 0.00s
[INFO] [stdout] 
[INFO] [stdout] 
[INFO] [stdout] running 136 tests
[INFO] [stdout] test src/decimal/dec.rs - decimal::dec::Decimal<N>::is_finite (line 266) ... ok
[INFO] [stdout] test src/decimal/dec.rs - decimal::dec::Decimal<N>::is_infinite (line 288) ... ok
[INFO] [stdout] test src/decimal/dec.rs - decimal::dec::Decimal<N>::cmp (line 723) ... ok
[INFO] [stdout] test src/decimal/dec.rs - decimal::dec::Decimal<N>::fractional_digits_count (line 111) ... ok
[INFO] [stdout] test src/decimal/dec.rs - decimal::dec::Decimal<N>::add (line 755) ... ok
[INFO] [stdout] test src/decimal/dec.rs - decimal::dec::Decimal<N>::digits (line 82) ... ok
[INFO] [stdout] test src/decimal/dec.rs - decimal::dec::Decimal<N>::from_scale (line 473) ... ok
[INFO] [stdout] test src/decimal/dec.rs - decimal::dec::Decimal<N>::gt (line 677) ... ok
[INFO] [stdout] test src/decimal/context.rs - decimal::context::Context::with_signal_traps (line 46) ... ok
[INFO] [stdout] test src/decimal/dec.rs - decimal::dec::Decimal<N>::classify (line 191) ... ok
[INFO] [stdout] test src/decimal/dec.rs - decimal::dec::Decimal<N>::add (line 745) ... ok
[INFO] [stdout] test src/decimal/dec.rs - decimal::dec::Decimal<N>::div (line 838) ... ok
[INFO] [stdout] test src/decimal/dec.rs - decimal::dec::Decimal<N>::div (line 848) ... ok
[INFO] [stdout] test src/decimal/dec.rs - decimal::dec::Decimal<N>::abs (line 441) ... ok
[INFO] [stdout] test src/decimal/dec.rs - decimal::dec::Decimal<N>::ge (line 699) ... ok
[INFO] [stdout] test src/decimal/dec.rs - decimal::dec::Decimal<N>::clamp (line 608) ... ok
[INFO] [stdout] test src/decimal/dec.rs - decimal::dec::Decimal<N>::is_one (line 361) ... ok
[INFO] [stdout] test src/decimal/dec.rs - decimal::dec::Decimal<N>::is_nan (line 309) ... ok
[INFO] [stdout] test src/decimal/dec.rs - decimal::dec::Decimal<N>::is_normal (line 218) ... ok
[INFO] [stdout] test src/decimal/dec.rs - decimal::dec::Decimal<N>::is_zero (line 337) ... ok
[INFO] [stdout] test src/decimal/dec.rs - decimal::dec::Decimal<N>::is_negative (line 402) ... ok
[INFO] [stdout] test src/decimal/dec.rs - decimal::dec::Decimal<N>::is_positive (line 380) ... ok
[INFO] [stdout] test src/decimal/dec.rs - decimal::dec::Decimal<N>::lt (line 633) ... ok
[INFO] [stdout] test src/decimal/dec.rs - decimal::dec::Decimal<N>::normalized (line 520) ... ok
[INFO] [stdout] test src/decimal/dec.rs - decimal::dec::Decimal<N>::is_subnormal (line 242) ... ok
[INFO] [stdout] test src/decimal/dec.rs - decimal::dec::Decimal<N>::mul (line 814) ... ok
[INFO] [stdout] test src/decimal/dec.rs - decimal::dec::Decimal<N>::mul (line 804) ... ok
[INFO] [stdout] test src/decimal/macros/dec.rs - decimal::macros::dec::dec1024 (line 101) - compile fail ... ok
[INFO] [stdout] test src/decimal/dec.rs - decimal::dec::Decimal<N>::rem (line 872) ... ok
[INFO] [stdout] test src/decimal/dec.rs - decimal::dec::Decimal<N>::le (line 655) ... ok
[INFO] [stdout] test src/decimal/dec.rs - decimal::dec::Decimal<N>::min (line 582) ... ok
[INFO] [stdout] test src/decimal/dec.rs - decimal::dec::Decimal<N>::max (line 560) ... ok
[INFO] [stdout] test src/decimal/macros/dec.rs - decimal::macros::dec::dec128 (line 98) - compile fail ... ok
[INFO] [stdout] test src/decimal/dec.rs - decimal::dec::Decimal<N>::sign (line 135) ... ok
[INFO] [stdout] test src/decimal/macros/dec.rs - decimal::macros::dec::dec2048 (line 102) - compile fail ... ok
[INFO] [stdout] test src/decimal/macros/dec.rs - decimal::macros::dec::dec256 (line 99) - compile fail ... ok
[INFO] [stdout] test src/decimal/macros/dec.rs - decimal::macros::dec::dec4096 (line 103) - compile fail ... ok
[INFO] [stdout] test src/decimal/dec.rs - decimal::dec::Decimal<N>::neg (line 424) ... ok
[INFO] [stdout] test src/decimal/dec.rs - decimal::dec::Decimal<N>::parse_str (line 60) ... ok
[INFO] [stdout] test src/decimal/macros/dec.rs - decimal::macros::dec::dec512 (line 100) - compile fail ... ok
[INFO] [stdout] test src/decimal/macros/dec.rs - decimal::macros::dec::dec8192 (line 104) - compile fail ... ok
[INFO] [stdout] test src/decimal/errors/parse.rs - decimal::errors::parse::ParseError (line 14) ... ok
[INFO] [stdout] test src/decimal/dec.rs - decimal::dec::Decimal<N>::to_scientific_notation (line 964) ... ok
[INFO] [stdout] test src/decimal/dec.rs - decimal::dec::Decimal<N>::sub (line 779) ... ok
[INFO] [stdout] test src/decimal/macros/dec.rs - decimal::macros::dec::udec128 (line 90) - compile fail ... ok
[INFO] [stdout] test src/decimal/dec.rs - decimal::dec::Decimal<N>::to_engineering_notation (line 986) ... ok
[INFO] [stdout] test src/decimal/macros/dec.rs - decimal::macros::dec::udec1024 (line 93) - compile fail ... ok
[INFO] [stdout] test src/decimal/macros/dec.rs - decimal::macros::dec::udec2048 (line 94) - compile fail ... ok
[INFO] [stdout] test src/decimal/dec.rs - decimal::dec::Decimal<N>::signum (line 494) ... ok
[INFO] [stdout] test src/decimal/dec.rs - decimal::dec::Decimal<N>::round (line 900) ... ok
[INFO] [stdout] test src/decimal/macros/dec.rs - decimal::macros::dec::dec256 (line 80) ... ok
[INFO] [stdout] test src/decimal/dec.rs - decimal::dec::Decimal<N>::unsigned_abs (line 458) ... ok
[INFO] [stdout] test src/decimal/macros/dec.rs - decimal::macros::dec::udec256 (line 91) - compile fail ... ok
[INFO] [stdout] test src/decimal/dec.rs - decimal::dec::Decimal<N>::with_scale (line 921) ... ok
[INFO] [stdout] test src/decimal/macros/dec.rs - decimal::macros::dec::dec128 (line 79) ... ok
[INFO] [stdout] test src/decimal/macros/dec.rs - decimal::macros::dec::udec4096 (line 95) - compile fail ... ok
[INFO] [stdout] test src/decimal/macros/dec.rs - decimal::macros::dec::udec512 (line 92) - compile fail ... ok
[INFO] [stdout] test src/decimal/macros/dec.rs - decimal::macros::dec::dec1024 (line 82) ... ok
[INFO] [stdout] test src/decimal/macros/dec.rs - decimal::macros::dec::udec8192 (line 96) - compile fail ... ok
[INFO] [stdout] test src/decimal/macros/dec.rs - decimal::macros::dec::dec2048 (line 83) ... ok
[INFO] [stdout] test src/decimal/macros/dec.rs - decimal::macros::dec::dec512 (line 81) ... ok
[INFO] [stdout] test src/decimal/macros/dec.rs - decimal::macros::dec::udec128 (line 71) ... ok
[INFO] [stdout] test src/decimal/macros/dec.rs - decimal::macros::dec::udec1024 (line 74) ... ok
[INFO] [stdout] test src/decimal/sign.rs - decimal::sign::Sign::not (line 40) ... ok
[INFO] [stdout] test src/decimal/macros/dec.rs - decimal::macros::dec::udec2048 (line 75) ... ok
[INFO] [stdout] test src/decimal/macros/dec.rs - decimal::macros::dec::dec4096 (line 84) ... ok
[INFO] [stdout] test src/decimal/macros/dec.rs - decimal::macros::dec::udec256 (line 72) ... ok
[INFO] [stdout] test src/decimal/udec.rs - decimal::udec::UnsignedDecimal<N>::add (line 509) ... ok
[INFO] [stdout] test src/decimal/udec.rs - decimal::udec::UnsignedDecimal<N>::clamp (line 360) ... ok
[INFO] [stdout] test src/decimal/udec.rs - decimal::udec::UnsignedDecimal<N>::cmp (line 475) ... ok
[INFO] [stdout] test src/decimal/macros/dec.rs - decimal::macros::dec::udec512 (line 73) ... ok
[INFO] [stdout] test src/decimal/udec.rs - decimal::udec::UnsignedDecimal<N>::add (line 499) ... ok
[INFO] [stdout] test src/decimal/udec.rs - decimal::udec::UnsignedDecimal<N>::digits (line 71) ... ok
[INFO] [stdout] test src/decimal/udec.rs - decimal::udec::UnsignedDecimal<N>::is_one (line 145) ... ok
[INFO] [stdout] test src/decimal/udec.rs - decimal::udec::UnsignedDecimal<N>::from_scale (line 249) ... ok
[INFO] [stdout] test src/decimal/udec.rs - decimal::udec::UnsignedDecimal<N>::gt (line 429) ... ok
[INFO] [stdout] test src/decimal/udec.rs - decimal::udec::UnsignedDecimal<N>::fractional_digits_count (line 97) ... ok
[INFO] [stdout] test src/decimal/udec.rs - decimal::udec::UnsignedDecimal<N>::ge (line 451) ... ok
[INFO] [stdout] test src/decimal/udec.rs - decimal::udec::UnsignedDecimal<N>::is_op_div_by_zero (line 165) ... ok
[INFO] [stdout] test src/decimal/udec.rs - decimal::udec::UnsignedDecimal<N>::div (line 602) ... ok
[INFO] [stdout] test src/decimal/udec.rs - decimal::udec::UnsignedDecimal<N>::div (line 612) ... ok
[INFO] [stdout] test src/decimal/macros/dec.rs - decimal::macros::dec::udec4096 (line 76) ... ok
[INFO] [stdout] test src/decimal/udec.rs - decimal::udec::UnsignedDecimal<N>::lt (line 385) ... ok
[INFO] [stdout] test src/decimal/udec.rs - decimal::udec::UnsignedDecimal<N>::is_zero (line 121) ... ok
[INFO] [stdout] test src/decimal/udec.rs - decimal::udec::UnsignedDecimal<N>::le (line 407) ... ok
[INFO] [stdout] test src/decimal/udec.rs - decimal::udec::UnsignedDecimal<N>::parse_str (line 51) ... ok
[INFO] [stdout] test src/decimal/udec.rs - decimal::udec::UnsignedDecimal<N>::mul (line 568) ... ok
[INFO] [stdout] test src/decimal/udec.rs - decimal::udec::UnsignedDecimal<N>::rem (line 636) ... ok
[INFO] [stdout] test src/decimal/udec.rs - decimal::udec::UnsignedDecimal<N>::mul (line 578) ... ok
[INFO] [stdout] test src/decimal/udec.rs - decimal::udec::UnsignedDecimal<N>::sub (line 543) ... ok
[INFO] [stdout] test src/decimal/udec.rs - decimal::udec::UnsignedDecimal<N>::to_scientific_notation (line 714) ... ok
[INFO] [stdout] test src/decimal/udec.rs - decimal::udec::UnsignedDecimal<N>::max (line 312) ... ok
[INFO] [stdout] test src/decimal/udec.rs - decimal::udec::UnsignedDecimal<N>::min (line 334) ... ok
[INFO] [stdout] test src/decimal/udec.rs - decimal::udec::UnsignedDecimal<N>::to_engineering_notation (line 731) ... ok
[INFO] [stdout] test src/decimal/udec.rs - decimal::udec::UnsignedDecimal<N>::normalized (line 267) ... ok
[INFO] [stdout] test src/decimal/udec.rs - decimal::udec::UnsignedDecimal<N>::with_scale (line 685) ... ok
[INFO] [stdout] test src/int/error.rs - int::error::ParseError (line 14) ... ok
[INFO] [stdout] test src/int/macros.rs - int::macros::i128 (line 40) ... ok
[INFO] [stdout] test src/decimal/udec.rs - decimal::udec::UnsignedDecimal<N>::round (line 664) ... ok
[INFO] [stdout] test src/decimal/udec.rs - decimal::udec::UnsignedDecimal<N>::sub (line 533) ... ok
[INFO] [stdout] test src/int/macros.rs - int::macros::i1024 (line 43) ... ok
[INFO] [stdout] test src/lib.rs - (line 110) - compile fail ... ok
[INFO] [stdout] test src/int/macros.rs - int::macros::i8192 (line 46) ... ok
[INFO] [stdout] test src/lib.rs - (line 101) ... ok
[INFO] [stdout] test src/int/macros.rs - int::macros::i512 (line 42) ... ok
[INFO] [stdout] test src/int/macros.rs - int::macros::i2048 (line 44) ... ok
[INFO] [stdout] test src/decimal/macros/dec.rs - decimal::macros::dec::udec8192 (line 77) ... ok
[INFO] [stdout] test src/lib.rs - (line 117) - compile fail ... ok
[INFO] [stdout] test src/int/macros.rs - int::macros::u2048 (line 36) ... ok
[INFO] [stdout] test src/int/macros.rs - int::macros::u512 (line 34) ... ok
[INFO] [stdout] test src/int/macros.rs - int::macros::i4096 (line 45) ... ok
[INFO] [stdout] test src/int/macros.rs - int::macros::u8192 (line 38) ... ok
[INFO] [stdout] test src/int/macros.rs - int::macros::u1024 (line 35) ... ok
[INFO] [stdout] test src/int/macros.rs - int::macros::u256 (line 33) ... ok
[INFO] [stdout] test src/int/macros.rs - int::macros::u128 (line 32) ... ok
[INFO] [stdout] test src/int/macros.rs - int::macros::i256 (line 41) ... ok
[INFO] [stdout] test src/int/macros.rs - int::macros::u4096 (line 37) ... ok
[INFO] [stdout] test src/lib.rs - (line 175) ... ok
[INFO] [stdout] test src/decimal/macros/dec.rs - decimal::macros::dec::dec8192 (line 85) ... ok
[INFO] [stdout] test src/lib.rs - (line 521) - compile fail ... ok
[INFO] [stdout] test src/lib.rs - (line 196) ... ok
[INFO] [stdout] test src/lib.rs - (line 818) ... FAILED
[INFO] [stdout] test src/lib.rs - (line 795) ... FAILED
[INFO] [stdout] test src/lib.rs - (line 182) ... ok
[INFO] [stdout] test src/lib.rs - (line 294) ... ok
[INFO] [stdout] test src/lib.rs - (line 220) ... ok
[INFO] [stdout] test src/lib.rs - (line 203) ... ok
[INFO] [stdout] test src/lib.rs - (line 448) ... ok
[INFO] [stdout] test src/lib.rs - (line 92) ... ok
[INFO] [stdout] test src/lib.rs - (line 436) ... ok
[INFO] [stdout] test src/lib.rs - (line 59) ... ok
[INFO] [stdout] test src/lib.rs - (line 460) ... ok
[INFO] [stdout] test src/lib.rs - (line 532) ... ok
[INFO] [stdout] test src/lib.rs - (line 509) ... ok
[INFO] [stdout] test src/lib.rs - (line 493) ... ok
[INFO] [stdout] test src/lib.rs - (line 324) ... ok
[INFO] [stdout] 
[INFO] [stdout] failures:
[INFO] [stdout] 
[INFO] [stdout] ---- src/lib.rs - (line 818) stdout ----
[INFO] [stdout] error[E0432]: unresolved import `serde`
[INFO] [stdout]  --> src/lib.rs:821:5
[INFO] [stdout]   |
[INFO] [stdout] 6 | use serde::*;
[INFO] [stdout]   |     ^^^^^ use of undeclared crate or module `serde`
[INFO] [stdout] 
[INFO] [stdout] error: cannot find derive macro `Serialize` in this scope
[INFO] [stdout]  --> src/lib.rs:824:17
[INFO] [stdout]   |
[INFO] [stdout] 9 | #[derive(Debug, Serialize, Deserialize)]
[INFO] [stdout]   |                 ^^^^^^^^^
[INFO] [stdout] 
[INFO] [stdout] error: cannot find derive macro `Deserialize` in this scope
[INFO] [stdout]  --> src/lib.rs:824:28
[INFO] [stdout]   |
[INFO] [stdout] 9 | #[derive(Debug, Serialize, Deserialize)]
[INFO] [stdout]   |                            ^^^^^^^^^^^
[INFO] [stdout] 
[INFO] [stdout] error[E0277]: the trait bound `MyStruct: serde::de::Deserialize<'_>` is not satisfied
[INFO] [stdout]     --> src/lib.rs:831:27
[INFO] [stdout]      |
[INFO] [stdout] 16   | let my_struct: MyStruct = serde_json::from_str(&json_src).unwrap();
[INFO] [stdout]      |                           ^^^^^^^^^^^^^^^^^^^^^^^^^^^^^^^ the trait `serde::de::Deserialize<'_>` is not implemented for `MyStruct`
[INFO] [stdout]      |
[INFO] [stdout]      = note: for local types consider adding `#[derive(serde::Deserialize)]` to your `MyStruct` type
[INFO] [stdout]      = note: for types from other crates check whether the crate offers a `serde` feature flag
[INFO] [stdout]      = help: the following other types implement trait `serde::de::Deserialize<'de>`:
[INFO] [stdout]                &'a Path
[INFO] [stdout]                &'a [u8]
[INFO] [stdout]                &'a str
[INFO] [stdout]                ()
[INFO] [stdout]                (T,)
[INFO] [stdout]                (T0, T1)
[INFO] [stdout]                (T0, T1, T2)
[INFO] [stdout]                (T0, T1, T2, T3)
[INFO] [stdout]              and 144 others
[INFO] [stdout] note: required by a bound in `serde_json::from_str`
[INFO] [stdout]     --> /opt/rustwide/cargo-home/registry/src/index.crates.io-6f17d22bba15001f/serde_json-1.0.133/src/de.rs:2694:8
[INFO] [stdout]      |
[INFO] [stdout] 2692 | pub fn from_str<'a, T>(s: &'a str) -> Result<T>
[INFO] [stdout]      |        -------- required by a bound in this function
[INFO] [stdout] 2693 | where
[INFO] [stdout] 2694 |     T: de::Deserialize<'a>,
[INFO] [stdout]      |        ^^^^^^^^^^^^^^^^^^^ required by this bound in `from_str`
[INFO] [stdout] 
[INFO] [stdout] error: aborting due to 4 previous errors
[INFO] [stdout] 
[INFO] [stdout] Some errors have detailed explanations: E0277, E0432.
[INFO] [stdout] For more information about an error, try `rustc --explain E0277`.
[INFO] [stdout] Couldn't compile the test.
[INFO] [stdout] ---- src/lib.rs - (line 795) stdout ----
[INFO] [stdout] error[E0432]: unresolved import `serde`
[INFO] [stdout]  --> src/lib.rs:798:5
[INFO] [stdout]   |
[INFO] [stdout] 6 | use serde::*;
[INFO] [stdout]   |     ^^^^^ use of undeclared crate or module `serde`
[INFO] [stdout] 
[INFO] [stdout] error: cannot find derive macro `Serialize` in this scope
[INFO] [stdout]  --> src/lib.rs:801:17
[INFO] [stdout]   |
[INFO] [stdout] 9 | #[derive(Debug, Serialize, Deserialize)]
[INFO] [stdout]   |                 ^^^^^^^^^
[INFO] [stdout] 
[INFO] [stdout] error: cannot find derive macro `Deserialize` in this scope
[INFO] [stdout]  --> src/lib.rs:801:28
[INFO] [stdout]   |
[INFO] [stdout] 9 | #[derive(Debug, Serialize, Deserialize)]
[INFO] [stdout]   |                            ^^^^^^^^^^^
[INFO] [stdout] 
[INFO] [stdout] error[E0277]: the trait bound `MyStruct: serde::de::Deserialize<'_>` is not satisfied
[INFO] [stdout]     --> src/lib.rs:809:27
[INFO] [stdout]      |
[INFO] [stdout] 17   | let my_struct: MyStruct = serde_json::from_str(&json_src).unwrap();
[INFO] [stdout]      |                           ^^^^^^^^^^^^^^^^^^^^^^^^^^^^^^^ the trait `serde::de::Deserialize<'_>` is not implemented for `MyStruct`
[INFO] [stdout]      |
[INFO] [stdout]      = note: for local types consider adding `#[derive(serde::Deserialize)]` to your `MyStruct` type
[INFO] [stdout]      = note: for types from other crates check whether the crate offers a `serde` feature flag
[INFO] [stdout]      = help: the following other types implement trait `serde::de::Deserialize<'de>`:
[INFO] [stdout]                &'a Path
[INFO] [stdout]                &'a [u8]
[INFO] [stdout]                &'a str
[INFO] [stdout]                ()
[INFO] [stdout]                (T,)
[INFO] [stdout]                (T0, T1)
[INFO] [stdout]                (T0, T1, T2)
[INFO] [stdout]                (T0, T1, T2, T3)
[INFO] [stdout]              and 144 others
[INFO] [stdout] note: required by a bound in `serde_json::from_str`
[INFO] [stdout]     --> /opt/rustwide/cargo-home/registry/src/index.crates.io-6f17d22bba15001f/serde_json-1.0.133/src/de.rs:2694:8
[INFO] [stdout]      |
[INFO] [stdout] 2692 | pub fn from_str<'a, T>(s: &'a str) -> Result<T>
[INFO] [stdout]      |        -------- required by a bound in this function
[INFO] [stdout] 2693 | where
[INFO] [stdout] 2694 |     T: de::Deserialize<'a>,
[INFO] [stdout]      |        ^^^^^^^^^^^^^^^^^^^ required by this bound in `from_str`
[INFO] [stdout] 
[INFO] [stdout] error[E0277]: the trait bound `MyStruct: serde::ser::Serialize` is not satisfied
[INFO] [stdout]     --> src/lib.rs:813:38
[INFO] [stdout]      |
[INFO] [stdout] 21   | println!("{}", serde_json::to_string(&my_struct).unwrap());
[INFO] [stdout]      |                --------------------- ^^^^^^^^^^ the trait `serde::ser::Serialize` is not implemented for `MyStruct`
[INFO] [stdout]      |                |
[INFO] [stdout]      |                required by a bound introduced by this call
[INFO] [stdout]      |
[INFO] [stdout]      = note: for local types consider adding `#[derive(serde::Serialize)]` to your `MyStruct` type
[INFO] [stdout]      = note: for types from other crates check whether the crate offers a `serde` feature flag
[INFO] [stdout]      = help: the following other types implement trait `serde::ser::Serialize`:
[INFO] [stdout]                &'a T
[INFO] [stdout]                &'a mut T
[INFO] [stdout]                ()
[INFO] [stdout]                (T,)
[INFO] [stdout]                (T0, T1)
[INFO] [stdout]                (T0, T1, T2)
[INFO] [stdout]                (T0, T1, T2, T3)
[INFO] [stdout]                (T0, T1, T2, T3, T4)
[INFO] [stdout]              and 133 others
[INFO] [stdout] note: required by a bound in `serde_json::to_string`
[INFO] [stdout]     --> /opt/rustwide/cargo-home/registry/src/index.crates.io-6f17d22bba15001f/serde_json-1.0.133/src/ser.rs:2211:17
[INFO] [stdout]      |
[INFO] [stdout] 2209 | pub fn to_string<T>(value: &T) -> Result<String>
[INFO] [stdout]      |        --------- required by a bound in this function
[INFO] [stdout] 2210 | where
[INFO] [stdout] 2211 |     T: ?Sized + Serialize,
[INFO] [stdout]      |                 ^^^^^^^^^ required by this bound in `to_string`
[INFO] [stdout] 
[INFO] [stdout] error: aborting due to 5 previous errors
[INFO] [stdout] 
[INFO] [stdout] Some errors have detailed explanations: E0277, E0432.
[INFO] [stdout] For more information about an error, try `rustc --explain E0277`.
[INFO] [stdout] Couldn't compile the test.
[INFO] [stdout] 
[INFO] [stdout] failures:
[INFO] [stdout]     src/lib.rs - (line 795)
[INFO] [stdout]     src/lib.rs - (line 818)
[INFO] [stdout] 
[INFO] [stdout] test result: FAILED. 134 passed; 2 failed; 0 ignored; 0 measured; 0 filtered out; finished in 13.38s
[INFO] [stdout] 
[INFO] [stderr] error: doctest failed, to rerun pass `--doc`
[INFO] running `Command { std: "docker" "inspect" "e1d858b73935a5189d7703d0deb96a17aee6ecd67dd33a8ebb175fc65fc31031", kill_on_drop: false }`
[INFO] running `Command { std: "docker" "rm" "-f" "e1d858b73935a5189d7703d0deb96a17aee6ecd67dd33a8ebb175fc65fc31031", kill_on_drop: false }`
[INFO] [stdout] e1d858b73935a5189d7703d0deb96a17aee6ecd67dd33a8ebb175fc65fc31031
