[INFO] fetching crate fast42 0.0.1...
[INFO] testing fast42-0.0.1 against beta-2024-12-08 for beta-1.84.0-4-retry
[INFO] extracting crate fast42 0.0.1 into /workspace/builds/worker-0-tc2/source
[INFO] validating manifest of crates.io crate fast42 0.0.1 on toolchain beta-2024-12-08
[INFO] running `Command { std: CARGO_HOME="/workspace/cargo-home" RUSTUP_HOME="/workspace/rustup-home" "/workspace/cargo-home/bin/cargo" "+beta-2024-12-08" "metadata" "--manifest-path" "Cargo.toml" "--no-deps", kill_on_drop: false }`
[INFO] started tweaking crates.io crate fast42 0.0.1
[INFO] finished tweaking crates.io crate fast42 0.0.1
[INFO] tweaked toml for crates.io crate fast42 0.0.1 written to /workspace/builds/worker-0-tc2/source/Cargo.toml
[INFO] crate crates.io crate fast42 0.0.1 already has a lockfile, it will not be regenerated
[INFO] running `Command { std: CARGO_HOME="/workspace/cargo-home" RUSTUP_HOME="/workspace/rustup-home" "/workspace/cargo-home/bin/cargo" "+beta-2024-12-08" "fetch" "--manifest-path" "Cargo.toml", kill_on_drop: false }`
[INFO] running `Command { std: "docker" "create" "-v" "/var/lib/crater-agent-workspace/builds/worker-0-tc2/target:/opt/rustwide/target:rw,Z" "-v" "/var/lib/crater-agent-workspace/builds/worker-0-tc2/source:/opt/rustwide/workdir:ro,Z" "-v" "/var/lib/crater-agent-workspace/cargo-home:/opt/rustwide/cargo-home:ro,Z" "-v" "/var/lib/crater-agent-workspace/rustup-home:/opt/rustwide/rustup-home:ro,Z" "-e" "SOURCE_DIR=/opt/rustwide/workdir" "-e" "CARGO_TARGET_DIR=/opt/rustwide/target" "-e" "CARGO_HOME=/opt/rustwide/cargo-home" "-e" "RUSTUP_HOME=/opt/rustwide/rustup-home" "-w" "/opt/rustwide/workdir" "-m" "1610612736" "--user" "0:0" "--network" "none" "ghcr.io/rust-lang/crates-build-env/linux@sha256:f3a9d4ad9d972b27faf3965f35b62e55ba32bbce8f20bc8fe909558a86702fde" "/opt/rustwide/cargo-home/bin/cargo" "+beta-2024-12-08" "metadata" "--no-deps" "--format-version=1", kill_on_drop: false }`
[INFO] [stdout] 9bb6ee9ae3ac5732e4cdad177b47e2e35cebea3d00fbcc129fa3245dee1400d2
[INFO] running `Command { std: "docker" "start" "-a" "9bb6ee9ae3ac5732e4cdad177b47e2e35cebea3d00fbcc129fa3245dee1400d2", kill_on_drop: false }`
[INFO] running `Command { std: "docker" "inspect" "9bb6ee9ae3ac5732e4cdad177b47e2e35cebea3d00fbcc129fa3245dee1400d2", kill_on_drop: false }`
[INFO] running `Command { std: "docker" "rm" "-f" "9bb6ee9ae3ac5732e4cdad177b47e2e35cebea3d00fbcc129fa3245dee1400d2", kill_on_drop: false }`
[INFO] [stdout] 9bb6ee9ae3ac5732e4cdad177b47e2e35cebea3d00fbcc129fa3245dee1400d2
[INFO] running `Command { std: "docker" "create" "-v" "/var/lib/crater-agent-workspace/builds/worker-0-tc2/target:/opt/rustwide/target:rw,Z" "-v" "/var/lib/crater-agent-workspace/builds/worker-0-tc2/source:/opt/rustwide/workdir:ro,Z" "-v" "/var/lib/crater-agent-workspace/cargo-home:/opt/rustwide/cargo-home:ro,Z" "-v" "/var/lib/crater-agent-workspace/rustup-home:/opt/rustwide/rustup-home:ro,Z" "-e" "SOURCE_DIR=/opt/rustwide/workdir" "-e" "CARGO_TARGET_DIR=/opt/rustwide/target" "-e" "CARGO_INCREMENTAL=0" "-e" "RUST_BACKTRACE=full" "-e" "RUSTFLAGS=--cap-lints=warn" "-e" "RUSTDOCFLAGS=--cap-lints=warn" "-e" "CARGO_HOME=/opt/rustwide/cargo-home" "-e" "RUSTUP_HOME=/opt/rustwide/rustup-home" "-w" "/opt/rustwide/workdir" "-m" "1610612736" "--user" "0:0" "--network" "none" "ghcr.io/rust-lang/crates-build-env/linux@sha256:f3a9d4ad9d972b27faf3965f35b62e55ba32bbce8f20bc8fe909558a86702fde" "/opt/rustwide/cargo-home/bin/cargo" "+beta-2024-12-08" "build" "--frozen" "--message-format=json", kill_on_drop: false }`
[INFO] [stdout] 33184ec266ee78bc6e7dd15aff8e703e4353dfc3c79183363a019d80a7c00649
[INFO] running `Command { std: "docker" "start" "-a" "33184ec266ee78bc6e7dd15aff8e703e4353dfc3c79183363a019d80a7c00649", kill_on_drop: false }`
[INFO] [stderr]    Compiling autocfg v1.1.0
[INFO] [stderr]    Compiling proc-macro2 v1.0.49
[INFO] [stderr]    Compiling quote v1.0.23
[INFO] [stderr]    Compiling unicode-ident v1.0.6
[INFO] [stderr]    Compiling syn v1.0.107
[INFO] [stderr]    Compiling libc v0.2.139
[INFO] [stderr]    Compiling cfg-if v1.0.0
[INFO] [stderr]    Compiling memchr v2.5.0
[INFO] [stderr]    Compiling pin-project-lite v0.2.9
[INFO] [stderr]    Compiling log v0.4.17
[INFO] [stderr]    Compiling futures-core v0.3.25
[INFO] [stderr]    Compiling futures-io v0.3.25
[INFO] [stderr]    Compiling lock_api v0.4.9
[INFO] [stderr]    Compiling parking_lot_core v0.9.5
[INFO] [stderr]    Compiling once_cell v1.16.0
[INFO] [stderr]    Compiling slab v0.4.7
[INFO] [stderr]    Compiling cc v1.0.78
[INFO] [stderr]    Compiling bytes v1.3.0
[INFO] [stderr]    Compiling futures-task v0.3.25
[INFO] [stderr]    Compiling futures-channel v0.3.25
[INFO] [stderr]    Compiling pkg-config v0.3.26
[INFO] [stderr]    Compiling scopeguard v1.1.0
[INFO] [stderr]    Compiling futures-sink v0.3.25
[INFO] [stderr]    Compiling smallvec v1.10.0
[INFO] [stderr]    Compiling tokio v1.23.0
[INFO] [stderr]    Compiling futures-util v0.3.25
[INFO] [stderr]    Compiling signal-hook-registry v1.4.0
[INFO] [stderr]    Compiling socket2 v0.4.7
[INFO] [stderr]    Compiling mio v0.8.5
[INFO] [stderr]    Compiling parking_lot v0.12.1
[INFO] [stderr]    Compiling num_cpus v1.15.0
[INFO] [stderr]    Compiling pin-utils v0.1.0
[INFO] [stderr]    Compiling itoa v1.0.5
[INFO] [stderr]    Compiling openssl-sys v0.9.80
[INFO] [stderr]    Compiling tracing-core v0.1.30
[INFO] [stderr]    Compiling indexmap v1.9.2
[INFO] [stderr]    Compiling serde_derive v1.0.152
[INFO] [stderr]    Compiling openssl v0.10.45
[INFO] [stderr]    Compiling foreign-types-shared v0.1.1
[INFO] [stderr]    Compiling hashbrown v0.12.3
[INFO] [stderr]    Compiling serde v1.0.152
[INFO] [stderr]    Compiling fnv v1.0.7
[INFO] [stderr]    Compiling foreign-types v0.3.2
[INFO] [stderr]    Compiling getrandom v0.2.8
[INFO] [stderr]    Compiling http v0.2.8
[INFO] [stderr]    Compiling bitflags v1.3.2
[INFO] [stderr]    Compiling tinyvec_macros v0.1.0
[INFO] [stderr]    Compiling httparse v1.8.0
[INFO] [stderr]    Compiling native-tls v0.2.11
[INFO] [stderr]    Compiling rand_core v0.6.4
[INFO] [stderr]    Compiling tinyvec v1.6.0
[INFO] [stderr]    Compiling num-traits v0.2.15
[INFO] [stderr]    Compiling try-lock v0.2.3
[INFO] [stderr]    Compiling tower-service v0.3.2
[INFO] [stderr]    Compiling percent-encoding v2.2.0
[INFO] [stderr]    Compiling ppv-lite86 v0.2.17
[INFO] [stderr]    Compiling openssl-probe v0.1.5
[INFO] [stderr]    Compiling form_urlencoded v1.1.0
[INFO] [stderr]    Compiling http-body v0.4.5
[INFO] [stderr]    Compiling want v0.3.0
[INFO] [stderr]    Compiling rand_chacha v0.3.1
[INFO] [stderr]    Compiling serde_json v1.0.91
[INFO] [stderr]    Compiling encoding_rs v0.8.31
[INFO] [stderr]    Compiling unicode-normalization v0.1.22
[INFO] [stderr]    Compiling waker-fn v1.1.0
[INFO] [stderr]    Compiling parking v2.0.0
[INFO] [stderr]    Compiling unicode-bidi v0.3.8
[INFO] [stderr]    Compiling ryu v1.0.12
[INFO] [stderr]    Compiling httpdate v1.0.2
[INFO] [stderr]    Compiling fastrand v1.8.0
[INFO] [stderr]    Compiling futures-lite v1.12.0
[INFO] [stderr]    Compiling rand v0.8.5
[INFO] [stderr]    Compiling idna v0.3.0
[INFO] [stderr]    Compiling byteorder v1.4.3
[INFO] [stderr]    Compiling event-listener v2.5.3
[INFO] [stderr]    Compiling async-timer v0.7.4
[INFO] [stderr]    Compiling base64 v0.13.1
[INFO] [stderr]    Compiling mime v0.3.16
[INFO] [stderr]    Compiling url v2.3.1
[INFO] [stderr]    Compiling ipnet v2.7.0
[INFO] [stderr]    Compiling async-lock v2.6.0
[INFO] [stderr]    Compiling tower-layer v0.3.2
[INFO] [stderr]    Compiling hdrhistogram v7.5.2
[INFO] [stderr]    Compiling zeroize v1.5.7
[INFO] [stderr]    Compiling retainer v0.3.0
[INFO] [stderr]    Compiling tokio-macros v1.8.2
[INFO] [stderr]    Compiling futures-macro v0.3.25
[INFO] [stderr]    Compiling tracing-attributes v0.1.23
[INFO] [stderr]    Compiling openssl-macros v0.1.0
[INFO] [stderr]    Compiling pin-project-internal v1.0.12
[INFO] [stderr]    Compiling tracing v0.1.37
[INFO] [stderr]    Compiling pin-project v1.0.12
[INFO] [stderr]    Compiling futures-executor v0.3.25
[INFO] [stderr]    Compiling futures v0.3.25
[INFO] [stderr]    Compiling tokio-util v0.7.4
[INFO] [stderr]    Compiling tokio-native-tls v0.3.0
[INFO] [stderr]    Compiling h2 v0.3.15
[INFO] [stderr]    Compiling tower v0.4.13
[INFO] [stderr]    Compiling serde_urlencoded v0.7.1
[INFO] [stderr]    Compiling secrecy v0.8.0
[INFO] [stderr]    Compiling hyper v0.14.23
[INFO] [stderr]    Compiling hyper-tls v0.5.0
[INFO] [stderr]    Compiling reqwest v0.11.13
[INFO] [stderr]    Compiling fast42 v0.0.1 (/opt/rustwide/workdir)
[INFO] [stdout] warning: unnecessary qualification
[INFO] [stdout]    --> src/lib.rs:146:50
[INFO] [stdout]     |
[INFO] [stdout] 146 |     D: IntoIterator<Item = HttpOption> + Clone + std::fmt::Debug,
[INFO] [stdout]     |                                                  ^^^^^^^^^^^^^^^
[INFO] [stdout]     |
[INFO] [stdout] note: the lint level is defined here
[INFO] [stdout]    --> src/lib.rs:22:5
[INFO] [stdout]     |
[INFO] [stdout] 22  |     unused_qualifications,
[INFO] [stdout]     |     ^^^^^^^^^^^^^^^^^^^^^
[INFO] [stdout] help: remove the unnecessary path segments
[INFO] [stdout]     |
[INFO] [stdout] 146 -     D: IntoIterator<Item = HttpOption> + Clone + std::fmt::Debug,
[INFO] [stdout] 146 +     D: IntoIterator<Item = HttpOption> + Clone + fmt::Debug,
[INFO] [stdout]     |
[INFO] [stdout] 
[INFO] [stdout] 
[INFO] [stdout] warning: unnecessary qualification
[INFO] [stdout]    --> src/lib.rs:290:46
[INFO] [stdout]     |
[INFO] [stdout] 290 |         D: IntoIterator<Item = HttpOption> + std::fmt::Debug,
[INFO] [stdout]     |                                              ^^^^^^^^^^^^^^^
[INFO] [stdout]     |
[INFO] [stdout] help: remove the unnecessary path segments
[INFO] [stdout]     |
[INFO] [stdout] 290 -         D: IntoIterator<Item = HttpOption> + std::fmt::Debug,
[INFO] [stdout] 290 +         D: IntoIterator<Item = HttpOption> + fmt::Debug,
[INFO] [stdout]     |
[INFO] [stdout] 
[INFO] [stdout] 
[INFO] [stdout] warning: unnecessary qualification
[INFO] [stdout]    --> src/lib.rs:339:46
[INFO] [stdout]     |
[INFO] [stdout] 339 |         D: IntoIterator<Item = HttpOption> + std::fmt::Debug,
[INFO] [stdout]     |                                              ^^^^^^^^^^^^^^^
[INFO] [stdout]     |
[INFO] [stdout] help: remove the unnecessary path segments
[INFO] [stdout]     |
[INFO] [stdout] 339 -         D: IntoIterator<Item = HttpOption> + std::fmt::Debug,
[INFO] [stdout] 339 +         D: IntoIterator<Item = HttpOption> + fmt::Debug,
[INFO] [stdout]     |
[INFO] [stdout] 
[INFO] [stdout] 
[INFO] [stdout] warning: unnecessary qualification
[INFO] [stdout]    --> src/lib.rs:340:24
[INFO] [stdout]     |
[INFO] [stdout] 340 |         T: Serialize + std::fmt::Debug,
[INFO] [stdout]     |                        ^^^^^^^^^^^^^^^
[INFO] [stdout]     |
[INFO] [stdout] help: remove the unnecessary path segments
[INFO] [stdout]     |
[INFO] [stdout] 340 -         T: Serialize + std::fmt::Debug,
[INFO] [stdout] 340 +         T: Serialize + fmt::Debug,
[INFO] [stdout]     |
[INFO] [stdout] 
[INFO] [stdout] 
[INFO] [stdout] warning: unnecessary qualification
[INFO] [stdout]    --> src/lib.rs:386:46
[INFO] [stdout]     |
[INFO] [stdout] 386 |         D: IntoIterator<Item = HttpOption> + std::fmt::Debug,
[INFO] [stdout]     |                                              ^^^^^^^^^^^^^^^
[INFO] [stdout]     |
[INFO] [stdout] help: remove the unnecessary path segments
[INFO] [stdout]     |
[INFO] [stdout] 386 -         D: IntoIterator<Item = HttpOption> + std::fmt::Debug,
[INFO] [stdout] 386 +         D: IntoIterator<Item = HttpOption> + fmt::Debug,
[INFO] [stdout]     |
[INFO] [stdout] 
[INFO] [stdout] 
[INFO] [stdout] warning: unnecessary qualification
[INFO] [stdout]    --> src/lib.rs:387:24
[INFO] [stdout]     |
[INFO] [stdout] 387 |         T: Serialize + std::fmt::Debug,
[INFO] [stdout]     |                        ^^^^^^^^^^^^^^^
[INFO] [stdout]     |
[INFO] [stdout] help: remove the unnecessary path segments
[INFO] [stdout]     |
[INFO] [stdout] 387 -         T: Serialize + std::fmt::Debug,
[INFO] [stdout] 387 +         T: Serialize + fmt::Debug,
[INFO] [stdout]     |
[INFO] [stdout] 
[INFO] [stdout] 
[INFO] [stdout] warning: unnecessary qualification
[INFO] [stdout]    --> src/lib.rs:437:46
[INFO] [stdout]     |
[INFO] [stdout] 437 |         D: IntoIterator<Item = HttpOption> + std::fmt::Debug,
[INFO] [stdout]     |                                              ^^^^^^^^^^^^^^^
[INFO] [stdout]     |
[INFO] [stdout] help: remove the unnecessary path segments
[INFO] [stdout]     |
[INFO] [stdout] 437 -         D: IntoIterator<Item = HttpOption> + std::fmt::Debug,
[INFO] [stdout] 437 +         D: IntoIterator<Item = HttpOption> + fmt::Debug,
[INFO] [stdout]     |
[INFO] [stdout] 
[INFO] [stdout] 
[INFO] [stdout] warning: unnecessary qualification
[INFO] [stdout]    --> src/lib.rs:438:24
[INFO] [stdout]     |
[INFO] [stdout] 438 |         T: Serialize + std::fmt::Debug,
[INFO] [stdout]     |                        ^^^^^^^^^^^^^^^
[INFO] [stdout]     |
[INFO] [stdout] help: remove the unnecessary path segments
[INFO] [stdout]     |
[INFO] [stdout] 438 -         T: Serialize + std::fmt::Debug,
[INFO] [stdout] 438 +         T: Serialize + fmt::Debug,
[INFO] [stdout]     |
[INFO] [stdout] 
[INFO] [stdout] 
[INFO] [stdout] warning: unnecessary qualification
[INFO] [stdout]    --> src/lib.rs:485:46
[INFO] [stdout]     |
[INFO] [stdout] 485 |         D: IntoIterator<Item = HttpOption> + std::fmt::Debug,
[INFO] [stdout]     |                                              ^^^^^^^^^^^^^^^
[INFO] [stdout]     |
[INFO] [stdout] help: remove the unnecessary path segments
[INFO] [stdout]     |
[INFO] [stdout] 485 -         D: IntoIterator<Item = HttpOption> + std::fmt::Debug,
[INFO] [stdout] 485 +         D: IntoIterator<Item = HttpOption> + fmt::Debug,
[INFO] [stdout]     |
[INFO] [stdout] 
[INFO] [stdout] 
[INFO] [stdout] warning: unnecessary qualification
[INFO] [stdout]    --> src/lib.rs:486:24
[INFO] [stdout]     |
[INFO] [stdout] 486 |         T: Serialize + std::fmt::Debug,
[INFO] [stdout]     |                        ^^^^^^^^^^^^^^^
[INFO] [stdout]     |
[INFO] [stdout] help: remove the unnecessary path segments
[INFO] [stdout]     |
[INFO] [stdout] 486 -         T: Serialize + std::fmt::Debug,
[INFO] [stdout] 486 +         T: Serialize + fmt::Debug,
[INFO] [stdout]     |
[INFO] [stdout] 
[INFO] [stdout] 
[INFO] [stdout] warning: unnecessary qualification
[INFO] [stdout]    --> src/lib.rs:538:54
[INFO] [stdout]     |
[INFO] [stdout] 538 |         D: IntoIterator<Item = HttpOption> + Clone + std::fmt::Debug,
[INFO] [stdout]     |                                                      ^^^^^^^^^^^^^^^
[INFO] [stdout]     |
[INFO] [stdout] help: remove the unnecessary path segments
[INFO] [stdout]     |
[INFO] [stdout] 538 -         D: IntoIterator<Item = HttpOption> + Clone + std::fmt::Debug,
[INFO] [stdout] 538 +         D: IntoIterator<Item = HttpOption> + Clone + fmt::Debug,
[INFO] [stdout]     |
[INFO] [stdout] 
[INFO] [stdout] 
[INFO] [stderr]     Finished `dev` profile [unoptimized + debuginfo] target(s) in 1m 34s
[INFO] running `Command { std: "docker" "inspect" "33184ec266ee78bc6e7dd15aff8e703e4353dfc3c79183363a019d80a7c00649", kill_on_drop: false }`
[INFO] running `Command { std: "docker" "rm" "-f" "33184ec266ee78bc6e7dd15aff8e703e4353dfc3c79183363a019d80a7c00649", kill_on_drop: false }`
[INFO] [stdout] 33184ec266ee78bc6e7dd15aff8e703e4353dfc3c79183363a019d80a7c00649
[INFO] running `Command { std: "docker" "create" "-v" "/var/lib/crater-agent-workspace/builds/worker-0-tc2/target:/opt/rustwide/target:rw,Z" "-v" "/var/lib/crater-agent-workspace/builds/worker-0-tc2/source:/opt/rustwide/workdir:ro,Z" "-v" "/var/lib/crater-agent-workspace/cargo-home:/opt/rustwide/cargo-home:ro,Z" "-v" "/var/lib/crater-agent-workspace/rustup-home:/opt/rustwide/rustup-home:ro,Z" "-e" "SOURCE_DIR=/opt/rustwide/workdir" "-e" "CARGO_TARGET_DIR=/opt/rustwide/target" "-e" "CARGO_INCREMENTAL=0" "-e" "RUST_BACKTRACE=full" "-e" "RUSTFLAGS=--cap-lints=warn" "-e" "RUSTDOCFLAGS=--cap-lints=warn" "-e" "CARGO_HOME=/opt/rustwide/cargo-home" "-e" "RUSTUP_HOME=/opt/rustwide/rustup-home" "-w" "/opt/rustwide/workdir" "-m" "1610612736" "--user" "0:0" "--network" "none" "ghcr.io/rust-lang/crates-build-env/linux@sha256:f3a9d4ad9d972b27faf3965f35b62e55ba32bbce8f20bc8fe909558a86702fde" "/opt/rustwide/cargo-home/bin/cargo" "+beta-2024-12-08" "test" "--frozen" "--no-run" "--message-format=json", kill_on_drop: false }`
[INFO] [stdout] 820e568202085e9cea80ae3fe25f734f4bd9a8fd66b861d1f869db5820b9d936
[INFO] running `Command { std: "docker" "start" "-a" "820e568202085e9cea80ae3fe25f734f4bd9a8fd66b861d1f869db5820b9d936", kill_on_drop: false }`
[INFO] [stderr]    Compiling version_check v0.9.4
[INFO] [stderr]    Compiling thiserror v1.0.38
[INFO] [stderr]    Compiling thiserror-impl v1.0.38
[INFO] [stderr]    Compiling ucd-trie v0.1.5
[INFO] [stderr]    Compiling dlv-list v0.3.0
[INFO] [stderr]    Compiling async-trait v0.1.60
[INFO] [stderr]    Compiling lazy_static v1.4.0
[INFO] [stderr]    Compiling aho-corasick v0.7.20
[INFO] [stderr]    Compiling atty v0.2.14
[INFO] [stderr]    Compiling linked-hash-map v0.5.6
[INFO] [stderr]    Compiling regex-syntax v0.6.28
[INFO] [stderr]    Compiling minimal-lexical v0.2.1
[INFO] [stderr]    Compiling ahash v0.7.6
[INFO] [stderr]    Compiling yaml-rust v0.4.5
[INFO] [stderr]    Compiling colored v2.0.0
[INFO] [stderr]    Compiling nom v7.1.1
[INFO] [stderr]    Compiling ron v0.7.1
[INFO] [stderr]    Compiling hashbrown v0.12.3
[INFO] [stderr]    Compiling indexmap v1.9.2
[INFO] [stderr]    Compiling ordered-multimap v0.4.3
[INFO] [stderr]    Compiling assert-json-diff v2.0.2
[INFO] [stderr]    Compiling h2 v0.3.15
[INFO] [stderr]    Compiling tower v0.4.13
[INFO] [stderr]    Compiling rust-ini v0.18.0
[INFO] [stderr]    Compiling pest v2.5.2
[INFO] [stderr]    Compiling toml v0.5.10
[INFO] [stderr]    Compiling regex v1.7.0
[INFO] [stderr]    Compiling similar v2.2.1
[INFO] [stderr]    Compiling pathdiff v0.2.1
[INFO] [stderr]    Compiling pest_meta v2.5.2
[INFO] [stderr]    Compiling mockito v0.31.1
[INFO] [stderr]    Compiling pest_generator v2.5.2
[INFO] [stderr]    Compiling pest_derive v2.5.2
[INFO] [stderr]    Compiling json5 v0.4.1
[INFO] [stderr]    Compiling config v0.13.3
[INFO] [stderr]    Compiling hyper v0.14.23
[INFO] [stderr]    Compiling hyper-tls v0.5.0
[INFO] [stderr]    Compiling reqwest v0.11.13
[INFO] [stderr]    Compiling fast42 v0.0.1 (/opt/rustwide/workdir)
[INFO] [stdout] warning: unnecessary qualification
[INFO] [stdout]    --> src/lib.rs:146:50
[INFO] [stdout]     |
[INFO] [stdout] 146 |     D: IntoIterator<Item = HttpOption> + Clone + std::fmt::Debug,
[INFO] [stdout]     |                                                  ^^^^^^^^^^^^^^^
[INFO] [stdout]     |
[INFO] [stdout] note: the lint level is defined here
[INFO] [stdout]    --> src/lib.rs:22:5
[INFO] [stdout]     |
[INFO] [stdout] 22  |     unused_qualifications,
[INFO] [stdout]     |     ^^^^^^^^^^^^^^^^^^^^^
[INFO] [stdout] help: remove the unnecessary path segments
[INFO] [stdout]     |
[INFO] [stdout] 146 -     D: IntoIterator<Item = HttpOption> + Clone + std::fmt::Debug,
[INFO] [stdout] 146 +     D: IntoIterator<Item = HttpOption> + Clone + fmt::Debug,
[INFO] [stdout]     |
[INFO] [stdout] 
[INFO] [stdout] 
[INFO] [stdout] warning: unnecessary qualification
[INFO] [stdout]    --> src/lib.rs:290:46
[INFO] [stdout]     |
[INFO] [stdout] 290 |         D: IntoIterator<Item = HttpOption> + std::fmt::Debug,
[INFO] [stdout]     |                                              ^^^^^^^^^^^^^^^
[INFO] [stdout]     |
[INFO] [stdout] help: remove the unnecessary path segments
[INFO] [stdout]     |
[INFO] [stdout] 290 -         D: IntoIterator<Item = HttpOption> + std::fmt::Debug,
[INFO] [stdout] 290 +         D: IntoIterator<Item = HttpOption> + fmt::Debug,
[INFO] [stdout]     |
[INFO] [stdout] 
[INFO] [stdout] 
[INFO] [stdout] warning: unnecessary qualification
[INFO] [stdout]    --> src/lib.rs:339:46
[INFO] [stdout]     |
[INFO] [stdout] 339 |         D: IntoIterator<Item = HttpOption> + std::fmt::Debug,
[INFO] [stdout]     |                                              ^^^^^^^^^^^^^^^
[INFO] [stdout]     |
[INFO] [stdout] help: remove the unnecessary path segments
[INFO] [stdout]     |
[INFO] [stdout] 339 -         D: IntoIterator<Item = HttpOption> + std::fmt::Debug,
[INFO] [stdout] 339 +         D: IntoIterator<Item = HttpOption> + fmt::Debug,
[INFO] [stdout]     |
[INFO] [stdout] 
[INFO] [stdout] 
[INFO] [stdout] warning: unnecessary qualification
[INFO] [stdout]    --> src/lib.rs:340:24
[INFO] [stdout]     |
[INFO] [stdout] 340 |         T: Serialize + std::fmt::Debug,
[INFO] [stdout]     |                        ^^^^^^^^^^^^^^^
[INFO] [stdout]     |
[INFO] [stdout] help: remove the unnecessary path segments
[INFO] [stdout]     |
[INFO] [stdout] 340 -         T: Serialize + std::fmt::Debug,
[INFO] [stdout] 340 +         T: Serialize + fmt::Debug,
[INFO] [stdout]     |
[INFO] [stdout] 
[INFO] [stdout] 
[INFO] [stdout] warning: unnecessary qualification
[INFO] [stdout]    --> src/lib.rs:386:46
[INFO] [stdout]     |
[INFO] [stdout] 386 |         D: IntoIterator<Item = HttpOption> + std::fmt::Debug,
[INFO] [stdout]     |                                              ^^^^^^^^^^^^^^^
[INFO] [stdout]     |
[INFO] [stdout] help: remove the unnecessary path segments
[INFO] [stdout]     |
[INFO] [stdout] 386 -         D: IntoIterator<Item = HttpOption> + std::fmt::Debug,
[INFO] [stdout] 386 +         D: IntoIterator<Item = HttpOption> + fmt::Debug,
[INFO] [stdout]     |
[INFO] [stdout] 
[INFO] [stdout] 
[INFO] [stdout] warning: unnecessary qualification
[INFO] [stdout]    --> src/lib.rs:387:24
[INFO] [stdout]     |
[INFO] [stdout] 387 |         T: Serialize + std::fmt::Debug,
[INFO] [stdout]     |                        ^^^^^^^^^^^^^^^
[INFO] [stdout]     |
[INFO] [stdout] help: remove the unnecessary path segments
[INFO] [stdout]     |
[INFO] [stdout] 387 -         T: Serialize + std::fmt::Debug,
[INFO] [stdout] 387 +         T: Serialize + fmt::Debug,
[INFO] [stdout]     |
[INFO] [stdout] 
[INFO] [stdout] 
[INFO] [stdout] warning: unnecessary qualification
[INFO] [stdout]    --> src/lib.rs:437:46
[INFO] [stdout]     |
[INFO] [stdout] 437 |         D: IntoIterator<Item = HttpOption> + std::fmt::Debug,
[INFO] [stdout]     |                                              ^^^^^^^^^^^^^^^
[INFO] [stdout]     |
[INFO] [stdout] help: remove the unnecessary path segments
[INFO] [stdout]     |
[INFO] [stdout] 437 -         D: IntoIterator<Item = HttpOption> + std::fmt::Debug,
[INFO] [stdout] 437 +         D: IntoIterator<Item = HttpOption> + fmt::Debug,
[INFO] [stdout]     |
[INFO] [stdout] 
[INFO] [stdout] 
[INFO] [stdout] warning: unnecessary qualification
[INFO] [stdout]    --> src/lib.rs:438:24
[INFO] [stdout]     |
[INFO] [stdout] 438 |         T: Serialize + std::fmt::Debug,
[INFO] [stdout]     |                        ^^^^^^^^^^^^^^^
[INFO] [stdout]     |
[INFO] [stdout] help: remove the unnecessary path segments
[INFO] [stdout]     |
[INFO] [stdout] 438 -         T: Serialize + std::fmt::Debug,
[INFO] [stdout] 438 +         T: Serialize + fmt::Debug,
[INFO] [stdout]     |
[INFO] [stdout] 
[INFO] [stdout] 
[INFO] [stdout] warning: unnecessary qualification
[INFO] [stdout]    --> src/lib.rs:485:46
[INFO] [stdout]     |
[INFO] [stdout] 485 |         D: IntoIterator<Item = HttpOption> + std::fmt::Debug,
[INFO] [stdout]     |                                              ^^^^^^^^^^^^^^^
[INFO] [stdout]     |
[INFO] [stdout] help: remove the unnecessary path segments
[INFO] [stdout]     |
[INFO] [stdout] 485 -         D: IntoIterator<Item = HttpOption> + std::fmt::Debug,
[INFO] [stdout] 485 +         D: IntoIterator<Item = HttpOption> + fmt::Debug,
[INFO] [stdout]     |
[INFO] [stdout] 
[INFO] [stdout] 
[INFO] [stdout] warning: unnecessary qualification
[INFO] [stdout]    --> src/lib.rs:486:24
[INFO] [stdout]     |
[INFO] [stdout] 486 |         T: Serialize + std::fmt::Debug,
[INFO] [stdout]     |                        ^^^^^^^^^^^^^^^
[INFO] [stdout]     |
[INFO] [stdout] help: remove the unnecessary path segments
[INFO] [stdout]     |
[INFO] [stdout] 486 -         T: Serialize + std::fmt::Debug,
[INFO] [stdout] 486 +         T: Serialize + fmt::Debug,
[INFO] [stdout]     |
[INFO] [stdout] 
[INFO] [stdout] 
[INFO] [stdout] warning: unnecessary qualification
[INFO] [stdout]    --> src/lib.rs:538:54
[INFO] [stdout]     |
[INFO] [stdout] 538 |         D: IntoIterator<Item = HttpOption> + Clone + std::fmt::Debug,
[INFO] [stdout]     |                                                      ^^^^^^^^^^^^^^^
[INFO] [stdout]     |
[INFO] [stdout] help: remove the unnecessary path segments
[INFO] [stdout]     |
[INFO] [stdout] 538 -         D: IntoIterator<Item = HttpOption> + Clone + std::fmt::Debug,
[INFO] [stdout] 538 +         D: IntoIterator<Item = HttpOption> + Clone + fmt::Debug,
[INFO] [stdout]     |
[INFO] [stdout] 
[INFO] [stdout] 
[INFO] [stdout] warning: unnecessary qualification
[INFO] [stdout]    --> src/lib.rs:146:50
[INFO] [stdout]     |
[INFO] [stdout] 146 |     D: IntoIterator<Item = HttpOption> + Clone + std::fmt::Debug,
[INFO] [stdout]     |                                                  ^^^^^^^^^^^^^^^
[INFO] [stdout]     |
[INFO] [stdout] note: the lint level is defined here
[INFO] [stdout]    --> src/lib.rs:22:5
[INFO] [stdout]     |
[INFO] [stdout] 22  |     unused_qualifications,
[INFO] [stdout]     |     ^^^^^^^^^^^^^^^^^^^^^
[INFO] [stdout] help: remove the unnecessary path segments
[INFO] [stdout]     |
[INFO] [stdout] 146 -     D: IntoIterator<Item = HttpOption> + Clone + std::fmt::Debug,
[INFO] [stdout] 146 +     D: IntoIterator<Item = HttpOption> + Clone + fmt::Debug,
[INFO] [stdout]     |
[INFO] [stdout] 
[INFO] [stdout] 
[INFO] [stdout] warning: unnecessary qualification
[INFO] [stdout]    --> src/lib.rs:290:46
[INFO] [stdout]     |
[INFO] [stdout] 290 |         D: IntoIterator<Item = HttpOption> + std::fmt::Debug,
[INFO] [stdout]     |                                              ^^^^^^^^^^^^^^^
[INFO] [stdout]     |
[INFO] [stdout] help: remove the unnecessary path segments
[INFO] [stdout]     |
[INFO] [stdout] 290 -         D: IntoIterator<Item = HttpOption> + std::fmt::Debug,
[INFO] [stdout] 290 +         D: IntoIterator<Item = HttpOption> + fmt::Debug,
[INFO] [stdout]     |
[INFO] [stdout] 
[INFO] [stdout] 
[INFO] [stdout] warning: unnecessary qualification
[INFO] [stdout]    --> src/lib.rs:339:46
[INFO] [stdout]     |
[INFO] [stdout] 339 |         D: IntoIterator<Item = HttpOption> + std::fmt::Debug,
[INFO] [stdout]     |                                              ^^^^^^^^^^^^^^^
[INFO] [stdout]     |
[INFO] [stdout] help: remove the unnecessary path segments
[INFO] [stdout]     |
[INFO] [stdout] 339 -         D: IntoIterator<Item = HttpOption> + std::fmt::Debug,
[INFO] [stdout] 339 +         D: IntoIterator<Item = HttpOption> + fmt::Debug,
[INFO] [stdout]     |
[INFO] [stdout] 
[INFO] [stdout] 
[INFO] [stdout] warning: unnecessary qualification
[INFO] [stdout]    --> src/lib.rs:340:24
[INFO] [stdout]     |
[INFO] [stdout] 340 |         T: Serialize + std::fmt::Debug,
[INFO] [stdout]     |                        ^^^^^^^^^^^^^^^
[INFO] [stdout]     |
[INFO] [stdout] help: remove the unnecessary path segments
[INFO] [stdout]     |
[INFO] [stdout] 340 -         T: Serialize + std::fmt::Debug,
[INFO] [stdout] 340 +         T: Serialize + fmt::Debug,
[INFO] [stdout]     |
[INFO] [stdout] 
[INFO] [stdout] 
[INFO] [stdout] warning: unnecessary qualification
[INFO] [stdout]    --> src/lib.rs:386:46
[INFO] [stdout]     |
[INFO] [stdout] 386 |         D: IntoIterator<Item = HttpOption> + std::fmt::Debug,
[INFO] [stdout]     |                                              ^^^^^^^^^^^^^^^
[INFO] [stdout]     |
[INFO] [stdout] help: remove the unnecessary path segments
[INFO] [stdout]     |
[INFO] [stdout] 386 -         D: IntoIterator<Item = HttpOption> + std::fmt::Debug,
[INFO] [stdout] 386 +         D: IntoIterator<Item = HttpOption> + fmt::Debug,
[INFO] [stdout]     |
[INFO] [stdout] 
[INFO] [stdout] 
[INFO] [stdout] warning: unnecessary qualification
[INFO] [stdout]    --> src/lib.rs:387:24
[INFO] [stdout]     |
[INFO] [stdout] 387 |         T: Serialize + std::fmt::Debug,
[INFO] [stdout]     |                        ^^^^^^^^^^^^^^^
[INFO] [stdout]     |
[INFO] [stdout] help: remove the unnecessary path segments
[INFO] [stdout]     |
[INFO] [stdout] 387 -         T: Serialize + std::fmt::Debug,
[INFO] [stdout] 387 +         T: Serialize + fmt::Debug,
[INFO] [stdout]     |
[INFO] [stdout] 
[INFO] [stdout] 
[INFO] [stdout] warning: unnecessary qualification
[INFO] [stdout]    --> src/lib.rs:437:46
[INFO] [stdout]     |
[INFO] [stdout] 437 |         D: IntoIterator<Item = HttpOption> + std::fmt::Debug,
[INFO] [stdout]     |                                              ^^^^^^^^^^^^^^^
[INFO] [stdout]     |
[INFO] [stdout] help: remove the unnecessary path segments
[INFO] [stdout]     |
[INFO] [stdout] 437 -         D: IntoIterator<Item = HttpOption> + std::fmt::Debug,
[INFO] [stdout] 437 +         D: IntoIterator<Item = HttpOption> + fmt::Debug,
[INFO] [stdout]     |
[INFO] [stdout] 
[INFO] [stdout] 
[INFO] [stdout] warning: unnecessary qualification
[INFO] [stdout]    --> src/lib.rs:438:24
[INFO] [stdout]     |
[INFO] [stdout] 438 |         T: Serialize + std::fmt::Debug,
[INFO] [stdout]     |                        ^^^^^^^^^^^^^^^
[INFO] [stdout]     |
[INFO] [stdout] help: remove the unnecessary path segments
[INFO] [stdout]     |
[INFO] [stdout] 438 -         T: Serialize + std::fmt::Debug,
[INFO] [stdout] 438 +         T: Serialize + fmt::Debug,
[INFO] [stdout]     |
[INFO] [stdout] 
[INFO] [stdout] 
[INFO] [stdout] warning: unnecessary qualification
[INFO] [stdout]    --> src/lib.rs:485:46
[INFO] [stdout]     |
[INFO] [stdout] 485 |         D: IntoIterator<Item = HttpOption> + std::fmt::Debug,
[INFO] [stdout]     |                                              ^^^^^^^^^^^^^^^
[INFO] [stdout]     |
[INFO] [stdout] help: remove the unnecessary path segments
[INFO] [stdout]     |
[INFO] [stdout] 485 -         D: IntoIterator<Item = HttpOption> + std::fmt::Debug,
[INFO] [stdout] 485 +         D: IntoIterator<Item = HttpOption> + fmt::Debug,
[INFO] [stdout]     |
[INFO] [stdout] 
[INFO] [stdout] 
[INFO] [stdout] warning: unnecessary qualification
[INFO] [stdout]    --> src/lib.rs:486:24
[INFO] [stdout]     |
[INFO] [stdout] 486 |         T: Serialize + std::fmt::Debug,
[INFO] [stdout]     |                        ^^^^^^^^^^^^^^^
[INFO] [stdout]     |
[INFO] [stdout] help: remove the unnecessary path segments
[INFO] [stdout]     |
[INFO] [stdout] 486 -         T: Serialize + std::fmt::Debug,
[INFO] [stdout] 486 +         T: Serialize + fmt::Debug,
[INFO] [stdout]     |
[INFO] [stdout] 
[INFO] [stdout] 
[INFO] [stdout] warning: unnecessary qualification
[INFO] [stdout]    --> src/lib.rs:538:54
[INFO] [stdout]     |
[INFO] [stdout] 538 |         D: IntoIterator<Item = HttpOption> + Clone + std::fmt::Debug,
[INFO] [stdout]     |                                                      ^^^^^^^^^^^^^^^
[INFO] [stdout]     |
[INFO] [stdout] help: remove the unnecessary path segments
[INFO] [stdout]     |
[INFO] [stdout] 538 -         D: IntoIterator<Item = HttpOption> + Clone + std::fmt::Debug,
[INFO] [stdout] 538 +         D: IntoIterator<Item = HttpOption> + Clone + fmt::Debug,
[INFO] [stdout]     |
[INFO] [stdout] 
[INFO] [stdout] 
[INFO] [stderr]     Finished `test` profile [unoptimized + debuginfo] target(s) in 1m 05s
[INFO] running `Command { std: "docker" "inspect" "820e568202085e9cea80ae3fe25f734f4bd9a8fd66b861d1f869db5820b9d936", kill_on_drop: false }`
[INFO] running `Command { std: "docker" "rm" "-f" "820e568202085e9cea80ae3fe25f734f4bd9a8fd66b861d1f869db5820b9d936", kill_on_drop: false }`
[INFO] [stdout] 820e568202085e9cea80ae3fe25f734f4bd9a8fd66b861d1f869db5820b9d936
[INFO] running `Command { std: "docker" "create" "-v" "/var/lib/crater-agent-workspace/builds/worker-0-tc2/target:/opt/rustwide/target:rw,Z" "-v" "/var/lib/crater-agent-workspace/builds/worker-0-tc2/source:/opt/rustwide/workdir:ro,Z" "-v" "/var/lib/crater-agent-workspace/cargo-home:/opt/rustwide/cargo-home:ro,Z" "-v" "/var/lib/crater-agent-workspace/rustup-home:/opt/rustwide/rustup-home:ro,Z" "-e" "SOURCE_DIR=/opt/rustwide/workdir" "-e" "CARGO_TARGET_DIR=/opt/rustwide/target" "-e" "CARGO_INCREMENTAL=0" "-e" "RUST_BACKTRACE=full" "-e" "RUSTFLAGS=--cap-lints=warn" "-e" "RUSTDOCFLAGS=--cap-lints=warn" "-e" "CARGO_HOME=/opt/rustwide/cargo-home" "-e" "RUSTUP_HOME=/opt/rustwide/rustup-home" "-w" "/opt/rustwide/workdir" "-m" "1610612736" "--user" "0:0" "--network" "none" "ghcr.io/rust-lang/crates-build-env/linux@sha256:f3a9d4ad9d972b27faf3965f35b62e55ba32bbce8f20bc8fe909558a86702fde" "/opt/rustwide/cargo-home/bin/cargo" "+beta-2024-12-08" "test" "--frozen", kill_on_drop: false }`
[INFO] [stdout] 7ca92543a666d60187e736726978abbb381656a19eafa005b5aab4eaa8e8ec38
[INFO] running `Command { std: "docker" "start" "-a" "7ca92543a666d60187e736726978abbb381656a19eafa005b5aab4eaa8e8ec38", kill_on_drop: false }`
[INFO] [stderr] warning: unnecessary qualification
[INFO] [stderr]    --> src/lib.rs:146:50
[INFO] [stderr]     |
[INFO] [stderr] 146 |     D: IntoIterator<Item = HttpOption> + Clone + std::fmt::Debug,
[INFO] [stderr]     |                                                  ^^^^^^^^^^^^^^^
[INFO] [stderr]     |
[INFO] [stderr] note: the lint level is defined here
[INFO] [stderr]    --> src/lib.rs:22:5
[INFO] [stderr]     |
[INFO] [stderr] 22  |     unused_qualifications,
[INFO] [stderr]     |     ^^^^^^^^^^^^^^^^^^^^^
[INFO] [stderr] help: remove the unnecessary path segments
[INFO] [stderr]     |
[INFO] [stderr] 146 -     D: IntoIterator<Item = HttpOption> + Clone + std::fmt::Debug,
[INFO] [stderr] 146 +     D: IntoIterator<Item = HttpOption> + Clone + fmt::Debug,
[INFO] [stderr]     |
[INFO] [stderr] 
[INFO] [stderr] warning: unnecessary qualification
[INFO] [stderr]    --> src/lib.rs:290:46
[INFO] [stderr]     |
[INFO] [stderr] 290 |         D: IntoIterator<Item = HttpOption> + std::fmt::Debug,
[INFO] [stderr]     |                                              ^^^^^^^^^^^^^^^
[INFO] [stderr]     |
[INFO] [stderr] help: remove the unnecessary path segments
[INFO] [stderr]     |
[INFO] [stderr] 290 -         D: IntoIterator<Item = HttpOption> + std::fmt::Debug,
[INFO] [stderr] 290 +         D: IntoIterator<Item = HttpOption> + fmt::Debug,
[INFO] [stderr]     |
[INFO] [stderr] 
[INFO] [stderr] warning: unnecessary qualification
[INFO] [stderr]    --> src/lib.rs:339:46
[INFO] [stderr]     |
[INFO] [stderr] 339 |         D: IntoIterator<Item = HttpOption> + std::fmt::Debug,
[INFO] [stderr]     |                                              ^^^^^^^^^^^^^^^
[INFO] [stderr]     |
[INFO] [stderr] help: remove the unnecessary path segments
[INFO] [stderr]     |
[INFO] [stderr] 339 -         D: IntoIterator<Item = HttpOption> + std::fmt::Debug,
[INFO] [stderr] 339 +         D: IntoIterator<Item = HttpOption> + fmt::Debug,
[INFO] [stderr]     |
[INFO] [stderr] 
[INFO] [stderr] warning: unnecessary qualification
[INFO] [stderr]    --> src/lib.rs:340:24
[INFO] [stderr]     |
[INFO] [stderr] 340 |         T: Serialize + std::fmt::Debug,
[INFO] [stderr]     |                        ^^^^^^^^^^^^^^^
[INFO] [stderr]     |
[INFO] [stderr] help: remove the unnecessary path segments
[INFO] [stderr]     |
[INFO] [stderr] 340 -         T: Serialize + std::fmt::Debug,
[INFO] [stderr] 340 +         T: Serialize + fmt::Debug,
[INFO] [stderr]     |
[INFO] [stderr] 
[INFO] [stderr] warning: unnecessary qualification
[INFO] [stderr]    --> src/lib.rs:386:46
[INFO] [stderr]     |
[INFO] [stderr] 386 |         D: IntoIterator<Item = HttpOption> + std::fmt::Debug,
[INFO] [stderr]     |                                              ^^^^^^^^^^^^^^^
[INFO] [stderr]     |
[INFO] [stderr] help: remove the unnecessary path segments
[INFO] [stderr]     |
[INFO] [stderr] 386 -         D: IntoIterator<Item = HttpOption> + std::fmt::Debug,
[INFO] [stderr] 386 +         D: IntoIterator<Item = HttpOption> + fmt::Debug,
[INFO] [stderr]     |
[INFO] [stderr] 
[INFO] [stderr] warning: unnecessary qualification
[INFO] [stderr]    --> src/lib.rs:387:24
[INFO] [stderr]     |
[INFO] [stderr] 387 |         T: Serialize + std::fmt::Debug,
[INFO] [stderr]     |                        ^^^^^^^^^^^^^^^
[INFO] [stderr]     |
[INFO] [stderr] help: remove the unnecessary path segments
[INFO] [stderr]     |
[INFO] [stderr] 387 -         T: Serialize + std::fmt::Debug,
[INFO] [stderr] 387 +         T: Serialize + fmt::Debug,
[INFO] [stderr]     |
[INFO] [stderr] 
[INFO] [stderr] warning: unnecessary qualification
[INFO] [stderr]    --> src/lib.rs:437:46
[INFO] [stderr]     |
[INFO] [stderr] 437 |         D: IntoIterator<Item = HttpOption> + std::fmt::Debug,
[INFO] [stderr]     |                                              ^^^^^^^^^^^^^^^
[INFO] [stderr]     |
[INFO] [stderr] help: remove the unnecessary path segments
[INFO] [stderr]     |
[INFO] [stderr] 437 -         D: IntoIterator<Item = HttpOption> + std::fmt::Debug,
[INFO] [stderr] 437 +         D: IntoIterator<Item = HttpOption> + fmt::Debug,
[INFO] [stderr]     |
[INFO] [stderr] 
[INFO] [stderr] warning: unnecessary qualification
[INFO] [stderr]    --> src/lib.rs:438:24
[INFO] [stderr]     |
[INFO] [stderr] 438 |         T: Serialize + std::fmt::Debug,
[INFO] [stderr]     |                        ^^^^^^^^^^^^^^^
[INFO] [stderr]     |
[INFO] [stderr] help: remove the unnecessary path segments
[INFO] [stderr]     |
[INFO] [stderr] 438 -         T: Serialize + std::fmt::Debug,
[INFO] [stderr] 438 +         T: Serialize + fmt::Debug,
[INFO] [stderr]     |
[INFO] [stderr] 
[INFO] [stderr] warning: unnecessary qualification
[INFO] [stderr]    --> src/lib.rs:485:46
[INFO] [stderr]     |
[INFO] [stderr] 485 |         D: IntoIterator<Item = HttpOption> + std::fmt::Debug,
[INFO] [stderr]     |                                              ^^^^^^^^^^^^^^^
[INFO] [stderr]     |
[INFO] [stderr] help: remove the unnecessary path segments
[INFO] [stderr]     |
[INFO] [stderr] 485 -         D: IntoIterator<Item = HttpOption> + std::fmt::Debug,
[INFO] [stderr] 485 +         D: IntoIterator<Item = HttpOption> + fmt::Debug,
[INFO] [stderr]     |
[INFO] [stderr] 
[INFO] [stderr] warning: unnecessary qualification
[INFO] [stderr]    --> src/lib.rs:486:24
[INFO] [stderr]     |
[INFO] [stderr] 486 |         T: Serialize + std::fmt::Debug,
[INFO] [stderr]     |                        ^^^^^^^^^^^^^^^
[INFO] [stderr]     |
[INFO] [stderr] help: remove the unnecessary path segments
[INFO] [stderr]     |
[INFO] [stderr] 486 -         T: Serialize + std::fmt::Debug,
[INFO] [stderr] 486 +         T: Serialize + fmt::Debug,
[INFO] [stderr]     |
[INFO] [stderr] 
[INFO] [stderr] warning: unnecessary qualification
[INFO] [stderr]    --> src/lib.rs:538:54
[INFO] [stderr]     |
[INFO] [stderr] 538 |         D: IntoIterator<Item = HttpOption> + Clone + std::fmt::Debug,
[INFO] [stderr]     |                                                      ^^^^^^^^^^^^^^^
[INFO] [stderr]     |
[INFO] [stderr] help: remove the unnecessary path segments
[INFO] [stderr]     |
[INFO] [stderr] 538 -         D: IntoIterator<Item = HttpOption> + Clone + std::fmt::Debug,
[INFO] [stderr] 538 +         D: IntoIterator<Item = HttpOption> + Clone + fmt::Debug,
[INFO] [stderr]     |
[INFO] [stderr] 
[INFO] [stderr] warning: `fast42` (lib) generated 11 warnings (run `cargo fix --lib -p fast42` to apply 11 suggestions)
[INFO] [stderr] warning: `fast42` (lib test) generated 11 warnings (11 duplicates)
[INFO] [stderr]     Finished `test` profile [unoptimized + debuginfo] target(s) in 0.36s
[INFO] [stderr]      Running unittests src/lib.rs (/opt/rustwide/target/debug/deps/fast42-9044afd5cc572b87)
[INFO] [stdout] 
[INFO] [stdout] running 14 tests
[INFO] [stdout] test tests::test_format_options_multiple ... ok
[INFO] [stdout] test tests::test_format_options_one ... ok
[INFO] [stdout] test tests::test_format_options_none ... ok
[INFO] [stdout] test tests::test_get_access_token_cache_hit ... ok
[INFO] [stdout] test tests::test_patch ... ok
[INFO] [stdout] test tests::test_new ... ok
[INFO] [stdout] test tests::test_store_access_token_ok ... ok
[INFO] [stdout] test tests::test_put ... ok
[INFO] [stdout] test tests::test_get_all_pages ... ok
[INFO] [stdout] test tests::test_get ... ok
[INFO] [stdout] test tests::test_fetch_access_token_ok ... ok
[INFO] [stdout] test tests::test_get_access_token_cache_empty ... ok
[INFO] [stdout] test tests::test_post ... ok
[INFO] [stdout] test tests::test_delete ... ok
[INFO] [stderr]    Doc-tests fast42
[INFO] [stdout] 
[INFO] [stdout] test result: ok. 14 passed; 0 failed; 0 ignored; 0 measured; 0 filtered out; finished in 1.79s
[INFO] [stdout] 
[INFO] [stdout] 
[INFO] [stdout] running 10 tests
[INFO] [stdout] test src/lib.rs - Fast42::new (line 206) ... FAILED
[INFO] [stdout] test src/lib.rs - Fast42::get (line 267) ... FAILED
[INFO] [stdout] test src/lib.rs - Fast42::put (line 367) ... FAILED
[INFO] [stdout] test src/lib.rs - HttpOption (line 168) ... ok
[INFO] [stdout] test src/lib.rs - HttpOption::new (line 186) ... ok
[INFO] [stdout] test src/lib.rs - Fast42 (line 80) ... ok
[INFO] [stdout] test src/lib.rs - Fast42::delete (line 465) ... ok
[INFO] [stdout] test src/lib.rs - Fast42::get_all_pages (line 511) ... ok
[INFO] [stdout] test src/lib.rs - Fast42::post (line 315) ... ok
[INFO] [stdout] test src/lib.rs - Fast42::patch (line 412) ... ok
[INFO] [stdout] 
[INFO] [stdout] failures:
[INFO] [stdout] 
[INFO] [stdout] ---- src/lib.rs - Fast42::new (line 206) stdout ----
[INFO] [stdout] error: linking with `cc` failed: exit status: 1
[INFO] [stdout]   |
[INFO] [stdout]   = note: LC_ALL="C" PATH="/opt/rustwide/rustup-home/toolchains/beta-2024-12-08-x86_64-unknown-linux-gnu/lib/rustlib/x86_64-unknown-linux-gnu/bin:/opt/rustwide/cargo-home/bin:/usr/local/sbin:/usr/local/bin:/usr/sbin:/usr/bin:/sbin:/bin" VSLANG="1033" "cc" "-m64" "/tmp/rustcgKGOg3/symbols.o" "/tmp/rustdoctestVx1C5c/rust_out.rust_out.9242fac72db2cd11-cgu.0.rcgu.o" "/tmp/rustdoctestVx1C5c/rust_out.2hl2tb9xdtge7mguxzn2q1kvi.rcgu.o" "-Wl,--as-needed" "-Wl,-Bstatic" "/opt/rustwide/target/debug/deps/libfast42-6dd5c567f4a49e39.rlib" "/opt/rustwide/target/debug/deps/libtower-d52210e17eaa63cf.rlib" "/opt/rustwide/target/debug/deps/libpin_project-8d07d4b99735f72c.rlib" "/opt/rustwide/target/debug/deps/libhdrhistogram-7077483599cd19d0.rlib" "/opt/rustwide/target/debug/deps/libnum_traits-a59113f411f1b230.rlib" "/opt/rustwide/target/debug/deps/libtower_layer-8945467366ba7da8.rlib" "/opt/rustwide/target/debug/deps/libsecrecy-f349d02a3c0dcfd3.rlib" "/opt/rustwide/target/debug/deps/libzeroize-459f58460189fca3.rlib" "/opt/rustwide/target/debug/deps/libretainer-240628e670556c24.rlib" "/opt/rustwide/target/debug/deps/librand-1ef1fc25df5c8cce.rlib" "/opt/rustwide/target/debug/deps/librand_chacha-91391896ae31b7ab.rlib" "/opt/rustwide/target/debug/deps/libppv_lite86-6355e3a2f5357626.rlib" "/opt/rustwide/target/debug/deps/librand_core-6a7ba99b0a852e24.rlib" "/opt/rustwide/target/debug/deps/libasync_timer-b29c01473be5dda4.rlib" "/opt/rustwide/target/debug/deps/libasync_lock-1e65c664283a83da.rlib" "/opt/rustwide/target/debug/deps/libfutures_lite-33752074b3a4055f.rlib" "/opt/rustwide/target/debug/deps/libfastrand-94c70a216b334e0d.rlib" "/opt/rustwide/target/debug/deps/libwaker_fn-4e52375fdbfb8e06.rlib" "/opt/rustwide/target/debug/deps/libparking-558a8ab41cbf63b8.rlib" "/opt/rustwide/target/debug/deps/libevent_listener-76e2a18e8ad83b9d.rlib" "/opt/rustwide/target/debug/deps/libreqwest-98867e2a920982ee.rlib" "/opt/rustwide/target/debug/deps/libhyper_tls-7cc4e2f12262d0cc.rlib" "/opt/rustwide/target/debug/deps/libserde_urlencoded-0f962f0dbc6901af.rlib" "/opt/rustwide/target/debug/deps/libipnet-bdc9aab99c946370.rlib" "/opt/rustwide/target/debug/deps/libtokio_native_tls-b293835f22752500.rlib" "/opt/rustwide/target/debug/deps/libmime-d5b83fc07afe1071.rlib" "/opt/rustwide/target/debug/deps/libencoding_rs-e8565494bbe9703f.rlib" "/opt/rustwide/target/debug/deps/libserde_json-b64301857445e62e.rlib" "/opt/rustwide/target/debug/deps/libryu-f1ac1cda2d3cac1e.rlib" "/opt/rustwide/target/debug/deps/libbase64-fca76a9e376e88b4.rlib" "/opt/rustwide/target/debug/deps/libnative_tls-7fa24c7822fff27c.rlib" "/opt/rustwide/target/debug/deps/libopenssl_probe-ed1174850529d944.rlib" "/opt/rustwide/target/debug/deps/libopenssl-12c53c8a87c90fee.rlib" "/opt/rustwide/target/debug/deps/libbitflags-85e13ed1e0c6d910.rlib" "/opt/rustwide/target/debug/deps/libforeign_types-2619a4331d8b6eb7.rlib" "/opt/rustwide/target/debug/deps/libforeign_types_shared-c35523625cfd8702.rlib" "/opt/rustwide/target/debug/deps/libopenssl_sys-ada1c314e7d2182b.rlib" "/opt/rustwide/target/debug/deps/libhyper-d2a830d03c2e330d.rlib" "/opt/rustwide/target/debug/deps/libwant-d5ed79417c32ec31.rlib" "/opt/rustwide/target/debug/deps/libtry_lock-26ff910364847eb9.rlib" "/opt/rustwide/target/debug/deps/libhttparse-2dbc320ca65411a3.rlib" "/opt/rustwide/target/debug/deps/libh2-667e6806279af37f.rlib" "/opt/rustwide/target/debug/deps/libindexmap-89465488386a9644.rlib" "/opt/rustwide/target/debug/deps/libhashbrown-1853da8b3236a085.rlib" "/opt/rustwide/target/debug/deps/libahash-bf3af09aa7a5d717.rlib" "/opt/rustwide/target/debug/deps/libgetrandom-bfb90b506d781bb8.rlib" "/opt/rustwide/target/debug/deps/libtokio_util-8237e042a009a563.rlib" "/opt/rustwide/target/debug/deps/libtower_service-7daacb91dc19d256.rlib" "/opt/rustwide/target/debug/deps/libtokio-9e72f999d0477187.rlib" "/opt/rustwide/target/debug/deps/libsignal_hook_registry-de69bef9c08b09b0.rlib" "/opt/rustwide/target/debug/deps/libnum_cpus-3adee3a9b1c33b7e.rlib" "/opt/rustwide/target/debug/deps/libsocket2-830364a7bcefe377.rlib" "/opt/rustwide/target/debug/deps/libmio-8b3384bd9003fb6d.rlib" "/opt/rustwide/target/debug/deps/libparking_lot-a80e4b4ed9be246f.rlib" "/opt/rustwide/target/debug/deps/libparking_lot_core-088b8a22f1e76c93.rlib" "/opt/rustwide/target/debug/deps/liblibc-c55557f7f88b1291.rlib" "/opt/rustwide/target/debug/deps/libsmallvec-5f186dbb2829e135.rlib" "/opt/rustwide/target/debug/deps/liblock_api-7efc9c602b898216.rlib" "/opt/rustwide/target/debug/deps/libscopeguard-31f1b56a39f2a372.rlib" "/opt/rustwide/target/debug/deps/libhttp_body-b917b7b923adc8df.rlib" "/opt/rustwide/target/debug/deps/liburl-3e6d8de28232618c.rlib" "/opt/rustwide/target/debug/deps/libidna-9275361f8a60ff75.rlib" "/opt/rustwide/target/debug/deps/libunicode_normalization-0fe7b98e70157591.rlib" "/opt/rustwide/target/debug/deps/libtinyvec-e7dc63e82263080a.rlib" "/opt/rustwide/target/debug/deps/libtinyvec_macros-2b90caf71be257df.rlib" "/opt/rustwide/target/debug/deps/libunicode_bidi-dff3380632f62c6d.rlib" "/opt/rustwide/target/debug/deps/libform_urlencoded-235d018212c9e680.rlib" "/opt/rustwide/target/debug/deps/libpercent_encoding-e756c5d84088c93d.rlib" "/opt/rustwide/target/debug/deps/libhttp-82007845712864fb.rlib" "/opt/rustwide/target/debug/deps/libitoa-0907925ccea3b058.rlib" "/opt/rustwide/target/debug/deps/libbytes-34a79b63f509580e.rlib" "/opt/rustwide/target/debug/deps/libfnv-953831fe314029b4.rlib" "/opt/rustwide/target/debug/deps/libfutures-3e91ddd53c07c237.rlib" "/opt/rustwide/target/debug/deps/libfutures_executor-51a1ddc18a7573e1.rlib" "/opt/rustwide/target/debug/deps/libfutures_util-161a555c6c9ba6c5.rlib" "/opt/rustwide/target/debug/deps/libmemchr-33d05ae5bba76030.rlib" "/opt/rustwide/target/debug/deps/libfutures_io-3b3e365fad361402.rlib" "/opt/rustwide/target/debug/deps/libslab-ce952e4d8ebf26c9.rlib" "/opt/rustwide/target/debug/deps/libfutures_channel-c827a68ec97defb0.rlib" "/opt/rustwide/target/debug/deps/libfutures_sink-f6f81dcf09ac6f27.rlib" "/opt/rustwide/target/debug/deps/libfutures_task-d6afa81cc27a2699.rlib" "/opt/rustwide/target/debug/deps/libpin_utils-e8360a4d12f71807.rlib" "/opt/rustwide/target/debug/deps/libfutures_core-4cf9cfe54bd3be8f.rlib" "/opt/rustwide/target/debug/deps/libtracing-81abe136402b9810.rlib" "/opt/rustwide/target/debug/deps/liblog-d15fdd76cb1d7294.rlib" "/opt/rustwide/target/debug/deps/libcfg_if-a3e7e701fcd1f47b.rlib" "/opt/rustwide/target/debug/deps/libpin_project_lite-2bf93d566738d750.rlib" "/opt/rustwide/target/debug/deps/libtracing_core-d048ef092aba9a6b.rlib" "/opt/rustwide/target/debug/deps/libonce_cell-ef1409d54228c1c0.rlib" "/opt/rustwide/target/debug/deps/libserde-d904ea50195ae228.rlib" "/opt/rustwide/rustup-home/toolchains/beta-2024-12-08-x86_64-unknown-linux-gnu/lib/rustlib/x86_64-unknown-linux-gnu/lib/libstd-02dc84f49135b6b8.rlib" "/opt/rustwide/rustup-home/toolchains/beta-2024-12-08-x86_64-unknown-linux-gnu/lib/rustlib/x86_64-unknown-linux-gnu/lib/libpanic_unwind-a8f45b397fae3f81.rlib" "/opt/rustwide/rustup-home/toolchains/beta-2024-12-08-x86_64-unknown-linux-gnu/lib/rustlib/x86_64-unknown-linux-gnu/lib/libobject-089607133c180609.rlib" "/opt/rustwide/rustup-home/toolchains/beta-2024-12-08-x86_64-unknown-linux-gnu/lib/rustlib/x86_64-unknown-linux-gnu/lib/libmemchr-fc89f091bcd86cbb.rlib" "/opt/rustwide/rustup-home/toolchains/beta-2024-12-08-x86_64-unknown-linux-gnu/lib/rustlib/x86_64-unknown-linux-gnu/lib/libaddr2line-5a60949f01c7340c.rlib" "/opt/rustwide/rustup-home/toolchains/beta-2024-12-08-x86_64-unknown-linux-gnu/lib/rustlib/x86_64-unknown-linux-gnu/lib/libgimli-d29e6a55ca253c8c.rlib" "/opt/rustwide/rustup-home/toolchains/beta-2024-12-08-x86_64-unknown-linux-gnu/lib/rustlib/x86_64-unknown-linux-gnu/lib/librustc_demangle-273c078d5f65de7a.rlib" "/opt/rustwide/rustup-home/toolchains/beta-2024-12-08-x86_64-unknown-linux-gnu/lib/rustlib/x86_64-unknown-linux-gnu/lib/libstd_detect-413c950ffbdd4454.rlib" "/opt/rustwide/rustup-home/toolchains/beta-2024-12-08-x86_64-unknown-linux-gnu/lib/rustlib/x86_64-unknown-linux-gnu/lib/libhashbrown-1853c0976a1d88a6.rlib" "/opt/rustwide/rustup-home/toolchains/beta-2024-12-08-x86_64-unknown-linux-gnu/lib/rustlib/x86_64-unknown-linux-gnu/lib/librustc_std_workspace_alloc-ccb3384ddacb0f9e.rlib" "/opt/rustwide/rustup-home/toolchains/beta-2024-12-08-x86_64-unknown-linux-gnu/lib/rustlib/x86_64-unknown-linux-gnu/lib/libminiz_oxide-0b901dfb0ca849e0.rlib" "/opt/rustwide/rustup-home/toolchains/beta-2024-12-08-x86_64-unknown-linux-gnu/lib/rustlib/x86_64-unknown-linux-gnu/lib/libadler-eebeb8d7c64543ad.rlib" "/opt/rustwide/rustup-home/toolchains/beta-2024-12-08-x86_64-unknown-linux-gnu/lib/rustlib/x86_64-unknown-linux-gnu/lib/libunwind-4723ef81d6079867.rlib" "/opt/rustwide/rustup-home/toolchains/beta-2024-12-08-x86_64-unknown-linux-gnu/lib/rustlib/x86_64-unknown-linux-gnu/lib/libcfg_if-54442f8b422f5a54.rlib" "/opt/rustwide/rustup-home/toolchains/beta-2024-12-08-x86_64-unknown-linux-gnu/lib/rustlib/x86_64-unknown-linux-gnu/lib/liblibc-e0bbe034b5282553.rlib" "/opt/rustwide/rustup-home/toolchains/beta-2024-12-08-x86_64-unknown-linux-gnu/lib/rustlib/x86_64-unknown-linux-gnu/lib/liballoc-d0febb68c1c37b90.rlib" "/opt/rustwide/rustup-home/toolchains/beta-2024-12-08-x86_64-unknown-linux-gnu/lib/rustlib/x86_64-unknown-linux-gnu/lib/librustc_std_workspace_core-4cf833632aafa84c.rlib" "/opt/rustwide/rustup-home/toolchains/beta-2024-12-08-x86_64-unknown-linux-gnu/lib/rustlib/x86_64-unknown-linux-gnu/lib/libcore-65c2c6d2d6ae570b.rlib" "/opt/rustwide/rustup-home/toolchains/beta-2024-12-08-x86_64-unknown-linux-gnu/lib/rustlib/x86_64-unknown-linux-gnu/lib/libcompiler_builtins-97929cee0dcfe424.rlib" "-Wl,-Bdynamic" "-lssl" "-lcrypto" "-lgcc_s" "-lutil" "-lrt" "-lpthread" "-lm" "-ldl" "-lc" "-Wl,--eh-frame-hdr" "-Wl,-z,noexecstack" "-L" "/opt/rustwide/rustup-home/toolchains/beta-2024-12-08-x86_64-unknown-linux-gnu/lib/rustlib/x86_64-unknown-linux-gnu/lib" "-o" "/tmp/rustdoctestVx1C5c/rust_out" "-Wl,--gc-sections" "-pie" "-Wl,-z,relro,-z,now" "-nodefaultlibs"
[INFO] [stdout]   = note: collect2: fatal error: ld terminated with signal 9 [Killed]
[INFO] [stdout]           compilation terminated.
[INFO] [stdout]           
[INFO] [stdout] 
[INFO] [stdout] error: aborting due to 1 previous error
[INFO] [stdout] 
[INFO] [stdout] Couldn't compile the test.
[INFO] [stdout] ---- src/lib.rs - Fast42::get (line 267) stdout ----
[INFO] [stdout] error: linking with `cc` failed: exit status: 1
[INFO] [stdout]   |
[INFO] [stdout]   = note: LC_ALL="C" PATH="/opt/rustwide/rustup-home/toolchains/beta-2024-12-08-x86_64-unknown-linux-gnu/lib/rustlib/x86_64-unknown-linux-gnu/bin:/opt/rustwide/cargo-home/bin:/usr/local/sbin:/usr/local/bin:/usr/sbin:/usr/bin:/sbin:/bin" VSLANG="1033" "cc" "-m64" "/tmp/rustcgx87n9/symbols.o" "/tmp/rustdoctestvdGPoJ/rust_out.rust_out.9242fac72db2cd11-cgu.0.rcgu.o" "/tmp/rustdoctestvdGPoJ/rust_out.2hl2tb9xdtge7mguxzn2q1kvi.rcgu.o" "-Wl,--as-needed" "-Wl,-Bstatic" "/opt/rustwide/target/debug/deps/libfast42-6dd5c567f4a49e39.rlib" "/opt/rustwide/target/debug/deps/libtower-d52210e17eaa63cf.rlib" "/opt/rustwide/target/debug/deps/libpin_project-8d07d4b99735f72c.rlib" "/opt/rustwide/target/debug/deps/libhdrhistogram-7077483599cd19d0.rlib" "/opt/rustwide/target/debug/deps/libnum_traits-a59113f411f1b230.rlib" "/opt/rustwide/target/debug/deps/libtower_layer-8945467366ba7da8.rlib" "/opt/rustwide/target/debug/deps/libsecrecy-f349d02a3c0dcfd3.rlib" "/opt/rustwide/target/debug/deps/libzeroize-459f58460189fca3.rlib" "/opt/rustwide/target/debug/deps/libretainer-240628e670556c24.rlib" "/opt/rustwide/target/debug/deps/librand-1ef1fc25df5c8cce.rlib" "/opt/rustwide/target/debug/deps/librand_chacha-91391896ae31b7ab.rlib" "/opt/rustwide/target/debug/deps/libppv_lite86-6355e3a2f5357626.rlib" "/opt/rustwide/target/debug/deps/librand_core-6a7ba99b0a852e24.rlib" "/opt/rustwide/target/debug/deps/libasync_timer-b29c01473be5dda4.rlib" "/opt/rustwide/target/debug/deps/libasync_lock-1e65c664283a83da.rlib" "/opt/rustwide/target/debug/deps/libfutures_lite-33752074b3a4055f.rlib" "/opt/rustwide/target/debug/deps/libfastrand-94c70a216b334e0d.rlib" "/opt/rustwide/target/debug/deps/libwaker_fn-4e52375fdbfb8e06.rlib" "/opt/rustwide/target/debug/deps/libparking-558a8ab41cbf63b8.rlib" "/opt/rustwide/target/debug/deps/libevent_listener-76e2a18e8ad83b9d.rlib" "/opt/rustwide/target/debug/deps/libreqwest-98867e2a920982ee.rlib" "/opt/rustwide/target/debug/deps/libhyper_tls-7cc4e2f12262d0cc.rlib" "/opt/rustwide/target/debug/deps/libserde_urlencoded-0f962f0dbc6901af.rlib" "/opt/rustwide/target/debug/deps/libipnet-bdc9aab99c946370.rlib" "/opt/rustwide/target/debug/deps/libtokio_native_tls-b293835f22752500.rlib" "/opt/rustwide/target/debug/deps/libmime-d5b83fc07afe1071.rlib" "/opt/rustwide/target/debug/deps/libencoding_rs-e8565494bbe9703f.rlib" "/opt/rustwide/target/debug/deps/libserde_json-b64301857445e62e.rlib" "/opt/rustwide/target/debug/deps/libryu-f1ac1cda2d3cac1e.rlib" "/opt/rustwide/target/debug/deps/libbase64-fca76a9e376e88b4.rlib" "/opt/rustwide/target/debug/deps/libnative_tls-7fa24c7822fff27c.rlib" "/opt/rustwide/target/debug/deps/libopenssl_probe-ed1174850529d944.rlib" "/opt/rustwide/target/debug/deps/libopenssl-12c53c8a87c90fee.rlib" "/opt/rustwide/target/debug/deps/libbitflags-85e13ed1e0c6d910.rlib" "/opt/rustwide/target/debug/deps/libforeign_types-2619a4331d8b6eb7.rlib" "/opt/rustwide/target/debug/deps/libforeign_types_shared-c35523625cfd8702.rlib" "/opt/rustwide/target/debug/deps/libopenssl_sys-ada1c314e7d2182b.rlib" "/opt/rustwide/target/debug/deps/libhyper-d2a830d03c2e330d.rlib" "/opt/rustwide/target/debug/deps/libwant-d5ed79417c32ec31.rlib" "/opt/rustwide/target/debug/deps/libtry_lock-26ff910364847eb9.rlib" "/opt/rustwide/target/debug/deps/libhttparse-2dbc320ca65411a3.rlib" "/opt/rustwide/target/debug/deps/libh2-667e6806279af37f.rlib" "/opt/rustwide/target/debug/deps/libindexmap-89465488386a9644.rlib" "/opt/rustwide/target/debug/deps/libhashbrown-1853da8b3236a085.rlib" "/opt/rustwide/target/debug/deps/libahash-bf3af09aa7a5d717.rlib" "/opt/rustwide/target/debug/deps/libgetrandom-bfb90b506d781bb8.rlib" "/opt/rustwide/target/debug/deps/libtokio_util-8237e042a009a563.rlib" "/opt/rustwide/target/debug/deps/libtower_service-7daacb91dc19d256.rlib" "/opt/rustwide/target/debug/deps/libtokio-9e72f999d0477187.rlib" "/opt/rustwide/target/debug/deps/libsignal_hook_registry-de69bef9c08b09b0.rlib" "/opt/rustwide/target/debug/deps/libnum_cpus-3adee3a9b1c33b7e.rlib" "/opt/rustwide/target/debug/deps/libsocket2-830364a7bcefe377.rlib" "/opt/rustwide/target/debug/deps/libmio-8b3384bd9003fb6d.rlib" "/opt/rustwide/target/debug/deps/libparking_lot-a80e4b4ed9be246f.rlib" "/opt/rustwide/target/debug/deps/libparking_lot_core-088b8a22f1e76c93.rlib" "/opt/rustwide/target/debug/deps/liblibc-c55557f7f88b1291.rlib" "/opt/rustwide/target/debug/deps/libsmallvec-5f186dbb2829e135.rlib" "/opt/rustwide/target/debug/deps/liblock_api-7efc9c602b898216.rlib" "/opt/rustwide/target/debug/deps/libscopeguard-31f1b56a39f2a372.rlib" "/opt/rustwide/target/debug/deps/libhttp_body-b917b7b923adc8df.rlib" "/opt/rustwide/target/debug/deps/liburl-3e6d8de28232618c.rlib" "/opt/rustwide/target/debug/deps/libidna-9275361f8a60ff75.rlib" "/opt/rustwide/target/debug/deps/libunicode_normalization-0fe7b98e70157591.rlib" "/opt/rustwide/target/debug/deps/libtinyvec-e7dc63e82263080a.rlib" "/opt/rustwide/target/debug/deps/libtinyvec_macros-2b90caf71be257df.rlib" "/opt/rustwide/target/debug/deps/libunicode_bidi-dff3380632f62c6d.rlib" "/opt/rustwide/target/debug/deps/libform_urlencoded-235d018212c9e680.rlib" "/opt/rustwide/target/debug/deps/libpercent_encoding-e756c5d84088c93d.rlib" "/opt/rustwide/target/debug/deps/libhttp-82007845712864fb.rlib" "/opt/rustwide/target/debug/deps/libitoa-0907925ccea3b058.rlib" "/opt/rustwide/target/debug/deps/libbytes-34a79b63f509580e.rlib" "/opt/rustwide/target/debug/deps/libfnv-953831fe314029b4.rlib" "/opt/rustwide/target/debug/deps/libfutures-3e91ddd53c07c237.rlib" "/opt/rustwide/target/debug/deps/libfutures_executor-51a1ddc18a7573e1.rlib" "/opt/rustwide/target/debug/deps/libfutures_util-161a555c6c9ba6c5.rlib" "/opt/rustwide/target/debug/deps/libmemchr-33d05ae5bba76030.rlib" "/opt/rustwide/target/debug/deps/libfutures_io-3b3e365fad361402.rlib" "/opt/rustwide/target/debug/deps/libslab-ce952e4d8ebf26c9.rlib" "/opt/rustwide/target/debug/deps/libfutures_channel-c827a68ec97defb0.rlib" "/opt/rustwide/target/debug/deps/libfutures_sink-f6f81dcf09ac6f27.rlib" "/opt/rustwide/target/debug/deps/libfutures_task-d6afa81cc27a2699.rlib" "/opt/rustwide/target/debug/deps/libpin_utils-e8360a4d12f71807.rlib" "/opt/rustwide/target/debug/deps/libfutures_core-4cf9cfe54bd3be8f.rlib" "/opt/rustwide/target/debug/deps/libtracing-81abe136402b9810.rlib" "/opt/rustwide/target/debug/deps/liblog-d15fdd76cb1d7294.rlib" "/opt/rustwide/target/debug/deps/libcfg_if-a3e7e701fcd1f47b.rlib" "/opt/rustwide/target/debug/deps/libpin_project_lite-2bf93d566738d750.rlib" "/opt/rustwide/target/debug/deps/libtracing_core-d048ef092aba9a6b.rlib" "/opt/rustwide/target/debug/deps/libonce_cell-ef1409d54228c1c0.rlib" "/opt/rustwide/target/debug/deps/libserde-d904ea50195ae228.rlib" "/opt/rustwide/rustup-home/toolchains/beta-2024-12-08-x86_64-unknown-linux-gnu/lib/rustlib/x86_64-unknown-linux-gnu/lib/libstd-02dc84f49135b6b8.rlib" "/opt/rustwide/rustup-home/toolchains/beta-2024-12-08-x86_64-unknown-linux-gnu/lib/rustlib/x86_64-unknown-linux-gnu/lib/libpanic_unwind-a8f45b397fae3f81.rlib" "/opt/rustwide/rustup-home/toolchains/beta-2024-12-08-x86_64-unknown-linux-gnu/lib/rustlib/x86_64-unknown-linux-gnu/lib/libobject-089607133c180609.rlib" "/opt/rustwide/rustup-home/toolchains/beta-2024-12-08-x86_64-unknown-linux-gnu/lib/rustlib/x86_64-unknown-linux-gnu/lib/libmemchr-fc89f091bcd86cbb.rlib" "/opt/rustwide/rustup-home/toolchains/beta-2024-12-08-x86_64-unknown-linux-gnu/lib/rustlib/x86_64-unknown-linux-gnu/lib/libaddr2line-5a60949f01c7340c.rlib" "/opt/rustwide/rustup-home/toolchains/beta-2024-12-08-x86_64-unknown-linux-gnu/lib/rustlib/x86_64-unknown-linux-gnu/lib/libgimli-d29e6a55ca253c8c.rlib" "/opt/rustwide/rustup-home/toolchains/beta-2024-12-08-x86_64-unknown-linux-gnu/lib/rustlib/x86_64-unknown-linux-gnu/lib/librustc_demangle-273c078d5f65de7a.rlib" "/opt/rustwide/rustup-home/toolchains/beta-2024-12-08-x86_64-unknown-linux-gnu/lib/rustlib/x86_64-unknown-linux-gnu/lib/libstd_detect-413c950ffbdd4454.rlib" "/opt/rustwide/rustup-home/toolchains/beta-2024-12-08-x86_64-unknown-linux-gnu/lib/rustlib/x86_64-unknown-linux-gnu/lib/libhashbrown-1853c0976a1d88a6.rlib" "/opt/rustwide/rustup-home/toolchains/beta-2024-12-08-x86_64-unknown-linux-gnu/lib/rustlib/x86_64-unknown-linux-gnu/lib/librustc_std_workspace_alloc-ccb3384ddacb0f9e.rlib" "/opt/rustwide/rustup-home/toolchains/beta-2024-12-08-x86_64-unknown-linux-gnu/lib/rustlib/x86_64-unknown-linux-gnu/lib/libminiz_oxide-0b901dfb0ca849e0.rlib" "/opt/rustwide/rustup-home/toolchains/beta-2024-12-08-x86_64-unknown-linux-gnu/lib/rustlib/x86_64-unknown-linux-gnu/lib/libadler-eebeb8d7c64543ad.rlib" "/opt/rustwide/rustup-home/toolchains/beta-2024-12-08-x86_64-unknown-linux-gnu/lib/rustlib/x86_64-unknown-linux-gnu/lib/libunwind-4723ef81d6079867.rlib" "/opt/rustwide/rustup-home/toolchains/beta-2024-12-08-x86_64-unknown-linux-gnu/lib/rustlib/x86_64-unknown-linux-gnu/lib/libcfg_if-54442f8b422f5a54.rlib" "/opt/rustwide/rustup-home/toolchains/beta-2024-12-08-x86_64-unknown-linux-gnu/lib/rustlib/x86_64-unknown-linux-gnu/lib/liblibc-e0bbe034b5282553.rlib" "/opt/rustwide/rustup-home/toolchains/beta-2024-12-08-x86_64-unknown-linux-gnu/lib/rustlib/x86_64-unknown-linux-gnu/lib/liballoc-d0febb68c1c37b90.rlib" "/opt/rustwide/rustup-home/toolchains/beta-2024-12-08-x86_64-unknown-linux-gnu/lib/rustlib/x86_64-unknown-linux-gnu/lib/librustc_std_workspace_core-4cf833632aafa84c.rlib" "/opt/rustwide/rustup-home/toolchains/beta-2024-12-08-x86_64-unknown-linux-gnu/lib/rustlib/x86_64-unknown-linux-gnu/lib/libcore-65c2c6d2d6ae570b.rlib" "/opt/rustwide/rustup-home/toolchains/beta-2024-12-08-x86_64-unknown-linux-gnu/lib/rustlib/x86_64-unknown-linux-gnu/lib/libcompiler_builtins-97929cee0dcfe424.rlib" "-Wl,-Bdynamic" "-lssl" "-lcrypto" "-lgcc_s" "-lutil" "-lrt" "-lpthread" "-lm" "-ldl" "-lc" "-Wl,--eh-frame-hdr" "-Wl,-z,noexecstack" "-L" "/opt/rustwide/rustup-home/toolchains/beta-2024-12-08-x86_64-unknown-linux-gnu/lib/rustlib/x86_64-unknown-linux-gnu/lib" "-o" "/tmp/rustdoctestvdGPoJ/rust_out" "-Wl,--gc-sections" "-pie" "-Wl,-z,relro,-z,now" "-nodefaultlibs"
[INFO] [stdout]   = note: collect2: fatal error: ld terminated with signal 9 [Killed]
[INFO] [stdout]           compilation terminated.
[INFO] [stdout]           
[INFO] [stdout] 
[INFO] [stdout] error: aborting due to 1 previous error
[INFO] [stdout] 
[INFO] [stdout] Couldn't compile the test.
[INFO] [stdout] ---- src/lib.rs - Fast42::put (line 367) stdout ----
[INFO] [stdout] error: linking with `cc` failed: exit status: 1
[INFO] [stdout]   |
[INFO] [stdout]   = note: LC_ALL="C" PATH="/opt/rustwide/rustup-home/toolchains/beta-2024-12-08-x86_64-unknown-linux-gnu/lib/rustlib/x86_64-unknown-linux-gnu/bin:/opt/rustwide/cargo-home/bin:/usr/local/sbin:/usr/local/bin:/usr/sbin:/usr/bin:/sbin:/bin" VSLANG="1033" "cc" "-m64" "/tmp/rustcOHKnuu/symbols.o" "/tmp/rustdoctesteUtgpL/rust_out.rust_out.9242fac72db2cd11-cgu.0.rcgu.o" "/tmp/rustdoctesteUtgpL/rust_out.2hl2tb9xdtge7mguxzn2q1kvi.rcgu.o" "-Wl,--as-needed" "-Wl,-Bstatic" "/opt/rustwide/target/debug/deps/libfast42-6dd5c567f4a49e39.rlib" "/opt/rustwide/target/debug/deps/libtower-d52210e17eaa63cf.rlib" "/opt/rustwide/target/debug/deps/libpin_project-8d07d4b99735f72c.rlib" "/opt/rustwide/target/debug/deps/libhdrhistogram-7077483599cd19d0.rlib" "/opt/rustwide/target/debug/deps/libnum_traits-a59113f411f1b230.rlib" "/opt/rustwide/target/debug/deps/libtower_layer-8945467366ba7da8.rlib" "/opt/rustwide/target/debug/deps/libsecrecy-f349d02a3c0dcfd3.rlib" "/opt/rustwide/target/debug/deps/libzeroize-459f58460189fca3.rlib" "/opt/rustwide/target/debug/deps/libretainer-240628e670556c24.rlib" "/opt/rustwide/target/debug/deps/librand-1ef1fc25df5c8cce.rlib" "/opt/rustwide/target/debug/deps/librand_chacha-91391896ae31b7ab.rlib" "/opt/rustwide/target/debug/deps/libppv_lite86-6355e3a2f5357626.rlib" "/opt/rustwide/target/debug/deps/librand_core-6a7ba99b0a852e24.rlib" "/opt/rustwide/target/debug/deps/libasync_timer-b29c01473be5dda4.rlib" "/opt/rustwide/target/debug/deps/libasync_lock-1e65c664283a83da.rlib" "/opt/rustwide/target/debug/deps/libfutures_lite-33752074b3a4055f.rlib" "/opt/rustwide/target/debug/deps/libfastrand-94c70a216b334e0d.rlib" "/opt/rustwide/target/debug/deps/libwaker_fn-4e52375fdbfb8e06.rlib" "/opt/rustwide/target/debug/deps/libparking-558a8ab41cbf63b8.rlib" "/opt/rustwide/target/debug/deps/libevent_listener-76e2a18e8ad83b9d.rlib" "/opt/rustwide/target/debug/deps/libreqwest-98867e2a920982ee.rlib" "/opt/rustwide/target/debug/deps/libhyper_tls-7cc4e2f12262d0cc.rlib" "/opt/rustwide/target/debug/deps/libserde_urlencoded-0f962f0dbc6901af.rlib" "/opt/rustwide/target/debug/deps/libipnet-bdc9aab99c946370.rlib" "/opt/rustwide/target/debug/deps/libtokio_native_tls-b293835f22752500.rlib" "/opt/rustwide/target/debug/deps/libmime-d5b83fc07afe1071.rlib" "/opt/rustwide/target/debug/deps/libencoding_rs-e8565494bbe9703f.rlib" "/opt/rustwide/target/debug/deps/libserde_json-b64301857445e62e.rlib" "/opt/rustwide/target/debug/deps/libryu-f1ac1cda2d3cac1e.rlib" "/opt/rustwide/target/debug/deps/libbase64-fca76a9e376e88b4.rlib" "/opt/rustwide/target/debug/deps/libnative_tls-7fa24c7822fff27c.rlib" "/opt/rustwide/target/debug/deps/libopenssl_probe-ed1174850529d944.rlib" "/opt/rustwide/target/debug/deps/libopenssl-12c53c8a87c90fee.rlib" "/opt/rustwide/target/debug/deps/libbitflags-85e13ed1e0c6d910.rlib" "/opt/rustwide/target/debug/deps/libforeign_types-2619a4331d8b6eb7.rlib" "/opt/rustwide/target/debug/deps/libforeign_types_shared-c35523625cfd8702.rlib" "/opt/rustwide/target/debug/deps/libopenssl_sys-ada1c314e7d2182b.rlib" "/opt/rustwide/target/debug/deps/libhyper-d2a830d03c2e330d.rlib" "/opt/rustwide/target/debug/deps/libwant-d5ed79417c32ec31.rlib" "/opt/rustwide/target/debug/deps/libtry_lock-26ff910364847eb9.rlib" "/opt/rustwide/target/debug/deps/libhttparse-2dbc320ca65411a3.rlib" "/opt/rustwide/target/debug/deps/libh2-667e6806279af37f.rlib" "/opt/rustwide/target/debug/deps/libindexmap-89465488386a9644.rlib" "/opt/rustwide/target/debug/deps/libhashbrown-1853da8b3236a085.rlib" "/opt/rustwide/target/debug/deps/libahash-bf3af09aa7a5d717.rlib" "/opt/rustwide/target/debug/deps/libgetrandom-bfb90b506d781bb8.rlib" "/opt/rustwide/target/debug/deps/libtokio_util-8237e042a009a563.rlib" "/opt/rustwide/target/debug/deps/libtower_service-7daacb91dc19d256.rlib" "/opt/rustwide/target/debug/deps/libtokio-9e72f999d0477187.rlib" "/opt/rustwide/target/debug/deps/libsignal_hook_registry-de69bef9c08b09b0.rlib" "/opt/rustwide/target/debug/deps/libnum_cpus-3adee3a9b1c33b7e.rlib" "/opt/rustwide/target/debug/deps/libsocket2-830364a7bcefe377.rlib" "/opt/rustwide/target/debug/deps/libmio-8b3384bd9003fb6d.rlib" "/opt/rustwide/target/debug/deps/libparking_lot-a80e4b4ed9be246f.rlib" "/opt/rustwide/target/debug/deps/libparking_lot_core-088b8a22f1e76c93.rlib" "/opt/rustwide/target/debug/deps/liblibc-c55557f7f88b1291.rlib" "/opt/rustwide/target/debug/deps/libsmallvec-5f186dbb2829e135.rlib" "/opt/rustwide/target/debug/deps/liblock_api-7efc9c602b898216.rlib" "/opt/rustwide/target/debug/deps/libscopeguard-31f1b56a39f2a372.rlib" "/opt/rustwide/target/debug/deps/libhttp_body-b917b7b923adc8df.rlib" "/opt/rustwide/target/debug/deps/liburl-3e6d8de28232618c.rlib" "/opt/rustwide/target/debug/deps/libidna-9275361f8a60ff75.rlib" "/opt/rustwide/target/debug/deps/libunicode_normalization-0fe7b98e70157591.rlib" "/opt/rustwide/target/debug/deps/libtinyvec-e7dc63e82263080a.rlib" "/opt/rustwide/target/debug/deps/libtinyvec_macros-2b90caf71be257df.rlib" "/opt/rustwide/target/debug/deps/libunicode_bidi-dff3380632f62c6d.rlib" "/opt/rustwide/target/debug/deps/libform_urlencoded-235d018212c9e680.rlib" "/opt/rustwide/target/debug/deps/libpercent_encoding-e756c5d84088c93d.rlib" "/opt/rustwide/target/debug/deps/libhttp-82007845712864fb.rlib" "/opt/rustwide/target/debug/deps/libitoa-0907925ccea3b058.rlib" "/opt/rustwide/target/debug/deps/libbytes-34a79b63f509580e.rlib" "/opt/rustwide/target/debug/deps/libfnv-953831fe314029b4.rlib" "/opt/rustwide/target/debug/deps/libfutures-3e91ddd53c07c237.rlib" "/opt/rustwide/target/debug/deps/libfutures_executor-51a1ddc18a7573e1.rlib" "/opt/rustwide/target/debug/deps/libfutures_util-161a555c6c9ba6c5.rlib" "/opt/rustwide/target/debug/deps/libmemchr-33d05ae5bba76030.rlib" "/opt/rustwide/target/debug/deps/libfutures_io-3b3e365fad361402.rlib" "/opt/rustwide/target/debug/deps/libslab-ce952e4d8ebf26c9.rlib" "/opt/rustwide/target/debug/deps/libfutures_channel-c827a68ec97defb0.rlib" "/opt/rustwide/target/debug/deps/libfutures_sink-f6f81dcf09ac6f27.rlib" "/opt/rustwide/target/debug/deps/libfutures_task-d6afa81cc27a2699.rlib" "/opt/rustwide/target/debug/deps/libpin_utils-e8360a4d12f71807.rlib" "/opt/rustwide/target/debug/deps/libfutures_core-4cf9cfe54bd3be8f.rlib" "/opt/rustwide/target/debug/deps/libtracing-81abe136402b9810.rlib" "/opt/rustwide/target/debug/deps/liblog-d15fdd76cb1d7294.rlib" "/opt/rustwide/target/debug/deps/libcfg_if-a3e7e701fcd1f47b.rlib" "/opt/rustwide/target/debug/deps/libpin_project_lite-2bf93d566738d750.rlib" "/opt/rustwide/target/debug/deps/libtracing_core-d048ef092aba9a6b.rlib" "/opt/rustwide/target/debug/deps/libonce_cell-ef1409d54228c1c0.rlib" "/opt/rustwide/target/debug/deps/libserde-d904ea50195ae228.rlib" "/opt/rustwide/rustup-home/toolchains/beta-2024-12-08-x86_64-unknown-linux-gnu/lib/rustlib/x86_64-unknown-linux-gnu/lib/libstd-02dc84f49135b6b8.rlib" "/opt/rustwide/rustup-home/toolchains/beta-2024-12-08-x86_64-unknown-linux-gnu/lib/rustlib/x86_64-unknown-linux-gnu/lib/libpanic_unwind-a8f45b397fae3f81.rlib" "/opt/rustwide/rustup-home/toolchains/beta-2024-12-08-x86_64-unknown-linux-gnu/lib/rustlib/x86_64-unknown-linux-gnu/lib/libobject-089607133c180609.rlib" "/opt/rustwide/rustup-home/toolchains/beta-2024-12-08-x86_64-unknown-linux-gnu/lib/rustlib/x86_64-unknown-linux-gnu/lib/libmemchr-fc89f091bcd86cbb.rlib" "/opt/rustwide/rustup-home/toolchains/beta-2024-12-08-x86_64-unknown-linux-gnu/lib/rustlib/x86_64-unknown-linux-gnu/lib/libaddr2line-5a60949f01c7340c.rlib" "/opt/rustwide/rustup-home/toolchains/beta-2024-12-08-x86_64-unknown-linux-gnu/lib/rustlib/x86_64-unknown-linux-gnu/lib/libgimli-d29e6a55ca253c8c.rlib" "/opt/rustwide/rustup-home/toolchains/beta-2024-12-08-x86_64-unknown-linux-gnu/lib/rustlib/x86_64-unknown-linux-gnu/lib/librustc_demangle-273c078d5f65de7a.rlib" "/opt/rustwide/rustup-home/toolchains/beta-2024-12-08-x86_64-unknown-linux-gnu/lib/rustlib/x86_64-unknown-linux-gnu/lib/libstd_detect-413c950ffbdd4454.rlib" "/opt/rustwide/rustup-home/toolchains/beta-2024-12-08-x86_64-unknown-linux-gnu/lib/rustlib/x86_64-unknown-linux-gnu/lib/libhashbrown-1853c0976a1d88a6.rlib" "/opt/rustwide/rustup-home/toolchains/beta-2024-12-08-x86_64-unknown-linux-gnu/lib/rustlib/x86_64-unknown-linux-gnu/lib/librustc_std_workspace_alloc-ccb3384ddacb0f9e.rlib" "/opt/rustwide/rustup-home/toolchains/beta-2024-12-08-x86_64-unknown-linux-gnu/lib/rustlib/x86_64-unknown-linux-gnu/lib/libminiz_oxide-0b901dfb0ca849e0.rlib" "/opt/rustwide/rustup-home/toolchains/beta-2024-12-08-x86_64-unknown-linux-gnu/lib/rustlib/x86_64-unknown-linux-gnu/lib/libadler-eebeb8d7c64543ad.rlib" "/opt/rustwide/rustup-home/toolchains/beta-2024-12-08-x86_64-unknown-linux-gnu/lib/rustlib/x86_64-unknown-linux-gnu/lib/libunwind-4723ef81d6079867.rlib" "/opt/rustwide/rustup-home/toolchains/beta-2024-12-08-x86_64-unknown-linux-gnu/lib/rustlib/x86_64-unknown-linux-gnu/lib/libcfg_if-54442f8b422f5a54.rlib" "/opt/rustwide/rustup-home/toolchains/beta-2024-12-08-x86_64-unknown-linux-gnu/lib/rustlib/x86_64-unknown-linux-gnu/lib/liblibc-e0bbe034b5282553.rlib" "/opt/rustwide/rustup-home/toolchains/beta-2024-12-08-x86_64-unknown-linux-gnu/lib/rustlib/x86_64-unknown-linux-gnu/lib/liballoc-d0febb68c1c37b90.rlib" "/opt/rustwide/rustup-home/toolchains/beta-2024-12-08-x86_64-unknown-linux-gnu/lib/rustlib/x86_64-unknown-linux-gnu/lib/librustc_std_workspace_core-4cf833632aafa84c.rlib" "/opt/rustwide/rustup-home/toolchains/beta-2024-12-08-x86_64-unknown-linux-gnu/lib/rustlib/x86_64-unknown-linux-gnu/lib/libcore-65c2c6d2d6ae570b.rlib" "/opt/rustwide/rustup-home/toolchains/beta-2024-12-08-x86_64-unknown-linux-gnu/lib/rustlib/x86_64-unknown-linux-gnu/lib/libcompiler_builtins-97929cee0dcfe424.rlib" "-Wl,-Bdynamic" "-lssl" "-lcrypto" "-lgcc_s" "-lutil" "-lrt" "-lpthread" "-lm" "-ldl" "-lc" "-Wl,--eh-frame-hdr" "-Wl,-z,noexecstack" "-L" "/opt/rustwide/rustup-home/toolchains/beta-2024-12-08-x86_64-unknown-linux-gnu/lib/rustlib/x86_64-unknown-linux-gnu/lib" "-o" "/tmp/rustdoctesteUtgpL/rust_out" "-Wl,--gc-sections" "-pie" "-Wl,-z,relro,-z,now" "-nodefaultlibs"
[INFO] [stdout]   = note: collect2: fatal error: ld terminated with signal 9 [Killed]
[INFO] [stdout]           compilation terminated.
[INFO] [stdout]           
[INFO] [stdout] 
[INFO] [stdout] error: aborting due to 1 previous error
[INFO] [stdout] 
[INFO] [stdout] Couldn't compile the test.
[INFO] [stdout] 
[INFO] [stdout] failures:
[INFO] [stdout]     src/lib.rs - Fast42::get (line 267)
[INFO] [stdout]     src/lib.rs - Fast42::new (line 206)
[INFO] [stdout]     src/lib.rs - Fast42::put (line 367)
[INFO] [stdout] 
[INFO] [stdout] test result: FAILED. 7 passed; 3 failed; 0 ignored; 0 measured; 0 filtered out; finished in 22.57s
[INFO] [stdout] 
[INFO] [stderr] error: doctest failed, to rerun pass `--doc`
[INFO] running `Command { std: "docker" "inspect" "7ca92543a666d60187e736726978abbb381656a19eafa005b5aab4eaa8e8ec38", kill_on_drop: false }`
[INFO] running `Command { std: "docker" "rm" "-f" "7ca92543a666d60187e736726978abbb381656a19eafa005b5aab4eaa8e8ec38", kill_on_drop: false }`
[INFO] [stdout] 7ca92543a666d60187e736726978abbb381656a19eafa005b5aab4eaa8e8ec38
