[INFO] fetching crate fast-lru 0.1.2...
[INFO] testing fast-lru-0.1.2 against 1.83.0 for beta-1.84.0-4-retry
[INFO] extracting crate fast-lru 0.1.2 into /workspace/builds/worker-2-tc1/source
[INFO] validating manifest of crates.io crate fast-lru 0.1.2 on toolchain 1.83.0
[INFO] running `Command { std: CARGO_HOME="/workspace/cargo-home" RUSTUP_HOME="/workspace/rustup-home" "/workspace/cargo-home/bin/cargo" "+1.83.0" "metadata" "--manifest-path" "Cargo.toml" "--no-deps", kill_on_drop: false }`
[INFO] started tweaking crates.io crate fast-lru 0.1.2
[INFO] finished tweaking crates.io crate fast-lru 0.1.2
[INFO] tweaked toml for crates.io crate fast-lru 0.1.2 written to /workspace/builds/worker-2-tc1/source/Cargo.toml
[INFO] running `Command { std: CARGO_HOME="/workspace/cargo-home" RUSTUP_HOME="/workspace/rustup-home" "/workspace/cargo-home/bin/cargo" "+1.83.0" "generate-lockfile" "--manifest-path" "Cargo.toml", kill_on_drop: false }`
[INFO] [stderr]     Updating crates.io index
[INFO] [stderr]      Locking 1 package to latest compatible version
[INFO] running `Command { std: CARGO_HOME="/workspace/cargo-home" RUSTUP_HOME="/workspace/rustup-home" "/workspace/cargo-home/bin/cargo" "+1.83.0" "fetch" "--manifest-path" "Cargo.toml", kill_on_drop: false }`
[INFO] running `Command { std: "docker" "create" "-v" "/var/lib/crater-agent-workspace/builds/worker-2-tc1/target:/opt/rustwide/target:rw,Z" "-v" "/var/lib/crater-agent-workspace/builds/worker-2-tc1/source:/opt/rustwide/workdir:ro,Z" "-v" "/var/lib/crater-agent-workspace/cargo-home:/opt/rustwide/cargo-home:ro,Z" "-v" "/var/lib/crater-agent-workspace/rustup-home:/opt/rustwide/rustup-home:ro,Z" "-e" "SOURCE_DIR=/opt/rustwide/workdir" "-e" "CARGO_TARGET_DIR=/opt/rustwide/target" "-e" "CARGO_HOME=/opt/rustwide/cargo-home" "-e" "RUSTUP_HOME=/opt/rustwide/rustup-home" "-w" "/opt/rustwide/workdir" "-m" "1610612736" "--user" "0:0" "--network" "none" "ghcr.io/rust-lang/crates-build-env/linux@sha256:f3a9d4ad9d972b27faf3965f35b62e55ba32bbce8f20bc8fe909558a86702fde" "/opt/rustwide/cargo-home/bin/cargo" "+1.83.0" "metadata" "--no-deps" "--format-version=1", kill_on_drop: false }`
[INFO] [stdout] c73ea5895677971c3fef7c009265404db1034d21dff6277d02f264c5da318871
[INFO] running `Command { std: "docker" "start" "-a" "c73ea5895677971c3fef7c009265404db1034d21dff6277d02f264c5da318871", kill_on_drop: false }`
[INFO] running `Command { std: "docker" "inspect" "c73ea5895677971c3fef7c009265404db1034d21dff6277d02f264c5da318871", kill_on_drop: false }`
[INFO] running `Command { std: "docker" "rm" "-f" "c73ea5895677971c3fef7c009265404db1034d21dff6277d02f264c5da318871", kill_on_drop: false }`
[INFO] [stdout] c73ea5895677971c3fef7c009265404db1034d21dff6277d02f264c5da318871
[INFO] running `Command { std: "docker" "create" "-v" "/var/lib/crater-agent-workspace/builds/worker-2-tc1/target:/opt/rustwide/target:rw,Z" "-v" "/var/lib/crater-agent-workspace/builds/worker-2-tc1/source:/opt/rustwide/workdir:ro,Z" "-v" "/var/lib/crater-agent-workspace/cargo-home:/opt/rustwide/cargo-home:ro,Z" "-v" "/var/lib/crater-agent-workspace/rustup-home:/opt/rustwide/rustup-home:ro,Z" "-e" "SOURCE_DIR=/opt/rustwide/workdir" "-e" "CARGO_TARGET_DIR=/opt/rustwide/target" "-e" "CARGO_INCREMENTAL=0" "-e" "RUST_BACKTRACE=full" "-e" "RUSTFLAGS=--cap-lints=warn" "-e" "RUSTDOCFLAGS=--cap-lints=warn" "-e" "CARGO_HOME=/opt/rustwide/cargo-home" "-e" "RUSTUP_HOME=/opt/rustwide/rustup-home" "-w" "/opt/rustwide/workdir" "-m" "1610612736" "--user" "0:0" "--network" "none" "ghcr.io/rust-lang/crates-build-env/linux@sha256:f3a9d4ad9d972b27faf3965f35b62e55ba32bbce8f20bc8fe909558a86702fde" "/opt/rustwide/cargo-home/bin/cargo" "+1.83.0" "build" "--frozen" "--message-format=json", kill_on_drop: false }`
[INFO] [stdout] 479668beb2ba7354eedbbd9e861be5a6155f182c1a2583ad52e5aa581f8375da
[INFO] running `Command { std: "docker" "start" "-a" "479668beb2ba7354eedbbd9e861be5a6155f182c1a2583ad52e5aa581f8375da", kill_on_drop: false }`
[INFO] [stderr]    Compiling arrayvec v0.7.6
[INFO] [stderr]    Compiling fast-lru v0.1.2 (/opt/rustwide/workdir)
[INFO] [stderr]     Finished `dev` profile [unoptimized + debuginfo] target(s) in 0.36s
[INFO] running `Command { std: "docker" "inspect" "479668beb2ba7354eedbbd9e861be5a6155f182c1a2583ad52e5aa581f8375da", kill_on_drop: false }`
[INFO] running `Command { std: "docker" "rm" "-f" "479668beb2ba7354eedbbd9e861be5a6155f182c1a2583ad52e5aa581f8375da", kill_on_drop: false }`
[INFO] [stdout] 479668beb2ba7354eedbbd9e861be5a6155f182c1a2583ad52e5aa581f8375da
[INFO] running `Command { std: "docker" "create" "-v" "/var/lib/crater-agent-workspace/builds/worker-2-tc1/target:/opt/rustwide/target:rw,Z" "-v" "/var/lib/crater-agent-workspace/builds/worker-2-tc1/source:/opt/rustwide/workdir:ro,Z" "-v" "/var/lib/crater-agent-workspace/cargo-home:/opt/rustwide/cargo-home:ro,Z" "-v" "/var/lib/crater-agent-workspace/rustup-home:/opt/rustwide/rustup-home:ro,Z" "-e" "SOURCE_DIR=/opt/rustwide/workdir" "-e" "CARGO_TARGET_DIR=/opt/rustwide/target" "-e" "CARGO_INCREMENTAL=0" "-e" "RUST_BACKTRACE=full" "-e" "RUSTFLAGS=--cap-lints=warn" "-e" "RUSTDOCFLAGS=--cap-lints=warn" "-e" "CARGO_HOME=/opt/rustwide/cargo-home" "-e" "RUSTUP_HOME=/opt/rustwide/rustup-home" "-w" "/opt/rustwide/workdir" "-m" "1610612736" "--user" "0:0" "--network" "none" "ghcr.io/rust-lang/crates-build-env/linux@sha256:f3a9d4ad9d972b27faf3965f35b62e55ba32bbce8f20bc8fe909558a86702fde" "/opt/rustwide/cargo-home/bin/cargo" "+1.83.0" "test" "--frozen" "--no-run" "--message-format=json", kill_on_drop: false }`
[INFO] [stdout] d4fb648a3556ea2c18aafbb02b9a5755bf3765052c91f8e1b6911a85d0f97a9a
[INFO] running `Command { std: "docker" "start" "-a" "d4fb648a3556ea2c18aafbb02b9a5755bf3765052c91f8e1b6911a85d0f97a9a", kill_on_drop: false }`
[INFO] [stderr]    Compiling fast-lru v0.1.2 (/opt/rustwide/workdir)
[INFO] [stderr]     Finished `test` profile [unoptimized + debuginfo] target(s) in 0.72s
[INFO] running `Command { std: "docker" "inspect" "d4fb648a3556ea2c18aafbb02b9a5755bf3765052c91f8e1b6911a85d0f97a9a", kill_on_drop: false }`
[INFO] running `Command { std: "docker" "rm" "-f" "d4fb648a3556ea2c18aafbb02b9a5755bf3765052c91f8e1b6911a85d0f97a9a", kill_on_drop: false }`
[INFO] [stdout] d4fb648a3556ea2c18aafbb02b9a5755bf3765052c91f8e1b6911a85d0f97a9a
[INFO] running `Command { std: "docker" "create" "-v" "/var/lib/crater-agent-workspace/builds/worker-2-tc1/target:/opt/rustwide/target:rw,Z" "-v" "/var/lib/crater-agent-workspace/builds/worker-2-tc1/source:/opt/rustwide/workdir:ro,Z" "-v" "/var/lib/crater-agent-workspace/cargo-home:/opt/rustwide/cargo-home:ro,Z" "-v" "/var/lib/crater-agent-workspace/rustup-home:/opt/rustwide/rustup-home:ro,Z" "-e" "SOURCE_DIR=/opt/rustwide/workdir" "-e" "CARGO_TARGET_DIR=/opt/rustwide/target" "-e" "CARGO_INCREMENTAL=0" "-e" "RUST_BACKTRACE=full" "-e" "RUSTFLAGS=--cap-lints=warn" "-e" "RUSTDOCFLAGS=--cap-lints=warn" "-e" "CARGO_HOME=/opt/rustwide/cargo-home" "-e" "RUSTUP_HOME=/opt/rustwide/rustup-home" "-w" "/opt/rustwide/workdir" "-m" "1610612736" "--user" "0:0" "--network" "none" "ghcr.io/rust-lang/crates-build-env/linux@sha256:f3a9d4ad9d972b27faf3965f35b62e55ba32bbce8f20bc8fe909558a86702fde" "/opt/rustwide/cargo-home/bin/cargo" "+1.83.0" "test" "--frozen", kill_on_drop: false }`
[INFO] [stdout] 3b1791654bab6d1dc837472743d2d0758c3ee346a45a8a531916d4d6313ab9b5
[INFO] running `Command { std: "docker" "start" "-a" "3b1791654bab6d1dc837472743d2d0758c3ee346a45a8a531916d4d6313ab9b5", kill_on_drop: false }`
[INFO] [stderr]     Finished `test` profile [unoptimized + debuginfo] target(s) in 0.02s
[INFO] [stderr]      Running unittests src/lib.rs (/opt/rustwide/target/debug/deps/fast_lru-a0de633768343bf7)
[INFO] [stdout] 
[INFO] [stdout] running 6 tests
[INFO] [stdout] test tests::test_clear ... ok
[INFO] [stdout] test tests::example ... ok
[INFO] [stdout] test tests::test_put_and_get ... ok
[INFO] [stdout] test tests::test_put_update ... ok
[INFO] [stdout] test tests::test_expire_lru ... ok
[INFO] [stdout] test tests::test_pop ... ok
[INFO] [stdout] 
[INFO] [stdout] test result: ok. 6 passed; 0 failed; 0 ignored; 0 measured; 0 filtered out; finished in 0.01s
[INFO] [stdout] 
[INFO] [stderr]    Doc-tests fast_lru
[INFO] [stdout] 
[INFO] [stdout] running 7 tests
[INFO] [stdout] test src/lib.rs - LruCache<K,V,CAP>::get (line 223) - compile ... FAILED
[INFO] [stdout] test src/lib.rs - LruCache<K,V,CAP>::pop (line 285) - compile ... FAILED
[INFO] [stdout] test src/lib.rs - LruCache<K,V,CAP>::new (line 78) - compile ... FAILED
[INFO] [stdout] test src/lib.rs - (line 12) - compile ... FAILED
[INFO] [stdout] test src/lib.rs - LruCache<K,V,CAP>::push (line 163) - compile ... FAILED
[INFO] [stdout] test src/lib.rs - LruCache<K,V,CAP>::get_mut (line 255) - compile ... FAILED
[INFO] [stdout] test src/lib.rs - LruCache<K,V,CAP>::put (line 102) - compile ... FAILED
[INFO] [stdout] 
[INFO] [stdout] failures:
[INFO] [stdout] 
[INFO] [stdout] ---- src/lib.rs - LruCache<K,V,CAP>::get (line 223) stdout ----
[INFO] [stdout] error[E0432]: unresolved import `lru`
[INFO] [stdout]  --> src/lib.rs:224:5
[INFO] [stdout]   |
[INFO] [stdout] 3 | use lru::LruCache;
[INFO] [stdout]   |     ^^^ use of undeclared crate or module `lru`
[INFO] [stdout] 
[INFO] [stdout] error: aborting due to 1 previous error
[INFO] [stdout] 
[INFO] [stdout] For more information about this error, try `rustc --explain E0432`.
[INFO] [stdout] Couldn't compile the test.
[INFO] [stdout] ---- src/lib.rs - LruCache<K,V,CAP>::pop (line 285) stdout ----
[INFO] [stdout] error[E0432]: unresolved import `lru`
[INFO] [stdout]  --> src/lib.rs:286:5
[INFO] [stdout]   |
[INFO] [stdout] 3 | use lru::LruCache;
[INFO] [stdout]   |     ^^^ use of undeclared crate or module `lru`
[INFO] [stdout] 
[INFO] [stdout] error: aborting due to 1 previous error
[INFO] [stdout] 
[INFO] [stdout] For more information about this error, try `rustc --explain E0432`.
[INFO] [stdout] Couldn't compile the test.
[INFO] [stdout] ---- src/lib.rs - LruCache<K,V,CAP>::new (line 78) stdout ----
[INFO] [stdout] error[E0432]: unresolved import `lru`
[INFO] [stdout]  --> src/lib.rs:79:5
[INFO] [stdout]   |
[INFO] [stdout] 3 | use lru::LruCache;
[INFO] [stdout]   |     ^^^ use of undeclared crate or module `lru`
[INFO] [stdout] 
[INFO] [stdout] error: aborting due to 1 previous error
[INFO] [stdout] 
[INFO] [stdout] For more information about this error, try `rustc --explain E0432`.
[INFO] [stdout] Couldn't compile the test.
[INFO] [stdout] ---- src/lib.rs - (line 12) stdout ----
[INFO] [stdout] error: expected `;`, found keyword `fn`
[INFO] [stdout]  --> src/lib.rs:13:18
[INFO] [stdout]   |
[INFO] [stdout] 2 | use lru::LruCache
[INFO] [stdout]   |                  ^ help: add `;` here
[INFO] [stdout] 3 |  
[INFO] [stdout] 4 | fn main() {
[INFO] [stdout]   | -- unexpected token
[INFO] [stdout] 
[INFO] [stdout] error[E0432]: unresolved import `lru`
[INFO] [stdout]  --> src/lib.rs:13:5
[INFO] [stdout]   |
[INFO] [stdout] 2 | use lru::LruCache
[INFO] [stdout]   |     ^^^ use of undeclared crate or module `lru`
[INFO] [stdout] 
[INFO] [stdout] error: aborting due to 2 previous errors
[INFO] [stdout] 
[INFO] [stdout] For more information about this error, try `rustc --explain E0432`.
[INFO] [stdout] Couldn't compile the test.
[INFO] [stdout] ---- src/lib.rs - LruCache<K,V,CAP>::push (line 163) stdout ----
[INFO] [stdout] error[E0432]: unresolved import `lru`
[INFO] [stdout]  --> src/lib.rs:164:5
[INFO] [stdout]   |
[INFO] [stdout] 3 | use lru::LruCache;
[INFO] [stdout]   |     ^^^ use of undeclared crate or module `lru`
[INFO] [stdout] 
[INFO] [stdout] error: aborting due to 1 previous error
[INFO] [stdout] 
[INFO] [stdout] For more information about this error, try `rustc --explain E0432`.
[INFO] [stdout] Couldn't compile the test.
[INFO] [stdout] ---- src/lib.rs - LruCache<K,V,CAP>::get_mut (line 255) stdout ----
[INFO] [stdout] error[E0432]: unresolved import `lru`
[INFO] [stdout]  --> src/lib.rs:256:5
[INFO] [stdout]   |
[INFO] [stdout] 3 | use lru::LruCache;
[INFO] [stdout]   |     ^^^ use of undeclared crate or module `lru`
[INFO] [stdout] 
[INFO] [stdout] error: aborting due to 1 previous error
[INFO] [stdout] 
[INFO] [stdout] For more information about this error, try `rustc --explain E0432`.
[INFO] [stdout] Couldn't compile the test.
[INFO] [stdout] ---- src/lib.rs - LruCache<K,V,CAP>::put (line 102) stdout ----
[INFO] [stdout] error[E0432]: unresolved import `lru`
[INFO] [stdout]  --> src/lib.rs:103:5
[INFO] [stdout]   |
[INFO] [stdout] 3 | use lru::LruCache;
[INFO] [stdout]   |     ^^^ use of undeclared crate or module `lru`
[INFO] [stdout] 
[INFO] [stdout] error: aborting due to 1 previous error
[INFO] [stdout] 
[INFO] [stdout] For more information about this error, try `rustc --explain E0432`.
[INFO] [stdout] Couldn't compile the test.
[INFO] [stdout] 
[INFO] [stdout] failures:
[INFO] [stdout]     src/lib.rs - (line 12)
[INFO] [stdout]     src/lib.rs - LruCache<K,V,CAP>::get (line 223)
[INFO] [stdout]     src/lib.rs - LruCache<K,V,CAP>::get_mut (line 255)
[INFO] [stdout]     src/lib.rs - LruCache<K,V,CAP>::new (line 78)
[INFO] [stdout]     src/lib.rs - LruCache<K,V,CAP>::pop (line 285)
[INFO] [stdout]     src/lib.rs - LruCache<K,V,CAP>::push (line 163)
[INFO] [stdout]     src/lib.rs - LruCache<K,V,CAP>::put (line 102)
[INFO] [stdout] 
[INFO] [stdout] test result: FAILED. 0 passed; 7 failed; 0 ignored; 0 measured; 0 filtered out; finished in 0.18s
[INFO] [stdout] 
[INFO] [stderr] error: doctest failed, to rerun pass `--doc`
[INFO] running `Command { std: "docker" "inspect" "3b1791654bab6d1dc837472743d2d0758c3ee346a45a8a531916d4d6313ab9b5", kill_on_drop: false }`
[INFO] running `Command { std: "docker" "rm" "-f" "3b1791654bab6d1dc837472743d2d0758c3ee346a45a8a531916d4d6313ab9b5", kill_on_drop: false }`
[INFO] [stdout] 3b1791654bab6d1dc837472743d2d0758c3ee346a45a8a531916d4d6313ab9b5
