[INFO] fetching crate fast-kd 0.1.1...
[INFO] testing fast-kd-0.1.1 against 1.83.0 for beta-1.84.0-4-retry
[INFO] extracting crate fast-kd 0.1.1 into /workspace/builds/worker-3-tc1/source
[INFO] validating manifest of crates.io crate fast-kd 0.1.1 on toolchain 1.83.0
[INFO] running `Command { std: CARGO_HOME="/workspace/cargo-home" RUSTUP_HOME="/workspace/rustup-home" "/workspace/cargo-home/bin/cargo" "+1.83.0" "metadata" "--manifest-path" "Cargo.toml" "--no-deps", kill_on_drop: false }`
[INFO] started tweaking crates.io crate fast-kd 0.1.1
[INFO] finished tweaking crates.io crate fast-kd 0.1.1
[INFO] tweaked toml for crates.io crate fast-kd 0.1.1 written to /workspace/builds/worker-3-tc1/source/Cargo.toml
[INFO] running `Command { std: CARGO_HOME="/workspace/cargo-home" RUSTUP_HOME="/workspace/rustup-home" "/workspace/cargo-home/bin/cargo" "+1.83.0" "generate-lockfile" "--manifest-path" "Cargo.toml", kill_on_drop: false }`
[INFO] [stderr]     Updating crates.io index
[INFO] [stderr]      Locking 86 packages to latest compatible versions
[INFO] [stderr]       Adding criterion v0.3.6 (available: v0.5.1)
[INFO] [stderr]       Adding kdtree v0.6.0 (available: v0.7.0)
[INFO] [stderr]       Adding ordered-float v2.10.1 (available: v4.5.0)
[INFO] running `Command { std: CARGO_HOME="/workspace/cargo-home" RUSTUP_HOME="/workspace/rustup-home" "/workspace/cargo-home/bin/cargo" "+1.83.0" "fetch" "--manifest-path" "Cargo.toml", kill_on_drop: false }`
[INFO] [stderr]  Downloading crates ...
[INFO] [stderr]   Downloaded kdtree v0.6.0
[INFO] running `Command { std: "docker" "create" "-v" "/var/lib/crater-agent-workspace/builds/worker-3-tc1/target:/opt/rustwide/target:rw,Z" "-v" "/var/lib/crater-agent-workspace/builds/worker-3-tc1/source:/opt/rustwide/workdir:ro,Z" "-v" "/var/lib/crater-agent-workspace/cargo-home:/opt/rustwide/cargo-home:ro,Z" "-v" "/var/lib/crater-agent-workspace/rustup-home:/opt/rustwide/rustup-home:ro,Z" "-e" "SOURCE_DIR=/opt/rustwide/workdir" "-e" "CARGO_TARGET_DIR=/opt/rustwide/target" "-e" "CARGO_HOME=/opt/rustwide/cargo-home" "-e" "RUSTUP_HOME=/opt/rustwide/rustup-home" "-w" "/opt/rustwide/workdir" "-m" "1610612736" "--user" "0:0" "--network" "none" "ghcr.io/rust-lang/crates-build-env/linux@sha256:f3a9d4ad9d972b27faf3965f35b62e55ba32bbce8f20bc8fe909558a86702fde" "/opt/rustwide/cargo-home/bin/cargo" "+1.83.0" "metadata" "--no-deps" "--format-version=1", kill_on_drop: false }`
[INFO] [stdout] 6db9ddcd8dc0e0d09577f69e10ffd58142b565d6a7d645f53d13d8d69c16aa77
[INFO] running `Command { std: "docker" "start" "-a" "6db9ddcd8dc0e0d09577f69e10ffd58142b565d6a7d645f53d13d8d69c16aa77", kill_on_drop: false }`
[INFO] running `Command { std: "docker" "inspect" "6db9ddcd8dc0e0d09577f69e10ffd58142b565d6a7d645f53d13d8d69c16aa77", kill_on_drop: false }`
[INFO] running `Command { std: "docker" "rm" "-f" "6db9ddcd8dc0e0d09577f69e10ffd58142b565d6a7d645f53d13d8d69c16aa77", kill_on_drop: false }`
[INFO] [stdout] 6db9ddcd8dc0e0d09577f69e10ffd58142b565d6a7d645f53d13d8d69c16aa77
[INFO] running `Command { std: "docker" "create" "-v" "/var/lib/crater-agent-workspace/builds/worker-3-tc1/target:/opt/rustwide/target:rw,Z" "-v" "/var/lib/crater-agent-workspace/builds/worker-3-tc1/source:/opt/rustwide/workdir:ro,Z" "-v" "/var/lib/crater-agent-workspace/cargo-home:/opt/rustwide/cargo-home:ro,Z" "-v" "/var/lib/crater-agent-workspace/rustup-home:/opt/rustwide/rustup-home:ro,Z" "-e" "SOURCE_DIR=/opt/rustwide/workdir" "-e" "CARGO_TARGET_DIR=/opt/rustwide/target" "-e" "CARGO_INCREMENTAL=0" "-e" "RUST_BACKTRACE=full" "-e" "RUSTFLAGS=--cap-lints=warn" "-e" "RUSTDOCFLAGS=--cap-lints=warn" "-e" "CARGO_HOME=/opt/rustwide/cargo-home" "-e" "RUSTUP_HOME=/opt/rustwide/rustup-home" "-w" "/opt/rustwide/workdir" "-m" "1610612736" "--user" "0:0" "--network" "none" "ghcr.io/rust-lang/crates-build-env/linux@sha256:f3a9d4ad9d972b27faf3965f35b62e55ba32bbce8f20bc8fe909558a86702fde" "/opt/rustwide/cargo-home/bin/cargo" "+1.83.0" "build" "--frozen" "--message-format=json", kill_on_drop: false }`
[INFO] [stdout] 3705b29f2cb3296e0f6c235bc07b05133e568441c7319be9f25973a1dd5a245e
[INFO] running `Command { std: "docker" "start" "-a" "3705b29f2cb3296e0f6c235bc07b05133e568441c7319be9f25973a1dd5a245e", kill_on_drop: false }`
[INFO] [stderr]    Compiling autocfg v1.4.0
[INFO] [stderr]    Compiling libm v0.2.11
[INFO] [stderr]    Compiling num-traits v0.2.19
[INFO] [stderr]    Compiling ordered-float v2.10.1
[INFO] [stderr]    Compiling fast-kd v0.1.1 (/opt/rustwide/workdir)
[INFO] [stderr]     Finished `dev` profile [unoptimized + debuginfo] target(s) in 3.15s
[INFO] running `Command { std: "docker" "inspect" "3705b29f2cb3296e0f6c235bc07b05133e568441c7319be9f25973a1dd5a245e", kill_on_drop: false }`
[INFO] running `Command { std: "docker" "rm" "-f" "3705b29f2cb3296e0f6c235bc07b05133e568441c7319be9f25973a1dd5a245e", kill_on_drop: false }`
[INFO] [stdout] 3705b29f2cb3296e0f6c235bc07b05133e568441c7319be9f25973a1dd5a245e
[INFO] running `Command { std: "docker" "create" "-v" "/var/lib/crater-agent-workspace/builds/worker-3-tc1/target:/opt/rustwide/target:rw,Z" "-v" "/var/lib/crater-agent-workspace/builds/worker-3-tc1/source:/opt/rustwide/workdir:ro,Z" "-v" "/var/lib/crater-agent-workspace/cargo-home:/opt/rustwide/cargo-home:ro,Z" "-v" "/var/lib/crater-agent-workspace/rustup-home:/opt/rustwide/rustup-home:ro,Z" "-e" "SOURCE_DIR=/opt/rustwide/workdir" "-e" "CARGO_TARGET_DIR=/opt/rustwide/target" "-e" "CARGO_INCREMENTAL=0" "-e" "RUST_BACKTRACE=full" "-e" "RUSTFLAGS=--cap-lints=warn" "-e" "RUSTDOCFLAGS=--cap-lints=warn" "-e" "CARGO_HOME=/opt/rustwide/cargo-home" "-e" "RUSTUP_HOME=/opt/rustwide/rustup-home" "-w" "/opt/rustwide/workdir" "-m" "1610612736" "--user" "0:0" "--network" "none" "ghcr.io/rust-lang/crates-build-env/linux@sha256:f3a9d4ad9d972b27faf3965f35b62e55ba32bbce8f20bc8fe909558a86702fde" "/opt/rustwide/cargo-home/bin/cargo" "+1.83.0" "test" "--frozen" "--no-run" "--message-format=json", kill_on_drop: false }`
[INFO] [stdout] 82d8f449e278dadac58ad240a8d50cccf125c6868d512472c1376b65ddcf9d3f
[INFO] running `Command { std: "docker" "start" "-a" "82d8f449e278dadac58ad240a8d50cccf125c6868d512472c1376b65ddcf9d3f", kill_on_drop: false }`
[INFO] [stderr]    Compiling proc-macro2 v1.0.92
[INFO] [stderr]    Compiling unicode-ident v1.0.14
[INFO] [stderr]    Compiling libc v0.2.168
[INFO] [stderr]    Compiling crossbeam-utils v0.8.20
[INFO] [stderr]    Compiling serde v1.0.216
[INFO] [stderr]    Compiling memchr v2.7.4
[INFO] [stderr]    Compiling byteorder v1.5.0
[INFO] [stderr]    Compiling cfg-if v1.0.0
[INFO] [stderr]    Compiling either v1.13.0
[INFO] [stderr]    Compiling ryu v1.0.18
[INFO] [stderr]    Compiling rayon-core v1.12.1
[INFO] [stderr]    Compiling itoa v1.0.14
[INFO] [stderr]    Compiling serde_json v1.0.133
[INFO] [stderr]    Compiling plotters-backend v0.3.7
[INFO] [stderr]    Compiling regex-syntax v0.8.5
[INFO] [stderr]    Compiling unicode-width v0.1.14
[INFO] [stderr]    Compiling csv-core v0.1.11
[INFO] [stderr]    Compiling textwrap v0.11.0
[INFO] [stderr]    Compiling quote v1.0.37
[INFO] [stderr]    Compiling crossbeam-epoch v0.9.18
[INFO] [stderr]    Compiling getrandom v0.2.15
[INFO] [stderr]    Compiling plotters-svg v0.3.7
[INFO] [stderr]    Compiling itertools v0.10.5
[INFO] [stderr]    Compiling syn v2.0.90
[INFO] [stderr]    Compiling crossbeam-deque v0.8.5
[INFO] [stderr]    Compiling rand_core v0.6.4
[INFO] [stderr]    Compiling cast v0.3.0
[INFO] [stderr]    Compiling same-file v1.0.6
[INFO] [stderr]    Compiling stable_deref_trait v1.2.0
[INFO] [stderr]    Compiling bitflags v1.3.2
[INFO] [stderr]    Compiling half v1.8.3
[INFO] [stderr]    Compiling clap v2.34.0
[INFO] [stderr]    Compiling as-slice v0.2.1
[INFO] [stderr]    Compiling walkdir v2.5.0
[INFO] [stderr]    Compiling regex-automata v0.4.9
[INFO] [stderr]    Compiling rayon v1.10.0
[INFO] [stderr]    Compiling plotters v0.3.7
[INFO] [stderr]    Compiling csv v1.3.1
[INFO] [stderr]    Compiling serde_cbor v0.11.2
[INFO] [stderr]    Compiling regex v1.11.1
[INFO] [stderr]    Compiling tinytemplate v1.2.1
[INFO] [stderr]    Compiling criterion-plot v0.4.5
[INFO] [stderr]    Compiling atty v0.2.14
[INFO] [stderr]    Compiling lazy_static v1.5.0
[INFO] [stderr]    Compiling oorandom v11.1.4
[INFO] [stderr]    Compiling aligned v0.4.2
[INFO] [stderr]    Compiling kdtree v0.6.0
[INFO] [stderr]    Compiling zerocopy-derive v0.7.35
[INFO] [stderr]    Compiling serde_derive v1.0.216
[INFO] [stderr]    Compiling zerocopy v0.7.35
[INFO] [stderr]    Compiling ppv-lite86 v0.2.20
[INFO] [stderr]    Compiling rand_chacha v0.3.1
[INFO] [stderr]    Compiling rand v0.8.5
[INFO] [stderr]    Compiling rand_distr v0.4.3
[INFO] [stderr]    Compiling criterion v0.3.6
[INFO] [stderr]    Compiling fast-kd v0.1.1 (/opt/rustwide/workdir)
[INFO] [stderr]     Finished `test` profile [unoptimized + debuginfo] target(s) in 51.90s
[INFO] running `Command { std: "docker" "inspect" "82d8f449e278dadac58ad240a8d50cccf125c6868d512472c1376b65ddcf9d3f", kill_on_drop: false }`
[INFO] running `Command { std: "docker" "rm" "-f" "82d8f449e278dadac58ad240a8d50cccf125c6868d512472c1376b65ddcf9d3f", kill_on_drop: false }`
[INFO] [stdout] 82d8f449e278dadac58ad240a8d50cccf125c6868d512472c1376b65ddcf9d3f
[INFO] running `Command { std: "docker" "create" "-v" "/var/lib/crater-agent-workspace/builds/worker-3-tc1/target:/opt/rustwide/target:rw,Z" "-v" "/var/lib/crater-agent-workspace/builds/worker-3-tc1/source:/opt/rustwide/workdir:ro,Z" "-v" "/var/lib/crater-agent-workspace/cargo-home:/opt/rustwide/cargo-home:ro,Z" "-v" "/var/lib/crater-agent-workspace/rustup-home:/opt/rustwide/rustup-home:ro,Z" "-e" "SOURCE_DIR=/opt/rustwide/workdir" "-e" "CARGO_TARGET_DIR=/opt/rustwide/target" "-e" "CARGO_INCREMENTAL=0" "-e" "RUST_BACKTRACE=full" "-e" "RUSTFLAGS=--cap-lints=warn" "-e" "RUSTDOCFLAGS=--cap-lints=warn" "-e" "CARGO_HOME=/opt/rustwide/cargo-home" "-e" "RUSTUP_HOME=/opt/rustwide/rustup-home" "-w" "/opt/rustwide/workdir" "-m" "1610612736" "--user" "0:0" "--network" "none" "ghcr.io/rust-lang/crates-build-env/linux@sha256:f3a9d4ad9d972b27faf3965f35b62e55ba32bbce8f20bc8fe909558a86702fde" "/opt/rustwide/cargo-home/bin/cargo" "+1.83.0" "test" "--frozen", kill_on_drop: false }`
[INFO] [stdout] 9e147b1daab4b85b09825f3be63b930d7d2d689e84ab58e6a6bab36b66d95ae4
[INFO] running `Command { std: "docker" "start" "-a" "9e147b1daab4b85b09825f3be63b930d7d2d689e84ab58e6a6bab36b66d95ae4", kill_on_drop: false }`
[INFO] [stderr]     Finished `test` profile [unoptimized + debuginfo] target(s) in 0.15s
[INFO] [stderr]      Running unittests src/lib.rs (/opt/rustwide/target/debug/deps/fast_kd-25bba143607da5dc)
[INFO] [stdout] 
[INFO] [stdout] running 5 tests
[INFO] [stdout] test util::tests::distance_to_half_space ... ok
[INFO] [stdout] test util::tests::test_distance_inside_inf ... ok
[INFO] [stdout] test util::tests::test_distance_outside_inf ... ok
[INFO] [stdout] test util::tests::test_distance_inside_normal ... ok
[INFO] [stdout] test util::tests::test_normal_distance_to_space ... ok
[INFO] [stdout] 
[INFO] [stdout] test result: ok. 5 passed; 0 failed; 0 ignored; 0 measured; 0 filtered out; finished in 0.01s
[INFO] [stdout] 
[INFO] [stderr]    Doc-tests fast_kd
[INFO] [stdout] 
[INFO] [stdout] running 3 tests
[INFO] [stdout] test src/distance.rs - distance::squared_euclidean (line 23) ... FAILED
[INFO] [stdout] test src/kdtree.rs - kdtree::KdTree<A,K>::add (line 171) ... FAILED
[INFO] [stdout] test src/lib.rs - (line 21) ... FAILED
[INFO] [stdout] 
[INFO] [stdout] failures:
[INFO] [stdout] 
[INFO] [stdout] ---- src/distance.rs - distance::squared_euclidean (line 23) stdout ----
[INFO] [stdout] error[E0433]: failed to resolve: use of undeclared crate or module `kiddo`
[INFO] [stdout]  --> src/distance.rs:24:5
[INFO] [stdout]   |
[INFO] [stdout] 3 | use kiddo::distance::squared_euclidean;
[INFO] [stdout]   |     ^^^^^ use of undeclared crate or module `kiddo`
[INFO] [stdout] 
[INFO] [stdout] error: aborting due to 1 previous error
[INFO] [stdout] 
[INFO] [stdout] For more information about this error, try `rustc --explain E0433`.
[INFO] [stdout] Couldn't compile the test.
[INFO] [stdout] ---- src/kdtree.rs - kdtree::KdTree<A,K>::add (line 171) stdout ----
[INFO] [stdout] error[E0432]: unresolved import `kiddo`
[INFO] [stdout]  --> src/kdtree.rs:172:5
[INFO] [stdout]   |
[INFO] [stdout] 3 | use kiddo::KdTree;
[INFO] [stdout]   |     ^^^^^ use of undeclared crate or module `kiddo`
[INFO] [stdout] 
[INFO] [stdout] error: aborting due to 1 previous error
[INFO] [stdout] 
[INFO] [stdout] For more information about this error, try `rustc --explain E0432`.
[INFO] [stdout] Couldn't compile the test.
[INFO] [stdout] ---- src/lib.rs - (line 21) stdout ----
[INFO] [stdout] error[E0432]: unresolved import `kiddo`
[INFO] [stdout]  --> src/lib.rs:22:5
[INFO] [stdout]   |
[INFO] [stdout] 3 | use kiddo::KdTree;
[INFO] [stdout]   |     ^^^^^ use of undeclared crate or module `kiddo`
[INFO] [stdout] 
[INFO] [stdout] error[E0433]: failed to resolve: use of undeclared crate or module `kiddo`
[INFO] [stdout]  --> src/lib.rs:24:5
[INFO] [stdout]   |
[INFO] [stdout] 5 | use kiddo::distance::squared_euclidean;
[INFO] [stdout]   |     ^^^^^ use of undeclared crate or module `kiddo`
[INFO] [stdout] 
[INFO] [stdout] error[E0432]: unresolved import `kiddo`
[INFO] [stdout]  --> src/lib.rs:23:5
[INFO] [stdout]   |
[INFO] [stdout] 4 | use kiddo::ErrorKind;
[INFO] [stdout]   |     ^^^^^ use of undeclared crate or module `kiddo`
[INFO] [stdout] 
[INFO] [stdout] error[E0433]: failed to resolve: use of undeclared crate or module `kiddo`
[INFO] [stdout]   --> src/lib.rs:67:10
[INFO] [stdout]    |
[INFO] [stdout] 48 | Ok::<(), kiddo::ErrorKind>(())
[INFO] [stdout]    |          ^^^^^ use of undeclared crate or module `kiddo`
[INFO] [stdout] 
[INFO] [stdout] error: aborting due to 4 previous errors
[INFO] [stdout] 
[INFO] [stdout] Some errors have detailed explanations: E0432, E0433.
[INFO] [stdout] For more information about an error, try `rustc --explain E0432`.
[INFO] [stdout] Couldn't compile the test.
[INFO] [stdout] 
[INFO] [stdout] failures:
[INFO] [stdout]     src/distance.rs - distance::squared_euclidean (line 23)
[INFO] [stdout]     src/kdtree.rs - kdtree::KdTree<A,K>::add (line 171)
[INFO] [stdout]     src/lib.rs - (line 21)
[INFO] [stdout] 
[INFO] [stdout] test result: FAILED. 0 passed; 3 failed; 0 ignored; 0 measured; 0 filtered out; finished in 0.24s
[INFO] [stdout] 
[INFO] [stderr] error: doctest failed, to rerun pass `--doc`
[INFO] running `Command { std: "docker" "inspect" "9e147b1daab4b85b09825f3be63b930d7d2d689e84ab58e6a6bab36b66d95ae4", kill_on_drop: false }`
[INFO] running `Command { std: "docker" "rm" "-f" "9e147b1daab4b85b09825f3be63b930d7d2d689e84ab58e6a6bab36b66d95ae4", kill_on_drop: false }`
[INFO] [stdout] 9e147b1daab4b85b09825f3be63b930d7d2d689e84ab58e6a6bab36b66d95ae4
