[INFO] fetching crate fancyer 0.2.1...
[INFO] testing fancyer-0.2.1 against beta-2024-12-08 for beta-1.84.0-4-retry
[INFO] extracting crate fancyer 0.2.1 into /workspace/builds/worker-7-tc2/source
[INFO] validating manifest of crates.io crate fancyer 0.2.1 on toolchain beta-2024-12-08
[INFO] running `Command { std: CARGO_HOME="/workspace/cargo-home" RUSTUP_HOME="/workspace/rustup-home" "/workspace/cargo-home/bin/cargo" "+beta-2024-12-08" "metadata" "--manifest-path" "Cargo.toml" "--no-deps", kill_on_drop: false }`
[INFO] started tweaking crates.io crate fancyer 0.2.1
[INFO] finished tweaking crates.io crate fancyer 0.2.1
[INFO] tweaked toml for crates.io crate fancyer 0.2.1 written to /workspace/builds/worker-7-tc2/source/Cargo.toml
[INFO] running `Command { std: CARGO_HOME="/workspace/cargo-home" RUSTUP_HOME="/workspace/rustup-home" "/workspace/cargo-home/bin/cargo" "+beta-2024-12-08" "generate-lockfile" "--manifest-path" "Cargo.toml", kill_on_drop: false }`
[INFO] [stderr]     Blocking waiting for file lock on package cache
[INFO] running `Command { std: CARGO_HOME="/workspace/cargo-home" RUSTUP_HOME="/workspace/rustup-home" "/workspace/cargo-home/bin/cargo" "+beta-2024-12-08" "fetch" "--manifest-path" "Cargo.toml", kill_on_drop: false }`
[INFO] [stderr]     Blocking waiting for file lock on package cache
[INFO] running `Command { std: "docker" "create" "-v" "/var/lib/crater-agent-workspace/builds/worker-7-tc2/target:/opt/rustwide/target:rw,Z" "-v" "/var/lib/crater-agent-workspace/builds/worker-7-tc2/source:/opt/rustwide/workdir:ro,Z" "-v" "/var/lib/crater-agent-workspace/cargo-home:/opt/rustwide/cargo-home:ro,Z" "-v" "/var/lib/crater-agent-workspace/rustup-home:/opt/rustwide/rustup-home:ro,Z" "-e" "SOURCE_DIR=/opt/rustwide/workdir" "-e" "CARGO_TARGET_DIR=/opt/rustwide/target" "-e" "CARGO_HOME=/opt/rustwide/cargo-home" "-e" "RUSTUP_HOME=/opt/rustwide/rustup-home" "-w" "/opt/rustwide/workdir" "-m" "1610612736" "--user" "0:0" "--network" "none" "ghcr.io/rust-lang/crates-build-env/linux@sha256:f3a9d4ad9d972b27faf3965f35b62e55ba32bbce8f20bc8fe909558a86702fde" "/opt/rustwide/cargo-home/bin/cargo" "+beta-2024-12-08" "metadata" "--no-deps" "--format-version=1", kill_on_drop: false }`
[INFO] [stdout] e32f6464b54af44a1db5cf390d9cfdeecf51d0ff6a666ed9000cfaee78864e23
[INFO] running `Command { std: "docker" "start" "-a" "e32f6464b54af44a1db5cf390d9cfdeecf51d0ff6a666ed9000cfaee78864e23", kill_on_drop: false }`
[INFO] running `Command { std: "docker" "inspect" "e32f6464b54af44a1db5cf390d9cfdeecf51d0ff6a666ed9000cfaee78864e23", kill_on_drop: false }`
[INFO] running `Command { std: "docker" "rm" "-f" "e32f6464b54af44a1db5cf390d9cfdeecf51d0ff6a666ed9000cfaee78864e23", kill_on_drop: false }`
[INFO] [stdout] e32f6464b54af44a1db5cf390d9cfdeecf51d0ff6a666ed9000cfaee78864e23
[INFO] running `Command { std: "docker" "create" "-v" "/var/lib/crater-agent-workspace/builds/worker-7-tc2/target:/opt/rustwide/target:rw,Z" "-v" "/var/lib/crater-agent-workspace/builds/worker-7-tc2/source:/opt/rustwide/workdir:ro,Z" "-v" "/var/lib/crater-agent-workspace/cargo-home:/opt/rustwide/cargo-home:ro,Z" "-v" "/var/lib/crater-agent-workspace/rustup-home:/opt/rustwide/rustup-home:ro,Z" "-e" "SOURCE_DIR=/opt/rustwide/workdir" "-e" "CARGO_TARGET_DIR=/opt/rustwide/target" "-e" "CARGO_INCREMENTAL=0" "-e" "RUST_BACKTRACE=full" "-e" "RUSTFLAGS=--cap-lints=warn" "-e" "RUSTDOCFLAGS=--cap-lints=warn" "-e" "CARGO_HOME=/opt/rustwide/cargo-home" "-e" "RUSTUP_HOME=/opt/rustwide/rustup-home" "-w" "/opt/rustwide/workdir" "-m" "1610612736" "--user" "0:0" "--network" "none" "ghcr.io/rust-lang/crates-build-env/linux@sha256:f3a9d4ad9d972b27faf3965f35b62e55ba32bbce8f20bc8fe909558a86702fde" "/opt/rustwide/cargo-home/bin/cargo" "+beta-2024-12-08" "build" "--frozen" "--message-format=json", kill_on_drop: false }`
[INFO] [stdout] 542af149a41c453d0a88d20bd502d3bd3f2e62186f006fff7544efccd8b329ad
[INFO] running `Command { std: "docker" "start" "-a" "542af149a41c453d0a88d20bd502d3bd3f2e62186f006fff7544efccd8b329ad", kill_on_drop: false }`
[INFO] [stderr]    Compiling fancyer v0.2.1 (/opt/rustwide/workdir)
[INFO] [stderr]     Finished `dev` profile [unoptimized + debuginfo] target(s) in 0.26s
[INFO] running `Command { std: "docker" "inspect" "542af149a41c453d0a88d20bd502d3bd3f2e62186f006fff7544efccd8b329ad", kill_on_drop: false }`
[INFO] running `Command { std: "docker" "rm" "-f" "542af149a41c453d0a88d20bd502d3bd3f2e62186f006fff7544efccd8b329ad", kill_on_drop: false }`
[INFO] [stdout] 542af149a41c453d0a88d20bd502d3bd3f2e62186f006fff7544efccd8b329ad
[INFO] running `Command { std: "docker" "create" "-v" "/var/lib/crater-agent-workspace/builds/worker-7-tc2/target:/opt/rustwide/target:rw,Z" "-v" "/var/lib/crater-agent-workspace/builds/worker-7-tc2/source:/opt/rustwide/workdir:ro,Z" "-v" "/var/lib/crater-agent-workspace/cargo-home:/opt/rustwide/cargo-home:ro,Z" "-v" "/var/lib/crater-agent-workspace/rustup-home:/opt/rustwide/rustup-home:ro,Z" "-e" "SOURCE_DIR=/opt/rustwide/workdir" "-e" "CARGO_TARGET_DIR=/opt/rustwide/target" "-e" "CARGO_INCREMENTAL=0" "-e" "RUST_BACKTRACE=full" "-e" "RUSTFLAGS=--cap-lints=warn" "-e" "RUSTDOCFLAGS=--cap-lints=warn" "-e" "CARGO_HOME=/opt/rustwide/cargo-home" "-e" "RUSTUP_HOME=/opt/rustwide/rustup-home" "-w" "/opt/rustwide/workdir" "-m" "1610612736" "--user" "0:0" "--network" "none" "ghcr.io/rust-lang/crates-build-env/linux@sha256:f3a9d4ad9d972b27faf3965f35b62e55ba32bbce8f20bc8fe909558a86702fde" "/opt/rustwide/cargo-home/bin/cargo" "+beta-2024-12-08" "test" "--frozen" "--no-run" "--message-format=json", kill_on_drop: false }`
[INFO] [stdout] 23009ceec2982267d938a3683ff9f58588b2fa740a637f23a39f193030d29fde
[INFO] running `Command { std: "docker" "start" "-a" "23009ceec2982267d938a3683ff9f58588b2fa740a637f23a39f193030d29fde", kill_on_drop: false }`
[INFO] [stderr]    Compiling fancyer v0.2.1 (/opt/rustwide/workdir)
[INFO] [stderr]     Finished `test` profile [unoptimized + debuginfo] target(s) in 0.39s
[INFO] running `Command { std: "docker" "inspect" "23009ceec2982267d938a3683ff9f58588b2fa740a637f23a39f193030d29fde", kill_on_drop: false }`
[INFO] running `Command { std: "docker" "rm" "-f" "23009ceec2982267d938a3683ff9f58588b2fa740a637f23a39f193030d29fde", kill_on_drop: false }`
[INFO] [stdout] 23009ceec2982267d938a3683ff9f58588b2fa740a637f23a39f193030d29fde
[INFO] running `Command { std: "docker" "create" "-v" "/var/lib/crater-agent-workspace/builds/worker-7-tc2/target:/opt/rustwide/target:rw,Z" "-v" "/var/lib/crater-agent-workspace/builds/worker-7-tc2/source:/opt/rustwide/workdir:ro,Z" "-v" "/var/lib/crater-agent-workspace/cargo-home:/opt/rustwide/cargo-home:ro,Z" "-v" "/var/lib/crater-agent-workspace/rustup-home:/opt/rustwide/rustup-home:ro,Z" "-e" "SOURCE_DIR=/opt/rustwide/workdir" "-e" "CARGO_TARGET_DIR=/opt/rustwide/target" "-e" "CARGO_INCREMENTAL=0" "-e" "RUST_BACKTRACE=full" "-e" "RUSTFLAGS=--cap-lints=warn" "-e" "RUSTDOCFLAGS=--cap-lints=warn" "-e" "CARGO_HOME=/opt/rustwide/cargo-home" "-e" "RUSTUP_HOME=/opt/rustwide/rustup-home" "-w" "/opt/rustwide/workdir" "-m" "1610612736" "--user" "0:0" "--network" "none" "ghcr.io/rust-lang/crates-build-env/linux@sha256:f3a9d4ad9d972b27faf3965f35b62e55ba32bbce8f20bc8fe909558a86702fde" "/opt/rustwide/cargo-home/bin/cargo" "+beta-2024-12-08" "test" "--frozen", kill_on_drop: false }`
[INFO] [stdout] fde97b1b19eaad440377a0777964cb8fb17eacca0dc4a38ce3dd72e368deaea0
[INFO] running `Command { std: "docker" "start" "-a" "fde97b1b19eaad440377a0777964cb8fb17eacca0dc4a38ce3dd72e368deaea0", kill_on_drop: false }`
[INFO] [stderr]     Finished `test` profile [unoptimized + debuginfo] target(s) in 0.00s
[INFO] [stderr]      Running unittests src/lib.rs (/opt/rustwide/target/debug/deps/fancyer-2213edf3e641f9e7)
[INFO] [stdout] 
[INFO] [stdout] running 0 tests
[INFO] [stdout] 
[INFO] [stdout] test result: ok. 0 passed; 0 failed; 0 ignored; 0 measured; 0 filtered out; finished in 0.00s
[INFO] [stdout] 
[INFO] [stderr]      Running tests/format.rs (/opt/rustwide/target/debug/deps/format-b3b8fdc73650a41e)
[INFO] [stdout] 
[INFO] [stdout] running 1 test
[INFO] [stdout] test format ... ok
[INFO] [stdout] 
[INFO] [stdout] test result: ok. 1 passed; 0 failed; 0 ignored; 0 measured; 0 filtered out; finished in 0.00s
[INFO] [stdout] 
[INFO] [stderr]    Doc-tests fancyer
[INFO] [stdout] 
[INFO] [stdout] running 1 test
[INFO] [stdout] test src/lib.rs - colorize (line 18) ... FAILED
[INFO] [stdout] 
[INFO] [stdout] failures:
[INFO] [stdout] 
[INFO] [stdout] ---- src/lib.rs - colorize (line 18) stdout ----
[INFO] [stdout] error[E0425]: cannot find function `colorize` in this scope
[INFO] [stdout]  --> src/lib.rs:19:11
[INFO] [stdout]   |
[INFO] [stdout] 3 | let msg = colorize("[blue|b]Hello [:u|red]world[:b]!".into());
[INFO] [stdout]   |           ^^^^^^^^ not found in this scope
[INFO] [stdout]   |
[INFO] [stdout] help: consider importing this function
[INFO] [stdout]   |
[INFO] [stdout] 2 + use fancyer::colorize;
[INFO] [stdout]   |
[INFO] [stdout] 
[INFO] [stdout] error: aborting due to 1 previous error
[INFO] [stdout] 
[INFO] [stdout] For more information about this error, try `rustc --explain E0425`.
[INFO] [stdout] Couldn't compile the test.
[INFO] [stdout] 
[INFO] [stdout] failures:
[INFO] [stdout]     src/lib.rs - colorize (line 18)
[INFO] [stdout] 
[INFO] [stdout] test result: FAILED. 0 passed; 1 failed; 0 ignored; 0 measured; 0 filtered out; finished in 0.04s
[INFO] [stdout] 
[INFO] [stderr] error: doctest failed, to rerun pass `--doc`
[INFO] running `Command { std: "docker" "inspect" "fde97b1b19eaad440377a0777964cb8fb17eacca0dc4a38ce3dd72e368deaea0", kill_on_drop: false }`
[INFO] running `Command { std: "docker" "rm" "-f" "fde97b1b19eaad440377a0777964cb8fb17eacca0dc4a38ce3dd72e368deaea0", kill_on_drop: false }`
[INFO] [stdout] fde97b1b19eaad440377a0777964cb8fb17eacca0dc4a38ce3dd72e368deaea0
