[INFO] fetching crate falsefox 0.1.4...
[INFO] testing falsefox-0.1.4 against beta-2024-12-08 for beta-1.84.0-4-retry
[INFO] extracting crate falsefox 0.1.4 into /workspace/builds/worker-4-tc2/source
[INFO] validating manifest of crates.io crate falsefox 0.1.4 on toolchain beta-2024-12-08
[INFO] running `Command { std: CARGO_HOME="/workspace/cargo-home" RUSTUP_HOME="/workspace/rustup-home" "/workspace/cargo-home/bin/cargo" "+beta-2024-12-08" "metadata" "--manifest-path" "Cargo.toml" "--no-deps", kill_on_drop: false }`
[INFO] started tweaking crates.io crate falsefox 0.1.4
[INFO] finished tweaking crates.io crate falsefox 0.1.4
[INFO] tweaked toml for crates.io crate falsefox 0.1.4 written to /workspace/builds/worker-4-tc2/source/Cargo.toml
[INFO] crate crates.io crate falsefox 0.1.4 already has a lockfile, it will not be regenerated
[INFO] running `Command { std: CARGO_HOME="/workspace/cargo-home" RUSTUP_HOME="/workspace/rustup-home" "/workspace/cargo-home/bin/cargo" "+beta-2024-12-08" "fetch" "--manifest-path" "Cargo.toml", kill_on_drop: false }`
[INFO] running `Command { std: "docker" "create" "-v" "/var/lib/crater-agent-workspace/builds/worker-4-tc2/target:/opt/rustwide/target:rw,Z" "-v" "/var/lib/crater-agent-workspace/builds/worker-4-tc2/source:/opt/rustwide/workdir:ro,Z" "-v" "/var/lib/crater-agent-workspace/cargo-home:/opt/rustwide/cargo-home:ro,Z" "-v" "/var/lib/crater-agent-workspace/rustup-home:/opt/rustwide/rustup-home:ro,Z" "-e" "SOURCE_DIR=/opt/rustwide/workdir" "-e" "CARGO_TARGET_DIR=/opt/rustwide/target" "-e" "CARGO_HOME=/opt/rustwide/cargo-home" "-e" "RUSTUP_HOME=/opt/rustwide/rustup-home" "-w" "/opt/rustwide/workdir" "-m" "1610612736" "--user" "0:0" "--network" "none" "ghcr.io/rust-lang/crates-build-env/linux@sha256:f3a9d4ad9d972b27faf3965f35b62e55ba32bbce8f20bc8fe909558a86702fde" "/opt/rustwide/cargo-home/bin/cargo" "+beta-2024-12-08" "metadata" "--no-deps" "--format-version=1", kill_on_drop: false }`
[INFO] [stdout] 85ff92e3bf170e2eb3e72e4b0d588a163ad508dcfe04e83ef470cb026b4e6137
[INFO] running `Command { std: "docker" "start" "-a" "85ff92e3bf170e2eb3e72e4b0d588a163ad508dcfe04e83ef470cb026b4e6137", kill_on_drop: false }`
[INFO] running `Command { std: "docker" "inspect" "85ff92e3bf170e2eb3e72e4b0d588a163ad508dcfe04e83ef470cb026b4e6137", kill_on_drop: false }`
[INFO] running `Command { std: "docker" "rm" "-f" "85ff92e3bf170e2eb3e72e4b0d588a163ad508dcfe04e83ef470cb026b4e6137", kill_on_drop: false }`
[INFO] [stdout] 85ff92e3bf170e2eb3e72e4b0d588a163ad508dcfe04e83ef470cb026b4e6137
[INFO] running `Command { std: "docker" "create" "-v" "/var/lib/crater-agent-workspace/builds/worker-4-tc2/target:/opt/rustwide/target:rw,Z" "-v" "/var/lib/crater-agent-workspace/builds/worker-4-tc2/source:/opt/rustwide/workdir:ro,Z" "-v" "/var/lib/crater-agent-workspace/cargo-home:/opt/rustwide/cargo-home:ro,Z" "-v" "/var/lib/crater-agent-workspace/rustup-home:/opt/rustwide/rustup-home:ro,Z" "-e" "SOURCE_DIR=/opt/rustwide/workdir" "-e" "CARGO_TARGET_DIR=/opt/rustwide/target" "-e" "CARGO_INCREMENTAL=0" "-e" "RUST_BACKTRACE=full" "-e" "RUSTFLAGS=--cap-lints=warn" "-e" "RUSTDOCFLAGS=--cap-lints=warn" "-e" "CARGO_HOME=/opt/rustwide/cargo-home" "-e" "RUSTUP_HOME=/opt/rustwide/rustup-home" "-w" "/opt/rustwide/workdir" "-m" "1610612736" "--user" "0:0" "--network" "none" "ghcr.io/rust-lang/crates-build-env/linux@sha256:f3a9d4ad9d972b27faf3965f35b62e55ba32bbce8f20bc8fe909558a86702fde" "/opt/rustwide/cargo-home/bin/cargo" "+beta-2024-12-08" "build" "--frozen" "--message-format=json", kill_on_drop: false }`
[INFO] [stdout] 9452c7270eda3fa14a7803ea372f58144ef365e8d97b2e668019bd7a6ccb09bb
[INFO] running `Command { std: "docker" "start" "-a" "9452c7270eda3fa14a7803ea372f58144ef365e8d97b2e668019bd7a6ccb09bb", kill_on_drop: false }`
[INFO] [stderr]    Compiling falsefox v0.1.4 (/opt/rustwide/workdir)
[INFO] [stderr]     Finished `dev` profile [unoptimized + debuginfo] target(s) in 0.50s
[INFO] running `Command { std: "docker" "inspect" "9452c7270eda3fa14a7803ea372f58144ef365e8d97b2e668019bd7a6ccb09bb", kill_on_drop: false }`
[INFO] running `Command { std: "docker" "rm" "-f" "9452c7270eda3fa14a7803ea372f58144ef365e8d97b2e668019bd7a6ccb09bb", kill_on_drop: false }`
[INFO] [stdout] 9452c7270eda3fa14a7803ea372f58144ef365e8d97b2e668019bd7a6ccb09bb
[INFO] running `Command { std: "docker" "create" "-v" "/var/lib/crater-agent-workspace/builds/worker-4-tc2/target:/opt/rustwide/target:rw,Z" "-v" "/var/lib/crater-agent-workspace/builds/worker-4-tc2/source:/opt/rustwide/workdir:ro,Z" "-v" "/var/lib/crater-agent-workspace/cargo-home:/opt/rustwide/cargo-home:ro,Z" "-v" "/var/lib/crater-agent-workspace/rustup-home:/opt/rustwide/rustup-home:ro,Z" "-e" "SOURCE_DIR=/opt/rustwide/workdir" "-e" "CARGO_TARGET_DIR=/opt/rustwide/target" "-e" "CARGO_INCREMENTAL=0" "-e" "RUST_BACKTRACE=full" "-e" "RUSTFLAGS=--cap-lints=warn" "-e" "RUSTDOCFLAGS=--cap-lints=warn" "-e" "CARGO_HOME=/opt/rustwide/cargo-home" "-e" "RUSTUP_HOME=/opt/rustwide/rustup-home" "-w" "/opt/rustwide/workdir" "-m" "1610612736" "--user" "0:0" "--network" "none" "ghcr.io/rust-lang/crates-build-env/linux@sha256:f3a9d4ad9d972b27faf3965f35b62e55ba32bbce8f20bc8fe909558a86702fde" "/opt/rustwide/cargo-home/bin/cargo" "+beta-2024-12-08" "test" "--frozen" "--no-run" "--message-format=json", kill_on_drop: false }`
[INFO] [stdout] 22a439d07b90664c62036d8050bd55b56570d9d2c641d0a5c019ce209d167bb3
[INFO] running `Command { std: "docker" "start" "-a" "22a439d07b90664c62036d8050bd55b56570d9d2c641d0a5c019ce209d167bb3", kill_on_drop: false }`
[INFO] [stderr]    Compiling falsefox v0.1.4 (/opt/rustwide/workdir)
[INFO] [stderr]     Finished `test` profile [unoptimized + debuginfo] target(s) in 0.73s
[INFO] running `Command { std: "docker" "inspect" "22a439d07b90664c62036d8050bd55b56570d9d2c641d0a5c019ce209d167bb3", kill_on_drop: false }`
[INFO] running `Command { std: "docker" "rm" "-f" "22a439d07b90664c62036d8050bd55b56570d9d2c641d0a5c019ce209d167bb3", kill_on_drop: false }`
[INFO] [stdout] 22a439d07b90664c62036d8050bd55b56570d9d2c641d0a5c019ce209d167bb3
[INFO] running `Command { std: "docker" "create" "-v" "/var/lib/crater-agent-workspace/builds/worker-4-tc2/target:/opt/rustwide/target:rw,Z" "-v" "/var/lib/crater-agent-workspace/builds/worker-4-tc2/source:/opt/rustwide/workdir:ro,Z" "-v" "/var/lib/crater-agent-workspace/cargo-home:/opt/rustwide/cargo-home:ro,Z" "-v" "/var/lib/crater-agent-workspace/rustup-home:/opt/rustwide/rustup-home:ro,Z" "-e" "SOURCE_DIR=/opt/rustwide/workdir" "-e" "CARGO_TARGET_DIR=/opt/rustwide/target" "-e" "CARGO_INCREMENTAL=0" "-e" "RUST_BACKTRACE=full" "-e" "RUSTFLAGS=--cap-lints=warn" "-e" "RUSTDOCFLAGS=--cap-lints=warn" "-e" "CARGO_HOME=/opt/rustwide/cargo-home" "-e" "RUSTUP_HOME=/opt/rustwide/rustup-home" "-w" "/opt/rustwide/workdir" "-m" "1610612736" "--user" "0:0" "--network" "none" "ghcr.io/rust-lang/crates-build-env/linux@sha256:f3a9d4ad9d972b27faf3965f35b62e55ba32bbce8f20bc8fe909558a86702fde" "/opt/rustwide/cargo-home/bin/cargo" "+beta-2024-12-08" "test" "--frozen", kill_on_drop: false }`
[INFO] [stdout] 94e8136f42693dc7602af193b746b933d2773b7874dc8a1943800c789c5b6ac5
[INFO] running `Command { std: "docker" "start" "-a" "94e8136f42693dc7602af193b746b933d2773b7874dc8a1943800c789c5b6ac5", kill_on_drop: false }`
[INFO] [stderr]     Finished `test` profile [unoptimized + debuginfo] target(s) in 0.01s
[INFO] [stderr]      Running unittests src/prelude.rs (/opt/rustwide/target/debug/deps/falsefox-8e264a34934b1e3c)
[INFO] [stdout] 
[INFO] [stdout] running 1 test
[INFO] [stdout] test tests::test_get_functions ... ok
[INFO] [stdout] 
[INFO] [stdout] test result: ok. 1 passed; 0 failed; 0 ignored; 0 measured; 0 filtered out; finished in 0.00s
[INFO] [stdout] 
[INFO] [stderr]      Running unittests src/main.rs (/opt/rustwide/target/debug/deps/falsefox-f20dcee561b91448)
[INFO] [stdout] 
[INFO] [stdout] running 1 test
[INFO] [stdout] test prelude::tests::test_get_functions ... ok
[INFO] [stdout] 
[INFO] [stdout] test result: ok. 1 passed; 0 failed; 0 ignored; 0 measured; 0 filtered out; finished in 0.01s
[INFO] [stdout] 
[INFO] [stderr]    Doc-tests falsefox
[INFO] [stdout] 
[INFO] [stdout] running 1 test
[INFO] [stdout] test src/prelude.rs - (line 8) ... FAILED
[INFO] [stdout] 
[INFO] [stdout] failures:
[INFO] [stdout] 
[INFO] [stdout] ---- src/prelude.rs - (line 8) stdout ----
[INFO] [stdout] error[E0254]: the name `falsefox` is defined multiple times
[INFO] [stdout]  --> src/prelude.rs:10:5
[INFO] [stdout]   |
[INFO] [stdout] 3 | extern crate r#falsefox;
[INFO] [stdout]   | ------------------------ previous import of the extern crate `falsefox` here
[INFO] [stdout] 4 | use falsefox;
[INFO] [stdout]   |     ^^^^^^^^ `falsefox` reimported here
[INFO] [stdout]   |
[INFO] [stdout]   = note: `falsefox` must be defined only once in the type namespace of this module
[INFO] [stdout] 
[INFO] [stdout] error: aborting due to 1 previous error
[INFO] [stdout] 
[INFO] [stdout] For more information about this error, try `rustc --explain E0254`.
[INFO] [stdout] Couldn't compile the test.
[INFO] [stdout] 
[INFO] [stdout] failures:
[INFO] [stdout]     src/prelude.rs - (line 8)
[INFO] [stdout] 
[INFO] [stdout] test result: FAILED. 0 passed; 1 failed; 0 ignored; 0 measured; 0 filtered out; finished in 0.08s
[INFO] [stdout] 
[INFO] [stderr] error: doctest failed, to rerun pass `--doc`
[INFO] running `Command { std: "docker" "inspect" "94e8136f42693dc7602af193b746b933d2773b7874dc8a1943800c789c5b6ac5", kill_on_drop: false }`
[INFO] running `Command { std: "docker" "rm" "-f" "94e8136f42693dc7602af193b746b933d2773b7874dc8a1943800c789c5b6ac5", kill_on_drop: false }`
[INFO] [stdout] 94e8136f42693dc7602af193b746b933d2773b7874dc8a1943800c789c5b6ac5
