[INFO] fetching crate false-bottom 0.3.4...
[INFO] testing false-bottom-0.3.4 against beta-2024-12-08 for beta-1.84.0-4-retry
[INFO] extracting crate false-bottom 0.3.4 into /workspace/builds/worker-3-tc2/source
[INFO] validating manifest of crates.io crate false-bottom 0.3.4 on toolchain beta-2024-12-08
[INFO] running `Command { std: CARGO_HOME="/workspace/cargo-home" RUSTUP_HOME="/workspace/rustup-home" "/workspace/cargo-home/bin/cargo" "+beta-2024-12-08" "metadata" "--manifest-path" "Cargo.toml" "--no-deps", kill_on_drop: false }`
[INFO] started tweaking crates.io crate false-bottom 0.3.4
[INFO] removed 0 missing examples
[INFO] finished tweaking crates.io crate false-bottom 0.3.4
[INFO] tweaked toml for crates.io crate false-bottom 0.3.4 written to /workspace/builds/worker-3-tc2/source/Cargo.toml
[INFO] crate crates.io crate false-bottom 0.3.4 already has a lockfile, it will not be regenerated
[INFO] running `Command { std: CARGO_HOME="/workspace/cargo-home" RUSTUP_HOME="/workspace/rustup-home" "/workspace/cargo-home/bin/cargo" "+beta-2024-12-08" "fetch" "--manifest-path" "Cargo.toml", kill_on_drop: false }`
[INFO] running `Command { std: "docker" "create" "-v" "/var/lib/crater-agent-workspace/builds/worker-3-tc2/target:/opt/rustwide/target:rw,Z" "-v" "/var/lib/crater-agent-workspace/builds/worker-3-tc2/source:/opt/rustwide/workdir:ro,Z" "-v" "/var/lib/crater-agent-workspace/cargo-home:/opt/rustwide/cargo-home:ro,Z" "-v" "/var/lib/crater-agent-workspace/rustup-home:/opt/rustwide/rustup-home:ro,Z" "-e" "SOURCE_DIR=/opt/rustwide/workdir" "-e" "CARGO_TARGET_DIR=/opt/rustwide/target" "-e" "CARGO_HOME=/opt/rustwide/cargo-home" "-e" "RUSTUP_HOME=/opt/rustwide/rustup-home" "-w" "/opt/rustwide/workdir" "-m" "1610612736" "--user" "0:0" "--network" "none" "ghcr.io/rust-lang/crates-build-env/linux@sha256:f3a9d4ad9d972b27faf3965f35b62e55ba32bbce8f20bc8fe909558a86702fde" "/opt/rustwide/cargo-home/bin/cargo" "+beta-2024-12-08" "metadata" "--no-deps" "--format-version=1", kill_on_drop: false }`
[INFO] [stdout] 112fea3aa144eb3644c24e36335943987573fbcd1507cda159e2244aa91c73cb
[INFO] running `Command { std: "docker" "start" "-a" "112fea3aa144eb3644c24e36335943987573fbcd1507cda159e2244aa91c73cb", kill_on_drop: false }`
[INFO] running `Command { std: "docker" "inspect" "112fea3aa144eb3644c24e36335943987573fbcd1507cda159e2244aa91c73cb", kill_on_drop: false }`
[INFO] running `Command { std: "docker" "rm" "-f" "112fea3aa144eb3644c24e36335943987573fbcd1507cda159e2244aa91c73cb", kill_on_drop: false }`
[INFO] [stdout] 112fea3aa144eb3644c24e36335943987573fbcd1507cda159e2244aa91c73cb
[INFO] running `Command { std: "docker" "create" "-v" "/var/lib/crater-agent-workspace/builds/worker-3-tc2/target:/opt/rustwide/target:rw,Z" "-v" "/var/lib/crater-agent-workspace/builds/worker-3-tc2/source:/opt/rustwide/workdir:ro,Z" "-v" "/var/lib/crater-agent-workspace/cargo-home:/opt/rustwide/cargo-home:ro,Z" "-v" "/var/lib/crater-agent-workspace/rustup-home:/opt/rustwide/rustup-home:ro,Z" "-e" "SOURCE_DIR=/opt/rustwide/workdir" "-e" "CARGO_TARGET_DIR=/opt/rustwide/target" "-e" "CARGO_INCREMENTAL=0" "-e" "RUST_BACKTRACE=full" "-e" "RUSTFLAGS=--cap-lints=warn" "-e" "RUSTDOCFLAGS=--cap-lints=warn" "-e" "CARGO_HOME=/opt/rustwide/cargo-home" "-e" "RUSTUP_HOME=/opt/rustwide/rustup-home" "-w" "/opt/rustwide/workdir" "-m" "1610612736" "--user" "0:0" "--network" "none" "ghcr.io/rust-lang/crates-build-env/linux@sha256:f3a9d4ad9d972b27faf3965f35b62e55ba32bbce8f20bc8fe909558a86702fde" "/opt/rustwide/cargo-home/bin/cargo" "+beta-2024-12-08" "build" "--frozen" "--message-format=json", kill_on_drop: false }`
[INFO] [stdout] 85898ddbe49f154b6bfe8564095cefd9589b196425b8e130b316d643dc45be98
[INFO] running `Command { std: "docker" "start" "-a" "85898ddbe49f154b6bfe8564095cefd9589b196425b8e130b316d643dc45be98", kill_on_drop: false }`
[INFO] [stderr]    Compiling libc v0.2.153
[INFO] [stderr]    Compiling crossbeam-utils v0.8.19
[INFO] [stderr]    Compiling cfg-if v1.0.0
[INFO] [stderr]    Compiling version_check v0.9.4
[INFO] [stderr]    Compiling typenum v1.17.0
[INFO] [stderr]    Compiling serde v1.0.199
[INFO] [stderr]    Compiling ppv-lite86 v0.2.17
[INFO] [stderr]    Compiling subtle v2.5.0
[INFO] [stderr]    Compiling either v1.11.0
[INFO] [stderr]    Compiling generic-array v0.14.7
[INFO] [stderr]    Compiling crossbeam-epoch v0.9.18
[INFO] [stderr]    Compiling getrandom v0.2.14
[INFO] [stderr]    Compiling rand_core v0.6.4
[INFO] [stderr]    Compiling rand_chacha v0.3.1
[INFO] [stderr]    Compiling crossbeam-deque v0.8.5
[INFO] [stderr]    Compiling rayon-core v1.12.1
[INFO] [stderr]    Compiling rand v0.8.5
[INFO] [stderr]    Compiling crypto-bigint v0.5.5
[INFO] [stderr]    Compiling rayon v1.10.0
[INFO] [stderr]    Compiling bincode v1.3.3
[INFO] [stderr]    Compiling false-bottom v0.3.4 (/opt/rustwide/workdir)
[INFO] [stderr]     Finished `dev` profile [unoptimized + debuginfo] target(s) in 8.49s
[INFO] running `Command { std: "docker" "inspect" "85898ddbe49f154b6bfe8564095cefd9589b196425b8e130b316d643dc45be98", kill_on_drop: false }`
[INFO] running `Command { std: "docker" "rm" "-f" "85898ddbe49f154b6bfe8564095cefd9589b196425b8e130b316d643dc45be98", kill_on_drop: false }`
[INFO] [stdout] 85898ddbe49f154b6bfe8564095cefd9589b196425b8e130b316d643dc45be98
[INFO] running `Command { std: "docker" "create" "-v" "/var/lib/crater-agent-workspace/builds/worker-3-tc2/target:/opt/rustwide/target:rw,Z" "-v" "/var/lib/crater-agent-workspace/builds/worker-3-tc2/source:/opt/rustwide/workdir:ro,Z" "-v" "/var/lib/crater-agent-workspace/cargo-home:/opt/rustwide/cargo-home:ro,Z" "-v" "/var/lib/crater-agent-workspace/rustup-home:/opt/rustwide/rustup-home:ro,Z" "-e" "SOURCE_DIR=/opt/rustwide/workdir" "-e" "CARGO_TARGET_DIR=/opt/rustwide/target" "-e" "CARGO_INCREMENTAL=0" "-e" "RUST_BACKTRACE=full" "-e" "RUSTFLAGS=--cap-lints=warn" "-e" "RUSTDOCFLAGS=--cap-lints=warn" "-e" "CARGO_HOME=/opt/rustwide/cargo-home" "-e" "RUSTUP_HOME=/opt/rustwide/rustup-home" "-w" "/opt/rustwide/workdir" "-m" "1610612736" "--user" "0:0" "--network" "none" "ghcr.io/rust-lang/crates-build-env/linux@sha256:f3a9d4ad9d972b27faf3965f35b62e55ba32bbce8f20bc8fe909558a86702fde" "/opt/rustwide/cargo-home/bin/cargo" "+beta-2024-12-08" "test" "--frozen" "--no-run" "--message-format=json", kill_on_drop: false }`
[INFO] [stdout] ba4575147e8e35f8e2ea32f9aa28caec5e0fbb35647f0d1b0ee7fa5b1001090f
[INFO] running `Command { std: "docker" "start" "-a" "ba4575147e8e35f8e2ea32f9aa28caec5e0fbb35647f0d1b0ee7fa5b1001090f", kill_on_drop: false }`
[INFO] [stderr]    Compiling proc-macro2 v1.0.79
[INFO] [stderr]    Compiling unicode-ident v1.0.12
[INFO] [stderr]    Compiling libc v0.2.153
[INFO] [stderr]    Compiling serde v1.0.199
[INFO] [stderr]    Compiling either v1.11.0
[INFO] [stderr]    Compiling autocfg v1.2.0
[INFO] [stderr]    Compiling serde_json v1.0.116
[INFO] [stderr]    Compiling itoa v1.0.11
[INFO] [stderr]    Compiling ciborium-io v0.2.2
[INFO] [stderr]    Compiling clap_lex v0.7.0
[INFO] [stderr]    Compiling half v2.4.1
[INFO] [stderr]    Compiling regex-syntax v0.8.3
[INFO] [stderr]    Compiling anstyle v1.0.6
[INFO] [stderr]    Compiling plotters-backend v0.3.5
[INFO] [stderr]    Compiling ryu v1.0.17
[INFO] [stderr]    Compiling same-file v1.0.6
[INFO] [stderr]    Compiling cast v0.3.0
[INFO] [stderr]    Compiling oorandom v11.1.3
[INFO] [stderr]    Compiling clap_builder v4.5.2
[INFO] [stderr]    Compiling walkdir v2.5.0
[INFO] [stderr]    Compiling anes v0.1.6
[INFO] [stderr]    Compiling once_cell v1.19.0
[INFO] [stderr]    Compiling ciborium-ll v0.2.2
[INFO] [stderr]    Compiling num-traits v0.2.18
[INFO] [stderr]    Compiling itertools v0.10.5
[INFO] [stderr]    Compiling rayon v1.10.0
[INFO] [stderr]    Compiling plotters-svg v0.3.5
[INFO] [stderr]    Compiling quote v1.0.36
[INFO] [stderr]    Compiling syn v2.0.58
[INFO] [stderr]    Compiling getrandom v0.2.14
[INFO] [stderr]    Compiling is-terminal v0.4.12
[INFO] [stderr]    Compiling rand_core v0.6.4
[INFO] [stderr]    Compiling regex-automata v0.4.6
[INFO] [stderr]    Compiling rand_chacha v0.3.1
[INFO] [stderr]    Compiling crypto-bigint v0.5.5
[INFO] [stderr]    Compiling rand v0.8.5
[INFO] [stderr]    Compiling criterion-plot v0.5.0
[INFO] [stderr]    Compiling plotters v0.3.5
[INFO] [stderr]    Compiling clap v4.5.4
[INFO] [stderr]    Compiling serde_derive v1.0.199
[INFO] [stderr]    Compiling regex v1.10.4
[INFO] [stderr]    Compiling ciborium v0.2.2
[INFO] [stderr]    Compiling bincode v1.3.3
[INFO] [stderr]    Compiling false-bottom v0.3.4 (/opt/rustwide/workdir)
[INFO] [stderr]    Compiling tinytemplate v1.2.1
[INFO] [stderr]    Compiling criterion v0.5.1
[INFO] [stderr]     Finished `test` profile [unoptimized + debuginfo] target(s) in 28.46s
[INFO] running `Command { std: "docker" "inspect" "ba4575147e8e35f8e2ea32f9aa28caec5e0fbb35647f0d1b0ee7fa5b1001090f", kill_on_drop: false }`
[INFO] running `Command { std: "docker" "rm" "-f" "ba4575147e8e35f8e2ea32f9aa28caec5e0fbb35647f0d1b0ee7fa5b1001090f", kill_on_drop: false }`
[INFO] [stdout] ba4575147e8e35f8e2ea32f9aa28caec5e0fbb35647f0d1b0ee7fa5b1001090f
[INFO] running `Command { std: "docker" "create" "-v" "/var/lib/crater-agent-workspace/builds/worker-3-tc2/target:/opt/rustwide/target:rw,Z" "-v" "/var/lib/crater-agent-workspace/builds/worker-3-tc2/source:/opt/rustwide/workdir:ro,Z" "-v" "/var/lib/crater-agent-workspace/cargo-home:/opt/rustwide/cargo-home:ro,Z" "-v" "/var/lib/crater-agent-workspace/rustup-home:/opt/rustwide/rustup-home:ro,Z" "-e" "SOURCE_DIR=/opt/rustwide/workdir" "-e" "CARGO_TARGET_DIR=/opt/rustwide/target" "-e" "CARGO_INCREMENTAL=0" "-e" "RUST_BACKTRACE=full" "-e" "RUSTFLAGS=--cap-lints=warn" "-e" "RUSTDOCFLAGS=--cap-lints=warn" "-e" "CARGO_HOME=/opt/rustwide/cargo-home" "-e" "RUSTUP_HOME=/opt/rustwide/rustup-home" "-w" "/opt/rustwide/workdir" "-m" "1610612736" "--user" "0:0" "--network" "none" "ghcr.io/rust-lang/crates-build-env/linux@sha256:f3a9d4ad9d972b27faf3965f35b62e55ba32bbce8f20bc8fe909558a86702fde" "/opt/rustwide/cargo-home/bin/cargo" "+beta-2024-12-08" "test" "--frozen", kill_on_drop: false }`
[INFO] [stdout] 8a16f5f296ccbb11bb72fe6fd8e1563203d2047e2fc705b1a5dca7cb56de7670
[INFO] running `Command { std: "docker" "start" "-a" "8a16f5f296ccbb11bb72fe6fd8e1563203d2047e2fc705b1a5dca7cb56de7670", kill_on_drop: false }`
[INFO] [stderr]     Finished `test` profile [unoptimized + debuginfo] target(s) in 0.08s
[INFO] [stderr]      Running unittests src/lib.rs (/opt/rustwide/target/debug/deps/false_bottom-fb1bbe36ce052192)
[INFO] [stdout] 
[INFO] [stdout] running 1 test
[INFO] [stdout] test fbobj::test::test_block_operations ... ok
[INFO] [stdout] 
[INFO] [stdout] test result: ok. 1 passed; 0 failed; 0 ignored; 0 measured; 0 filtered out; finished in 0.01s
[INFO] [stdout] 
[INFO] [stderr]    Doc-tests false_bottom
[INFO] [stdout] 
[INFO] [stdout] running 5 tests
[INFO] [stdout] test src/lib.rs - (line 62) ... FAILED
[INFO] [stdout] test src/lib.rs - (line 15) ... ok
[INFO] [stdout] test src/lib.rs - (line 35) ... ok
[INFO] [stdout] test src/lib.rs - (line 25) ... ok
[INFO] [stdout] test src/lib.rs - (line 48) ... ok
[INFO] [stdout] 
[INFO] [stdout] failures:
[INFO] [stdout] 
[INFO] [stdout] ---- src/lib.rs - (line 62) stdout ----
[INFO] [stdout] error[E0599]: no method named `to_base64` found for struct `FbObj` in the current scope
[INFO] [stdout]  --> src/lib.rs:68:46
[INFO] [stdout]   |
[INFO] [stdout] 9 | let (ciphertext_base64, keybase_base64) = fb.to_base64();
[INFO] [stdout]   |                                              ^^^^^^^^^ method not found in `FbObj<Uint<2>>`
[INFO] [stdout] 
[INFO] [stdout] error[E0599]: no method named `to_base64` found for struct `FbKey` in the current scope
[INFO] [stdout]   --> src/lib.rs:69:22
[INFO] [stdout]    |
[INFO] [stdout] 10 | let key_base64 = key.to_base64();
[INFO] [stdout]    |                      ^^^^^^^^^ method not found in `FbKey`
[INFO] [stdout] 
[INFO] [stdout] error[E0599]: no function or associated item named `from_base64` found for struct `FbObj` in the current scope
[INFO] [stdout]   --> src/lib.rs:71:26
[INFO] [stdout]    |
[INFO] [stdout] 12 | let fb_imported = Fb128::from_base64(&ciphertext_base64, &keybase_base64)?;
[INFO] [stdout]    |                          ^^^^^^^^^^^ function or associated item not found in `FbObj<Uint<2>>`
[INFO] [stdout] 
[INFO] [stdout] error[E0599]: no function or associated item named `from_base64` found for struct `FbKey` in the current scope
[INFO] [stdout]   --> src/lib.rs:72:27
[INFO] [stdout]    |
[INFO] [stdout] 13 | let key_imported = FbKey::from_base64(&key_base64)?;
[INFO] [stdout]    |                           ^^^^^^^^^^^ function or associated item not found in `FbKey`
[INFO] [stdout]    |
[INFO] [stdout] note: if you're trying to build a new `FbKey`, consider using `FbKey::from_bytes` which returns `Result<FbKey, FbError>`
[INFO] [stdout]   --> /opt/rustwide/workdir/src/fbkey.rs:29:2
[INFO] [stdout]    |
[INFO] [stdout] 29 |     pub fn from_bytes(fbkey: &[u8]) -> Result<FbKey, FbError> {
[INFO] [stdout]    |     ^^^^^^^^^^^^^^^^^^^^^^^^^^^^^^^^^^^^^^^^^^^^^^^^^^^^^^^^^
[INFO] [stdout] 
[INFO] [stdout] error: aborting due to 4 previous errors
[INFO] [stdout] 
[INFO] [stdout] For more information about this error, try `rustc --explain E0599`.
[INFO] [stdout] Couldn't compile the test.
[INFO] [stdout] 
[INFO] [stdout] failures:
[INFO] [stdout]     src/lib.rs - (line 62)
[INFO] [stdout] 
[INFO] [stdout] test result: FAILED. 4 passed; 1 failed; 0 ignored; 0 measured; 0 filtered out; finished in 1.95s
[INFO] [stdout] 
[INFO] [stderr] error: doctest failed, to rerun pass `--doc`
[INFO] running `Command { std: "docker" "inspect" "8a16f5f296ccbb11bb72fe6fd8e1563203d2047e2fc705b1a5dca7cb56de7670", kill_on_drop: false }`
[INFO] running `Command { std: "docker" "rm" "-f" "8a16f5f296ccbb11bb72fe6fd8e1563203d2047e2fc705b1a5dca7cb56de7670", kill_on_drop: false }`
[INFO] [stdout] 8a16f5f296ccbb11bb72fe6fd8e1563203d2047e2fc705b1a5dca7cb56de7670
