[INFO] fetching crate facio 0.1.0...
[INFO] testing facio-0.1.0 against 1.83.0 for beta-1.84.0-4-retry
[INFO] extracting crate facio 0.1.0 into /workspace/builds/worker-5-tc1/source
[INFO] validating manifest of crates.io crate facio 0.1.0 on toolchain 1.83.0
[INFO] running `Command { std: CARGO_HOME="/workspace/cargo-home" RUSTUP_HOME="/workspace/rustup-home" "/workspace/cargo-home/bin/cargo" "+1.83.0" "metadata" "--manifest-path" "Cargo.toml" "--no-deps", kill_on_drop: false }`
[INFO] started tweaking crates.io crate facio 0.1.0
[INFO] finished tweaking crates.io crate facio 0.1.0
[INFO] tweaked toml for crates.io crate facio 0.1.0 written to /workspace/builds/worker-5-tc1/source/Cargo.toml
[INFO] running `Command { std: CARGO_HOME="/workspace/cargo-home" RUSTUP_HOME="/workspace/rustup-home" "/workspace/cargo-home/bin/cargo" "+1.83.0" "generate-lockfile" "--manifest-path" "Cargo.toml", kill_on_drop: false }`
[INFO] [stderr]     Blocking waiting for file lock on package cache
[INFO] [stderr]     Updating crates.io index
[INFO] [stderr]      Locking 1 package to latest compatible version
[INFO] running `Command { std: CARGO_HOME="/workspace/cargo-home" RUSTUP_HOME="/workspace/rustup-home" "/workspace/cargo-home/bin/cargo" "+1.83.0" "fetch" "--manifest-path" "Cargo.toml", kill_on_drop: false }`
[INFO] [stderr]     Blocking waiting for file lock on package cache
[INFO] [stderr]     Blocking waiting for file lock on package cache
[INFO] running `Command { std: "docker" "create" "-v" "/var/lib/crater-agent-workspace/builds/worker-5-tc1/target:/opt/rustwide/target:rw,Z" "-v" "/var/lib/crater-agent-workspace/builds/worker-5-tc1/source:/opt/rustwide/workdir:ro,Z" "-v" "/var/lib/crater-agent-workspace/cargo-home:/opt/rustwide/cargo-home:ro,Z" "-v" "/var/lib/crater-agent-workspace/rustup-home:/opt/rustwide/rustup-home:ro,Z" "-e" "SOURCE_DIR=/opt/rustwide/workdir" "-e" "CARGO_TARGET_DIR=/opt/rustwide/target" "-e" "CARGO_HOME=/opt/rustwide/cargo-home" "-e" "RUSTUP_HOME=/opt/rustwide/rustup-home" "-w" "/opt/rustwide/workdir" "-m" "1610612736" "--user" "0:0" "--network" "none" "ghcr.io/rust-lang/crates-build-env/linux@sha256:f3a9d4ad9d972b27faf3965f35b62e55ba32bbce8f20bc8fe909558a86702fde" "/opt/rustwide/cargo-home/bin/cargo" "+1.83.0" "metadata" "--no-deps" "--format-version=1", kill_on_drop: false }`
[INFO] [stdout] 7b79fed8a3bfae5eb8b46d60e3ef0969e39ba245afea132c551b67e84d4fb3bb
[INFO] running `Command { std: "docker" "start" "-a" "7b79fed8a3bfae5eb8b46d60e3ef0969e39ba245afea132c551b67e84d4fb3bb", kill_on_drop: false }`
[INFO] running `Command { std: "docker" "inspect" "7b79fed8a3bfae5eb8b46d60e3ef0969e39ba245afea132c551b67e84d4fb3bb", kill_on_drop: false }`
[INFO] running `Command { std: "docker" "rm" "-f" "7b79fed8a3bfae5eb8b46d60e3ef0969e39ba245afea132c551b67e84d4fb3bb", kill_on_drop: false }`
[INFO] [stdout] 7b79fed8a3bfae5eb8b46d60e3ef0969e39ba245afea132c551b67e84d4fb3bb
[INFO] running `Command { std: "docker" "create" "-v" "/var/lib/crater-agent-workspace/builds/worker-5-tc1/target:/opt/rustwide/target:rw,Z" "-v" "/var/lib/crater-agent-workspace/builds/worker-5-tc1/source:/opt/rustwide/workdir:ro,Z" "-v" "/var/lib/crater-agent-workspace/cargo-home:/opt/rustwide/cargo-home:ro,Z" "-v" "/var/lib/crater-agent-workspace/rustup-home:/opt/rustwide/rustup-home:ro,Z" "-e" "SOURCE_DIR=/opt/rustwide/workdir" "-e" "CARGO_TARGET_DIR=/opt/rustwide/target" "-e" "CARGO_INCREMENTAL=0" "-e" "RUST_BACKTRACE=full" "-e" "RUSTFLAGS=--cap-lints=warn" "-e" "RUSTDOCFLAGS=--cap-lints=warn" "-e" "CARGO_HOME=/opt/rustwide/cargo-home" "-e" "RUSTUP_HOME=/opt/rustwide/rustup-home" "-w" "/opt/rustwide/workdir" "-m" "1610612736" "--user" "0:0" "--network" "none" "ghcr.io/rust-lang/crates-build-env/linux@sha256:f3a9d4ad9d972b27faf3965f35b62e55ba32bbce8f20bc8fe909558a86702fde" "/opt/rustwide/cargo-home/bin/cargo" "+1.83.0" "build" "--frozen" "--message-format=json", kill_on_drop: false }`
[INFO] [stdout] 93444d99a292881ce394bee3d9d2a6191f89a8ca2e899891354ce2770bc93e1e
[INFO] running `Command { std: "docker" "start" "-a" "93444d99a292881ce394bee3d9d2a6191f89a8ca2e899891354ce2770bc93e1e", kill_on_drop: false }`
[INFO] [stderr]    Compiling byteorder v1.5.0
[INFO] [stderr]    Compiling facio v0.1.0 (/opt/rustwide/workdir)
[INFO] [stderr]     Finished `dev` profile [unoptimized + debuginfo] target(s) in 0.95s
[INFO] running `Command { std: "docker" "inspect" "93444d99a292881ce394bee3d9d2a6191f89a8ca2e899891354ce2770bc93e1e", kill_on_drop: false }`
[INFO] running `Command { std: "docker" "rm" "-f" "93444d99a292881ce394bee3d9d2a6191f89a8ca2e899891354ce2770bc93e1e", kill_on_drop: false }`
[INFO] [stdout] 93444d99a292881ce394bee3d9d2a6191f89a8ca2e899891354ce2770bc93e1e
[INFO] running `Command { std: "docker" "create" "-v" "/var/lib/crater-agent-workspace/builds/worker-5-tc1/target:/opt/rustwide/target:rw,Z" "-v" "/var/lib/crater-agent-workspace/builds/worker-5-tc1/source:/opt/rustwide/workdir:ro,Z" "-v" "/var/lib/crater-agent-workspace/cargo-home:/opt/rustwide/cargo-home:ro,Z" "-v" "/var/lib/crater-agent-workspace/rustup-home:/opt/rustwide/rustup-home:ro,Z" "-e" "SOURCE_DIR=/opt/rustwide/workdir" "-e" "CARGO_TARGET_DIR=/opt/rustwide/target" "-e" "CARGO_INCREMENTAL=0" "-e" "RUST_BACKTRACE=full" "-e" "RUSTFLAGS=--cap-lints=warn" "-e" "RUSTDOCFLAGS=--cap-lints=warn" "-e" "CARGO_HOME=/opt/rustwide/cargo-home" "-e" "RUSTUP_HOME=/opt/rustwide/rustup-home" "-w" "/opt/rustwide/workdir" "-m" "1610612736" "--user" "0:0" "--network" "none" "ghcr.io/rust-lang/crates-build-env/linux@sha256:f3a9d4ad9d972b27faf3965f35b62e55ba32bbce8f20bc8fe909558a86702fde" "/opt/rustwide/cargo-home/bin/cargo" "+1.83.0" "test" "--frozen" "--no-run" "--message-format=json", kill_on_drop: false }`
[INFO] [stdout] 87e65c3fdb68001835d512b7c2872635213de0b8b852c850bdfe202ddc45f27b
[INFO] running `Command { std: "docker" "start" "-a" "87e65c3fdb68001835d512b7c2872635213de0b8b852c850bdfe202ddc45f27b", kill_on_drop: false }`
[INFO] [stderr]    Compiling facio v0.1.0 (/opt/rustwide/workdir)
[INFO] [stderr]     Finished `test` profile [unoptimized + debuginfo] target(s) in 0.50s
[INFO] running `Command { std: "docker" "inspect" "87e65c3fdb68001835d512b7c2872635213de0b8b852c850bdfe202ddc45f27b", kill_on_drop: false }`
[INFO] running `Command { std: "docker" "rm" "-f" "87e65c3fdb68001835d512b7c2872635213de0b8b852c850bdfe202ddc45f27b", kill_on_drop: false }`
[INFO] [stdout] 87e65c3fdb68001835d512b7c2872635213de0b8b852c850bdfe202ddc45f27b
[INFO] running `Command { std: "docker" "create" "-v" "/var/lib/crater-agent-workspace/builds/worker-5-tc1/target:/opt/rustwide/target:rw,Z" "-v" "/var/lib/crater-agent-workspace/builds/worker-5-tc1/source:/opt/rustwide/workdir:ro,Z" "-v" "/var/lib/crater-agent-workspace/cargo-home:/opt/rustwide/cargo-home:ro,Z" "-v" "/var/lib/crater-agent-workspace/rustup-home:/opt/rustwide/rustup-home:ro,Z" "-e" "SOURCE_DIR=/opt/rustwide/workdir" "-e" "CARGO_TARGET_DIR=/opt/rustwide/target" "-e" "CARGO_INCREMENTAL=0" "-e" "RUST_BACKTRACE=full" "-e" "RUSTFLAGS=--cap-lints=warn" "-e" "RUSTDOCFLAGS=--cap-lints=warn" "-e" "CARGO_HOME=/opt/rustwide/cargo-home" "-e" "RUSTUP_HOME=/opt/rustwide/rustup-home" "-w" "/opt/rustwide/workdir" "-m" "1610612736" "--user" "0:0" "--network" "none" "ghcr.io/rust-lang/crates-build-env/linux@sha256:f3a9d4ad9d972b27faf3965f35b62e55ba32bbce8f20bc8fe909558a86702fde" "/opt/rustwide/cargo-home/bin/cargo" "+1.83.0" "test" "--frozen", kill_on_drop: false }`
[INFO] [stdout] 790ad23cf8e035d7001945d197bfa18f10a334e46c75ffdaa73270b65c506c94
[INFO] running `Command { std: "docker" "start" "-a" "790ad23cf8e035d7001945d197bfa18f10a334e46c75ffdaa73270b65c506c94", kill_on_drop: false }`
[INFO] [stderr]     Finished `test` profile [unoptimized + debuginfo] target(s) in 0.02s
[INFO] [stderr]      Running unittests src/lib.rs (/opt/rustwide/target/debug/deps/facio-7c625ef5dd3a73cc)
[INFO] [stderr]      Running unittests src/main.rs (/opt/rustwide/target/debug/deps/facio-641522c1587c68ce)
[INFO] [stdout] 
[INFO] [stdout] running 0 tests
[INFO] [stdout] 
[INFO] [stdout] test result: ok. 0 passed; 0 failed; 0 ignored; 0 measured; 0 filtered out; finished in 0.00s
[INFO] [stdout] 
[INFO] [stdout] 
[INFO] [stdout] running 0 tests
[INFO] [stdout] 
[INFO] [stdout] test result: ok. 0 passed; 0 failed; 0 ignored; 0 measured; 0 filtered out; finished in 0.00s
[INFO] [stdout] 
[INFO] [stderr]    Doc-tests facio
[INFO] [stdout] 
[INFO] [stdout] running 3 tests
[INFO] [stdout] test src/lib.rs - client (line 32) ... FAILED
[INFO] [stdout] test src/raw_packet.rs - raw_packet::RawPacket::new_from_type (line 177) ... ok
[INFO] [stdout] test src/raw_packet.rs - raw_packet::RawPacket (line 21) ... ok
[INFO] [stdout] 
[INFO] [stdout] failures:
[INFO] [stdout] 
[INFO] [stdout] ---- src/lib.rs - client (line 32) stdout ----
[INFO] [stdout] error[E0308]: mismatched types
[INFO] [stdout]   --> src/lib.rs:47:45
[INFO] [stdout]    |
[INFO] [stdout] 17 |      if let Some(s) = rcon.exec("/help").ok() {
[INFO] [stdout]    |  _____________________________________________^
[INFO] [stdout] 18 | |        println!("/help from server:\n{}", s);
[INFO] [stdout] 19 | |    } else {
[INFO] [stdout]    | |____^ expected `Result<(), Error>`, found `()`
[INFO] [stdout]    |
[INFO] [stdout]    = note:   expected enum `Result<(), std::io::Error>`
[INFO] [stdout]            found unit type `()`
[INFO] [stdout] 
[INFO] [stdout] error[E0308]: mismatched types
[INFO] [stdout]   --> src/lib.rs:49:11
[INFO] [stdout]    |
[INFO] [stdout] 19 |      } else {
[INFO] [stdout]    |  ___________^
[INFO] [stdout] 20 | |        println!("Error?");
[INFO] [stdout] 21 | |    }
[INFO] [stdout]    | |____^ expected `Result<(), Error>`, found `()`
[INFO] [stdout]    |
[INFO] [stdout]    = note:   expected enum `Result<(), std::io::Error>`
[INFO] [stdout]            found unit type `()`
[INFO] [stdout] 
[INFO] [stdout] error: aborting due to 2 previous errors
[INFO] [stdout] 
[INFO] [stdout] For more information about this error, try `rustc --explain E0308`.
[INFO] [stdout] Couldn't compile the test.
[INFO] [stdout] 
[INFO] [stdout] failures:
[INFO] [stdout]     src/lib.rs - client (line 32)
[INFO] [stdout] 
[INFO] [stdout] test result: FAILED. 2 passed; 1 failed; 0 ignored; 0 measured; 0 filtered out; finished in 0.40s
[INFO] [stdout] 
[INFO] [stderr] error: doctest failed, to rerun pass `--doc`
[INFO] running `Command { std: "docker" "inspect" "790ad23cf8e035d7001945d197bfa18f10a334e46c75ffdaa73270b65c506c94", kill_on_drop: false }`
[INFO] running `Command { std: "docker" "rm" "-f" "790ad23cf8e035d7001945d197bfa18f10a334e46c75ffdaa73270b65c506c94", kill_on_drop: false }`
[INFO] [stdout] 790ad23cf8e035d7001945d197bfa18f10a334e46c75ffdaa73270b65c506c94
