[INFO] fetching crate ez-jsonrpc-types 0.5.1...
[INFO] testing ez-jsonrpc-types-0.5.1 against beta-2024-12-08 for beta-1.84.0-4-retry
[INFO] extracting crate ez-jsonrpc-types 0.5.1 into /workspace/builds/worker-1-tc2/source
[INFO] validating manifest of crates.io crate ez-jsonrpc-types 0.5.1 on toolchain beta-2024-12-08
[INFO] running `Command { std: CARGO_HOME="/workspace/cargo-home" RUSTUP_HOME="/workspace/rustup-home" "/workspace/cargo-home/bin/cargo" "+beta-2024-12-08" "metadata" "--manifest-path" "Cargo.toml" "--no-deps", kill_on_drop: false }`
[INFO] started tweaking crates.io crate ez-jsonrpc-types 0.5.1
[INFO] finished tweaking crates.io crate ez-jsonrpc-types 0.5.1
[INFO] tweaked toml for crates.io crate ez-jsonrpc-types 0.5.1 written to /workspace/builds/worker-1-tc2/source/Cargo.toml
[INFO] running `Command { std: CARGO_HOME="/workspace/cargo-home" RUSTUP_HOME="/workspace/rustup-home" "/workspace/cargo-home/bin/cargo" "+beta-2024-12-08" "generate-lockfile" "--manifest-path" "Cargo.toml", kill_on_drop: false }`
[INFO] [stderr]     Updating crates.io index
[INFO] [stderr]      Locking 14 packages to latest compatible versions
[INFO] running `Command { std: CARGO_HOME="/workspace/cargo-home" RUSTUP_HOME="/workspace/rustup-home" "/workspace/cargo-home/bin/cargo" "+beta-2024-12-08" "fetch" "--manifest-path" "Cargo.toml", kill_on_drop: false }`
[INFO] running `Command { std: "docker" "create" "-v" "/var/lib/crater-agent-workspace/builds/worker-1-tc2/target:/opt/rustwide/target:rw,Z" "-v" "/var/lib/crater-agent-workspace/builds/worker-1-tc2/source:/opt/rustwide/workdir:ro,Z" "-v" "/var/lib/crater-agent-workspace/cargo-home:/opt/rustwide/cargo-home:ro,Z" "-v" "/var/lib/crater-agent-workspace/rustup-home:/opt/rustwide/rustup-home:ro,Z" "-e" "SOURCE_DIR=/opt/rustwide/workdir" "-e" "CARGO_TARGET_DIR=/opt/rustwide/target" "-e" "CARGO_HOME=/opt/rustwide/cargo-home" "-e" "RUSTUP_HOME=/opt/rustwide/rustup-home" "-w" "/opt/rustwide/workdir" "-m" "1610612736" "--user" "0:0" "--network" "none" "ghcr.io/rust-lang/crates-build-env/linux@sha256:f3a9d4ad9d972b27faf3965f35b62e55ba32bbce8f20bc8fe909558a86702fde" "/opt/rustwide/cargo-home/bin/cargo" "+beta-2024-12-08" "metadata" "--no-deps" "--format-version=1", kill_on_drop: false }`
[INFO] [stdout] 411186a263914f087c7c63f9aa84ad33a114a033516261d04cb0900b3923f431
[INFO] running `Command { std: "docker" "start" "-a" "411186a263914f087c7c63f9aa84ad33a114a033516261d04cb0900b3923f431", kill_on_drop: false }`
[INFO] running `Command { std: "docker" "inspect" "411186a263914f087c7c63f9aa84ad33a114a033516261d04cb0900b3923f431", kill_on_drop: false }`
[INFO] running `Command { std: "docker" "rm" "-f" "411186a263914f087c7c63f9aa84ad33a114a033516261d04cb0900b3923f431", kill_on_drop: false }`
[INFO] [stdout] 411186a263914f087c7c63f9aa84ad33a114a033516261d04cb0900b3923f431
[INFO] running `Command { std: "docker" "create" "-v" "/var/lib/crater-agent-workspace/builds/worker-1-tc2/target:/opt/rustwide/target:rw,Z" "-v" "/var/lib/crater-agent-workspace/builds/worker-1-tc2/source:/opt/rustwide/workdir:ro,Z" "-v" "/var/lib/crater-agent-workspace/cargo-home:/opt/rustwide/cargo-home:ro,Z" "-v" "/var/lib/crater-agent-workspace/rustup-home:/opt/rustwide/rustup-home:ro,Z" "-e" "SOURCE_DIR=/opt/rustwide/workdir" "-e" "CARGO_TARGET_DIR=/opt/rustwide/target" "-e" "CARGO_INCREMENTAL=0" "-e" "RUST_BACKTRACE=full" "-e" "RUSTFLAGS=--cap-lints=warn" "-e" "RUSTDOCFLAGS=--cap-lints=warn" "-e" "CARGO_HOME=/opt/rustwide/cargo-home" "-e" "RUSTUP_HOME=/opt/rustwide/rustup-home" "-w" "/opt/rustwide/workdir" "-m" "1610612736" "--user" "0:0" "--network" "none" "ghcr.io/rust-lang/crates-build-env/linux@sha256:f3a9d4ad9d972b27faf3965f35b62e55ba32bbce8f20bc8fe909558a86702fde" "/opt/rustwide/cargo-home/bin/cargo" "+beta-2024-12-08" "build" "--frozen" "--message-format=json", kill_on_drop: false }`
[INFO] [stdout] 16a9c4d590d3719d42640f813917fa7c46c7a69049d787a45a2c5e0f94edea08
[INFO] running `Command { std: "docker" "start" "-a" "16a9c4d590d3719d42640f813917fa7c46c7a69049d787a45a2c5e0f94edea08", kill_on_drop: false }`
[INFO] [stderr]    Compiling proc-macro2 v1.0.92
[INFO] [stderr]    Compiling serde v1.0.216
[INFO] [stderr]    Compiling serde_json v1.0.133
[INFO] [stderr]    Compiling memchr v2.7.4
[INFO] [stderr]    Compiling itoa v1.0.14
[INFO] [stderr]    Compiling ryu v1.0.18
[INFO] [stderr]    Compiling either v1.13.0
[INFO] [stderr]    Compiling quote v1.0.37
[INFO] [stderr]    Compiling syn v2.0.90
[INFO] [stderr]    Compiling serde_derive v1.0.216
[INFO] [stderr]    Compiling ez-jsonrpc-types v0.5.1 (/opt/rustwide/workdir)
[INFO] [stderr]     Finished `dev` profile [unoptimized + debuginfo] target(s) in 13.47s
[INFO] running `Command { std: "docker" "inspect" "16a9c4d590d3719d42640f813917fa7c46c7a69049d787a45a2c5e0f94edea08", kill_on_drop: false }`
[INFO] running `Command { std: "docker" "rm" "-f" "16a9c4d590d3719d42640f813917fa7c46c7a69049d787a45a2c5e0f94edea08", kill_on_drop: false }`
[INFO] [stdout] 16a9c4d590d3719d42640f813917fa7c46c7a69049d787a45a2c5e0f94edea08
[INFO] running `Command { std: "docker" "create" "-v" "/var/lib/crater-agent-workspace/builds/worker-1-tc2/target:/opt/rustwide/target:rw,Z" "-v" "/var/lib/crater-agent-workspace/builds/worker-1-tc2/source:/opt/rustwide/workdir:ro,Z" "-v" "/var/lib/crater-agent-workspace/cargo-home:/opt/rustwide/cargo-home:ro,Z" "-v" "/var/lib/crater-agent-workspace/rustup-home:/opt/rustwide/rustup-home:ro,Z" "-e" "SOURCE_DIR=/opt/rustwide/workdir" "-e" "CARGO_TARGET_DIR=/opt/rustwide/target" "-e" "CARGO_INCREMENTAL=0" "-e" "RUST_BACKTRACE=full" "-e" "RUSTFLAGS=--cap-lints=warn" "-e" "RUSTDOCFLAGS=--cap-lints=warn" "-e" "CARGO_HOME=/opt/rustwide/cargo-home" "-e" "RUSTUP_HOME=/opt/rustwide/rustup-home" "-w" "/opt/rustwide/workdir" "-m" "1610612736" "--user" "0:0" "--network" "none" "ghcr.io/rust-lang/crates-build-env/linux@sha256:f3a9d4ad9d972b27faf3965f35b62e55ba32bbce8f20bc8fe909558a86702fde" "/opt/rustwide/cargo-home/bin/cargo" "+beta-2024-12-08" "test" "--frozen" "--no-run" "--message-format=json", kill_on_drop: false }`
[INFO] [stdout] 410ee8a1893ba3f56e1ac3b10b5cbb73bc76323b01e85e23b3e55b44f207e1db
[INFO] running `Command { std: "docker" "start" "-a" "410ee8a1893ba3f56e1ac3b10b5cbb73bc76323b01e85e23b3e55b44f207e1db", kill_on_drop: false }`
[INFO] [stderr]    Compiling ez-jsonrpc-types v0.5.1 (/opt/rustwide/workdir)
[INFO] [stderr]     Finished `test` profile [unoptimized + debuginfo] target(s) in 0.80s
[INFO] running `Command { std: "docker" "inspect" "410ee8a1893ba3f56e1ac3b10b5cbb73bc76323b01e85e23b3e55b44f207e1db", kill_on_drop: false }`
[INFO] running `Command { std: "docker" "rm" "-f" "410ee8a1893ba3f56e1ac3b10b5cbb73bc76323b01e85e23b3e55b44f207e1db", kill_on_drop: false }`
[INFO] [stdout] 410ee8a1893ba3f56e1ac3b10b5cbb73bc76323b01e85e23b3e55b44f207e1db
[INFO] running `Command { std: "docker" "create" "-v" "/var/lib/crater-agent-workspace/builds/worker-1-tc2/target:/opt/rustwide/target:rw,Z" "-v" "/var/lib/crater-agent-workspace/builds/worker-1-tc2/source:/opt/rustwide/workdir:ro,Z" "-v" "/var/lib/crater-agent-workspace/cargo-home:/opt/rustwide/cargo-home:ro,Z" "-v" "/var/lib/crater-agent-workspace/rustup-home:/opt/rustwide/rustup-home:ro,Z" "-e" "SOURCE_DIR=/opt/rustwide/workdir" "-e" "CARGO_TARGET_DIR=/opt/rustwide/target" "-e" "CARGO_INCREMENTAL=0" "-e" "RUST_BACKTRACE=full" "-e" "RUSTFLAGS=--cap-lints=warn" "-e" "RUSTDOCFLAGS=--cap-lints=warn" "-e" "CARGO_HOME=/opt/rustwide/cargo-home" "-e" "RUSTUP_HOME=/opt/rustwide/rustup-home" "-w" "/opt/rustwide/workdir" "-m" "1610612736" "--user" "0:0" "--network" "none" "ghcr.io/rust-lang/crates-build-env/linux@sha256:f3a9d4ad9d972b27faf3965f35b62e55ba32bbce8f20bc8fe909558a86702fde" "/opt/rustwide/cargo-home/bin/cargo" "+beta-2024-12-08" "test" "--frozen", kill_on_drop: false }`
[INFO] [stdout] 9dac2170b0cce61ff9ea2099a340385d627a9a6815237b23e5374b09d31c7e4c
[INFO] running `Command { std: "docker" "start" "-a" "9dac2170b0cce61ff9ea2099a340385d627a9a6815237b23e5374b09d31c7e4c", kill_on_drop: false }`
[INFO] [stderr]     Finished `test` profile [unoptimized + debuginfo] target(s) in 0.03s
[INFO] [stderr]      Running unittests src/lib.rs (/opt/rustwide/target/debug/deps/ez_jsonrpc_types-f76c28de8e6385ea)
[INFO] [stdout] 
[INFO] [stdout] running 0 tests
[INFO] [stdout] 
[INFO] [stdout] test result: ok. 0 passed; 0 failed; 0 ignored; 0 measured; 0 filtered out; finished in 0.00s
[INFO] [stderr]    Doc-tests ez_jsonrpc_types
[INFO] [stdout] 
[INFO] [stdout] 
[INFO] [stdout] running 21 tests
[INFO] [stdout] test src/lib.rs - Request (line 43) ... FAILED
[INFO] [stdout] test src/lib.rs - Response (line 106) ... FAILED
[INFO] [stdout] test src/lib.rs - Id (line 92) ... FAILED
[INFO] [stdout] test src/lib.rs - Error (line 146) ... FAILED
[INFO] [stdout] test src/lib.rs - RequestParameters (line 74) ... FAILED
[INFO] [stdout] test src/map.rs - map::OccupiedEntry<'a,T>::insert (line 764) ... ok
[INFO] [stdout] test src/map.rs - map::OccupiedEntry<'a,T>::key (line 663) ... ok
[INFO] [stdout] test src/map.rs - map::OccupiedEntry<'a,T>::get_mut (line 711) ... ok
[INFO] [stdout] test src/map.rs - map::OccupiedEntry<'a,T>::into_mut (line 737) ... ok
[INFO] [stdout] test src/map.rs - map::Map<T> (line 407) ... ok
[INFO] [stdout] test src/map.rs - map::Entry<'a,T>::and_modify (line 580) ... ok
[INFO] [stdout] test src/lib.rs - Error (line 172) ... ok
[INFO] [stdout] test src/map.rs - map::Map<T> (line 379) ... ok
[INFO] [stdout] test src/map.rs - map::Entry<'a,T>::key (line 520) ... ok
[INFO] [stdout] test src/map.rs - map::Entry<'a,T>::or_insert_with (line 557) ... ok
[INFO] [stdout] test src/map.rs - map::Entry<'a,T>::or_insert (line 536) ... ok
[INFO] [stdout] test src/map.rs - map::OccupiedEntry<'a,T>::get (line 687) ... ok
[INFO] [stdout] test src/map.rs - map::VacantEntry<'a,T>::key (line 616) ... ok
[INFO] [stdout] test src/map.rs - map::OccupiedEntry<'a,T>::remove (line 789) ... ok
[INFO] [stdout] test src/map.rs - map::VacantEntry<'a,T>::insert (line 638) ... ok
[INFO] [stdout] test src/lib.rs - template (line 20) ... ok
[INFO] [stdout] 
[INFO] [stdout] failures:
[INFO] [stdout] 
[INFO] [stdout] ---- src/lib.rs - Request (line 43) stdout ----
[INFO] [stdout] error[E0432]: unresolved import `_doctest`
[INFO] [stdout]  --> src/lib.rs:45:5
[INFO] [stdout]   |
[INFO] [stdout] 5 | use _doctest::*;
[INFO] [stdout]   |     ^^^^^^^^ use of undeclared crate or module `_doctest`
[INFO] [stdout] 
[INFO] [stdout] error: cannot find macro `assert_roundtrip` in this scope
[INFO] [stdout]  --> src/lib.rs:47:1
[INFO] [stdout]   |
[INFO] [stdout] 7 | assert_roundtrip! {
[INFO] [stdout]   | ^^^^^^^^^^^^^^^^
[INFO] [stdout] 
[INFO] [stdout] error: aborting due to 2 previous errors
[INFO] [stdout] 
[INFO] [stdout] For more information about this error, try `rustc --explain E0432`.
[INFO] [stdout] Couldn't compile the test.
[INFO] [stdout] ---- src/lib.rs - Response (line 106) stdout ----
[INFO] [stdout] error[E0432]: unresolved import `_doctest`
[INFO] [stdout]  --> src/lib.rs:108:5
[INFO] [stdout]   |
[INFO] [stdout] 5 | use _doctest::*;
[INFO] [stdout]   |     ^^^^^^^^ use of undeclared crate or module `_doctest`
[INFO] [stdout] 
[INFO] [stdout] error: cannot find macro `assert_roundtrip` in this scope
[INFO] [stdout]  --> src/lib.rs:110:1
[INFO] [stdout]   |
[INFO] [stdout] 7 | assert_roundtrip! {
[INFO] [stdout]   | ^^^^^^^^^^^^^^^^
[INFO] [stdout] 
[INFO] [stdout] error: aborting due to 2 previous errors
[INFO] [stdout] 
[INFO] [stdout] For more information about this error, try `rustc --explain E0432`.
[INFO] [stdout] Couldn't compile the test.
[INFO] [stdout] ---- src/lib.rs - Id (line 92) stdout ----
[INFO] [stdout] error[E0432]: unresolved import `_doctest`
[INFO] [stdout]  --> src/lib.rs:94:5
[INFO] [stdout]   |
[INFO] [stdout] 5 | use _doctest::*;
[INFO] [stdout]   |     ^^^^^^^^ use of undeclared crate or module `_doctest`
[INFO] [stdout] 
[INFO] [stdout] error: cannot find macro `assert_roundtrip` in this scope
[INFO] [stdout]  --> src/lib.rs:96:1
[INFO] [stdout]   |
[INFO] [stdout] 7 | assert_roundtrip! {
[INFO] [stdout]   | ^^^^^^^^^^^^^^^^
[INFO] [stdout] 
[INFO] [stdout] error: aborting due to 2 previous errors
[INFO] [stdout] 
[INFO] [stdout] For more information about this error, try `rustc --explain E0432`.
[INFO] [stdout] Couldn't compile the test.
[INFO] [stdout] ---- src/lib.rs - Error (line 146) stdout ----
[INFO] [stdout] error[E0432]: unresolved import `_doctest`
[INFO] [stdout]  --> src/lib.rs:148:5
[INFO] [stdout]   |
[INFO] [stdout] 5 | use _doctest::*;
[INFO] [stdout]   |     ^^^^^^^^ use of undeclared crate or module `_doctest`
[INFO] [stdout] 
[INFO] [stdout] error: cannot find macro `assert_roundtrip` in this scope
[INFO] [stdout]  --> src/lib.rs:150:1
[INFO] [stdout]   |
[INFO] [stdout] 7 | assert_roundtrip! {
[INFO] [stdout]   | ^^^^^^^^^^^^^^^^
[INFO] [stdout] 
[INFO] [stdout] error: aborting due to 2 previous errors
[INFO] [stdout] 
[INFO] [stdout] For more information about this error, try `rustc --explain E0432`.
[INFO] [stdout] Couldn't compile the test.
[INFO] [stdout] ---- src/lib.rs - RequestParameters (line 74) stdout ----
[INFO] [stdout] error[E0432]: unresolved import `_doctest`
[INFO] [stdout]  --> src/lib.rs:76:5
[INFO] [stdout]   |
[INFO] [stdout] 5 | use _doctest::*;
[INFO] [stdout]   |     ^^^^^^^^ use of undeclared crate or module `_doctest`
[INFO] [stdout] 
[INFO] [stdout] error: cannot find macro `assert_roundtrip` in this scope
[INFO] [stdout]  --> src/lib.rs:78:1
[INFO] [stdout]   |
[INFO] [stdout] 7 | assert_roundtrip! {
[INFO] [stdout]   | ^^^^^^^^^^^^^^^^
[INFO] [stdout] 
[INFO] [stdout] error: aborting due to 2 previous errors
[INFO] [stdout] 
[INFO] [stdout] For more information about this error, try `rustc --explain E0432`.
[INFO] [stdout] Couldn't compile the test.
[INFO] [stdout] 
[INFO] [stdout] failures:
[INFO] [stdout]     src/lib.rs - Error (line 146)
[INFO] [stdout]     src/lib.rs - Id (line 92)
[INFO] [stdout]     src/lib.rs - Request (line 43)
[INFO] [stdout]     src/lib.rs - RequestParameters (line 74)
[INFO] [stdout]     src/lib.rs - Response (line 106)
[INFO] [stdout] 
[INFO] [stdout] test result: FAILED. 16 passed; 5 failed; 0 ignored; 0 measured; 0 filtered out; finished in 2.38s
[INFO] [stdout] 
[INFO] [stderr] error: doctest failed, to rerun pass `--doc`
[INFO] running `Command { std: "docker" "inspect" "9dac2170b0cce61ff9ea2099a340385d627a9a6815237b23e5374b09d31c7e4c", kill_on_drop: false }`
[INFO] running `Command { std: "docker" "rm" "-f" "9dac2170b0cce61ff9ea2099a340385d627a9a6815237b23e5374b09d31c7e4c", kill_on_drop: false }`
[INFO] [stdout] 9dac2170b0cce61ff9ea2099a340385d627a9a6815237b23e5374b09d31c7e4c
