[INFO] fetching crate extract_jsons_from_string 0.1.3...
[INFO] testing extract_jsons_from_string-0.1.3 against 1.83.0 for beta-1.84.0-4-retry
[INFO] extracting crate extract_jsons_from_string 0.1.3 into /workspace/builds/worker-6-tc1/source
[INFO] validating manifest of crates.io crate extract_jsons_from_string 0.1.3 on toolchain 1.83.0
[INFO] running `Command { std: CARGO_HOME="/workspace/cargo-home" RUSTUP_HOME="/workspace/rustup-home" "/workspace/cargo-home/bin/cargo" "+1.83.0" "metadata" "--manifest-path" "Cargo.toml" "--no-deps", kill_on_drop: false }`
[INFO] started tweaking crates.io crate extract_jsons_from_string 0.1.3
[INFO] finished tweaking crates.io crate extract_jsons_from_string 0.1.3
[INFO] tweaked toml for crates.io crate extract_jsons_from_string 0.1.3 written to /workspace/builds/worker-6-tc1/source/Cargo.toml
[INFO] crate crates.io crate extract_jsons_from_string 0.1.3 already has a lockfile, it will not be regenerated
[INFO] running `Command { std: CARGO_HOME="/workspace/cargo-home" RUSTUP_HOME="/workspace/rustup-home" "/workspace/cargo-home/bin/cargo" "+1.83.0" "fetch" "--manifest-path" "Cargo.toml", kill_on_drop: false }`
[INFO] running `Command { std: "docker" "create" "-v" "/var/lib/crater-agent-workspace/builds/worker-6-tc1/target:/opt/rustwide/target:rw,Z" "-v" "/var/lib/crater-agent-workspace/builds/worker-6-tc1/source:/opt/rustwide/workdir:ro,Z" "-v" "/var/lib/crater-agent-workspace/cargo-home:/opt/rustwide/cargo-home:ro,Z" "-v" "/var/lib/crater-agent-workspace/rustup-home:/opt/rustwide/rustup-home:ro,Z" "-e" "SOURCE_DIR=/opt/rustwide/workdir" "-e" "CARGO_TARGET_DIR=/opt/rustwide/target" "-e" "CARGO_HOME=/opt/rustwide/cargo-home" "-e" "RUSTUP_HOME=/opt/rustwide/rustup-home" "-w" "/opt/rustwide/workdir" "-m" "1610612736" "--user" "0:0" "--network" "none" "ghcr.io/rust-lang/crates-build-env/linux@sha256:f3a9d4ad9d972b27faf3965f35b62e55ba32bbce8f20bc8fe909558a86702fde" "/opt/rustwide/cargo-home/bin/cargo" "+1.83.0" "metadata" "--no-deps" "--format-version=1", kill_on_drop: false }`
[INFO] [stdout] 0dfb45c020285dd9a9cbc3de00fcad5f7ed00d523f7c4781ec3704aa66b823a4
[INFO] running `Command { std: "docker" "start" "-a" "0dfb45c020285dd9a9cbc3de00fcad5f7ed00d523f7c4781ec3704aa66b823a4", kill_on_drop: false }`
[INFO] running `Command { std: "docker" "inspect" "0dfb45c020285dd9a9cbc3de00fcad5f7ed00d523f7c4781ec3704aa66b823a4", kill_on_drop: false }`
[INFO] running `Command { std: "docker" "rm" "-f" "0dfb45c020285dd9a9cbc3de00fcad5f7ed00d523f7c4781ec3704aa66b823a4", kill_on_drop: false }`
[INFO] [stdout] 0dfb45c020285dd9a9cbc3de00fcad5f7ed00d523f7c4781ec3704aa66b823a4
[INFO] running `Command { std: "docker" "create" "-v" "/var/lib/crater-agent-workspace/builds/worker-6-tc1/target:/opt/rustwide/target:rw,Z" "-v" "/var/lib/crater-agent-workspace/builds/worker-6-tc1/source:/opt/rustwide/workdir:ro,Z" "-v" "/var/lib/crater-agent-workspace/cargo-home:/opt/rustwide/cargo-home:ro,Z" "-v" "/var/lib/crater-agent-workspace/rustup-home:/opt/rustwide/rustup-home:ro,Z" "-e" "SOURCE_DIR=/opt/rustwide/workdir" "-e" "CARGO_TARGET_DIR=/opt/rustwide/target" "-e" "CARGO_INCREMENTAL=0" "-e" "RUST_BACKTRACE=full" "-e" "RUSTFLAGS=--cap-lints=warn" "-e" "RUSTDOCFLAGS=--cap-lints=warn" "-e" "CARGO_HOME=/opt/rustwide/cargo-home" "-e" "RUSTUP_HOME=/opt/rustwide/rustup-home" "-w" "/opt/rustwide/workdir" "-m" "1610612736" "--user" "0:0" "--network" "none" "ghcr.io/rust-lang/crates-build-env/linux@sha256:f3a9d4ad9d972b27faf3965f35b62e55ba32bbce8f20bc8fe909558a86702fde" "/opt/rustwide/cargo-home/bin/cargo" "+1.83.0" "build" "--frozen" "--message-format=json", kill_on_drop: false }`
[INFO] [stdout] 0d15fda6674e3b65a06768beab5e73c6aeac9596be237f49164e222b61be1d15
[INFO] running `Command { std: "docker" "start" "-a" "0d15fda6674e3b65a06768beab5e73c6aeac9596be237f49164e222b61be1d15", kill_on_drop: false }`
[INFO] [stderr]    Compiling extract_jsons_from_string v0.1.3 (/opt/rustwide/workdir)
[INFO] [stderr]     Finished `dev` profile [unoptimized + debuginfo] target(s) in 0.77s
[INFO] running `Command { std: "docker" "inspect" "0d15fda6674e3b65a06768beab5e73c6aeac9596be237f49164e222b61be1d15", kill_on_drop: false }`
[INFO] running `Command { std: "docker" "rm" "-f" "0d15fda6674e3b65a06768beab5e73c6aeac9596be237f49164e222b61be1d15", kill_on_drop: false }`
[INFO] [stdout] 0d15fda6674e3b65a06768beab5e73c6aeac9596be237f49164e222b61be1d15
[INFO] running `Command { std: "docker" "create" "-v" "/var/lib/crater-agent-workspace/builds/worker-6-tc1/target:/opt/rustwide/target:rw,Z" "-v" "/var/lib/crater-agent-workspace/builds/worker-6-tc1/source:/opt/rustwide/workdir:ro,Z" "-v" "/var/lib/crater-agent-workspace/cargo-home:/opt/rustwide/cargo-home:ro,Z" "-v" "/var/lib/crater-agent-workspace/rustup-home:/opt/rustwide/rustup-home:ro,Z" "-e" "SOURCE_DIR=/opt/rustwide/workdir" "-e" "CARGO_TARGET_DIR=/opt/rustwide/target" "-e" "CARGO_INCREMENTAL=0" "-e" "RUST_BACKTRACE=full" "-e" "RUSTFLAGS=--cap-lints=warn" "-e" "RUSTDOCFLAGS=--cap-lints=warn" "-e" "CARGO_HOME=/opt/rustwide/cargo-home" "-e" "RUSTUP_HOME=/opt/rustwide/rustup-home" "-w" "/opt/rustwide/workdir" "-m" "1610612736" "--user" "0:0" "--network" "none" "ghcr.io/rust-lang/crates-build-env/linux@sha256:f3a9d4ad9d972b27faf3965f35b62e55ba32bbce8f20bc8fe909558a86702fde" "/opt/rustwide/cargo-home/bin/cargo" "+1.83.0" "test" "--frozen" "--no-run" "--message-format=json", kill_on_drop: false }`
[INFO] [stdout] 398a89b4bedac274d288c28988c02827a1f5e7f35081a1ba62f2431a28c37299
[INFO] running `Command { std: "docker" "start" "-a" "398a89b4bedac274d288c28988c02827a1f5e7f35081a1ba62f2431a28c37299", kill_on_drop: false }`
[INFO] [stderr]    Compiling extract_jsons_from_string v0.1.3 (/opt/rustwide/workdir)
[INFO] [stderr]     Finished `test` profile [unoptimized + debuginfo] target(s) in 0.76s
[INFO] running `Command { std: "docker" "inspect" "398a89b4bedac274d288c28988c02827a1f5e7f35081a1ba62f2431a28c37299", kill_on_drop: false }`
[INFO] running `Command { std: "docker" "rm" "-f" "398a89b4bedac274d288c28988c02827a1f5e7f35081a1ba62f2431a28c37299", kill_on_drop: false }`
[INFO] [stdout] 398a89b4bedac274d288c28988c02827a1f5e7f35081a1ba62f2431a28c37299
[INFO] running `Command { std: "docker" "create" "-v" "/var/lib/crater-agent-workspace/builds/worker-6-tc1/target:/opt/rustwide/target:rw,Z" "-v" "/var/lib/crater-agent-workspace/builds/worker-6-tc1/source:/opt/rustwide/workdir:ro,Z" "-v" "/var/lib/crater-agent-workspace/cargo-home:/opt/rustwide/cargo-home:ro,Z" "-v" "/var/lib/crater-agent-workspace/rustup-home:/opt/rustwide/rustup-home:ro,Z" "-e" "SOURCE_DIR=/opt/rustwide/workdir" "-e" "CARGO_TARGET_DIR=/opt/rustwide/target" "-e" "CARGO_INCREMENTAL=0" "-e" "RUST_BACKTRACE=full" "-e" "RUSTFLAGS=--cap-lints=warn" "-e" "RUSTDOCFLAGS=--cap-lints=warn" "-e" "CARGO_HOME=/opt/rustwide/cargo-home" "-e" "RUSTUP_HOME=/opt/rustwide/rustup-home" "-w" "/opt/rustwide/workdir" "-m" "1610612736" "--user" "0:0" "--network" "none" "ghcr.io/rust-lang/crates-build-env/linux@sha256:f3a9d4ad9d972b27faf3965f35b62e55ba32bbce8f20bc8fe909558a86702fde" "/opt/rustwide/cargo-home/bin/cargo" "+1.83.0" "test" "--frozen", kill_on_drop: false }`
[INFO] [stdout] 79669efb6da61075c54d15d96e802af3860b4922b3adaa1667af74ad974365af
[INFO] running `Command { std: "docker" "start" "-a" "79669efb6da61075c54d15d96e802af3860b4922b3adaa1667af74ad974365af", kill_on_drop: false }`
[INFO] [stderr]     Finished `test` profile [unoptimized + debuginfo] target(s) in 0.01s
[INFO] [stderr]      Running unittests src/lib.rs (/opt/rustwide/target/debug/deps/extract_jsons_from_string-3e5482c110686a9d)
[INFO] [stdout] 
[INFO] [stdout] running 0 tests
[INFO] [stdout] 
[INFO] [stdout] test result: ok. 0 passed; 0 failed; 0 ignored; 0 measured; 0 filtered out; finished in 0.00s
[INFO] [stdout] 
[INFO] [stdout] 
[INFO] [stdout] running 0 tests
[INFO] [stdout] 
[INFO] [stdout] test result: ok. 0 passed; 0 failed; 0 ignored; 0 measured; 0 filtered out; finished in 0.00s
[INFO] [stdout] 
[INFO] [stderr]      Running unittests src/main.rs (/opt/rustwide/target/debug/deps/extract_jsons_from_string-93bef423cbc5d082)
[INFO] [stderr]    Doc-tests extract_jsons_from_string
[INFO] [stdout] 
[INFO] [stdout] running 1 test
[INFO] [stdout] test src/lib.rs - extract (line 8) ... FAILED
[INFO] [stdout] 
[INFO] [stdout] failures:
[INFO] [stdout] 
[INFO] [stdout] ---- src/lib.rs - extract (line 8) stdout ----
[INFO] [stdout] error[E0433]: failed to resolve: use of undeclared crate or module `extract_json_from_string`
[INFO] [stdout]   --> src/lib.rs:16:25
[INFO] [stdout]    |
[INFO] [stdout] 10 |    let v: Vec<String> = extract_json_from_string::extract(data);
[INFO] [stdout]    |                         ^^^^^^^^^^^^^^^^^^^^^^^^ use of undeclared crate or module `extract_json_from_string`
[INFO] [stdout]    |
[INFO] [stdout] help: there is a crate or module with a similar name
[INFO] [stdout]    |
[INFO] [stdout] 10 |    let v: Vec<String> = extract_jsons_from_string::extract(data);
[INFO] [stdout]    |                         ~~~~~~~~~~~~~~~~~~~~~~~~~
[INFO] [stdout] 
[INFO] [stdout] error: aborting due to 1 previous error
[INFO] [stdout] 
[INFO] [stdout] For more information about this error, try `rustc --explain E0433`.
[INFO] [stdout] Couldn't compile the test.
[INFO] [stdout] 
[INFO] [stdout] failures:
[INFO] [stdout]     src/lib.rs - extract (line 8)
[INFO] [stdout] 
[INFO] [stdout] test result: FAILED. 0 passed; 1 failed; 0 ignored; 0 measured; 0 filtered out; finished in 0.11s
[INFO] [stdout] 
[INFO] [stderr] error: doctest failed, to rerun pass `--doc`
[INFO] running `Command { std: "docker" "inspect" "79669efb6da61075c54d15d96e802af3860b4922b3adaa1667af74ad974365af", kill_on_drop: false }`
[INFO] running `Command { std: "docker" "rm" "-f" "79669efb6da61075c54d15d96e802af3860b4922b3adaa1667af74ad974365af", kill_on_drop: false }`
[INFO] [stdout] 79669efb6da61075c54d15d96e802af3860b4922b3adaa1667af74ad974365af
