[INFO] fetching crate extra_waiters 1.0.1...
[INFO] testing extra_waiters-1.0.1 against beta-2024-12-08 for beta-1.84.0-4-retry
[INFO] extracting crate extra_waiters 1.0.1 into /workspace/builds/worker-0-tc2/source
[INFO] validating manifest of crates.io crate extra_waiters 1.0.1 on toolchain beta-2024-12-08
[INFO] running `Command { std: CARGO_HOME="/workspace/cargo-home" RUSTUP_HOME="/workspace/rustup-home" "/workspace/cargo-home/bin/cargo" "+beta-2024-12-08" "metadata" "--manifest-path" "Cargo.toml" "--no-deps", kill_on_drop: false }`
[INFO] started tweaking crates.io crate extra_waiters 1.0.1
[INFO] finished tweaking crates.io crate extra_waiters 1.0.1
[INFO] tweaked toml for crates.io crate extra_waiters 1.0.1 written to /workspace/builds/worker-0-tc2/source/Cargo.toml
[INFO] running `Command { std: CARGO_HOME="/workspace/cargo-home" RUSTUP_HOME="/workspace/rustup-home" "/workspace/cargo-home/bin/cargo" "+beta-2024-12-08" "generate-lockfile" "--manifest-path" "Cargo.toml", kill_on_drop: false }`
[INFO] [stderr]     Updating crates.io index
[INFO] [stderr]      Locking 10 packages to latest compatible versions
[INFO] [stderr]       Adding parking_lot_core v0.8.6 (available: v0.9.10)
[INFO] running `Command { std: CARGO_HOME="/workspace/cargo-home" RUSTUP_HOME="/workspace/rustup-home" "/workspace/cargo-home/bin/cargo" "+beta-2024-12-08" "fetch" "--manifest-path" "Cargo.toml", kill_on_drop: false }`
[INFO] running `Command { std: "docker" "create" "-v" "/var/lib/crater-agent-workspace/builds/worker-0-tc2/target:/opt/rustwide/target:rw,Z" "-v" "/var/lib/crater-agent-workspace/builds/worker-0-tc2/source:/opt/rustwide/workdir:ro,Z" "-v" "/var/lib/crater-agent-workspace/cargo-home:/opt/rustwide/cargo-home:ro,Z" "-v" "/var/lib/crater-agent-workspace/rustup-home:/opt/rustwide/rustup-home:ro,Z" "-e" "SOURCE_DIR=/opt/rustwide/workdir" "-e" "CARGO_TARGET_DIR=/opt/rustwide/target" "-e" "CARGO_HOME=/opt/rustwide/cargo-home" "-e" "RUSTUP_HOME=/opt/rustwide/rustup-home" "-w" "/opt/rustwide/workdir" "-m" "1610612736" "--user" "0:0" "--network" "none" "ghcr.io/rust-lang/crates-build-env/linux@sha256:f3a9d4ad9d972b27faf3965f35b62e55ba32bbce8f20bc8fe909558a86702fde" "/opt/rustwide/cargo-home/bin/cargo" "+beta-2024-12-08" "metadata" "--no-deps" "--format-version=1", kill_on_drop: false }`
[INFO] [stdout] 82183bdec9df93131312183c0368eaefe55abdbf9998c2022c8e9faf63391309
[INFO] running `Command { std: "docker" "start" "-a" "82183bdec9df93131312183c0368eaefe55abdbf9998c2022c8e9faf63391309", kill_on_drop: false }`
[INFO] running `Command { std: "docker" "inspect" "82183bdec9df93131312183c0368eaefe55abdbf9998c2022c8e9faf63391309", kill_on_drop: false }`
[INFO] running `Command { std: "docker" "rm" "-f" "82183bdec9df93131312183c0368eaefe55abdbf9998c2022c8e9faf63391309", kill_on_drop: false }`
[INFO] [stdout] 82183bdec9df93131312183c0368eaefe55abdbf9998c2022c8e9faf63391309
[INFO] running `Command { std: "docker" "create" "-v" "/var/lib/crater-agent-workspace/builds/worker-0-tc2/target:/opt/rustwide/target:rw,Z" "-v" "/var/lib/crater-agent-workspace/builds/worker-0-tc2/source:/opt/rustwide/workdir:ro,Z" "-v" "/var/lib/crater-agent-workspace/cargo-home:/opt/rustwide/cargo-home:ro,Z" "-v" "/var/lib/crater-agent-workspace/rustup-home:/opt/rustwide/rustup-home:ro,Z" "-e" "SOURCE_DIR=/opt/rustwide/workdir" "-e" "CARGO_TARGET_DIR=/opt/rustwide/target" "-e" "CARGO_INCREMENTAL=0" "-e" "RUST_BACKTRACE=full" "-e" "RUSTFLAGS=--cap-lints=warn" "-e" "RUSTDOCFLAGS=--cap-lints=warn" "-e" "CARGO_HOME=/opt/rustwide/cargo-home" "-e" "RUSTUP_HOME=/opt/rustwide/rustup-home" "-w" "/opt/rustwide/workdir" "-m" "1610612736" "--user" "0:0" "--network" "none" "ghcr.io/rust-lang/crates-build-env/linux@sha256:f3a9d4ad9d972b27faf3965f35b62e55ba32bbce8f20bc8fe909558a86702fde" "/opt/rustwide/cargo-home/bin/cargo" "+beta-2024-12-08" "build" "--frozen" "--message-format=json", kill_on_drop: false }`
[INFO] [stdout] 390139ca0378450c31f31531f00d76853781da9a6fd2e2de922c14ae5b48bd46
[INFO] running `Command { std: "docker" "start" "-a" "390139ca0378450c31f31531f00d76853781da9a6fd2e2de922c14ae5b48bd46", kill_on_drop: false }`
[INFO] [stderr]    Compiling libc v0.2.168
[INFO] [stderr]    Compiling cfg-if v1.0.0
[INFO] [stderr]    Compiling parking_lot_core v0.8.6
[INFO] [stderr]    Compiling smallvec v1.13.2
[INFO] [stderr]    Compiling instant v0.1.13
[INFO] [stderr]    Compiling extra_waiters v1.0.1 (/opt/rustwide/workdir)
[INFO] [stderr]     Finished `dev` profile [unoptimized + debuginfo] target(s) in 2.72s
[INFO] running `Command { std: "docker" "inspect" "390139ca0378450c31f31531f00d76853781da9a6fd2e2de922c14ae5b48bd46", kill_on_drop: false }`
[INFO] running `Command { std: "docker" "rm" "-f" "390139ca0378450c31f31531f00d76853781da9a6fd2e2de922c14ae5b48bd46", kill_on_drop: false }`
[INFO] [stdout] 390139ca0378450c31f31531f00d76853781da9a6fd2e2de922c14ae5b48bd46
[INFO] running `Command { std: "docker" "create" "-v" "/var/lib/crater-agent-workspace/builds/worker-0-tc2/target:/opt/rustwide/target:rw,Z" "-v" "/var/lib/crater-agent-workspace/builds/worker-0-tc2/source:/opt/rustwide/workdir:ro,Z" "-v" "/var/lib/crater-agent-workspace/cargo-home:/opt/rustwide/cargo-home:ro,Z" "-v" "/var/lib/crater-agent-workspace/rustup-home:/opt/rustwide/rustup-home:ro,Z" "-e" "SOURCE_DIR=/opt/rustwide/workdir" "-e" "CARGO_TARGET_DIR=/opt/rustwide/target" "-e" "CARGO_INCREMENTAL=0" "-e" "RUST_BACKTRACE=full" "-e" "RUSTFLAGS=--cap-lints=warn" "-e" "RUSTDOCFLAGS=--cap-lints=warn" "-e" "CARGO_HOME=/opt/rustwide/cargo-home" "-e" "RUSTUP_HOME=/opt/rustwide/rustup-home" "-w" "/opt/rustwide/workdir" "-m" "1610612736" "--user" "0:0" "--network" "none" "ghcr.io/rust-lang/crates-build-env/linux@sha256:f3a9d4ad9d972b27faf3965f35b62e55ba32bbce8f20bc8fe909558a86702fde" "/opt/rustwide/cargo-home/bin/cargo" "+beta-2024-12-08" "test" "--frozen" "--no-run" "--message-format=json", kill_on_drop: false }`
[INFO] [stdout] 5010b3567a6347ae2662290d050d45be6163ed8be38cda72a552a8589b14905f
[INFO] running `Command { std: "docker" "start" "-a" "5010b3567a6347ae2662290d050d45be6163ed8be38cda72a552a8589b14905f", kill_on_drop: false }`
[INFO] [stderr]    Compiling extra_waiters v1.0.1 (/opt/rustwide/workdir)
[INFO] [stderr]     Finished `test` profile [unoptimized + debuginfo] target(s) in 1.18s
[INFO] running `Command { std: "docker" "inspect" "5010b3567a6347ae2662290d050d45be6163ed8be38cda72a552a8589b14905f", kill_on_drop: false }`
[INFO] running `Command { std: "docker" "rm" "-f" "5010b3567a6347ae2662290d050d45be6163ed8be38cda72a552a8589b14905f", kill_on_drop: false }`
[INFO] [stdout] 5010b3567a6347ae2662290d050d45be6163ed8be38cda72a552a8589b14905f
[INFO] running `Command { std: "docker" "create" "-v" "/var/lib/crater-agent-workspace/builds/worker-0-tc2/target:/opt/rustwide/target:rw,Z" "-v" "/var/lib/crater-agent-workspace/builds/worker-0-tc2/source:/opt/rustwide/workdir:ro,Z" "-v" "/var/lib/crater-agent-workspace/cargo-home:/opt/rustwide/cargo-home:ro,Z" "-v" "/var/lib/crater-agent-workspace/rustup-home:/opt/rustwide/rustup-home:ro,Z" "-e" "SOURCE_DIR=/opt/rustwide/workdir" "-e" "CARGO_TARGET_DIR=/opt/rustwide/target" "-e" "CARGO_INCREMENTAL=0" "-e" "RUST_BACKTRACE=full" "-e" "RUSTFLAGS=--cap-lints=warn" "-e" "RUSTDOCFLAGS=--cap-lints=warn" "-e" "CARGO_HOME=/opt/rustwide/cargo-home" "-e" "RUSTUP_HOME=/opt/rustwide/rustup-home" "-w" "/opt/rustwide/workdir" "-m" "1610612736" "--user" "0:0" "--network" "none" "ghcr.io/rust-lang/crates-build-env/linux@sha256:f3a9d4ad9d972b27faf3965f35b62e55ba32bbce8f20bc8fe909558a86702fde" "/opt/rustwide/cargo-home/bin/cargo" "+beta-2024-12-08" "test" "--frozen", kill_on_drop: false }`
[INFO] [stdout] 17fed05b589f6ece1bb91d2a2d371f19600717bd4147781fabf4152e4db2ab37
[INFO] running `Command { std: "docker" "start" "-a" "17fed05b589f6ece1bb91d2a2d371f19600717bd4147781fabf4152e4db2ab37", kill_on_drop: false }`
[INFO] [stdout] 
[INFO] [stdout] running 9 tests
[INFO] [stdout] test attentive_waiter::tests::ensure_const ... ok
[INFO] [stdout] test once_waiter::tests::create ... ok
[INFO] [stdout] test spinlock_waiter::tests::create ... ok
[INFO] [stdout] test spinlock_waiter::tests::lock ... ok
[INFO] [stdout] test attentive_waiter::tests::wait_hooked ... ok
[INFO] [stderr]     Finished `test` profile [unoptimized + debuginfo] target(s) in 0.02s
[INFO] [stderr]      Running unittests src/lib.rs (/opt/rustwide/target/debug/deps/extra_waiters-b59ccbda0e65306b)
[INFO] [stdout] test spinlock_waiter::tests::unlock ... ok
[INFO] [stdout] test attentive_waiter::tests::timeout ... ok
[INFO] [stdout] test attentive_waiter::tests::wait ... ok
[INFO] [stdout] test once_waiter::tests::ensure_once ... ok
[INFO] [stdout] 
[INFO] [stdout] test result: ok. 9 passed; 0 failed; 0 ignored; 0 measured; 0 filtered out; finished in 0.11s
[INFO] [stdout] 
[INFO] [stderr]    Doc-tests extra_waiters
[INFO] [stdout] 
[INFO] [stdout] running 1 test
[INFO] [stdout] test src/attentive_waiter.rs - attentive_waiter::AttentiveWaiter (line 21) ... FAILED
[INFO] [stdout] 
[INFO] [stdout] failures:
[INFO] [stdout] 
[INFO] [stdout] ---- src/attentive_waiter.rs - attentive_waiter::AttentiveWaiter (line 21) stdout ----
[INFO] [stdout] error[E0282]: type annotations needed for `Vec<_>`
[INFO] [stdout]   --> src/attentive_waiter.rs:31:5
[INFO] [stdout]    |
[INFO] [stdout] 13 | let mut items = Vec::new();
[INFO] [stdout]    |     ^^^^^^^^^
[INFO] [stdout] ...
[INFO] [stdout] 19 |         if item.try_lock() {
[INFO] [stdout]    |                 -------- type must be known at this point
[INFO] [stdout]    |
[INFO] [stdout] help: consider giving `items` an explicit type, where the placeholders `_` are specified
[INFO] [stdout]    |
[INFO] [stdout] 13 | let mut items: Vec<T> = Vec::new();
[INFO] [stdout]    |              ++++++++
[INFO] [stdout] 
[INFO] [stdout] error: aborting due to 1 previous error
[INFO] [stdout] 
[INFO] [stdout] For more information about this error, try `rustc --explain E0282`.
[INFO] [stdout] Couldn't compile the test.
[INFO] [stdout] 
[INFO] [stdout] failures:
[INFO] [stdout]     src/attentive_waiter.rs - attentive_waiter::AttentiveWaiter (line 21)
[INFO] [stdout] 
[INFO] [stdout] test result: FAILED. 0 passed; 1 failed; 0 ignored; 0 measured; 0 filtered out; finished in 0.11s
[INFO] [stdout] 
[INFO] [stderr] error: doctest failed, to rerun pass `--doc`
[INFO] running `Command { std: "docker" "inspect" "17fed05b589f6ece1bb91d2a2d371f19600717bd4147781fabf4152e4db2ab37", kill_on_drop: false }`
[INFO] running `Command { std: "docker" "rm" "-f" "17fed05b589f6ece1bb91d2a2d371f19600717bd4147781fabf4152e4db2ab37", kill_on_drop: false }`
[INFO] [stdout] 17fed05b589f6ece1bb91d2a2d371f19600717bd4147781fabf4152e4db2ab37
