[INFO] fetching crate extism-pdk-derive 1.3.0...
[INFO] testing extism-pdk-derive-1.3.0 against 1.83.0 for beta-1.84.0-4-retry
[INFO] extracting crate extism-pdk-derive 1.3.0 into /workspace/builds/worker-4-tc1/source
[INFO] validating manifest of crates.io crate extism-pdk-derive 1.3.0 on toolchain 1.83.0
[INFO] running `Command { std: CARGO_HOME="/workspace/cargo-home" RUSTUP_HOME="/workspace/rustup-home" "/workspace/cargo-home/bin/cargo" "+1.83.0" "metadata" "--manifest-path" "Cargo.toml" "--no-deps", kill_on_drop: false }`
[INFO] started tweaking crates.io crate extism-pdk-derive 1.3.0
[INFO] finished tweaking crates.io crate extism-pdk-derive 1.3.0
[INFO] tweaked toml for crates.io crate extism-pdk-derive 1.3.0 written to /workspace/builds/worker-4-tc1/source/Cargo.toml
[INFO] running `Command { std: CARGO_HOME="/workspace/cargo-home" RUSTUP_HOME="/workspace/rustup-home" "/workspace/cargo-home/bin/cargo" "+1.83.0" "generate-lockfile" "--manifest-path" "Cargo.toml", kill_on_drop: false }`
[INFO] [stderr]     Updating crates.io index
[INFO] [stderr]      Locking 4 packages to latest compatible versions
[INFO] running `Command { std: CARGO_HOME="/workspace/cargo-home" RUSTUP_HOME="/workspace/rustup-home" "/workspace/cargo-home/bin/cargo" "+1.83.0" "fetch" "--manifest-path" "Cargo.toml", kill_on_drop: false }`
[INFO] running `Command { std: "docker" "create" "-v" "/var/lib/crater-agent-workspace/builds/worker-4-tc1/target:/opt/rustwide/target:rw,Z" "-v" "/var/lib/crater-agent-workspace/builds/worker-4-tc1/source:/opt/rustwide/workdir:ro,Z" "-v" "/var/lib/crater-agent-workspace/cargo-home:/opt/rustwide/cargo-home:ro,Z" "-v" "/var/lib/crater-agent-workspace/rustup-home:/opt/rustwide/rustup-home:ro,Z" "-e" "SOURCE_DIR=/opt/rustwide/workdir" "-e" "CARGO_TARGET_DIR=/opt/rustwide/target" "-e" "CARGO_HOME=/opt/rustwide/cargo-home" "-e" "RUSTUP_HOME=/opt/rustwide/rustup-home" "-w" "/opt/rustwide/workdir" "-m" "1610612736" "--user" "0:0" "--network" "none" "ghcr.io/rust-lang/crates-build-env/linux@sha256:f3a9d4ad9d972b27faf3965f35b62e55ba32bbce8f20bc8fe909558a86702fde" "/opt/rustwide/cargo-home/bin/cargo" "+1.83.0" "metadata" "--no-deps" "--format-version=1", kill_on_drop: false }`
[INFO] [stdout] 0960d5f18102a5e6d5088f1abdaef94ade3dd1b247a2b4f558ee397b7a6c8571
[INFO] running `Command { std: "docker" "start" "-a" "0960d5f18102a5e6d5088f1abdaef94ade3dd1b247a2b4f558ee397b7a6c8571", kill_on_drop: false }`
[INFO] running `Command { std: "docker" "inspect" "0960d5f18102a5e6d5088f1abdaef94ade3dd1b247a2b4f558ee397b7a6c8571", kill_on_drop: false }`
[INFO] running `Command { std: "docker" "rm" "-f" "0960d5f18102a5e6d5088f1abdaef94ade3dd1b247a2b4f558ee397b7a6c8571", kill_on_drop: false }`
[INFO] [stdout] 0960d5f18102a5e6d5088f1abdaef94ade3dd1b247a2b4f558ee397b7a6c8571
[INFO] running `Command { std: "docker" "create" "-v" "/var/lib/crater-agent-workspace/builds/worker-4-tc1/target:/opt/rustwide/target:rw,Z" "-v" "/var/lib/crater-agent-workspace/builds/worker-4-tc1/source:/opt/rustwide/workdir:ro,Z" "-v" "/var/lib/crater-agent-workspace/cargo-home:/opt/rustwide/cargo-home:ro,Z" "-v" "/var/lib/crater-agent-workspace/rustup-home:/opt/rustwide/rustup-home:ro,Z" "-e" "SOURCE_DIR=/opt/rustwide/workdir" "-e" "CARGO_TARGET_DIR=/opt/rustwide/target" "-e" "CARGO_INCREMENTAL=0" "-e" "RUST_BACKTRACE=full" "-e" "RUSTFLAGS=--cap-lints=warn" "-e" "RUSTDOCFLAGS=--cap-lints=warn" "-e" "CARGO_HOME=/opt/rustwide/cargo-home" "-e" "RUSTUP_HOME=/opt/rustwide/rustup-home" "-w" "/opt/rustwide/workdir" "-m" "1610612736" "--user" "0:0" "--network" "none" "ghcr.io/rust-lang/crates-build-env/linux@sha256:f3a9d4ad9d972b27faf3965f35b62e55ba32bbce8f20bc8fe909558a86702fde" "/opt/rustwide/cargo-home/bin/cargo" "+1.83.0" "build" "--frozen" "--message-format=json", kill_on_drop: false }`
[INFO] [stdout] 3bc1eb49a52d4de479a99ba4683920531f5d27550a2422f40368cc14fae3c69f
[INFO] running `Command { std: "docker" "start" "-a" "3bc1eb49a52d4de479a99ba4683920531f5d27550a2422f40368cc14fae3c69f", kill_on_drop: false }`
[INFO] [stderr]    Compiling proc-macro2 v1.0.92
[INFO] [stderr]    Compiling unicode-ident v1.0.14
[INFO] [stderr]    Compiling quote v1.0.37
[INFO] [stderr]    Compiling syn v2.0.90
[INFO] [stderr]    Compiling extism-pdk-derive v1.3.0 (/opt/rustwide/workdir)
[INFO] [stderr]     Finished `dev` profile [unoptimized + debuginfo] target(s) in 9.70s
[INFO] running `Command { std: "docker" "inspect" "3bc1eb49a52d4de479a99ba4683920531f5d27550a2422f40368cc14fae3c69f", kill_on_drop: false }`
[INFO] running `Command { std: "docker" "rm" "-f" "3bc1eb49a52d4de479a99ba4683920531f5d27550a2422f40368cc14fae3c69f", kill_on_drop: false }`
[INFO] [stdout] 3bc1eb49a52d4de479a99ba4683920531f5d27550a2422f40368cc14fae3c69f
[INFO] running `Command { std: "docker" "create" "-v" "/var/lib/crater-agent-workspace/builds/worker-4-tc1/target:/opt/rustwide/target:rw,Z" "-v" "/var/lib/crater-agent-workspace/builds/worker-4-tc1/source:/opt/rustwide/workdir:ro,Z" "-v" "/var/lib/crater-agent-workspace/cargo-home:/opt/rustwide/cargo-home:ro,Z" "-v" "/var/lib/crater-agent-workspace/rustup-home:/opt/rustwide/rustup-home:ro,Z" "-e" "SOURCE_DIR=/opt/rustwide/workdir" "-e" "CARGO_TARGET_DIR=/opt/rustwide/target" "-e" "CARGO_INCREMENTAL=0" "-e" "RUST_BACKTRACE=full" "-e" "RUSTFLAGS=--cap-lints=warn" "-e" "RUSTDOCFLAGS=--cap-lints=warn" "-e" "CARGO_HOME=/opt/rustwide/cargo-home" "-e" "RUSTUP_HOME=/opt/rustwide/rustup-home" "-w" "/opt/rustwide/workdir" "-m" "1610612736" "--user" "0:0" "--network" "none" "ghcr.io/rust-lang/crates-build-env/linux@sha256:f3a9d4ad9d972b27faf3965f35b62e55ba32bbce8f20bc8fe909558a86702fde" "/opt/rustwide/cargo-home/bin/cargo" "+1.83.0" "test" "--frozen" "--no-run" "--message-format=json", kill_on_drop: false }`
[INFO] [stdout] dec4c313349caec6c92b1ec9fb89654529268b3f025f3eab393fc65756ccd08b
[INFO] running `Command { std: "docker" "start" "-a" "dec4c313349caec6c92b1ec9fb89654529268b3f025f3eab393fc65756ccd08b", kill_on_drop: false }`
[INFO] [stderr]    Compiling extism-pdk-derive v1.3.0 (/opt/rustwide/workdir)
[INFO] [stderr]     Finished `test` profile [unoptimized + debuginfo] target(s) in 1.38s
[INFO] running `Command { std: "docker" "inspect" "dec4c313349caec6c92b1ec9fb89654529268b3f025f3eab393fc65756ccd08b", kill_on_drop: false }`
[INFO] running `Command { std: "docker" "rm" "-f" "dec4c313349caec6c92b1ec9fb89654529268b3f025f3eab393fc65756ccd08b", kill_on_drop: false }`
[INFO] [stdout] dec4c313349caec6c92b1ec9fb89654529268b3f025f3eab393fc65756ccd08b
[INFO] running `Command { std: "docker" "create" "-v" "/var/lib/crater-agent-workspace/builds/worker-4-tc1/target:/opt/rustwide/target:rw,Z" "-v" "/var/lib/crater-agent-workspace/builds/worker-4-tc1/source:/opt/rustwide/workdir:ro,Z" "-v" "/var/lib/crater-agent-workspace/cargo-home:/opt/rustwide/cargo-home:ro,Z" "-v" "/var/lib/crater-agent-workspace/rustup-home:/opt/rustwide/rustup-home:ro,Z" "-e" "SOURCE_DIR=/opt/rustwide/workdir" "-e" "CARGO_TARGET_DIR=/opt/rustwide/target" "-e" "CARGO_INCREMENTAL=0" "-e" "RUST_BACKTRACE=full" "-e" "RUSTFLAGS=--cap-lints=warn" "-e" "RUSTDOCFLAGS=--cap-lints=warn" "-e" "CARGO_HOME=/opt/rustwide/cargo-home" "-e" "RUSTUP_HOME=/opt/rustwide/rustup-home" "-w" "/opt/rustwide/workdir" "-m" "1610612736" "--user" "0:0" "--network" "none" "ghcr.io/rust-lang/crates-build-env/linux@sha256:f3a9d4ad9d972b27faf3965f35b62e55ba32bbce8f20bc8fe909558a86702fde" "/opt/rustwide/cargo-home/bin/cargo" "+1.83.0" "test" "--frozen", kill_on_drop: false }`
[INFO] [stdout] 8ddd14e611934f82ea59fb41b616367eec6bea1787e5cb13a9f2f356e2e2c5c4
[INFO] running `Command { std: "docker" "start" "-a" "8ddd14e611934f82ea59fb41b616367eec6bea1787e5cb13a9f2f356e2e2c5c4", kill_on_drop: false }`
[INFO] [stderr]     Finished `test` profile [unoptimized + debuginfo] target(s) in 0.03s
[INFO] [stderr]      Running unittests src/lib.rs (/opt/rustwide/target/debug/deps/extism_pdk_derive-54ac82264a198fb5)
[INFO] [stdout] 
[INFO] [stdout] running 0 tests
[INFO] [stdout] 
[INFO] [stdout] test result: ok. 0 passed; 0 failed; 0 ignored; 0 measured; 0 filtered out; finished in 0.00s
[INFO] [stdout] 
[INFO] [stderr]    Doc-tests extism_pdk_derive
[INFO] [stdout] 
[INFO] [stdout] running 2 tests
[INFO] [stdout] test src/lib.rs - shared_fn (line 128) ... FAILED
[INFO] [stdout] test src/lib.rs - plugin_fn (line 15) ... FAILED
[INFO] [stdout] 
[INFO] [stdout] failures:
[INFO] [stdout] 
[INFO] [stdout] ---- src/lib.rs - shared_fn (line 128) stdout ----
[INFO] [stdout] error[E0432]: unresolved import `extism_pdk`
[INFO] [stdout]  --> src/lib.rs:129:5
[INFO] [stdout]   |
[INFO] [stdout] 3 | use extism_pdk::{SharedFnResult, shared_fn};
[INFO] [stdout]   |     ^^^^^^^^^^ use of undeclared crate or module `extism_pdk`
[INFO] [stdout] 
[INFO] [stdout] error: aborting due to 1 previous error
[INFO] [stdout] 
[INFO] [stdout] For more information about this error, try `rustc --explain E0432`.
[INFO] [stdout] Couldn't compile the test.
[INFO] [stdout] ---- src/lib.rs - plugin_fn (line 15) stdout ----
[INFO] [stdout] error[E0432]: unresolved import `extism_pdk`
[INFO] [stdout]  --> src/lib.rs:16:5
[INFO] [stdout]   |
[INFO] [stdout] 3 | use extism_pdk::{FnResult, plugin_fn};
[INFO] [stdout]   |     ^^^^^^^^^^ use of undeclared crate or module `extism_pdk`
[INFO] [stdout] 
[INFO] [stdout] error: aborting due to 1 previous error
[INFO] [stdout] 
[INFO] [stdout] For more information about this error, try `rustc --explain E0432`.
[INFO] [stdout] Couldn't compile the test.
[INFO] [stdout] 
[INFO] [stdout] failures:
[INFO] [stdout]     src/lib.rs - plugin_fn (line 15)
[INFO] [stdout]     src/lib.rs - shared_fn (line 128)
[INFO] [stdout] 
[INFO] [stdout] test result: FAILED. 0 passed; 2 failed; 0 ignored; 0 measured; 0 filtered out; finished in 0.07s
[INFO] [stdout] 
[INFO] [stderr] error: doctest failed, to rerun pass `--doc`
[INFO] running `Command { std: "docker" "inspect" "8ddd14e611934f82ea59fb41b616367eec6bea1787e5cb13a9f2f356e2e2c5c4", kill_on_drop: false }`
[INFO] running `Command { std: "docker" "rm" "-f" "8ddd14e611934f82ea59fb41b616367eec6bea1787e5cb13a9f2f356e2e2c5c4", kill_on_drop: false }`
[INFO] [stdout] 8ddd14e611934f82ea59fb41b616367eec6bea1787e5cb13a9f2f356e2e2c5c4
