[INFO] fetching crate extel_parameterized 0.1.1...
[INFO] testing extel_parameterized-0.1.1 against 1.83.0 for beta-1.84.0-4-retry
[INFO] extracting crate extel_parameterized 0.1.1 into /workspace/builds/worker-3-tc1/source
[INFO] validating manifest of crates.io crate extel_parameterized 0.1.1 on toolchain 1.83.0
[INFO] running `Command { std: CARGO_HOME="/workspace/cargo-home" RUSTUP_HOME="/workspace/rustup-home" "/workspace/cargo-home/bin/cargo" "+1.83.0" "metadata" "--manifest-path" "Cargo.toml" "--no-deps", kill_on_drop: false }`
[INFO] started tweaking crates.io crate extel_parameterized 0.1.1
[INFO] finished tweaking crates.io crate extel_parameterized 0.1.1
[INFO] tweaked toml for crates.io crate extel_parameterized 0.1.1 written to /workspace/builds/worker-3-tc1/source/Cargo.toml
[INFO] running `Command { std: CARGO_HOME="/workspace/cargo-home" RUSTUP_HOME="/workspace/rustup-home" "/workspace/cargo-home/bin/cargo" "+1.83.0" "generate-lockfile" "--manifest-path" "Cargo.toml", kill_on_drop: false }`
[INFO] running `Command { std: CARGO_HOME="/workspace/cargo-home" RUSTUP_HOME="/workspace/rustup-home" "/workspace/cargo-home/bin/cargo" "+1.83.0" "fetch" "--manifest-path" "Cargo.toml", kill_on_drop: false }`
[INFO] running `Command { std: "docker" "create" "-v" "/var/lib/crater-agent-workspace/builds/worker-3-tc1/target:/opt/rustwide/target:rw,Z" "-v" "/var/lib/crater-agent-workspace/builds/worker-3-tc1/source:/opt/rustwide/workdir:ro,Z" "-v" "/var/lib/crater-agent-workspace/cargo-home:/opt/rustwide/cargo-home:ro,Z" "-v" "/var/lib/crater-agent-workspace/rustup-home:/opt/rustwide/rustup-home:ro,Z" "-e" "SOURCE_DIR=/opt/rustwide/workdir" "-e" "CARGO_TARGET_DIR=/opt/rustwide/target" "-e" "CARGO_HOME=/opt/rustwide/cargo-home" "-e" "RUSTUP_HOME=/opt/rustwide/rustup-home" "-w" "/opt/rustwide/workdir" "-m" "1610612736" "--user" "0:0" "--network" "none" "ghcr.io/rust-lang/crates-build-env/linux@sha256:f3a9d4ad9d972b27faf3965f35b62e55ba32bbce8f20bc8fe909558a86702fde" "/opt/rustwide/cargo-home/bin/cargo" "+1.83.0" "metadata" "--no-deps" "--format-version=1", kill_on_drop: false }`
[INFO] [stdout] 59954bfe60a0cca764c9dd261300577ce563ff4d51aef435912fd364d7c3c0f4
[INFO] running `Command { std: "docker" "start" "-a" "59954bfe60a0cca764c9dd261300577ce563ff4d51aef435912fd364d7c3c0f4", kill_on_drop: false }`
[INFO] running `Command { std: "docker" "inspect" "59954bfe60a0cca764c9dd261300577ce563ff4d51aef435912fd364d7c3c0f4", kill_on_drop: false }`
[INFO] running `Command { std: "docker" "rm" "-f" "59954bfe60a0cca764c9dd261300577ce563ff4d51aef435912fd364d7c3c0f4", kill_on_drop: false }`
[INFO] [stdout] 59954bfe60a0cca764c9dd261300577ce563ff4d51aef435912fd364d7c3c0f4
[INFO] running `Command { std: "docker" "create" "-v" "/var/lib/crater-agent-workspace/builds/worker-3-tc1/target:/opt/rustwide/target:rw,Z" "-v" "/var/lib/crater-agent-workspace/builds/worker-3-tc1/source:/opt/rustwide/workdir:ro,Z" "-v" "/var/lib/crater-agent-workspace/cargo-home:/opt/rustwide/cargo-home:ro,Z" "-v" "/var/lib/crater-agent-workspace/rustup-home:/opt/rustwide/rustup-home:ro,Z" "-e" "SOURCE_DIR=/opt/rustwide/workdir" "-e" "CARGO_TARGET_DIR=/opt/rustwide/target" "-e" "CARGO_INCREMENTAL=0" "-e" "RUST_BACKTRACE=full" "-e" "RUSTFLAGS=--cap-lints=warn" "-e" "RUSTDOCFLAGS=--cap-lints=warn" "-e" "CARGO_HOME=/opt/rustwide/cargo-home" "-e" "RUSTUP_HOME=/opt/rustwide/rustup-home" "-w" "/opt/rustwide/workdir" "-m" "1610612736" "--user" "0:0" "--network" "none" "ghcr.io/rust-lang/crates-build-env/linux@sha256:f3a9d4ad9d972b27faf3965f35b62e55ba32bbce8f20bc8fe909558a86702fde" "/opt/rustwide/cargo-home/bin/cargo" "+1.83.0" "build" "--frozen" "--message-format=json", kill_on_drop: false }`
[INFO] [stdout] 7d2d42c165a428a3db2f62570cdb053d3b020fecf5d4af13766aea284d5220ce
[INFO] running `Command { std: "docker" "start" "-a" "7d2d42c165a428a3db2f62570cdb053d3b020fecf5d4af13766aea284d5220ce", kill_on_drop: false }`
[INFO] [stderr]    Compiling extel_parameterized v0.1.1 (/opt/rustwide/workdir)
[INFO] [stderr]     Finished `dev` profile [unoptimized + debuginfo] target(s) in 0.58s
[INFO] running `Command { std: "docker" "inspect" "7d2d42c165a428a3db2f62570cdb053d3b020fecf5d4af13766aea284d5220ce", kill_on_drop: false }`
[INFO] running `Command { std: "docker" "rm" "-f" "7d2d42c165a428a3db2f62570cdb053d3b020fecf5d4af13766aea284d5220ce", kill_on_drop: false }`
[INFO] [stdout] 7d2d42c165a428a3db2f62570cdb053d3b020fecf5d4af13766aea284d5220ce
[INFO] running `Command { std: "docker" "create" "-v" "/var/lib/crater-agent-workspace/builds/worker-3-tc1/target:/opt/rustwide/target:rw,Z" "-v" "/var/lib/crater-agent-workspace/builds/worker-3-tc1/source:/opt/rustwide/workdir:ro,Z" "-v" "/var/lib/crater-agent-workspace/cargo-home:/opt/rustwide/cargo-home:ro,Z" "-v" "/var/lib/crater-agent-workspace/rustup-home:/opt/rustwide/rustup-home:ro,Z" "-e" "SOURCE_DIR=/opt/rustwide/workdir" "-e" "CARGO_TARGET_DIR=/opt/rustwide/target" "-e" "CARGO_INCREMENTAL=0" "-e" "RUST_BACKTRACE=full" "-e" "RUSTFLAGS=--cap-lints=warn" "-e" "RUSTDOCFLAGS=--cap-lints=warn" "-e" "CARGO_HOME=/opt/rustwide/cargo-home" "-e" "RUSTUP_HOME=/opt/rustwide/rustup-home" "-w" "/opt/rustwide/workdir" "-m" "1610612736" "--user" "0:0" "--network" "none" "ghcr.io/rust-lang/crates-build-env/linux@sha256:f3a9d4ad9d972b27faf3965f35b62e55ba32bbce8f20bc8fe909558a86702fde" "/opt/rustwide/cargo-home/bin/cargo" "+1.83.0" "test" "--frozen" "--no-run" "--message-format=json", kill_on_drop: false }`
[INFO] [stdout] 08806083b6da566f1dbb6378a3032c1a1a28e9e42f6df9428b19be6e8177089e
[INFO] running `Command { std: "docker" "start" "-a" "08806083b6da566f1dbb6378a3032c1a1a28e9e42f6df9428b19be6e8177089e", kill_on_drop: false }`
[INFO] [stderr]    Compiling extel_parameterized v0.1.1 (/opt/rustwide/workdir)
[INFO] [stderr]     Finished `test` profile [unoptimized + debuginfo] target(s) in 0.40s
[INFO] running `Command { std: "docker" "inspect" "08806083b6da566f1dbb6378a3032c1a1a28e9e42f6df9428b19be6e8177089e", kill_on_drop: false }`
[INFO] running `Command { std: "docker" "rm" "-f" "08806083b6da566f1dbb6378a3032c1a1a28e9e42f6df9428b19be6e8177089e", kill_on_drop: false }`
[INFO] [stdout] 08806083b6da566f1dbb6378a3032c1a1a28e9e42f6df9428b19be6e8177089e
[INFO] running `Command { std: "docker" "create" "-v" "/var/lib/crater-agent-workspace/builds/worker-3-tc1/target:/opt/rustwide/target:rw,Z" "-v" "/var/lib/crater-agent-workspace/builds/worker-3-tc1/source:/opt/rustwide/workdir:ro,Z" "-v" "/var/lib/crater-agent-workspace/cargo-home:/opt/rustwide/cargo-home:ro,Z" "-v" "/var/lib/crater-agent-workspace/rustup-home:/opt/rustwide/rustup-home:ro,Z" "-e" "SOURCE_DIR=/opt/rustwide/workdir" "-e" "CARGO_TARGET_DIR=/opt/rustwide/target" "-e" "CARGO_INCREMENTAL=0" "-e" "RUST_BACKTRACE=full" "-e" "RUSTFLAGS=--cap-lints=warn" "-e" "RUSTDOCFLAGS=--cap-lints=warn" "-e" "CARGO_HOME=/opt/rustwide/cargo-home" "-e" "RUSTUP_HOME=/opt/rustwide/rustup-home" "-w" "/opt/rustwide/workdir" "-m" "1610612736" "--user" "0:0" "--network" "none" "ghcr.io/rust-lang/crates-build-env/linux@sha256:f3a9d4ad9d972b27faf3965f35b62e55ba32bbce8f20bc8fe909558a86702fde" "/opt/rustwide/cargo-home/bin/cargo" "+1.83.0" "test" "--frozen", kill_on_drop: false }`
[INFO] [stdout] fc44b70f013a00bbb2275d3b1385e709889da752d0346a90d9aa408adb9dbd93
[INFO] running `Command { std: "docker" "start" "-a" "fc44b70f013a00bbb2275d3b1385e709889da752d0346a90d9aa408adb9dbd93", kill_on_drop: false }`
[INFO] [stderr]     Finished `test` profile [unoptimized + debuginfo] target(s) in 0.01s
[INFO] [stderr]      Running unittests src/lib.rs (/opt/rustwide/target/debug/deps/extel_parameterized-b606716eb3066a04)
[INFO] [stdout] 
[INFO] [stdout] running 0 tests
[INFO] [stdout] 
[INFO] [stdout] test result: ok. 0 passed; 0 failed; 0 ignored; 0 measured; 0 filtered out; finished in 0.00s
[INFO] [stdout] 
[INFO] [stderr]    Doc-tests extel_parameterized
[INFO] [stdout] 
[INFO] [stdout] running 1 test
[INFO] [stdout] test src/lib.rs - (line 6) ... FAILED
[INFO] [stdout] 
[INFO] [stdout] failures:
[INFO] [stdout] 
[INFO] [stdout] ---- src/lib.rs - (line 6) stdout ----
[INFO] [stdout] error[E0433]: failed to resolve: use of undeclared crate or module `extel`
[INFO] [stdout]  --> src/lib.rs:8:5
[INFO] [stdout]   |
[INFO] [stdout] 4 | use extel::prelude::*;
[INFO] [stdout]   |     ^^^^^ use of undeclared crate or module `extel`
[INFO] [stdout] 
[INFO] [stdout] error: cannot find macro `cmd` in this scope
[INFO] [stdout]  --> src/lib.rs:12:22
[INFO] [stdout]   |
[INFO] [stdout] 8 |     let mut my_cmd = cmd!("echo -n \"hello world\"");
[INFO] [stdout]   |                      ^^^
[INFO] [stdout] 
[INFO] [stdout] error: cannot find macro `extel_assert` in this scope
[INFO] [stdout]   --> src/lib.rs:16:5
[INFO] [stdout]    |
[INFO] [stdout] 12 |     extel_assert!(
[INFO] [stdout]    |     ^^^^^^^^^^^^
[INFO] [stdout] 
[INFO] [stdout] error: cannot find macro `extel_assert` in this scope
[INFO] [stdout]   --> src/lib.rs:23:1
[INFO] [stdout]    |
[INFO] [stdout] 19 | #[parameters(1, 2, -2, 4)]
[INFO] [stdout]    | ^^^^^^^^^^^^^^^^^^^^^^^^^^
[INFO] [stdout]    |
[INFO] [stdout]    = note: this error originates in the attribute macro `parameters` (in Nightly builds, run with -Z macro-backtrace for more info)
[INFO] [stdout] 
[INFO] [stdout] error: cannot find macro `init_test_suite` in this scope
[INFO] [stdout]   --> src/lib.rs:29:5
[INFO] [stdout]    |
[INFO] [stdout] 25 |     init_test_suite!(ExtelDemo, single_test, param_test);
[INFO] [stdout]    |     ^^^^^^^^^^^^^^^
[INFO] [stdout] 
[INFO] [stdout] error[E0412]: cannot find type `ExtelResult` in this scope
[INFO] [stdout]  --> src/lib.rs:11:21
[INFO] [stdout]   |
[INFO] [stdout] 7 | fn single_test() -> ExtelResult {
[INFO] [stdout]   |                     ^^^^^^^^^^^ not found in this scope
[INFO] [stdout] 
[INFO] [stdout] error[E0412]: cannot find type `ExtelResult` in this scope
[INFO] [stdout]   --> src/lib.rs:23:1
[INFO] [stdout]    |
[INFO] [stdout] 19 | #[parameters(1, 2, -2, 4)]
[INFO] [stdout]    | ^^^^^^^^^^^^^^^^^^^^^^^^^^ not found in this scope
[INFO] [stdout]    |
[INFO] [stdout]    = note: this error originates in the attribute macro `parameters` (in Nightly builds, run with -Z macro-backtrace for more info)
[INFO] [stdout] 
[INFO] [stdout] error[E0599]: the method `collect` exists for struct `Map<IntoIter<i32, 4>, fn(i32) -> {type error} {__param_test}>`, but its trait bounds were not satisfied
[INFO] [stdout]   --> src/lib.rs:23:1
[INFO] [stdout]    |
[INFO] [stdout] 19 | #[parameters(1, 2, -2, 4)]
[INFO] [stdout]    | ^^^^^^^^^^^^^^^^^^^^^^^^^^ method cannot be called due to unsatisfied trait bounds
[INFO] [stdout]    |
[INFO] [stdout]    = note: the following trait bounds were not satisfied:
[INFO] [stdout]            `<fn(i32) -> {type error} {__param_test} as FnOnce<(i32,)>>::Output = _`
[INFO] [stdout]            which is required by `Map<std::array::IntoIter<i32, 4>, fn(i32) -> {type error} {__param_test}>: Iterator`
[INFO] [stdout]            `fn(i32) -> {type error} {__param_test}: FnMut<(i32,)>`
[INFO] [stdout]            which is required by `Map<std::array::IntoIter<i32, 4>, fn(i32) -> {type error} {__param_test}>: Iterator`
[INFO] [stdout]            `Map<std::array::IntoIter<i32, 4>, fn(i32) -> {type error} {__param_test}>: Iterator`
[INFO] [stdout]            which is required by `&mut Map<std::array::IntoIter<i32, 4>, fn(i32) -> {type error} {__param_test}>: Iterator`
[INFO] [stdout]    = note: this error originates in the attribute macro `parameters` (in Nightly builds, run with -Z macro-backtrace for more info)
[INFO] [stdout] 
[INFO] [stdout] error[E0433]: failed to resolve: use of undeclared type `ExtelDemo`
[INFO] [stdout]   --> src/lib.rs:30:5
[INFO] [stdout]    |
[INFO] [stdout] 26 |     ExtelDemo::run(TestConfig::default());
[INFO] [stdout]    |     ^^^^^^^^^ use of undeclared type `ExtelDemo`
[INFO] [stdout] 
[INFO] [stdout] error[E0433]: failed to resolve: use of undeclared type `TestConfig`
[INFO] [stdout]   --> src/lib.rs:30:20
[INFO] [stdout]    |
[INFO] [stdout] 26 |     ExtelDemo::run(TestConfig::default());
[INFO] [stdout]    |                    ^^^^^^^^^^ use of undeclared type `TestConfig`
[INFO] [stdout] 
[INFO] [stdout] error[E0433]: failed to resolve: use of undeclared crate or module `extel`
[INFO] [stdout]   --> src/lib.rs:23:1
[INFO] [stdout]    |
[INFO] [stdout] 19 | #[parameters(1, 2, -2, 4)]
[INFO] [stdout]    | ^^^^^^^^^^^^^^^^^^^^^^^^^^ use of undeclared crate or module `extel`
[INFO] [stdout]    |
[INFO] [stdout]    = note: this error originates in the attribute macro `parameters` (in Nightly builds, run with -Z macro-backtrace for more info)
[INFO] [stdout] 
[INFO] [stdout] error: aborting due to 11 previous errors
[INFO] [stdout] 
[INFO] [stdout] Some errors have detailed explanations: E0412, E0433, E0599.
[INFO] [stdout] For more information about an error, try `rustc --explain E0412`.
[INFO] [stdout] Couldn't compile the test.
[INFO] [stdout] 
[INFO] [stdout] failures:
[INFO] [stdout]     src/lib.rs - (line 6)
[INFO] [stdout] 
[INFO] [stdout] test result: FAILED. 0 passed; 1 failed; 0 ignored; 0 measured; 0 filtered out; finished in 0.11s
[INFO] [stdout] 
[INFO] [stderr] error: doctest failed, to rerun pass `--doc`
[INFO] running `Command { std: "docker" "inspect" "fc44b70f013a00bbb2275d3b1385e709889da752d0346a90d9aa408adb9dbd93", kill_on_drop: false }`
[INFO] running `Command { std: "docker" "rm" "-f" "fc44b70f013a00bbb2275d3b1385e709889da752d0346a90d9aa408adb9dbd93", kill_on_drop: false }`
[INFO] [stdout] fc44b70f013a00bbb2275d3b1385e709889da752d0346a90d9aa408adb9dbd93
