[INFO] fetching crate expect_macro_derive 0.0.0...
[INFO] testing expect_macro_derive-0.0.0 against beta-2024-12-08 for beta-1.84.0-4-retry
[INFO] extracting crate expect_macro_derive 0.0.0 into /workspace/builds/worker-4-tc2/source
[INFO] validating manifest of crates.io crate expect_macro_derive 0.0.0 on toolchain beta-2024-12-08
[INFO] running `Command { std: CARGO_HOME="/workspace/cargo-home" RUSTUP_HOME="/workspace/rustup-home" "/workspace/cargo-home/bin/cargo" "+beta-2024-12-08" "metadata" "--manifest-path" "Cargo.toml" "--no-deps", kill_on_drop: false }`
[INFO] started tweaking crates.io crate expect_macro_derive 0.0.0
[INFO] finished tweaking crates.io crate expect_macro_derive 0.0.0
[INFO] tweaked toml for crates.io crate expect_macro_derive 0.0.0 written to /workspace/builds/worker-4-tc2/source/Cargo.toml
[INFO] running `Command { std: CARGO_HOME="/workspace/cargo-home" RUSTUP_HOME="/workspace/rustup-home" "/workspace/cargo-home/bin/cargo" "+beta-2024-12-08" "generate-lockfile" "--manifest-path" "Cargo.toml", kill_on_drop: false }`
[INFO] [stderr]     Updating crates.io index
[INFO] [stderr]      Locking 4 packages to latest compatible versions
[INFO] running `Command { std: CARGO_HOME="/workspace/cargo-home" RUSTUP_HOME="/workspace/rustup-home" "/workspace/cargo-home/bin/cargo" "+beta-2024-12-08" "fetch" "--manifest-path" "Cargo.toml", kill_on_drop: false }`
[INFO] running `Command { std: "docker" "create" "-v" "/var/lib/crater-agent-workspace/builds/worker-4-tc2/target:/opt/rustwide/target:rw,Z" "-v" "/var/lib/crater-agent-workspace/builds/worker-4-tc2/source:/opt/rustwide/workdir:ro,Z" "-v" "/var/lib/crater-agent-workspace/cargo-home:/opt/rustwide/cargo-home:ro,Z" "-v" "/var/lib/crater-agent-workspace/rustup-home:/opt/rustwide/rustup-home:ro,Z" "-e" "SOURCE_DIR=/opt/rustwide/workdir" "-e" "CARGO_TARGET_DIR=/opt/rustwide/target" "-e" "CARGO_HOME=/opt/rustwide/cargo-home" "-e" "RUSTUP_HOME=/opt/rustwide/rustup-home" "-w" "/opt/rustwide/workdir" "-m" "1610612736" "--user" "0:0" "--network" "none" "ghcr.io/rust-lang/crates-build-env/linux@sha256:f3a9d4ad9d972b27faf3965f35b62e55ba32bbce8f20bc8fe909558a86702fde" "/opt/rustwide/cargo-home/bin/cargo" "+beta-2024-12-08" "metadata" "--no-deps" "--format-version=1", kill_on_drop: false }`
[INFO] [stdout] 81060426528f7a7b44521cdc2c594b4be9860ab0a1cfbcafe02c5e6872ced16d
[INFO] running `Command { std: "docker" "start" "-a" "81060426528f7a7b44521cdc2c594b4be9860ab0a1cfbcafe02c5e6872ced16d", kill_on_drop: false }`
[INFO] running `Command { std: "docker" "inspect" "81060426528f7a7b44521cdc2c594b4be9860ab0a1cfbcafe02c5e6872ced16d", kill_on_drop: false }`
[INFO] running `Command { std: "docker" "rm" "-f" "81060426528f7a7b44521cdc2c594b4be9860ab0a1cfbcafe02c5e6872ced16d", kill_on_drop: false }`
[INFO] [stdout] 81060426528f7a7b44521cdc2c594b4be9860ab0a1cfbcafe02c5e6872ced16d
[INFO] running `Command { std: "docker" "create" "-v" "/var/lib/crater-agent-workspace/builds/worker-4-tc2/target:/opt/rustwide/target:rw,Z" "-v" "/var/lib/crater-agent-workspace/builds/worker-4-tc2/source:/opt/rustwide/workdir:ro,Z" "-v" "/var/lib/crater-agent-workspace/cargo-home:/opt/rustwide/cargo-home:ro,Z" "-v" "/var/lib/crater-agent-workspace/rustup-home:/opt/rustwide/rustup-home:ro,Z" "-e" "SOURCE_DIR=/opt/rustwide/workdir" "-e" "CARGO_TARGET_DIR=/opt/rustwide/target" "-e" "CARGO_INCREMENTAL=0" "-e" "RUST_BACKTRACE=full" "-e" "RUSTFLAGS=--cap-lints=warn" "-e" "RUSTDOCFLAGS=--cap-lints=warn" "-e" "CARGO_HOME=/opt/rustwide/cargo-home" "-e" "RUSTUP_HOME=/opt/rustwide/rustup-home" "-w" "/opt/rustwide/workdir" "-m" "1610612736" "--user" "0:0" "--network" "none" "ghcr.io/rust-lang/crates-build-env/linux@sha256:f3a9d4ad9d972b27faf3965f35b62e55ba32bbce8f20bc8fe909558a86702fde" "/opt/rustwide/cargo-home/bin/cargo" "+beta-2024-12-08" "build" "--frozen" "--message-format=json", kill_on_drop: false }`
[INFO] [stdout] 7a28f3acdd175feec757e33944fd5a8af2a33e12c113719c7e6e9bb05ca7209d
[INFO] running `Command { std: "docker" "start" "-a" "7a28f3acdd175feec757e33944fd5a8af2a33e12c113719c7e6e9bb05ca7209d", kill_on_drop: false }`
[INFO] [stderr]    Compiling unicode-ident v1.0.14
[INFO] [stderr]    Compiling proc-macro2 v1.0.92
[INFO] [stderr]    Compiling quote v1.0.37
[INFO] [stderr]    Compiling syn v2.0.90
[INFO] [stderr]    Compiling expect_macro_derive v0.0.0 (/opt/rustwide/workdir)
[INFO] [stderr]     Finished `dev` profile [unoptimized + debuginfo] target(s) in 5.90s
[INFO] running `Command { std: "docker" "inspect" "7a28f3acdd175feec757e33944fd5a8af2a33e12c113719c7e6e9bb05ca7209d", kill_on_drop: false }`
[INFO] running `Command { std: "docker" "rm" "-f" "7a28f3acdd175feec757e33944fd5a8af2a33e12c113719c7e6e9bb05ca7209d", kill_on_drop: false }`
[INFO] [stdout] 7a28f3acdd175feec757e33944fd5a8af2a33e12c113719c7e6e9bb05ca7209d
[INFO] running `Command { std: "docker" "create" "-v" "/var/lib/crater-agent-workspace/builds/worker-4-tc2/target:/opt/rustwide/target:rw,Z" "-v" "/var/lib/crater-agent-workspace/builds/worker-4-tc2/source:/opt/rustwide/workdir:ro,Z" "-v" "/var/lib/crater-agent-workspace/cargo-home:/opt/rustwide/cargo-home:ro,Z" "-v" "/var/lib/crater-agent-workspace/rustup-home:/opt/rustwide/rustup-home:ro,Z" "-e" "SOURCE_DIR=/opt/rustwide/workdir" "-e" "CARGO_TARGET_DIR=/opt/rustwide/target" "-e" "CARGO_INCREMENTAL=0" "-e" "RUST_BACKTRACE=full" "-e" "RUSTFLAGS=--cap-lints=warn" "-e" "RUSTDOCFLAGS=--cap-lints=warn" "-e" "CARGO_HOME=/opt/rustwide/cargo-home" "-e" "RUSTUP_HOME=/opt/rustwide/rustup-home" "-w" "/opt/rustwide/workdir" "-m" "1610612736" "--user" "0:0" "--network" "none" "ghcr.io/rust-lang/crates-build-env/linux@sha256:f3a9d4ad9d972b27faf3965f35b62e55ba32bbce8f20bc8fe909558a86702fde" "/opt/rustwide/cargo-home/bin/cargo" "+beta-2024-12-08" "test" "--frozen" "--no-run" "--message-format=json", kill_on_drop: false }`
[INFO] [stdout] d1c4bdb3e3712eb7e4f655e010f7bf34b7afb8a43f1e9b53cf1f4f5119d816b9
[INFO] running `Command { std: "docker" "start" "-a" "d1c4bdb3e3712eb7e4f655e010f7bf34b7afb8a43f1e9b53cf1f4f5119d816b9", kill_on_drop: false }`
[INFO] [stderr]    Compiling expect_macro_derive v0.0.0 (/opt/rustwide/workdir)
[INFO] [stderr]     Finished `test` profile [unoptimized + debuginfo] target(s) in 0.88s
[INFO] running `Command { std: "docker" "inspect" "d1c4bdb3e3712eb7e4f655e010f7bf34b7afb8a43f1e9b53cf1f4f5119d816b9", kill_on_drop: false }`
[INFO] running `Command { std: "docker" "rm" "-f" "d1c4bdb3e3712eb7e4f655e010f7bf34b7afb8a43f1e9b53cf1f4f5119d816b9", kill_on_drop: false }`
[INFO] [stdout] d1c4bdb3e3712eb7e4f655e010f7bf34b7afb8a43f1e9b53cf1f4f5119d816b9
[INFO] running `Command { std: "docker" "create" "-v" "/var/lib/crater-agent-workspace/builds/worker-4-tc2/target:/opt/rustwide/target:rw,Z" "-v" "/var/lib/crater-agent-workspace/builds/worker-4-tc2/source:/opt/rustwide/workdir:ro,Z" "-v" "/var/lib/crater-agent-workspace/cargo-home:/opt/rustwide/cargo-home:ro,Z" "-v" "/var/lib/crater-agent-workspace/rustup-home:/opt/rustwide/rustup-home:ro,Z" "-e" "SOURCE_DIR=/opt/rustwide/workdir" "-e" "CARGO_TARGET_DIR=/opt/rustwide/target" "-e" "CARGO_INCREMENTAL=0" "-e" "RUST_BACKTRACE=full" "-e" "RUSTFLAGS=--cap-lints=warn" "-e" "RUSTDOCFLAGS=--cap-lints=warn" "-e" "CARGO_HOME=/opt/rustwide/cargo-home" "-e" "RUSTUP_HOME=/opt/rustwide/rustup-home" "-w" "/opt/rustwide/workdir" "-m" "1610612736" "--user" "0:0" "--network" "none" "ghcr.io/rust-lang/crates-build-env/linux@sha256:f3a9d4ad9d972b27faf3965f35b62e55ba32bbce8f20bc8fe909558a86702fde" "/opt/rustwide/cargo-home/bin/cargo" "+beta-2024-12-08" "test" "--frozen", kill_on_drop: false }`
[INFO] [stdout] 7b3b622fba4363dc2969d15a3baa9908967a0ff7ac17687bfda9d5725b4fb65a
[INFO] running `Command { std: "docker" "start" "-a" "7b3b622fba4363dc2969d15a3baa9908967a0ff7ac17687bfda9d5725b4fb65a", kill_on_drop: false }`
[INFO] [stderr]     Finished `test` profile [unoptimized + debuginfo] target(s) in 0.02s
[INFO] [stderr]      Running unittests src/lib.rs (/opt/rustwide/target/debug/deps/expect_macro_derive-919ceb4a09fd5fc0)
[INFO] [stdout] 
[INFO] [stdout] running 0 tests
[INFO] [stderr]    Doc-tests expect_macro_derive
[INFO] [stdout] 
[INFO] [stdout] test result: ok. 0 passed; 0 failed; 0 ignored; 0 measured; 0 filtered out; finished in 0.00s
[INFO] [stdout] 
[INFO] [stdout] 
[INFO] [stdout] running 1 test
[INFO] [stdout] test src/lib.rs - expect_derive (line 22) ... FAILED
[INFO] [stdout] 
[INFO] [stdout] failures:
[INFO] [stdout] 
[INFO] [stdout] ---- src/lib.rs - expect_derive (line 22) stdout ----
[INFO] [stdout] error[E0432]: unresolved import `expect_macro`
[INFO] [stdout]  --> src/lib.rs:23:5
[INFO] [stdout]   |
[INFO] [stdout] 2 | use expect_macro::Expect;
[INFO] [stdout]   |     ^^^^^^^^^^^^ use of undeclared crate or module `expect_macro`
[INFO] [stdout] 
[INFO] [stdout] error: cannot find attribute `panic` in this scope
[INFO] [stdout]  --> src/lib.rs:27:6
[INFO] [stdout]   |
[INFO] [stdout] 6 |    #[panic] Bar { a: i32, b: i32 },
[INFO] [stdout]   |      ^^^^^
[INFO] [stdout]   |
[INFO] [stdout]   = note: `panic` is in scope, but it is a function-like macro
[INFO] [stdout] 
[INFO] [stdout] error[E0599]: no method named `expect_bar` found for enum `Foo` in the current scope
[INFO] [stdout]   --> src/lib.rs:36:21
[INFO] [stdout]    |
[INFO] [stdout] 5  | enum Foo {
[INFO] [stdout]    | -------- method `expect_bar` not found for this enum
[INFO] [stdout] ...
[INFO] [stdout] 15 |    let (a, b) = bar.expect_bar(1, 2);
[INFO] [stdout]    |                     ^^^^^^^^^^ method not found in `Foo`
[INFO] [stdout] 
[INFO] [stdout] error[E0599]: no method named `expect_baz` found for enum `Foo` in the current scope
[INFO] [stdout]   --> src/lib.rs:37:38
[INFO] [stdout]    |
[INFO] [stdout] 5  | enum Foo {
[INFO] [stdout]    | -------- method `expect_baz` not found for this enum
[INFO] [stdout] ...
[INFO] [stdout] 16 |    let opt: Option<(i32, i32)> = baz.expect_baz(1, 2);
[INFO] [stdout]    |                                      ^^^^^^^^^^ method not found in `Foo`
[INFO] [stdout] 
[INFO] [stdout] error[E0599]: no method named `expect_qux` found for enum `Foo` in the current scope
[INFO] [stdout]   --> src/lib.rs:38:19
[INFO] [stdout]    |
[INFO] [stdout] 5  | enum Foo {
[INFO] [stdout]    | -------- method `expect_qux` not found for this enum
[INFO] [stdout] ...
[INFO] [stdout] 17 |    assert_eq!(qux.expect_qux(), Some(()));
[INFO] [stdout]    |                   ^^^^^^^^^^ method not found in `Foo`
[INFO] [stdout] 
[INFO] [stdout] error: aborting due to 5 previous errors
[INFO] [stdout] 
[INFO] [stdout] Some errors have detailed explanations: E0432, E0599.
[INFO] [stdout] For more information about an error, try `rustc --explain E0432`.
[INFO] [stdout] Couldn't compile the test.
[INFO] [stdout] 
[INFO] [stdout] failures:
[INFO] [stdout]     src/lib.rs - expect_derive (line 22)
[INFO] [stdout] 
[INFO] [stdout] test result: FAILED. 0 passed; 1 failed; 0 ignored; 0 measured; 0 filtered out; finished in 0.10s
[INFO] [stdout] 
[INFO] [stderr] error: doctest failed, to rerun pass `--doc`
[INFO] running `Command { std: "docker" "inspect" "7b3b622fba4363dc2969d15a3baa9908967a0ff7ac17687bfda9d5725b4fb65a", kill_on_drop: false }`
[INFO] running `Command { std: "docker" "rm" "-f" "7b3b622fba4363dc2969d15a3baa9908967a0ff7ac17687bfda9d5725b4fb65a", kill_on_drop: false }`
[INFO] [stdout] 7b3b622fba4363dc2969d15a3baa9908967a0ff7ac17687bfda9d5725b4fb65a
