[INFO] fetching crate exms 0.2.17...
[INFO] testing exms-0.2.17 against beta-2024-12-08 for beta-1.84.0-4-retry
[INFO] extracting crate exms 0.2.17 into /workspace/builds/worker-2-tc2/source
[INFO] validating manifest of crates.io crate exms 0.2.17 on toolchain beta-2024-12-08
[INFO] running `Command { std: CARGO_HOME="/workspace/cargo-home" RUSTUP_HOME="/workspace/rustup-home" "/workspace/cargo-home/bin/cargo" "+beta-2024-12-08" "metadata" "--manifest-path" "Cargo.toml" "--no-deps", kill_on_drop: false }`
[INFO] started tweaking crates.io crate exms 0.2.17
[INFO] finished tweaking crates.io crate exms 0.2.17
[INFO] tweaked toml for crates.io crate exms 0.2.17 written to /workspace/builds/worker-2-tc2/source/Cargo.toml
[INFO] running `Command { std: CARGO_HOME="/workspace/cargo-home" RUSTUP_HOME="/workspace/rustup-home" "/workspace/cargo-home/bin/cargo" "+beta-2024-12-08" "generate-lockfile" "--manifest-path" "Cargo.toml", kill_on_drop: false }`
[INFO] [stderr]     Updating crates.io index
[INFO] [stderr]      Locking 113 packages to latest compatible versions
[INFO] running `Command { std: CARGO_HOME="/workspace/cargo-home" RUSTUP_HOME="/workspace/rustup-home" "/workspace/cargo-home/bin/cargo" "+beta-2024-12-08" "fetch" "--manifest-path" "Cargo.toml", kill_on_drop: false }`
[INFO] running `Command { std: "docker" "create" "-v" "/var/lib/crater-agent-workspace/builds/worker-2-tc2/target:/opt/rustwide/target:rw,Z" "-v" "/var/lib/crater-agent-workspace/builds/worker-2-tc2/source:/opt/rustwide/workdir:ro,Z" "-v" "/var/lib/crater-agent-workspace/cargo-home:/opt/rustwide/cargo-home:ro,Z" "-v" "/var/lib/crater-agent-workspace/rustup-home:/opt/rustwide/rustup-home:ro,Z" "-e" "SOURCE_DIR=/opt/rustwide/workdir" "-e" "CARGO_TARGET_DIR=/opt/rustwide/target" "-e" "CARGO_HOME=/opt/rustwide/cargo-home" "-e" "RUSTUP_HOME=/opt/rustwide/rustup-home" "-w" "/opt/rustwide/workdir" "-m" "1610612736" "--user" "0:0" "--network" "none" "ghcr.io/rust-lang/crates-build-env/linux@sha256:f3a9d4ad9d972b27faf3965f35b62e55ba32bbce8f20bc8fe909558a86702fde" "/opt/rustwide/cargo-home/bin/cargo" "+beta-2024-12-08" "metadata" "--no-deps" "--format-version=1", kill_on_drop: false }`
[INFO] [stdout] f4ff2afa72ae6cd6546248e6a2269e78d07b13a7a7c639ec31778a162acecd72
[INFO] running `Command { std: "docker" "start" "-a" "f4ff2afa72ae6cd6546248e6a2269e78d07b13a7a7c639ec31778a162acecd72", kill_on_drop: false }`
[INFO] running `Command { std: "docker" "inspect" "f4ff2afa72ae6cd6546248e6a2269e78d07b13a7a7c639ec31778a162acecd72", kill_on_drop: false }`
[INFO] running `Command { std: "docker" "rm" "-f" "f4ff2afa72ae6cd6546248e6a2269e78d07b13a7a7c639ec31778a162acecd72", kill_on_drop: false }`
[INFO] [stdout] f4ff2afa72ae6cd6546248e6a2269e78d07b13a7a7c639ec31778a162acecd72
[INFO] running `Command { std: "docker" "create" "-v" "/var/lib/crater-agent-workspace/builds/worker-2-tc2/target:/opt/rustwide/target:rw,Z" "-v" "/var/lib/crater-agent-workspace/builds/worker-2-tc2/source:/opt/rustwide/workdir:ro,Z" "-v" "/var/lib/crater-agent-workspace/cargo-home:/opt/rustwide/cargo-home:ro,Z" "-v" "/var/lib/crater-agent-workspace/rustup-home:/opt/rustwide/rustup-home:ro,Z" "-e" "SOURCE_DIR=/opt/rustwide/workdir" "-e" "CARGO_TARGET_DIR=/opt/rustwide/target" "-e" "CARGO_INCREMENTAL=0" "-e" "RUST_BACKTRACE=full" "-e" "RUSTFLAGS=--cap-lints=warn" "-e" "RUSTDOCFLAGS=--cap-lints=warn" "-e" "CARGO_HOME=/opt/rustwide/cargo-home" "-e" "RUSTUP_HOME=/opt/rustwide/rustup-home" "-w" "/opt/rustwide/workdir" "-m" "1610612736" "--user" "0:0" "--network" "none" "ghcr.io/rust-lang/crates-build-env/linux@sha256:f3a9d4ad9d972b27faf3965f35b62e55ba32bbce8f20bc8fe909558a86702fde" "/opt/rustwide/cargo-home/bin/cargo" "+beta-2024-12-08" "build" "--frozen" "--message-format=json", kill_on_drop: false }`
[INFO] [stdout] a242ddaecdb3ce4d601ab8110f90cadffe415fccff1ae13220fe99d3b808ee9b
[INFO] running `Command { std: "docker" "start" "-a" "a242ddaecdb3ce4d601ab8110f90cadffe415fccff1ae13220fe99d3b808ee9b", kill_on_drop: false }`
[INFO] [stderr]    Compiling proc-macro2 v1.0.92
[INFO] [stderr]    Compiling unicode-ident v1.0.14
[INFO] [stderr]    Compiling serde v1.0.216
[INFO] [stderr]    Compiling libc v0.2.168
[INFO] [stderr]    Compiling memchr v2.7.4
[INFO] [stderr]    Compiling lazy_static v1.5.0
[INFO] [stderr]    Compiling hashbrown v0.15.2
[INFO] [stderr]    Compiling itoa v1.0.14
[INFO] [stderr]    Compiling equivalent v1.0.1
[INFO] [stderr]    Compiling cfg-if v1.0.0
[INFO] [stderr]    Compiling ryu v1.0.18
[INFO] [stderr]    Compiling fnv v1.0.7
[INFO] [stderr]    Compiling winnow v0.6.20
[INFO] [stderr]    Compiling serde_json v1.0.133
[INFO] [stderr]    Compiling unicode-width v0.1.14
[INFO] [stderr]    Compiling encode_unicode v1.0.0
[INFO] [stderr]    Compiling unidecode v0.3.0
[INFO] [stderr]    Compiling colored v2.1.0
[INFO] [stderr]    Compiling drawille v0.3.0
[INFO] [stderr]    Compiling termplot v0.1.1
[INFO] [stderr]    Compiling csv-core v0.1.11
[INFO] [stderr]    Compiling quote v1.0.37
[INFO] [stderr]    Compiling syn v2.0.90
[INFO] [stderr]    Compiling dirs-sys-next v0.1.2
[INFO] [stderr]    Compiling is-terminal v0.4.13
[INFO] [stderr]    Compiling term_size v0.3.2
[INFO] [stderr]    Compiling dirs-next v2.0.0
[INFO] [stderr]    Compiling term v0.7.0
[INFO] [stderr]    Compiling serde_derive v1.0.216
[INFO] [stderr]    Compiling indexmap v2.7.0
[INFO] [stderr]    Compiling serde_spanned v0.6.8
[INFO] [stderr]    Compiling toml_datetime v0.6.8
[INFO] [stderr]    Compiling csv v1.3.1
[INFO] [stderr]    Compiling prettytable v0.10.0
[INFO] [stderr]    Compiling toml_edit v0.22.22
[INFO] [stderr]    Compiling toml v0.8.19
[INFO] [stderr]    Compiling exms v0.2.17 (/opt/rustwide/workdir)
[INFO] [stderr]     Finished `dev` profile [unoptimized + debuginfo] target(s) in 22.56s
[INFO] running `Command { std: "docker" "inspect" "a242ddaecdb3ce4d601ab8110f90cadffe415fccff1ae13220fe99d3b808ee9b", kill_on_drop: false }`
[INFO] running `Command { std: "docker" "rm" "-f" "a242ddaecdb3ce4d601ab8110f90cadffe415fccff1ae13220fe99d3b808ee9b", kill_on_drop: false }`
[INFO] [stdout] a242ddaecdb3ce4d601ab8110f90cadffe415fccff1ae13220fe99d3b808ee9b
[INFO] running `Command { std: "docker" "create" "-v" "/var/lib/crater-agent-workspace/builds/worker-2-tc2/target:/opt/rustwide/target:rw,Z" "-v" "/var/lib/crater-agent-workspace/builds/worker-2-tc2/source:/opt/rustwide/workdir:ro,Z" "-v" "/var/lib/crater-agent-workspace/cargo-home:/opt/rustwide/cargo-home:ro,Z" "-v" "/var/lib/crater-agent-workspace/rustup-home:/opt/rustwide/rustup-home:ro,Z" "-e" "SOURCE_DIR=/opt/rustwide/workdir" "-e" "CARGO_TARGET_DIR=/opt/rustwide/target" "-e" "CARGO_INCREMENTAL=0" "-e" "RUST_BACKTRACE=full" "-e" "RUSTFLAGS=--cap-lints=warn" "-e" "RUSTDOCFLAGS=--cap-lints=warn" "-e" "CARGO_HOME=/opt/rustwide/cargo-home" "-e" "RUSTUP_HOME=/opt/rustwide/rustup-home" "-w" "/opt/rustwide/workdir" "-m" "1610612736" "--user" "0:0" "--network" "none" "ghcr.io/rust-lang/crates-build-env/linux@sha256:f3a9d4ad9d972b27faf3965f35b62e55ba32bbce8f20bc8fe909558a86702fde" "/opt/rustwide/cargo-home/bin/cargo" "+beta-2024-12-08" "test" "--frozen" "--no-run" "--message-format=json", kill_on_drop: false }`
[INFO] [stdout] 1112a7780ade9dac573aaa5af2c65f9d1a3a9ea8270052a0065d525d1461a283
[INFO] running `Command { std: "docker" "start" "-a" "1112a7780ade9dac573aaa5af2c65f9d1a3a9ea8270052a0065d525d1461a283", kill_on_drop: false }`
[INFO] [stderr]    Compiling serde v1.0.216
[INFO] [stderr]    Compiling crossbeam-utils v0.8.20
[INFO] [stderr]    Compiling autocfg v1.4.0
[INFO] [stderr]    Compiling rayon-core v1.12.1
[INFO] [stderr]    Compiling either v1.13.0
[INFO] [stderr]    Compiling regex-syntax v0.8.5
[INFO] [stderr]    Compiling half v2.4.1
[INFO] [stderr]    Compiling clap_lex v0.7.4
[INFO] [stderr]    Compiling anstyle v1.0.10
[INFO] [stderr]    Compiling ciborium-io v0.2.2
[INFO] [stderr]    Compiling plotters-backend v0.3.7
[INFO] [stderr]    Compiling cast v0.3.0
[INFO] [stderr]    Compiling same-file v1.0.6
[INFO] [stderr]    Compiling once_cell v1.20.2
[INFO] [stderr]    Compiling oorandom v11.1.4
[INFO] [stderr]    Compiling anes v0.1.6
[INFO] [stderr]    Compiling assert_approx_eq v1.1.0
[INFO] [stderr]    Compiling itertools v0.10.5
[INFO] [stderr]    Compiling walkdir v2.5.0
[INFO] [stderr]    Compiling plotters-svg v0.3.7
[INFO] [stderr]    Compiling clap_builder v4.5.23
[INFO] [stderr]    Compiling num-traits v0.2.19
[INFO] [stderr]    Compiling ciborium-ll v0.2.2
[INFO] [stderr]    Compiling crossbeam-epoch v0.9.18
[INFO] [stderr]    Compiling regex-automata v0.4.9
[INFO] [stderr]    Compiling crossbeam-deque v0.8.5
[INFO] [stderr]    Compiling plotters v0.3.7
[INFO] [stderr]    Compiling criterion-plot v0.5.0
[INFO] [stderr]    Compiling rayon v1.10.0
[INFO] [stderr]    Compiling clap v4.5.23
[INFO] [stderr]    Compiling regex v1.11.1
[INFO] [stderr]    Compiling serde_spanned v0.6.8
[INFO] [stderr]    Compiling indexmap v2.7.0
[INFO] [stderr]    Compiling serde_json v1.0.133
[INFO] [stderr]    Compiling toml_datetime v0.6.8
[INFO] [stderr]    Compiling csv v1.3.1
[INFO] [stderr]    Compiling ciborium v0.2.2
[INFO] [stderr]    Compiling toml_edit v0.22.22
[INFO] [stderr]    Compiling prettytable v0.10.0
[INFO] [stderr]    Compiling tinytemplate v1.2.1
[INFO] [stderr]    Compiling criterion v0.5.1
[INFO] [stderr]    Compiling toml v0.8.19
[INFO] [stderr]    Compiling exms v0.2.17 (/opt/rustwide/workdir)
[INFO] [stderr]     Finished `test` profile [unoptimized + debuginfo] target(s) in 25.48s
[INFO] running `Command { std: "docker" "inspect" "1112a7780ade9dac573aaa5af2c65f9d1a3a9ea8270052a0065d525d1461a283", kill_on_drop: false }`
[INFO] running `Command { std: "docker" "rm" "-f" "1112a7780ade9dac573aaa5af2c65f9d1a3a9ea8270052a0065d525d1461a283", kill_on_drop: false }`
[INFO] [stdout] 1112a7780ade9dac573aaa5af2c65f9d1a3a9ea8270052a0065d525d1461a283
[INFO] running `Command { std: "docker" "create" "-v" "/var/lib/crater-agent-workspace/builds/worker-2-tc2/target:/opt/rustwide/target:rw,Z" "-v" "/var/lib/crater-agent-workspace/builds/worker-2-tc2/source:/opt/rustwide/workdir:ro,Z" "-v" "/var/lib/crater-agent-workspace/cargo-home:/opt/rustwide/cargo-home:ro,Z" "-v" "/var/lib/crater-agent-workspace/rustup-home:/opt/rustwide/rustup-home:ro,Z" "-e" "SOURCE_DIR=/opt/rustwide/workdir" "-e" "CARGO_TARGET_DIR=/opt/rustwide/target" "-e" "CARGO_INCREMENTAL=0" "-e" "RUST_BACKTRACE=full" "-e" "RUSTFLAGS=--cap-lints=warn" "-e" "RUSTDOCFLAGS=--cap-lints=warn" "-e" "CARGO_HOME=/opt/rustwide/cargo-home" "-e" "RUSTUP_HOME=/opt/rustwide/rustup-home" "-w" "/opt/rustwide/workdir" "-m" "1610612736" "--user" "0:0" "--network" "none" "ghcr.io/rust-lang/crates-build-env/linux@sha256:f3a9d4ad9d972b27faf3965f35b62e55ba32bbce8f20bc8fe909558a86702fde" "/opt/rustwide/cargo-home/bin/cargo" "+beta-2024-12-08" "test" "--frozen", kill_on_drop: false }`
[INFO] [stdout] 265a22a95b573665db87b7a1cc33e839d5a93c315ab51bba87a2484a78633c01
[INFO] running `Command { std: "docker" "start" "-a" "265a22a95b573665db87b7a1cc33e839d5a93c315ab51bba87a2484a78633c01", kill_on_drop: false }`
[INFO] [stderr]     Finished `test` profile [unoptimized + debuginfo] target(s) in 0.14s
[INFO] [stderr]      Running unittests src/lib.rs (/opt/rustwide/target/debug/deps/exms-b59e96a74ad09b76)
[INFO] [stdout] 
[INFO] [stdout] running 0 tests
[INFO] [stdout] 
[INFO] [stdout] test result: ok. 0 passed; 0 failed; 0 ignored; 0 measured; 0 filtered out; finished in 0.00s
[INFO] [stdout] 
[INFO] [stderr]    Doc-tests exms
[INFO] [stdout] 
[INFO] [stdout] running 14 tests
[INFO] [stdout] test src/lib.rs - (line 10) - compile ... ok
[INFO] [stdout] test src/exam/mod.rs - exam::Exam::sort_by_alphabetic_order (line 156) ... FAILED
[INFO] [stdout] test src/exam/mod.rs - exam::Exam::filter_by_file (line 217) - compile ... ok
[INFO] [stdout] test src/exam/mod.rs - exam::Exam::from_file (line 62) - compile ... ok
[INFO] [stdout] test src/exam/mod.rs - exam::Exam::filter_by_name (line 183) ... FAILED
[INFO] [stdout] test src/lib.rs - (line 83) - compile fail ... ok
[INFO] [stdout] test src/exam/mod.rs - exam::Exam::histogram (line 296) ... FAILED
[INFO] [stdout] test src/exam/mod.rs - exam::Exam::sort_by_grade (line 126) ... FAILED
[INFO] [stdout] test src/exam/mod.rs - exam::Exam::set_max_grade (line 83) ... ok
[INFO] [stdout] test src/exam/mod.rs - exam::Exam::new (line 30) ... ok
[INFO] [stdout] test src/exam/student.rs - exam::student::Student::new (line 19) ... ok
[INFO] [stdout] test src/exam/mod.rs - exam::Exam::set_title (line 105) ... ok
[INFO] [stdout] test src/exam/mod.rs - exam::Exam::summary (line 275) ... ok
[INFO] [stdout] test src/exam/mod.rs - exam::Exam::students (line 253) ... ok
[INFO] [stdout] 
[INFO] [stdout] failures:
[INFO] [stdout] 
[INFO] [stdout] ---- src/exam/mod.rs - exam::Exam::sort_by_alphabetic_order (line 156) stdout ----
[INFO] [stdout] error[E0616]: field `students` of struct `Exam` is private
[INFO] [stdout]   --> src/exam/mod.rs:170:17
[INFO] [stdout]    |
[INFO] [stdout] 17 | assert_eq!(exam.students[0].name, "David Jiménez Hidalgo");
[INFO] [stdout]    |                 ^^^^^^^^ private field
[INFO] [stdout]    |
[INFO] [stdout] help: a method `students` also exists, call it with parentheses
[INFO] [stdout]    |
[INFO] [stdout] 17 | assert_eq!(exam.students()[0].name, "David Jiménez Hidalgo");
[INFO] [stdout]    |                         ++
[INFO] [stdout] 
[INFO] [stdout] error[E0616]: field `students` of struct `Exam` is private
[INFO] [stdout]   --> src/exam/mod.rs:171:17
[INFO] [stdout]    |
[INFO] [stdout] 18 | assert_eq!(exam.students[1].name, "Joan Beltrán Peris");
[INFO] [stdout]    |                 ^^^^^^^^ private field
[INFO] [stdout]    |
[INFO] [stdout] help: a method `students` also exists, call it with parentheses
[INFO] [stdout]    |
[INFO] [stdout] 18 | assert_eq!(exam.students()[1].name, "Joan Beltrán Peris");
[INFO] [stdout]    |                         ++
[INFO] [stdout] 
[INFO] [stdout] error[E0616]: field `students` of struct `Exam` is private
[INFO] [stdout]   --> src/exam/mod.rs:172:17
[INFO] [stdout]    |
[INFO] [stdout] 19 | assert_eq!(exam.students[2].name, "Jose Abad Martínez");
[INFO] [stdout]    |                 ^^^^^^^^ private field
[INFO] [stdout]    |
[INFO] [stdout] help: a method `students` also exists, call it with parentheses
[INFO] [stdout]    |
[INFO] [stdout] 19 | assert_eq!(exam.students()[2].name, "Jose Abad Martínez");
[INFO] [stdout]    |                         ++
[INFO] [stdout] 
[INFO] [stdout] error: aborting due to 3 previous errors
[INFO] [stdout] 
[INFO] [stdout] For more information about this error, try `rustc --explain E0616`.
[INFO] [stdout] Couldn't compile the test.
[INFO] [stdout] ---- src/exam/mod.rs - exam::Exam::filter_by_name (line 183) stdout ----
[INFO] [stdout] error[E0616]: field `students` of struct `Exam` is private
[INFO] [stdout]   --> src/exam/mod.rs:197:17
[INFO] [stdout]    |
[INFO] [stdout] 17 | assert_eq!(exam.students.len(), 2);
[INFO] [stdout]    |                 ^^^^^^^^ private field
[INFO] [stdout]    |
[INFO] [stdout] help: a method `students` also exists, call it with parentheses
[INFO] [stdout]    |
[INFO] [stdout] 17 | assert_eq!(exam.students().len(), 2);
[INFO] [stdout]    |                         ++
[INFO] [stdout] 
[INFO] [stdout] error[E0616]: field `students` of struct `Exam` is private
[INFO] [stdout]   --> src/exam/mod.rs:198:17
[INFO] [stdout]    |
[INFO] [stdout] 18 | assert_eq!(exam.students[0].name, "Joan Beltrán Peris");
[INFO] [stdout]    |                 ^^^^^^^^ private field
[INFO] [stdout]    |
[INFO] [stdout] help: a method `students` also exists, call it with parentheses
[INFO] [stdout]    |
[INFO] [stdout] 18 | assert_eq!(exam.students()[0].name, "Joan Beltrán Peris");
[INFO] [stdout]    |                         ++
[INFO] [stdout] 
[INFO] [stdout] error[E0616]: field `students` of struct `Exam` is private
[INFO] [stdout]   --> src/exam/mod.rs:199:17
[INFO] [stdout]    |
[INFO] [stdout] 19 | assert_eq!(exam.students[1].name, "David Jiménez Hidalgo");
[INFO] [stdout]    |                 ^^^^^^^^ private field
[INFO] [stdout]    |
[INFO] [stdout] help: a method `students` also exists, call it with parentheses
[INFO] [stdout]    |
[INFO] [stdout] 19 | assert_eq!(exam.students()[1].name, "David Jiménez Hidalgo");
[INFO] [stdout]    |                         ++
[INFO] [stdout] 
[INFO] [stdout] error: aborting due to 3 previous errors
[INFO] [stdout] 
[INFO] [stdout] For more information about this error, try `rustc --explain E0616`.
[INFO] [stdout] Couldn't compile the test.
[INFO] [stdout] ---- src/exam/mod.rs - exam::Exam::histogram (line 296) stdout ----
[INFO] [stdout] error[E0061]: this method takes 1 argument but 0 arguments were supplied
[INFO] [stdout]    --> src/exam/mod.rs:308:6
[INFO] [stdout]     |
[INFO] [stdout] 15  | exam.histogram();
[INFO] [stdout]     |      ^^^^^^^^^-- argument #1 of type `Option<f64>` is missing
[INFO] [stdout]     |
[INFO] [stdout] note: method defined here
[INFO] [stdout]    --> /opt/rustwide/workdir/src/exam/mod.rs:309:12
[INFO] [stdout]     |
[INFO] [stdout] 309 |     pub fn histogram(&self, step: Option<f64>) {
[INFO] [stdout]     |            ^^^^^^^^^
[INFO] [stdout] help: provide the argument
[INFO] [stdout]     |
[INFO] [stdout] 15  | exam.histogram(/* Option<f64> */);
[INFO] [stdout]     |               ~~~~~~~~~~~~~~~~~~~
[INFO] [stdout] 
[INFO] [stdout] error: aborting due to 1 previous error
[INFO] [stdout] 
[INFO] [stdout] For more information about this error, try `rustc --explain E0061`.
[INFO] [stdout] Couldn't compile the test.
[INFO] [stdout] ---- src/exam/mod.rs - exam::Exam::sort_by_grade (line 126) stdout ----
[INFO] [stdout] error[E0616]: field `students` of struct `Exam` is private
[INFO] [stdout]   --> src/exam/mod.rs:140:17
[INFO] [stdout]    |
[INFO] [stdout] 17 | assert_eq!(exam.students[0].grade, 7.94);
[INFO] [stdout]    |                 ^^^^^^^^ private field
[INFO] [stdout]    |
[INFO] [stdout] help: a method `students` also exists, call it with parentheses
[INFO] [stdout]    |
[INFO] [stdout] 17 | assert_eq!(exam.students()[0].grade, 7.94);
[INFO] [stdout]    |                         ++
[INFO] [stdout] 
[INFO] [stdout] error[E0616]: field `students` of struct `Exam` is private
[INFO] [stdout]   --> src/exam/mod.rs:141:17
[INFO] [stdout]    |
[INFO] [stdout] 18 | assert_eq!(exam.students[1].grade, 4.6);
[INFO] [stdout]    |                 ^^^^^^^^ private field
[INFO] [stdout]    |
[INFO] [stdout] help: a method `students` also exists, call it with parentheses
[INFO] [stdout]    |
[INFO] [stdout] 18 | assert_eq!(exam.students()[1].grade, 4.6);
[INFO] [stdout]    |                         ++
[INFO] [stdout] 
[INFO] [stdout] error[E0616]: field `students` of struct `Exam` is private
[INFO] [stdout]   --> src/exam/mod.rs:142:17
[INFO] [stdout]    |
[INFO] [stdout] 19 | assert_eq!(exam.students[2].grade, 3.6);
[INFO] [stdout]    |                 ^^^^^^^^ private field
[INFO] [stdout]    |
[INFO] [stdout] help: a method `students` also exists, call it with parentheses
[INFO] [stdout]    |
[INFO] [stdout] 19 | assert_eq!(exam.students()[2].grade, 3.6);
[INFO] [stdout]    |                         ++
[INFO] [stdout] 
[INFO] [stdout] error: aborting due to 3 previous errors
[INFO] [stdout] 
[INFO] [stdout] For more information about this error, try `rustc --explain E0616`.
[INFO] [stdout] Couldn't compile the test.
[INFO] [stdout] 
[INFO] [stdout] failures:
[INFO] [stdout]     src/exam/mod.rs - exam::Exam::filter_by_name (line 183)
[INFO] [stdout]     src/exam/mod.rs - exam::Exam::histogram (line 296)
[INFO] [stdout]     src/exam/mod.rs - exam::Exam::sort_by_alphabetic_order (line 156)
[INFO] [stdout]     src/exam/mod.rs - exam::Exam::sort_by_grade (line 126)
[INFO] [stdout] 
[INFO] [stdout] test result: FAILED. 10 passed; 4 failed; 0 ignored; 0 measured; 0 filtered out; finished in 1.81s
[INFO] [stdout] 
[INFO] [stderr] error: doctest failed, to rerun pass `--doc`
[INFO] running `Command { std: "docker" "inspect" "265a22a95b573665db87b7a1cc33e839d5a93c315ab51bba87a2484a78633c01", kill_on_drop: false }`
[INFO] running `Command { std: "docker" "rm" "-f" "265a22a95b573665db87b7a1cc33e839d5a93c315ab51bba87a2484a78633c01", kill_on_drop: false }`
[INFO] [stdout] 265a22a95b573665db87b7a1cc33e839d5a93c315ab51bba87a2484a78633c01
