[INFO] fetching crate exgrid 0.1.0...
[INFO] testing exgrid-0.1.0 against beta-2024-12-08 for beta-1.84.0-4-retry
[INFO] extracting crate exgrid 0.1.0 into /workspace/builds/worker-3-tc2/source
[INFO] validating manifest of crates.io crate exgrid 0.1.0 on toolchain beta-2024-12-08
[INFO] running `Command { std: CARGO_HOME="/workspace/cargo-home" RUSTUP_HOME="/workspace/rustup-home" "/workspace/cargo-home/bin/cargo" "+beta-2024-12-08" "metadata" "--manifest-path" "Cargo.toml" "--no-deps", kill_on_drop: false }`
[INFO] started tweaking crates.io crate exgrid 0.1.0
[INFO] finished tweaking crates.io crate exgrid 0.1.0
[INFO] tweaked toml for crates.io crate exgrid 0.1.0 written to /workspace/builds/worker-3-tc2/source/Cargo.toml
[INFO] running `Command { std: CARGO_HOME="/workspace/cargo-home" RUSTUP_HOME="/workspace/rustup-home" "/workspace/cargo-home/bin/cargo" "+beta-2024-12-08" "generate-lockfile" "--manifest-path" "Cargo.toml", kill_on_drop: false }`
[INFO] [stderr]     Blocking waiting for file lock on package cache
[INFO] [stderr]     Updating crates.io index
[INFO] [stderr]     Blocking waiting for file lock on package cache
[INFO] [stderr]      Locking 51 packages to latest compatible versions
[INFO] [stderr]       Adding egui v0.24.1 (available: v0.29.1)
[INFO] [stderr]       Adding egui v0.25.0 (available: v0.29.1)
[INFO] [stderr]       Adding egui v0.26.2 (available: v0.29.1)
[INFO] [stderr]       Adding egui v0.27.2 (available: v0.29.1)
[INFO] running `Command { std: CARGO_HOME="/workspace/cargo-home" RUSTUP_HOME="/workspace/rustup-home" "/workspace/cargo-home/bin/cargo" "+beta-2024-12-08" "fetch" "--manifest-path" "Cargo.toml", kill_on_drop: false }`
[INFO] [stderr]     Blocking waiting for file lock on package cache
[INFO] [stderr]     Blocking waiting for file lock on package cache
[INFO] running `Command { std: "docker" "create" "-v" "/var/lib/crater-agent-workspace/builds/worker-3-tc2/target:/opt/rustwide/target:rw,Z" "-v" "/var/lib/crater-agent-workspace/builds/worker-3-tc2/source:/opt/rustwide/workdir:ro,Z" "-v" "/var/lib/crater-agent-workspace/cargo-home:/opt/rustwide/cargo-home:ro,Z" "-v" "/var/lib/crater-agent-workspace/rustup-home:/opt/rustwide/rustup-home:ro,Z" "-e" "SOURCE_DIR=/opt/rustwide/workdir" "-e" "CARGO_TARGET_DIR=/opt/rustwide/target" "-e" "CARGO_HOME=/opt/rustwide/cargo-home" "-e" "RUSTUP_HOME=/opt/rustwide/rustup-home" "-w" "/opt/rustwide/workdir" "-m" "1610612736" "--user" "0:0" "--network" "none" "ghcr.io/rust-lang/crates-build-env/linux@sha256:f3a9d4ad9d972b27faf3965f35b62e55ba32bbce8f20bc8fe909558a86702fde" "/opt/rustwide/cargo-home/bin/cargo" "+beta-2024-12-08" "metadata" "--no-deps" "--format-version=1", kill_on_drop: false }`
[INFO] [stdout] d61d81086c77be64c0ff4fe5ae5c250d19d91529b5bc1d95a156e1cadfe090bc
[INFO] running `Command { std: "docker" "start" "-a" "d61d81086c77be64c0ff4fe5ae5c250d19d91529b5bc1d95a156e1cadfe090bc", kill_on_drop: false }`
[INFO] running `Command { std: "docker" "inspect" "d61d81086c77be64c0ff4fe5ae5c250d19d91529b5bc1d95a156e1cadfe090bc", kill_on_drop: false }`
[INFO] running `Command { std: "docker" "rm" "-f" "d61d81086c77be64c0ff4fe5ae5c250d19d91529b5bc1d95a156e1cadfe090bc", kill_on_drop: false }`
[INFO] [stdout] d61d81086c77be64c0ff4fe5ae5c250d19d91529b5bc1d95a156e1cadfe090bc
[INFO] running `Command { std: "docker" "create" "-v" "/var/lib/crater-agent-workspace/builds/worker-3-tc2/target:/opt/rustwide/target:rw,Z" "-v" "/var/lib/crater-agent-workspace/builds/worker-3-tc2/source:/opt/rustwide/workdir:ro,Z" "-v" "/var/lib/crater-agent-workspace/cargo-home:/opt/rustwide/cargo-home:ro,Z" "-v" "/var/lib/crater-agent-workspace/rustup-home:/opt/rustwide/rustup-home:ro,Z" "-e" "SOURCE_DIR=/opt/rustwide/workdir" "-e" "CARGO_TARGET_DIR=/opt/rustwide/target" "-e" "CARGO_INCREMENTAL=0" "-e" "RUST_BACKTRACE=full" "-e" "RUSTFLAGS=--cap-lints=warn" "-e" "RUSTDOCFLAGS=--cap-lints=warn" "-e" "CARGO_HOME=/opt/rustwide/cargo-home" "-e" "RUSTUP_HOME=/opt/rustwide/rustup-home" "-w" "/opt/rustwide/workdir" "-m" "1610612736" "--user" "0:0" "--network" "none" "ghcr.io/rust-lang/crates-build-env/linux@sha256:f3a9d4ad9d972b27faf3965f35b62e55ba32bbce8f20bc8fe909558a86702fde" "/opt/rustwide/cargo-home/bin/cargo" "+beta-2024-12-08" "build" "--frozen" "--message-format=json", kill_on_drop: false }`
[INFO] [stdout] 260804f868cf5f3ffd4f9d7006f2d290fb2b5292b2525ac380de3aa0e7c4fce2
[INFO] running `Command { std: "docker" "start" "-a" "260804f868cf5f3ffd4f9d7006f2d290fb2b5292b2525ac380de3aa0e7c4fce2", kill_on_drop: false }`
[INFO] [stderr]    Compiling libc v0.2.168
[INFO] [stderr]    Compiling autocfg v1.4.0
[INFO] [stderr]    Compiling cfg-if v1.0.0
[INFO] [stderr]    Compiling parking_lot_core v0.9.10
[INFO] [stderr]    Compiling version_check v0.9.5
[INFO] [stderr]    Compiling ttf-parser v0.25.1
[INFO] [stderr]    Compiling smallvec v1.13.2
[INFO] [stderr]    Compiling scopeguard v1.2.0
[INFO] [stderr]    Compiling ab_glyph_rasterizer v0.1.8
[INFO] [stderr]    Compiling zerocopy v0.7.35
[INFO] [stderr]    Compiling once_cell v1.20.2
[INFO] [stderr]    Compiling nohash-hasher v0.2.0
[INFO] [stderr]    Compiling ecolor v0.27.2
[INFO] [stderr]    Compiling emath v0.27.2
[INFO] [stderr]    Compiling maybe-owned v0.3.4
[INFO] [stderr]    Compiling lock_api v0.4.12
[INFO] [stderr]    Compiling ahash v0.8.11
[INFO] [stderr]    Compiling parking_lot v0.12.3
[INFO] [stderr]    Compiling owned_ttf_parser v0.25.0
[INFO] [stderr]    Compiling ab_glyph v0.2.29
[INFO] [stderr]    Compiling epaint v0.27.2
[INFO] [stderr]    Compiling egui v0.27.2
[INFO] [stderr]    Compiling exgrid v0.1.0 (/opt/rustwide/workdir)
[INFO] [stdout] warning: unexpected `cfg` condition value: `egui21`
[INFO] [stdout]  --> src/lib.rs:1:7
[INFO] [stdout]   |
[INFO] [stdout] 1 | #[cfg(feature = "egui21")]
[INFO] [stdout]   |       ^^^^^^^^^^--------
[INFO] [stdout]   |                 |
[INFO] [stdout]   |                 help: there is a expected value with a similar name: `"egui26"`
[INFO] [stdout]   |
[INFO] [stdout]   = note: expected values for `feature` are: `default`, `egui24`, `egui25`, `egui26`, `egui27`, and `log`
[INFO] [stdout]   = help: consider adding `egui21` as a feature in `Cargo.toml`
[INFO] [stdout]   = note: see <https://doc.rust-lang.org/nightly/rustc/check-cfg/cargo-specifics.html> for more information about checking conditional configuration
[INFO] [stdout]   = note: `#[warn(unexpected_cfgs)]` on by default
[INFO] [stdout] 
[INFO] [stdout] 
[INFO] [stdout] warning: unexpected `cfg` condition value: `egui22`
[INFO] [stdout]  --> src/lib.rs:3:7
[INFO] [stdout]   |
[INFO] [stdout] 3 | #[cfg(feature = "egui22")]
[INFO] [stdout]   |       ^^^^^^^^^^--------
[INFO] [stdout]   |                 |
[INFO] [stdout]   |                 help: there is a expected value with a similar name: `"egui26"`
[INFO] [stdout]   |
[INFO] [stdout]   = note: expected values for `feature` are: `default`, `egui24`, `egui25`, `egui26`, `egui27`, and `log`
[INFO] [stdout]   = help: consider adding `egui22` as a feature in `Cargo.toml`
[INFO] [stdout]   = note: see <https://doc.rust-lang.org/nightly/rustc/check-cfg/cargo-specifics.html> for more information about checking conditional configuration
[INFO] [stdout] 
[INFO] [stdout] 
[INFO] [stdout] warning: unexpected `cfg` condition value: `egui23`
[INFO] [stdout]  --> src/lib.rs:5:7
[INFO] [stdout]   |
[INFO] [stdout] 5 | #[cfg(feature = "egui23")]
[INFO] [stdout]   |       ^^^^^^^^^^--------
[INFO] [stdout]   |                 |
[INFO] [stdout]   |                 help: there is a expected value with a similar name: `"egui26"`
[INFO] [stdout]   |
[INFO] [stdout]   = note: expected values for `feature` are: `default`, `egui24`, `egui25`, `egui26`, `egui27`, and `log`
[INFO] [stdout]   = help: consider adding `egui23` as a feature in `Cargo.toml`
[INFO] [stdout]   = note: see <https://doc.rust-lang.org/nightly/rustc/check-cfg/cargo-specifics.html> for more information about checking conditional configuration
[INFO] [stdout] 
[INFO] [stdout] 
[INFO] [stderr]     Finished `dev` profile [unoptimized + debuginfo] target(s) in 15.05s
[INFO] running `Command { std: "docker" "inspect" "260804f868cf5f3ffd4f9d7006f2d290fb2b5292b2525ac380de3aa0e7c4fce2", kill_on_drop: false }`
[INFO] running `Command { std: "docker" "rm" "-f" "260804f868cf5f3ffd4f9d7006f2d290fb2b5292b2525ac380de3aa0e7c4fce2", kill_on_drop: false }`
[INFO] [stdout] 260804f868cf5f3ffd4f9d7006f2d290fb2b5292b2525ac380de3aa0e7c4fce2
[INFO] running `Command { std: "docker" "create" "-v" "/var/lib/crater-agent-workspace/builds/worker-3-tc2/target:/opt/rustwide/target:rw,Z" "-v" "/var/lib/crater-agent-workspace/builds/worker-3-tc2/source:/opt/rustwide/workdir:ro,Z" "-v" "/var/lib/crater-agent-workspace/cargo-home:/opt/rustwide/cargo-home:ro,Z" "-v" "/var/lib/crater-agent-workspace/rustup-home:/opt/rustwide/rustup-home:ro,Z" "-e" "SOURCE_DIR=/opt/rustwide/workdir" "-e" "CARGO_TARGET_DIR=/opt/rustwide/target" "-e" "CARGO_INCREMENTAL=0" "-e" "RUST_BACKTRACE=full" "-e" "RUSTFLAGS=--cap-lints=warn" "-e" "RUSTDOCFLAGS=--cap-lints=warn" "-e" "CARGO_HOME=/opt/rustwide/cargo-home" "-e" "RUSTUP_HOME=/opt/rustwide/rustup-home" "-w" "/opt/rustwide/workdir" "-m" "1610612736" "--user" "0:0" "--network" "none" "ghcr.io/rust-lang/crates-build-env/linux@sha256:f3a9d4ad9d972b27faf3965f35b62e55ba32bbce8f20bc8fe909558a86702fde" "/opt/rustwide/cargo-home/bin/cargo" "+beta-2024-12-08" "test" "--frozen" "--no-run" "--message-format=json", kill_on_drop: false }`
[INFO] [stdout] 07c543708fdfe557592031c9c3afa84effcad6eb3f1b4f867fb0ccf6f6819fba
[INFO] running `Command { std: "docker" "start" "-a" "07c543708fdfe557592031c9c3afa84effcad6eb3f1b4f867fb0ccf6f6819fba", kill_on_drop: false }`
[INFO] [stdout] warning: unexpected `cfg` condition value: `egui21`
[INFO] [stdout]  --> src/lib.rs:1:7
[INFO] [stdout]   |
[INFO] [stdout] 1 | #[cfg(feature = "egui21")]
[INFO] [stdout]   |       ^^^^^^^^^^--------
[INFO] [stdout]   |                 |
[INFO] [stdout]   |                 help: there is a expected value with a similar name: `"egui26"`
[INFO] [stdout]   |
[INFO] [stdout]   = note: expected values for `feature` are: `default`, `egui24`, `egui25`, `egui26`, `egui27`, and `log`
[INFO] [stdout]   = help: consider adding `egui21` as a feature in `Cargo.toml`
[INFO] [stdout]   = note: see <https://doc.rust-lang.org/nightly/rustc/check-cfg/cargo-specifics.html> for more information about checking conditional configuration
[INFO] [stdout]   = note: `#[warn(unexpected_cfgs)]` on by default
[INFO] [stdout] 
[INFO] [stdout] 
[INFO] [stdout] warning: unexpected `cfg` condition value: `egui22`
[INFO] [stdout]  --> src/lib.rs:3:7
[INFO] [stdout]   |
[INFO] [stdout] 3 | #[cfg(feature = "egui22")]
[INFO] [stdout]   |       ^^^^^^^^^^--------
[INFO] [stdout]   |                 |
[INFO] [stdout]   |                 help: there is a expected value with a similar name: `"egui26"`
[INFO] [stdout]   |
[INFO] [stdout]   = note: expected values for `feature` are: `default`, `egui24`, `egui25`, `egui26`, `egui27`, and `log`
[INFO] [stdout]   = help: consider adding `egui22` as a feature in `Cargo.toml`
[INFO] [stdout]   = note: see <https://doc.rust-lang.org/nightly/rustc/check-cfg/cargo-specifics.html> for more information about checking conditional configuration
[INFO] [stdout] 
[INFO] [stdout] 
[INFO] [stdout] warning: unexpected `cfg` condition value: `egui23`
[INFO] [stdout]  --> src/lib.rs:5:7
[INFO] [stdout]   |
[INFO] [stdout] 5 | #[cfg(feature = "egui23")]
[INFO] [stdout]   |       ^^^^^^^^^^--------
[INFO] [stdout]   |                 |
[INFO] [stdout]   |                 help: there is a expected value with a similar name: `"egui26"`
[INFO] [stdout]   |
[INFO] [stdout]   = note: expected values for `feature` are: `default`, `egui24`, `egui25`, `egui26`, `egui27`, and `log`
[INFO] [stdout]   = help: consider adding `egui23` as a feature in `Cargo.toml`
[INFO] [stdout]   = note: see <https://doc.rust-lang.org/nightly/rustc/check-cfg/cargo-specifics.html> for more information about checking conditional configuration
[INFO] [stdout] 
[INFO] [stdout] 
[INFO] [stderr]    Compiling exgrid v0.1.0 (/opt/rustwide/workdir)
[INFO] [stdout] warning: unexpected `cfg` condition value: `egui21`
[INFO] [stdout]  --> src/lib.rs:1:7
[INFO] [stdout]   |
[INFO] [stdout] 1 | #[cfg(feature = "egui21")]
[INFO] [stdout]   |       ^^^^^^^^^^--------
[INFO] [stdout]   |                 |
[INFO] [stdout]   |                 help: there is a expected value with a similar name: `"egui26"`
[INFO] [stdout]   |
[INFO] [stdout]   = note: expected values for `feature` are: `default`, `egui24`, `egui25`, `egui26`, `egui27`, and `log`
[INFO] [stdout]   = help: consider adding `egui21` as a feature in `Cargo.toml`
[INFO] [stdout]   = note: see <https://doc.rust-lang.org/nightly/rustc/check-cfg/cargo-specifics.html> for more information about checking conditional configuration
[INFO] [stdout]   = note: `#[warn(unexpected_cfgs)]` on by default
[INFO] [stdout] 
[INFO] [stdout] 
[INFO] [stdout] warning: unexpected `cfg` condition value: `egui22`
[INFO] [stdout]  --> src/lib.rs:3:7
[INFO] [stdout]   |
[INFO] [stdout] 3 | #[cfg(feature = "egui22")]
[INFO] [stdout]   |       ^^^^^^^^^^--------
[INFO] [stdout]   |                 |
[INFO] [stdout]   |                 help: there is a expected value with a similar name: `"egui26"`
[INFO] [stdout]   |
[INFO] [stdout]   = note: expected values for `feature` are: `default`, `egui24`, `egui25`, `egui26`, `egui27`, and `log`
[INFO] [stdout]   = help: consider adding `egui22` as a feature in `Cargo.toml`
[INFO] [stdout]   = note: see <https://doc.rust-lang.org/nightly/rustc/check-cfg/cargo-specifics.html> for more information about checking conditional configuration
[INFO] [stdout] 
[INFO] [stdout] 
[INFO] [stdout] warning: unexpected `cfg` condition value: `egui23`
[INFO] [stdout]  --> src/lib.rs:5:7
[INFO] [stdout]   |
[INFO] [stdout] 5 | #[cfg(feature = "egui23")]
[INFO] [stdout]   |       ^^^^^^^^^^--------
[INFO] [stdout]   |                 |
[INFO] [stdout]   |                 help: there is a expected value with a similar name: `"egui26"`
[INFO] [stdout]   |
[INFO] [stdout]   = note: expected values for `feature` are: `default`, `egui24`, `egui25`, `egui26`, `egui27`, and `log`
[INFO] [stdout]   = help: consider adding `egui23` as a feature in `Cargo.toml`
[INFO] [stdout]   = note: see <https://doc.rust-lang.org/nightly/rustc/check-cfg/cargo-specifics.html> for more information about checking conditional configuration
[INFO] [stdout] 
[INFO] [stdout] 
[INFO] [stderr]     Finished `test` profile [unoptimized + debuginfo] target(s) in 0.70s
[INFO] running `Command { std: "docker" "inspect" "07c543708fdfe557592031c9c3afa84effcad6eb3f1b4f867fb0ccf6f6819fba", kill_on_drop: false }`
[INFO] running `Command { std: "docker" "rm" "-f" "07c543708fdfe557592031c9c3afa84effcad6eb3f1b4f867fb0ccf6f6819fba", kill_on_drop: false }`
[INFO] [stdout] 07c543708fdfe557592031c9c3afa84effcad6eb3f1b4f867fb0ccf6f6819fba
[INFO] running `Command { std: "docker" "create" "-v" "/var/lib/crater-agent-workspace/builds/worker-3-tc2/target:/opt/rustwide/target:rw,Z" "-v" "/var/lib/crater-agent-workspace/builds/worker-3-tc2/source:/opt/rustwide/workdir:ro,Z" "-v" "/var/lib/crater-agent-workspace/cargo-home:/opt/rustwide/cargo-home:ro,Z" "-v" "/var/lib/crater-agent-workspace/rustup-home:/opt/rustwide/rustup-home:ro,Z" "-e" "SOURCE_DIR=/opt/rustwide/workdir" "-e" "CARGO_TARGET_DIR=/opt/rustwide/target" "-e" "CARGO_INCREMENTAL=0" "-e" "RUST_BACKTRACE=full" "-e" "RUSTFLAGS=--cap-lints=warn" "-e" "RUSTDOCFLAGS=--cap-lints=warn" "-e" "CARGO_HOME=/opt/rustwide/cargo-home" "-e" "RUSTUP_HOME=/opt/rustwide/rustup-home" "-w" "/opt/rustwide/workdir" "-m" "1610612736" "--user" "0:0" "--network" "none" "ghcr.io/rust-lang/crates-build-env/linux@sha256:f3a9d4ad9d972b27faf3965f35b62e55ba32bbce8f20bc8fe909558a86702fde" "/opt/rustwide/cargo-home/bin/cargo" "+beta-2024-12-08" "test" "--frozen", kill_on_drop: false }`
[INFO] [stdout] cb7c06c760117d327a155a73fb3d6abf0358bf482861dcae633c6e818fdbb137
[INFO] running `Command { std: "docker" "start" "-a" "cb7c06c760117d327a155a73fb3d6abf0358bf482861dcae633c6e818fdbb137", kill_on_drop: false }`
[INFO] [stderr] warning: unexpected `cfg` condition value: `egui21`
[INFO] [stderr]  --> src/lib.rs:1:7
[INFO] [stderr]   |
[INFO] [stderr] 1 | #[cfg(feature = "egui21")]
[INFO] [stderr]   |       ^^^^^^^^^^--------
[INFO] [stderr]   |                 |
[INFO] [stderr]   |                 help: there is a expected value with a similar name: `"egui26"`
[INFO] [stderr]   |
[INFO] [stderr]   = note: expected values for `feature` are: `default`, `egui24`, `egui25`, `egui26`, `egui27`, and `log`
[INFO] [stderr]   = help: consider adding `egui21` as a feature in `Cargo.toml`
[INFO] [stderr]   = note: see <https://doc.rust-lang.org/nightly/rustc/check-cfg/cargo-specifics.html> for more information about checking conditional configuration
[INFO] [stderr]   = note: `#[warn(unexpected_cfgs)]` on by default
[INFO] [stderr] 
[INFO] [stderr] warning: unexpected `cfg` condition value: `egui22`
[INFO] [stderr]  --> src/lib.rs:3:7
[INFO] [stderr]   |
[INFO] [stderr] 3 | #[cfg(feature = "egui22")]
[INFO] [stderr]   |       ^^^^^^^^^^--------
[INFO] [stderr]   |                 |
[INFO] [stderr]   |                 help: there is a expected value with a similar name: `"egui26"`
[INFO] [stderr]   |
[INFO] [stderr]   = note: expected values for `feature` are: `default`, `egui24`, `egui25`, `egui26`, `egui27`, and `log`
[INFO] [stderr]   = help: consider adding `egui22` as a feature in `Cargo.toml`
[INFO] [stderr]   = note: see <https://doc.rust-lang.org/nightly/rustc/check-cfg/cargo-specifics.html> for more information about checking conditional configuration
[INFO] [stderr] 
[INFO] [stderr] warning: unexpected `cfg` condition value: `egui23`
[INFO] [stderr]  --> src/lib.rs:5:7
[INFO] [stderr]   |
[INFO] [stderr] 5 | #[cfg(feature = "egui23")]
[INFO] [stderr]   |       ^^^^^^^^^^--------
[INFO] [stderr]   |                 |
[INFO] [stderr]   |                 help: there is a expected value with a similar name: `"egui26"`
[INFO] [stderr]   |
[INFO] [stderr]   = note: expected values for `feature` are: `default`, `egui24`, `egui25`, `egui26`, `egui27`, and `log`
[INFO] [stderr]   = help: consider adding `egui23` as a feature in `Cargo.toml`
[INFO] [stderr]   = note: see <https://doc.rust-lang.org/nightly/rustc/check-cfg/cargo-specifics.html> for more information about checking conditional configuration
[INFO] [stderr] 
[INFO] [stderr] warning: `exgrid` (lib) generated 3 warnings
[INFO] [stderr] warning: `exgrid` (lib test) generated 3 warnings (3 duplicates)
[INFO] [stderr]     Finished `test` profile [unoptimized + debuginfo] target(s) in 0.04s
[INFO] [stderr]      Running unittests src/lib.rs (/opt/rustwide/target/debug/deps/exgrid-6540f393eb6f0bb8)
[INFO] [stderr]    Doc-tests exgrid
[INFO] [stdout] 
[INFO] [stdout] running 0 tests
[INFO] [stdout] 
[INFO] [stdout] test result: ok. 0 passed; 0 failed; 0 ignored; 0 measured; 0 filtered out; finished in 0.00s
[INFO] [stdout] 
[INFO] [stdout] 
[INFO] [stdout] running 24 tests
[INFO] [stdout] test src/lib.rs - ExGrid (line 47) ... FAILED
[INFO] [stdout] test src/ui_wrapper.rs - ui_wrapper::ExUi<'a,'b>::menu_image_button (line 486) ... ignored
[INFO] [stdout] test src/ui_wrapper.rs - ui_wrapper::ExUi<'a,'b>::add_visible (line 174) ... FAILED
[INFO] [stdout] test src/ui_wrapper.rs - ui_wrapper::ExUi<'a,'b>::add_sized (line 100) ... FAILED
[INFO] [stdout] test src/ui_wrapper.rs - ui_wrapper::ExUi<'a,'b>::label (line 518) ... FAILED
[INFO] [stdout] test src/ui_wrapper.rs - ui_wrapper::ExUi<'a,'b>::radio_value (line 726) ... FAILED
[INFO] [stdout] test src/ui_wrapper.rs - ui_wrapper::ExUi<'a,'b>::group (line 219) ... FAILED
[INFO] [stdout] test src/ui_wrapper.rs - ui_wrapper::ExUi<'a,'b>::add_enabled (line 125) ... FAILED
[INFO] [stdout] test src/ui_wrapper.rs - ui_wrapper::ExUi<'a,'b>::menu_button (line 461) ... FAILED
[INFO] [stdout] test src/ui_wrapper.rs - ui_wrapper::ExUi<'a,'b>::button (line 665) ... FAILED
[INFO] [stdout] test src/ui_wrapper.rs - ui_wrapper::ExUi<'a,'b>::hyperlink (line 606) ... FAILED
[INFO] [stdout] test src/ui_wrapper.rs - ui_wrapper::ExUi<'a,'b>::hyperlink_to (line 619) ... FAILED
[INFO] [stdout] test src/ui_wrapper.rs - ui_wrapper::ExUi<'a,'b>::image (line 845) ... FAILED
[INFO] [stdout] test src/ui_wrapper.rs - ui_wrapper::ExUi<'a,'b>::horizontal (line 315) ... FAILED
[INFO] [stdout] test src/ui_wrapper.rs - ui_wrapper::ExUi<'a,'b>::add_visible_ui (line 194) ... FAILED
[INFO] [stdout] test src/ui_wrapper.rs - ui_wrapper::ExUi<'a,'b>::vertical_centered (line 389) ... FAILED
[INFO] [stdout] test src/ui_wrapper.rs - ui_wrapper::ExUi<'a,'b>::add_enabled_ui (line 143) ... FAILED
[INFO] [stdout] test src/ui_wrapper.rs - ui_wrapper::ExUi<'a,'b>::scope (line 257) ... FAILED
[INFO] [stdout] test src/ui_wrapper.rs - ui_wrapper::ExUi<'a,'b>::link (line 588) ... FAILED
[INFO] [stdout] test src/ui_wrapper.rs - ui_wrapper::ExUi<'a,'b>::push_id (line 234) ... FAILED
[INFO] [stdout] test src/ui_wrapper.rs - ui_wrapper::ExUi<'a,'b>::add (line 81) ... FAILED
[INFO] [stdout] test src/ui_wrapper.rs - ui_wrapper::ExUi<'a,'b>::with_layout (line 425) ... FAILED
[INFO] [stdout] test src/ui_wrapper.rs - ui_wrapper::ExUi<'a,'b>::vertical_centered_justified (line 408) ... FAILED
[INFO] [stdout] test src/ui_wrapper.rs - ui_wrapper::ExUi<'a,'b>::vertical (line 371) ... FAILED
[INFO] [stdout] 
[INFO] [stdout] failures:
[INFO] [stdout] 
[INFO] [stdout] ---- src/lib.rs - ExGrid (line 47) stdout ----
[INFO] [stdout] error[E0433]: failed to resolve: use of undeclared type `ExGrid`
[INFO] [stdout]  --> src/lib.rs:49:1
[INFO] [stdout]   |
[INFO] [stdout] 4 | ExGrid::new("some_unique_id").show(ui, |ui| {
[INFO] [stdout]   | ^^^^^^ use of undeclared type `ExGrid`
[INFO] [stdout]   |
[INFO] [stdout] help: consider importing this struct
[INFO] [stdout]   |
[INFO] [stdout] 2 + use exgrid::ExGrid;
[INFO] [stdout]   |
[INFO] [stdout] 
[INFO] [stdout] error[E0433]: failed to resolve: use of undeclared crate or module `egui`
[INFO] [stdout]  --> src/lib.rs:48:1
[INFO] [stdout]   |
[INFO] [stdout] 3 | egui::__run_test_ui(|ui| {
[INFO] [stdout]   | ^^^^ use of undeclared crate or module `egui`
[INFO] [stdout] 
[INFO] [stdout] error: aborting due to 2 previous errors
[INFO] [stdout] 
[INFO] [stdout] For more information about this error, try `rustc --explain E0433`.
[INFO] [stdout] Couldn't compile the test.
[INFO] [stdout] ---- src/ui_wrapper.rs - ui_wrapper::ExUi<'a,'b>::add_visible (line 174) stdout ----
[INFO] [stdout] error[E0433]: failed to resolve: use of undeclared crate or module `egui`
[INFO] [stdout]  --> src/ui_wrapper.rs:176:23
[INFO] [stdout]   |
[INFO] [stdout] 4 | ui.add_visible(false, egui::Label::new("You won't see me!"));
[INFO] [stdout]   |                       ^^^^ use of undeclared crate or module `egui`
[INFO] [stdout]   |
[INFO] [stdout] help: consider importing this struct
[INFO] [stdout]   |
[INFO] [stdout] 2 + use egui27::Label;
[INFO] [stdout]   |
[INFO] [stdout] help: if you import `Label`, refer to it directly
[INFO] [stdout]   |
[INFO] [stdout] 4 - ui.add_visible(false, egui::Label::new("You won't see me!"));
[INFO] [stdout] 4 + ui.add_visible(false, Label::new("You won't see me!"));
[INFO] [stdout]   |
[INFO] [stdout] 
[INFO] [stdout] error[E0433]: failed to resolve: use of undeclared crate or module `egui`
[INFO] [stdout]  --> src/ui_wrapper.rs:175:1
[INFO] [stdout]   |
[INFO] [stdout] 3 | egui::__run_test_ui(|ui| {
[INFO] [stdout]   | ^^^^ use of undeclared crate or module `egui`
[INFO] [stdout] 
[INFO] [stdout] error: aborting due to 2 previous errors
[INFO] [stdout] 
[INFO] [stdout] For more information about this error, try `rustc --explain E0433`.
[INFO] [stdout] Couldn't compile the test.
[INFO] [stdout] ---- src/ui_wrapper.rs - ui_wrapper::ExUi<'a,'b>::add_sized (line 100) stdout ----
[INFO] [stdout] error[E0433]: failed to resolve: use of undeclared crate or module `egui`
[INFO] [stdout]  --> src/ui_wrapper.rs:103:28
[INFO] [stdout]   |
[INFO] [stdout] 5 | ui.add_sized([40.0, 20.0], egui::DragValue::new(&mut my_value));
[INFO] [stdout]   |                            ^^^^ use of undeclared crate or module `egui`
[INFO] [stdout]   |
[INFO] [stdout] help: consider importing this struct
[INFO] [stdout]   |
[INFO] [stdout] 2 + use egui27::DragValue;
[INFO] [stdout]   |
[INFO] [stdout] help: if you import `DragValue`, refer to it directly
[INFO] [stdout]   |
[INFO] [stdout] 5 - ui.add_sized([40.0, 20.0], egui::DragValue::new(&mut my_value));
[INFO] [stdout] 5 + ui.add_sized([40.0, 20.0], DragValue::new(&mut my_value));
[INFO] [stdout]   |
[INFO] [stdout] 
[INFO] [stdout] error[E0433]: failed to resolve: use of undeclared crate or module `egui`
[INFO] [stdout]  --> src/ui_wrapper.rs:102:1
[INFO] [stdout]   |
[INFO] [stdout] 4 | egui::__run_test_ui(|ui| {
[INFO] [stdout]   | ^^^^ use of undeclared crate or module `egui`
[INFO] [stdout] 
[INFO] [stdout] error: aborting due to 2 previous errors
[INFO] [stdout] 
[INFO] [stdout] For more information about this error, try `rustc --explain E0433`.
[INFO] [stdout] Couldn't compile the test.
[INFO] [stdout] ---- src/ui_wrapper.rs - ui_wrapper::ExUi<'a,'b>::label (line 518) stdout ----
[INFO] [stdout] error[E0432]: unresolved import `egui`
[INFO] [stdout]  --> src/ui_wrapper.rs:520:5
[INFO] [stdout]   |
[INFO] [stdout] 4 | use egui::{RichText, FontId, Color32};
[INFO] [stdout]   |     ^^^^ use of undeclared crate or module `egui`
[INFO] [stdout] 
[INFO] [stdout] error[E0433]: failed to resolve: use of undeclared crate or module `egui`
[INFO] [stdout]  --> src/ui_wrapper.rs:519:1
[INFO] [stdout]   |
[INFO] [stdout] 3 | egui::__run_test_ui(|ui| {
[INFO] [stdout]   | ^^^^ use of undeclared crate or module `egui`
[INFO] [stdout] 
[INFO] [stdout] error: aborting due to 2 previous errors
[INFO] [stdout] 
[INFO] [stdout] Some errors have detailed explanations: E0432, E0433.
[INFO] [stdout] For more information about an error, try `rustc --explain E0432`.
[INFO] [stdout] Couldn't compile the test.
[INFO] [stdout] ---- src/ui_wrapper.rs - ui_wrapper::ExUi<'a,'b>::radio_value (line 726) stdout ----
[INFO] [stdout] error[E0433]: failed to resolve: use of undeclared crate or module `egui`
[INFO] [stdout]   --> src/ui_wrapper.rs:737:11
[INFO] [stdout]    |
[INFO] [stdout] 13 | if ui.add(egui::RadioButton::new(my_enum == Enum::First, "First")).clicked() {
[INFO] [stdout]    |           ^^^^ use of undeclared crate or module `egui`
[INFO] [stdout]    |
[INFO] [stdout] help: consider importing this struct
[INFO] [stdout]    |
[INFO] [stdout] 2  + use egui27::RadioButton;
[INFO] [stdout]    |
[INFO] [stdout] help: if you import `RadioButton`, refer to it directly
[INFO] [stdout]    |
[INFO] [stdout] 13 - if ui.add(egui::RadioButton::new(my_enum == Enum::First, "First")).clicked() {
[INFO] [stdout] 13 + if ui.add(RadioButton::new(my_enum == Enum::First, "First")).clicked() {
[INFO] [stdout]    |
[INFO] [stdout] 
[INFO] [stdout] error[E0433]: failed to resolve: use of undeclared crate or module `egui`
[INFO] [stdout]  --> src/ui_wrapper.rs:727:1
[INFO] [stdout]   |
[INFO] [stdout] 3 | egui::__run_test_ui(|ui| {
[INFO] [stdout]   | ^^^^ use of undeclared crate or module `egui`
[INFO] [stdout] 
[INFO] [stdout] error: aborting due to 2 previous errors
[INFO] [stdout] 
[INFO] [stdout] For more information about this error, try `rustc --explain E0433`.
[INFO] [stdout] Couldn't compile the test.
[INFO] [stdout] ---- src/ui_wrapper.rs - ui_wrapper::ExUi<'a,'b>::group (line 219) stdout ----
[INFO] [stdout] error[E0433]: failed to resolve: use of undeclared crate or module `egui`
[INFO] [stdout]  --> src/ui_wrapper.rs:220:1
[INFO] [stdout]   |
[INFO] [stdout] 3 | egui::__run_test_ui(|ui| {
[INFO] [stdout]   | ^^^^ use of undeclared crate or module `egui`
[INFO] [stdout] 
[INFO] [stdout] error: aborting due to 1 previous error
[INFO] [stdout] 
[INFO] [stdout] For more information about this error, try `rustc --explain E0433`.
[INFO] [stdout] Couldn't compile the test.
[INFO] [stdout] ---- src/ui_wrapper.rs - ui_wrapper::ExUi<'a,'b>::add_enabled (line 125) stdout ----
[INFO] [stdout] error[E0433]: failed to resolve: use of undeclared crate or module `egui`
[INFO] [stdout]  --> src/ui_wrapper.rs:127:23
[INFO] [stdout]   |
[INFO] [stdout] 4 | ui.add_enabled(false, egui::Button::new("Can't click this"));
[INFO] [stdout]   |                       ^^^^ use of undeclared crate or module `egui`
[INFO] [stdout]   |
[INFO] [stdout] help: consider importing this struct
[INFO] [stdout]   |
[INFO] [stdout] 2 + use egui27::Button;
[INFO] [stdout]   |
[INFO] [stdout] help: if you import `Button`, refer to it directly
[INFO] [stdout]   |
[INFO] [stdout] 4 - ui.add_enabled(false, egui::Button::new("Can't click this"));
[INFO] [stdout] 4 + ui.add_enabled(false, Button::new("Can't click this"));
[INFO] [stdout]   |
[INFO] [stdout] 
[INFO] [stdout] error[E0433]: failed to resolve: use of undeclared crate or module `egui`
[INFO] [stdout]  --> src/ui_wrapper.rs:126:1
[INFO] [stdout]   |
[INFO] [stdout] 3 | egui::__run_test_ui(|ui| {
[INFO] [stdout]   | ^^^^ use of undeclared crate or module `egui`
[INFO] [stdout] 
[INFO] [stdout] error: aborting due to 2 previous errors
[INFO] [stdout] 
[INFO] [stdout] For more information about this error, try `rustc --explain E0433`.
[INFO] [stdout] Couldn't compile the test.
[INFO] [stdout] ---- src/ui_wrapper.rs - ui_wrapper::ExUi<'a,'b>::menu_button (line 461) stdout ----
[INFO] [stdout] error[E0433]: failed to resolve: use of undeclared crate or module `egui`
[INFO] [stdout]  --> src/ui_wrapper.rs:462:1
[INFO] [stdout]   |
[INFO] [stdout] 3 | egui::__run_test_ui(|ui| {
[INFO] [stdout]   | ^^^^ use of undeclared crate or module `egui`
[INFO] [stdout] 
[INFO] [stdout] error: aborting due to 1 previous error
[INFO] [stdout] 
[INFO] [stdout] For more information about this error, try `rustc --explain E0433`.
[INFO] [stdout] Couldn't compile the test.
[INFO] [stdout] ---- src/ui_wrapper.rs - ui_wrapper::ExUi<'a,'b>::button (line 665) stdout ----
[INFO] [stdout] error[E0432]: unresolved import `egui`
[INFO] [stdout]  --> src/ui_wrapper.rs:671:5
[INFO] [stdout]   |
[INFO] [stdout] 8 | use egui::{RichText, Color32};
[INFO] [stdout]   |     ^^^^ use of undeclared crate or module `egui`
[INFO] [stdout] 
[INFO] [stdout] error[E0433]: failed to resolve: use of undeclared crate or module `egui`
[INFO] [stdout]  --> src/ui_wrapper.rs:666:1
[INFO] [stdout]   |
[INFO] [stdout] 3 | egui::__run_test_ui(|ui| {
[INFO] [stdout]   | ^^^^ use of undeclared crate or module `egui`
[INFO] [stdout] 
[INFO] [stdout] error: aborting due to 2 previous errors
[INFO] [stdout] 
[INFO] [stdout] Some errors have detailed explanations: E0432, E0433.
[INFO] [stdout] For more information about an error, try `rustc --explain E0432`.
[INFO] [stdout] Couldn't compile the test.
[INFO] [stdout] ---- src/ui_wrapper.rs - ui_wrapper::ExUi<'a,'b>::hyperlink (line 606) stdout ----
[INFO] [stdout] error[E0433]: failed to resolve: use of undeclared crate or module `egui`
[INFO] [stdout]  --> src/ui_wrapper.rs:607:1
[INFO] [stdout]   |
[INFO] [stdout] 3 | egui::__run_test_ui(|ui| {
[INFO] [stdout]   | ^^^^ use of undeclared crate or module `egui`
[INFO] [stdout] 
[INFO] [stdout] error: aborting due to 1 previous error
[INFO] [stdout] 
[INFO] [stdout] For more information about this error, try `rustc --explain E0433`.
[INFO] [stdout] Couldn't compile the test.
[INFO] [stdout] ---- src/ui_wrapper.rs - ui_wrapper::ExUi<'a,'b>::hyperlink_to (line 619) stdout ----
[INFO] [stdout] error[E0433]: failed to resolve: use of undeclared crate or module `egui`
[INFO] [stdout]  --> src/ui_wrapper.rs:620:1
[INFO] [stdout]   |
[INFO] [stdout] 3 | egui::__run_test_ui(|ui| {
[INFO] [stdout]   | ^^^^ use of undeclared crate or module `egui`
[INFO] [stdout] 
[INFO] [stdout] error: aborting due to 1 previous error
[INFO] [stdout] 
[INFO] [stdout] For more information about this error, try `rustc --explain E0433`.
[INFO] [stdout] Couldn't compile the test.
[INFO] [stdout] ---- src/ui_wrapper.rs - ui_wrapper::ExUi<'a,'b>::image (line 845) stdout ----
[INFO] [stdout] error[E0433]: failed to resolve: use of undeclared crate or module `egui`
[INFO] [stdout]  --> src/ui_wrapper.rs:849:10
[INFO] [stdout]   |
[INFO] [stdout] 6 | ui.image(egui::include_image!("../assets/ferris.png"));
[INFO] [stdout]   |          ^^^^ use of undeclared crate or module `egui`
[INFO] [stdout] 
[INFO] [stdout] error[E0433]: failed to resolve: use of undeclared crate or module `egui`
[INFO] [stdout]  --> src/ui_wrapper.rs:851:22
[INFO] [stdout]   |
[INFO] [stdout] 8 |     egui::Image::new(egui::include_image!("../assets/ferris.png"))
[INFO] [stdout]   |                      ^^^^ use of undeclared crate or module `egui`
[INFO] [stdout] 
[INFO] [stdout] error[E0433]: failed to resolve: use of undeclared crate or module `egui`
[INFO] [stdout]  --> src/ui_wrapper.rs:851:5
[INFO] [stdout]   |
[INFO] [stdout] 8 |     egui::Image::new(egui::include_image!("../assets/ferris.png"))
[INFO] [stdout]   |     ^^^^ use of undeclared crate or module `egui`
[INFO] [stdout]   |
[INFO] [stdout] help: consider importing this struct
[INFO] [stdout]   |
[INFO] [stdout] 2 + use egui27::Image;
[INFO] [stdout]   |
[INFO] [stdout] help: if you import `Image`, refer to it directly
[INFO] [stdout]   |
[INFO] [stdout] 8 -     egui::Image::new(egui::include_image!("../assets/ferris.png"))
[INFO] [stdout] 8 +     Image::new(egui::include_image!("../assets/ferris.png"))
[INFO] [stdout]   |
[INFO] [stdout] 
[INFO] [stdout] error[E0433]: failed to resolve: use of undeclared crate or module `egui`
[INFO] [stdout]  --> src/ui_wrapper.rs:846:1
[INFO] [stdout]   |
[INFO] [stdout] 3 | egui::__run_test_ui(|ui| {
[INFO] [stdout]   | ^^^^ use of undeclared crate or module `egui`
[INFO] [stdout] 
[INFO] [stdout] error: aborting due to 4 previous errors
[INFO] [stdout] 
[INFO] [stdout] For more information about this error, try `rustc --explain E0433`.
[INFO] [stdout] Couldn't compile the test.
[INFO] [stdout] ---- src/ui_wrapper.rs - ui_wrapper::ExUi<'a,'b>::horizontal (line 315) stdout ----
[INFO] [stdout] error[E0433]: failed to resolve: use of undeclared crate or module `egui`
[INFO] [stdout]  --> src/ui_wrapper.rs:316:1
[INFO] [stdout]   |
[INFO] [stdout] 3 | egui::__run_test_ui(|ui| {
[INFO] [stdout]   | ^^^^ use of undeclared crate or module `egui`
[INFO] [stdout] 
[INFO] [stdout] error: aborting due to 1 previous error
[INFO] [stdout] 
[INFO] [stdout] For more information about this error, try `rustc --explain E0433`.
[INFO] [stdout] Couldn't compile the test.
[INFO] [stdout] ---- src/ui_wrapper.rs - ui_wrapper::ExUi<'a,'b>::add_visible_ui (line 194) stdout ----
[INFO] [stdout] error[E0433]: failed to resolve: use of undeclared crate or module `egui`
[INFO] [stdout]  --> src/ui_wrapper.rs:195:1
[INFO] [stdout]   |
[INFO] [stdout] 3 | egui::__run_test_ui(|ui| {
[INFO] [stdout]   | ^^^^ use of undeclared crate or module `egui`
[INFO] [stdout] 
[INFO] [stdout] error: aborting due to 1 previous error
[INFO] [stdout] 
[INFO] [stdout] For more information about this error, try `rustc --explain E0433`.
[INFO] [stdout] Couldn't compile the test.
[INFO] [stdout] ---- src/ui_wrapper.rs - ui_wrapper::ExUi<'a,'b>::vertical_centered (line 389) stdout ----
[INFO] [stdout] error[E0433]: failed to resolve: use of undeclared crate or module `egui`
[INFO] [stdout]  --> src/ui_wrapper.rs:390:1
[INFO] [stdout]   |
[INFO] [stdout] 3 | egui::__run_test_ui(|ui| {
[INFO] [stdout]   | ^^^^ use of undeclared crate or module `egui`
[INFO] [stdout] 
[INFO] [stdout] error: aborting due to 1 previous error
[INFO] [stdout] 
[INFO] [stdout] For more information about this error, try `rustc --explain E0433`.
[INFO] [stdout] Couldn't compile the test.
[INFO] [stdout] ---- src/ui_wrapper.rs - ui_wrapper::ExUi<'a,'b>::add_enabled_ui (line 143) stdout ----
[INFO] [stdout] error[E0433]: failed to resolve: use of undeclared crate or module `egui`
[INFO] [stdout]  --> src/ui_wrapper.rs:144:1
[INFO] [stdout]   |
[INFO] [stdout] 3 | egui::__run_test_ui(|ui| {
[INFO] [stdout]   | ^^^^ use of undeclared crate or module `egui`
[INFO] [stdout] 
[INFO] [stdout] error: aborting due to 1 previous error
[INFO] [stdout] 
[INFO] [stdout] For more information about this error, try `rustc --explain E0433`.
[INFO] [stdout] Couldn't compile the test.
[INFO] [stdout] ---- src/ui_wrapper.rs - ui_wrapper::ExUi<'a,'b>::scope (line 257) stdout ----
[INFO] [stdout] error[E0433]: failed to resolve: use of undeclared crate or module `egui`
[INFO] [stdout]  --> src/ui_wrapper.rs:258:1
[INFO] [stdout]   |
[INFO] [stdout] 3 | egui::__run_test_ui(|ui| {
[INFO] [stdout]   | ^^^^ use of undeclared crate or module `egui`
[INFO] [stdout] 
[INFO] [stdout] error: aborting due to 1 previous error
[INFO] [stdout] 
[INFO] [stdout] For more information about this error, try `rustc --explain E0433`.
[INFO] [stdout] Couldn't compile the test.
[INFO] [stdout] ---- src/ui_wrapper.rs - ui_wrapper::ExUi<'a,'b>::link (line 588) stdout ----
[INFO] [stdout] error[E0433]: failed to resolve: use of undeclared crate or module `egui`
[INFO] [stdout]  --> src/ui_wrapper.rs:589:1
[INFO] [stdout]   |
[INFO] [stdout] 3 | egui::__run_test_ui(|ui| {
[INFO] [stdout]   | ^^^^ use of undeclared crate or module `egui`
[INFO] [stdout] 
[INFO] [stdout] error: aborting due to 1 previous error
[INFO] [stdout] 
[INFO] [stdout] For more information about this error, try `rustc --explain E0433`.
[INFO] [stdout] Couldn't compile the test.
[INFO] [stdout] ---- src/ui_wrapper.rs - ui_wrapper::ExUi<'a,'b>::push_id (line 234) stdout ----
[INFO] [stdout] error[E0433]: failed to resolve: use of undeclared crate or module `egui`
[INFO] [stdout]  --> src/ui_wrapper.rs:235:1
[INFO] [stdout]   |
[INFO] [stdout] 3 | egui::__run_test_ui(|ui| {
[INFO] [stdout]   | ^^^^ use of undeclared crate or module `egui`
[INFO] [stdout] 
[INFO] [stdout] error: aborting due to 1 previous error
[INFO] [stdout] 
[INFO] [stdout] For more information about this error, try `rustc --explain E0433`.
[INFO] [stdout] Couldn't compile the test.
[INFO] [stdout] ---- src/ui_wrapper.rs - ui_wrapper::ExUi<'a,'b>::add (line 81) stdout ----
[INFO] [stdout] error[E0433]: failed to resolve: use of undeclared crate or module `egui`
[INFO] [stdout]  --> src/ui_wrapper.rs:84:23
[INFO] [stdout]   |
[INFO] [stdout] 5 | let response = ui.add(egui::Slider::new(&mut my_value, 0..=100));
[INFO] [stdout]   |                       ^^^^ use of undeclared crate or module `egui`
[INFO] [stdout]   |
[INFO] [stdout] help: consider importing this struct
[INFO] [stdout]   |
[INFO] [stdout] 2 + use egui27::Slider;
[INFO] [stdout]   |
[INFO] [stdout] help: if you import `Slider`, refer to it directly
[INFO] [stdout]   |
[INFO] [stdout] 5 - let response = ui.add(egui::Slider::new(&mut my_value, 0..=100));
[INFO] [stdout] 5 + let response = ui.add(Slider::new(&mut my_value, 0..=100));
[INFO] [stdout]   |
[INFO] [stdout] 
[INFO] [stdout] error[E0433]: failed to resolve: use of undeclared crate or module `egui`
[INFO] [stdout]  --> src/ui_wrapper.rs:82:1
[INFO] [stdout]   |
[INFO] [stdout] 3 | egui::__run_test_ui(|ui| {
[INFO] [stdout]   | ^^^^ use of undeclared crate or module `egui`
[INFO] [stdout] 
[INFO] [stdout] error: aborting due to 2 previous errors
[INFO] [stdout] 
[INFO] [stdout] For more information about this error, try `rustc --explain E0433`.
[INFO] [stdout] Couldn't compile the test.
[INFO] [stdout] ---- src/ui_wrapper.rs - ui_wrapper::ExUi<'a,'b>::with_layout (line 425) stdout ----
[INFO] [stdout] error[E0433]: failed to resolve: use of undeclared crate or module `egui`
[INFO] [stdout]  --> src/ui_wrapper.rs:427:16
[INFO] [stdout]   |
[INFO] [stdout] 4 | ui.with_layout(egui::Layout::right_to_left(egui::Align::TOP), |ui| {
[INFO] [stdout]   |                ^^^^ use of undeclared crate or module `egui`
[INFO] [stdout]   |
[INFO] [stdout] help: consider importing one of these structs
[INFO] [stdout]   |
[INFO] [stdout] 2 + use std::alloc::Layout;
[INFO] [stdout]   |
[INFO] [stdout] 2 + use egui27::Layout;
[INFO] [stdout]   |
[INFO] [stdout] help: if you import `Layout`, refer to it directly
[INFO] [stdout]   |
[INFO] [stdout] 4 - ui.with_layout(egui::Layout::right_to_left(egui::Align::TOP), |ui| {
[INFO] [stdout] 4 + ui.with_layout(Layout::right_to_left(egui::Align::TOP), |ui| {
[INFO] [stdout]   |
[INFO] [stdout] 
[INFO] [stdout] error[E0433]: failed to resolve: use of undeclared crate or module `egui`
[INFO] [stdout]  --> src/ui_wrapper.rs:427:44
[INFO] [stdout]   |
[INFO] [stdout] 4 | ui.with_layout(egui::Layout::right_to_left(egui::Align::TOP), |ui| {
[INFO] [stdout]   |                                            ^^^^ use of undeclared crate or module `egui`
[INFO] [stdout]   |
[INFO] [stdout] help: consider importing this enum
[INFO] [stdout]   |
[INFO] [stdout] 2 + use egui27::Align;
[INFO] [stdout]   |
[INFO] [stdout] help: if you import `Align`, refer to it directly
[INFO] [stdout]   |
[INFO] [stdout] 4 - ui.with_layout(egui::Layout::right_to_left(egui::Align::TOP), |ui| {
[INFO] [stdout] 4 + ui.with_layout(egui::Layout::right_to_left(Align::TOP), |ui| {
[INFO] [stdout]   |
[INFO] [stdout] 
[INFO] [stdout] error[E0433]: failed to resolve: use of undeclared crate or module `egui`
[INFO] [stdout]  --> src/ui_wrapper.rs:426:1
[INFO] [stdout]   |
[INFO] [stdout] 3 | egui::__run_test_ui(|ui| {
[INFO] [stdout]   | ^^^^ use of undeclared crate or module `egui`
[INFO] [stdout] 
[INFO] [stdout] error: aborting due to 3 previous errors
[INFO] [stdout] 
[INFO] [stdout] For more information about this error, try `rustc --explain E0433`.
[INFO] [stdout] Couldn't compile the test.
[INFO] [stdout] ---- src/ui_wrapper.rs - ui_wrapper::ExUi<'a,'b>::vertical_centered_justified (line 408) stdout ----
[INFO] [stdout] error[E0433]: failed to resolve: use of undeclared crate or module `egui`
[INFO] [stdout]  --> src/ui_wrapper.rs:409:1
[INFO] [stdout]   |
[INFO] [stdout] 3 | egui::__run_test_ui(|ui| {
[INFO] [stdout]   | ^^^^ use of undeclared crate or module `egui`
[INFO] [stdout] 
[INFO] [stdout] error: aborting due to 1 previous error
[INFO] [stdout] 
[INFO] [stdout] For more information about this error, try `rustc --explain E0433`.
[INFO] [stdout] Couldn't compile the test.
[INFO] [stdout] ---- src/ui_wrapper.rs - ui_wrapper::ExUi<'a,'b>::vertical (line 371) stdout ----
[INFO] [stdout] error[E0433]: failed to resolve: use of undeclared crate or module `egui`
[INFO] [stdout]  --> src/ui_wrapper.rs:372:1
[INFO] [stdout]   |
[INFO] [stdout] 3 | egui::__run_test_ui(|ui| {
[INFO] [stdout]   | ^^^^ use of undeclared crate or module `egui`
[INFO] [stdout] 
[INFO] [stdout] error: aborting due to 1 previous error
[INFO] [stdout] 
[INFO] [stdout] For more information about this error, try `rustc --explain E0433`.
[INFO] [stdout] Couldn't compile the test.
[INFO] [stdout] 
[INFO] [stdout] failures:
[INFO] [stdout]     src/lib.rs - ExGrid (line 47)
[INFO] [stdout]     src/ui_wrapper.rs - ui_wrapper::ExUi<'a,'b>::add (line 81)
[INFO] [stdout]     src/ui_wrapper.rs - ui_wrapper::ExUi<'a,'b>::add_enabled (line 125)
[INFO] [stdout]     src/ui_wrapper.rs - ui_wrapper::ExUi<'a,'b>::add_enabled_ui (line 143)
[INFO] [stdout]     src/ui_wrapper.rs - ui_wrapper::ExUi<'a,'b>::add_sized (line 100)
[INFO] [stdout]     src/ui_wrapper.rs - ui_wrapper::ExUi<'a,'b>::add_visible (line 174)
[INFO] [stdout]     src/ui_wrapper.rs - ui_wrapper::ExUi<'a,'b>::add_visible_ui (line 194)
[INFO] [stdout]     src/ui_wrapper.rs - ui_wrapper::ExUi<'a,'b>::button (line 665)
[INFO] [stdout]     src/ui_wrapper.rs - ui_wrapper::ExUi<'a,'b>::group (line 219)
[INFO] [stdout]     src/ui_wrapper.rs - ui_wrapper::ExUi<'a,'b>::horizontal (line 315)
[INFO] [stdout]     src/ui_wrapper.rs - ui_wrapper::ExUi<'a,'b>::hyperlink (line 606)
[INFO] [stdout]     src/ui_wrapper.rs - ui_wrapper::ExUi<'a,'b>::hyperlink_to (line 619)
[INFO] [stdout]     src/ui_wrapper.rs - ui_wrapper::ExUi<'a,'b>::image (line 845)
[INFO] [stdout]     src/ui_wrapper.rs - ui_wrapper::ExUi<'a,'b>::label (line 518)
[INFO] [stdout]     src/ui_wrapper.rs - ui_wrapper::ExUi<'a,'b>::link (line 588)
[INFO] [stdout]     src/ui_wrapper.rs - ui_wrapper::ExUi<'a,'b>::menu_button (line 461)
[INFO] [stdout]     src/ui_wrapper.rs - ui_wrapper::ExUi<'a,'b>::push_id (line 234)
[INFO] [stdout]     src/ui_wrapper.rs - ui_wrapper::ExUi<'a,'b>::radio_value (line 726)
[INFO] [stdout]     src/ui_wrapper.rs - ui_wrapper::ExUi<'a,'b>::scope (line 257)
[INFO] [stdout]     src/ui_wrapper.rs - ui_wrapper::ExUi<'a,'b>::vertical (line 371)
[INFO] [stdout]     src/ui_wrapper.rs - ui_wrapper::ExUi<'a,'b>::vertical_centered (line 389)
[INFO] [stdout]     src/ui_wrapper.rs - ui_wrapper::ExUi<'a,'b>::vertical_centered_justified (line 408)
[INFO] [stdout]     src/ui_wrapper.rs - ui_wrapper::ExUi<'a,'b>::with_layout (line 425)
[INFO] [stdout] 
[INFO] [stdout] test result: FAILED. 0 passed; 23 failed; 1 ignored; 0 measured; 0 filtered out; finished in 0.61s
[INFO] [stdout] 
[INFO] [stderr] error: doctest failed, to rerun pass `--doc`
[INFO] running `Command { std: "docker" "inspect" "cb7c06c760117d327a155a73fb3d6abf0358bf482861dcae633c6e818fdbb137", kill_on_drop: false }`
[INFO] running `Command { std: "docker" "rm" "-f" "cb7c06c760117d327a155a73fb3d6abf0358bf482861dcae633c6e818fdbb137", kill_on_drop: false }`
[INFO] [stdout] cb7c06c760117d327a155a73fb3d6abf0358bf482861dcae633c6e818fdbb137
