[INFO] fetching crate executors 0.9.0...
[INFO] testing executors-0.9.0 against beta-2024-12-08 for beta-1.84.0-4-retry
[INFO] extracting crate executors 0.9.0 into /workspace/builds/worker-7-tc2/source
[INFO] validating manifest of crates.io crate executors 0.9.0 on toolchain beta-2024-12-08
[INFO] running `Command { std: CARGO_HOME="/workspace/cargo-home" RUSTUP_HOME="/workspace/rustup-home" "/workspace/cargo-home/bin/cargo" "+beta-2024-12-08" "metadata" "--manifest-path" "Cargo.toml" "--no-deps", kill_on_drop: false }`
[INFO] started tweaking crates.io crate executors 0.9.0
[INFO] finished tweaking crates.io crate executors 0.9.0
[INFO] tweaked toml for crates.io crate executors 0.9.0 written to /workspace/builds/worker-7-tc2/source/Cargo.toml
[INFO] running `Command { std: CARGO_HOME="/workspace/cargo-home" RUSTUP_HOME="/workspace/rustup-home" "/workspace/cargo-home/bin/cargo" "+beta-2024-12-08" "generate-lockfile" "--manifest-path" "Cargo.toml", kill_on_drop: false }`
[INFO] [stderr]     Blocking waiting for file lock on package cache
[INFO] [stderr]     Updating crates.io index
[INFO] [stderr]     Blocking waiting for file lock on package cache
[INFO] [stderr]      Locking 183 packages to latest compatible versions
[INFO] [stderr]       Adding arr_macro v0.1.3 (available: v0.2.1)
[INFO] [stderr]       Adding core_affinity v0.5.10 (available: v0.8.1)
[INFO] [stderr]       Adding criterion v0.3.6 (available: v0.5.1)
[INFO] [stderr]       Adding env_logger v0.8.4 (available: v0.11.5)
[INFO] [stderr]       Adding metrics v0.14.2 (available: v0.24.1)
[INFO] running `Command { std: CARGO_HOME="/workspace/cargo-home" RUSTUP_HOME="/workspace/rustup-home" "/workspace/cargo-home/bin/cargo" "+beta-2024-12-08" "fetch" "--manifest-path" "Cargo.toml", kill_on_drop: false }`
[INFO] [stderr]     Blocking waiting for file lock on package cache
[INFO] [stderr]     Blocking waiting for file lock on package cache
[INFO] running `Command { std: "docker" "create" "-v" "/var/lib/crater-agent-workspace/builds/worker-7-tc2/target:/opt/rustwide/target:rw,Z" "-v" "/var/lib/crater-agent-workspace/builds/worker-7-tc2/source:/opt/rustwide/workdir:ro,Z" "-v" "/var/lib/crater-agent-workspace/cargo-home:/opt/rustwide/cargo-home:ro,Z" "-v" "/var/lib/crater-agent-workspace/rustup-home:/opt/rustwide/rustup-home:ro,Z" "-e" "SOURCE_DIR=/opt/rustwide/workdir" "-e" "CARGO_TARGET_DIR=/opt/rustwide/target" "-e" "CARGO_HOME=/opt/rustwide/cargo-home" "-e" "RUSTUP_HOME=/opt/rustwide/rustup-home" "-w" "/opt/rustwide/workdir" "-m" "1610612736" "--user" "0:0" "--network" "none" "ghcr.io/rust-lang/crates-build-env/linux@sha256:f3a9d4ad9d972b27faf3965f35b62e55ba32bbce8f20bc8fe909558a86702fde" "/opt/rustwide/cargo-home/bin/cargo" "+beta-2024-12-08" "metadata" "--no-deps" "--format-version=1", kill_on_drop: false }`
[INFO] [stdout] 42436aa748c60eda7f41232aa01209ca84aeb4823e373a9e8f7a022d55539130
[INFO] running `Command { std: "docker" "start" "-a" "42436aa748c60eda7f41232aa01209ca84aeb4823e373a9e8f7a022d55539130", kill_on_drop: false }`
[INFO] running `Command { std: "docker" "inspect" "42436aa748c60eda7f41232aa01209ca84aeb4823e373a9e8f7a022d55539130", kill_on_drop: false }`
[INFO] running `Command { std: "docker" "rm" "-f" "42436aa748c60eda7f41232aa01209ca84aeb4823e373a9e8f7a022d55539130", kill_on_drop: false }`
[INFO] [stdout] 42436aa748c60eda7f41232aa01209ca84aeb4823e373a9e8f7a022d55539130
[INFO] running `Command { std: "docker" "create" "-v" "/var/lib/crater-agent-workspace/builds/worker-7-tc2/target:/opt/rustwide/target:rw,Z" "-v" "/var/lib/crater-agent-workspace/builds/worker-7-tc2/source:/opt/rustwide/workdir:ro,Z" "-v" "/var/lib/crater-agent-workspace/cargo-home:/opt/rustwide/cargo-home:ro,Z" "-v" "/var/lib/crater-agent-workspace/rustup-home:/opt/rustwide/rustup-home:ro,Z" "-e" "SOURCE_DIR=/opt/rustwide/workdir" "-e" "CARGO_TARGET_DIR=/opt/rustwide/target" "-e" "CARGO_INCREMENTAL=0" "-e" "RUST_BACKTRACE=full" "-e" "RUSTFLAGS=--cap-lints=warn" "-e" "RUSTDOCFLAGS=--cap-lints=warn" "-e" "CARGO_HOME=/opt/rustwide/cargo-home" "-e" "RUSTUP_HOME=/opt/rustwide/rustup-home" "-w" "/opt/rustwide/workdir" "-m" "1610612736" "--user" "0:0" "--network" "none" "ghcr.io/rust-lang/crates-build-env/linux@sha256:f3a9d4ad9d972b27faf3965f35b62e55ba32bbce8f20bc8fe909558a86702fde" "/opt/rustwide/cargo-home/bin/cargo" "+beta-2024-12-08" "build" "--frozen" "--message-format=json", kill_on_drop: false }`
[INFO] [stdout] bfac086a895d80b884d3946488b0b2f264262144201472cc8d1e4d772099d5e9
[INFO] running `Command { std: "docker" "start" "-a" "bfac086a895d80b884d3946488b0b2f264262144201472cc8d1e4d772099d5e9", kill_on_drop: false }`
[INFO] [stderr]    Compiling proc-macro2 v1.0.92
[INFO] [stderr]    Compiling unicode-ident v1.0.14
[INFO] [stderr]    Compiling libc v0.2.168
[INFO] [stderr]    Compiling crossbeam-utils v0.8.20
[INFO] [stderr]    Compiling byteorder v1.5.0
[INFO] [stderr]    Compiling cfg-if v1.0.0
[INFO] [stderr]    Compiling syn v1.0.109
[INFO] [stderr]    Compiling proc-macro-hack v0.5.20+deprecated
[INFO] [stderr]    Compiling async-task v4.7.1
[INFO] [stderr]    Compiling log v0.4.22
[INFO] [stderr]    Compiling crossbeam-epoch v0.9.18
[INFO] [stderr]    Compiling crossbeam-queue v0.3.11
[INFO] [stderr]    Compiling crossbeam-channel v0.5.13
[INFO] [stderr]    Compiling synchronoise v1.0.1
[INFO] [stderr]    Compiling crossbeam-deque v0.8.5
[INFO] [stderr]    Compiling quote v1.0.37
[INFO] [stderr]    Compiling getrandom v0.2.15
[INFO] [stderr]    Compiling num_cpus v1.16.0
[INFO] [stderr]    Compiling syn v2.0.90
[INFO] [stderr]    Compiling rand_core v0.6.4
[INFO] [stderr]    Compiling threadpool v1.8.1
[INFO] [stderr]    Compiling arr_macro_impl v0.1.3
[INFO] [stderr]    Compiling arr_macro v0.1.3
[INFO] [stderr]    Compiling zerocopy-derive v0.7.35
[INFO] [stderr]    Compiling zerocopy v0.7.35
[INFO] [stderr]    Compiling ppv-lite86 v0.2.20
[INFO] [stderr]    Compiling rand_chacha v0.3.1
[INFO] [stderr]    Compiling rand v0.8.5
[INFO] [stderr]    Compiling executors v0.9.0 (/opt/rustwide/workdir)
[INFO] [stdout] warning: trait `LogErrors` is never used
[INFO] [stdout]    --> src/common.rs:125:18
[INFO] [stdout]     |
[INFO] [stdout] 125 | pub(crate) trait LogErrors {
[INFO] [stdout]     |                  ^^^^^^^^^
[INFO] [stdout]     |
[INFO] [stdout]     = note: `#[warn(dead_code)]` on by default
[INFO] [stdout] 
[INFO] [stdout] 
[INFO] [stderr]     Finished `dev` profile [unoptimized + debuginfo] target(s) in 16.26s
[INFO] running `Command { std: "docker" "inspect" "bfac086a895d80b884d3946488b0b2f264262144201472cc8d1e4d772099d5e9", kill_on_drop: false }`
[INFO] running `Command { std: "docker" "rm" "-f" "bfac086a895d80b884d3946488b0b2f264262144201472cc8d1e4d772099d5e9", kill_on_drop: false }`
[INFO] [stdout] bfac086a895d80b884d3946488b0b2f264262144201472cc8d1e4d772099d5e9
[INFO] running `Command { std: "docker" "create" "-v" "/var/lib/crater-agent-workspace/builds/worker-7-tc2/target:/opt/rustwide/target:rw,Z" "-v" "/var/lib/crater-agent-workspace/builds/worker-7-tc2/source:/opt/rustwide/workdir:ro,Z" "-v" "/var/lib/crater-agent-workspace/cargo-home:/opt/rustwide/cargo-home:ro,Z" "-v" "/var/lib/crater-agent-workspace/rustup-home:/opt/rustwide/rustup-home:ro,Z" "-e" "SOURCE_DIR=/opt/rustwide/workdir" "-e" "CARGO_TARGET_DIR=/opt/rustwide/target" "-e" "CARGO_INCREMENTAL=0" "-e" "RUST_BACKTRACE=full" "-e" "RUSTFLAGS=--cap-lints=warn" "-e" "RUSTDOCFLAGS=--cap-lints=warn" "-e" "CARGO_HOME=/opt/rustwide/cargo-home" "-e" "RUSTUP_HOME=/opt/rustwide/rustup-home" "-w" "/opt/rustwide/workdir" "-m" "1610612736" "--user" "0:0" "--network" "none" "ghcr.io/rust-lang/crates-build-env/linux@sha256:f3a9d4ad9d972b27faf3965f35b62e55ba32bbce8f20bc8fe909558a86702fde" "/opt/rustwide/cargo-home/bin/cargo" "+beta-2024-12-08" "test" "--frozen" "--no-run" "--message-format=json", kill_on_drop: false }`
[INFO] [stdout] 099a967f10b5a13b671743615b69bdea2000a505c47379f98bb1df9a7cda2abf
[INFO] running `Command { std: "docker" "start" "-a" "099a967f10b5a13b671743615b69bdea2000a505c47379f98bb1df9a7cda2abf", kill_on_drop: false }`
[INFO] [stderr]    Compiling proc-macro2 v1.0.92
[INFO] [stderr]    Compiling unicode-ident v1.0.14
[INFO] [stderr]    Compiling autocfg v1.4.0
[INFO] [stderr]    Compiling memchr v2.7.4
[INFO] [stderr]    Compiling stable_deref_trait v1.2.0
[INFO] [stderr]    Compiling serde v1.0.216
[INFO] [stderr]    Compiling regex-syntax v0.8.5
[INFO] [stderr]    Compiling writeable v0.5.5
[INFO] [stderr]    Compiling litemap v0.7.4
[INFO] [stderr]    Compiling smallvec v1.13.2
[INFO] [stderr]    Compiling icu_locid_transform_data v1.5.0
[INFO] [stderr]    Compiling icu_properties_data v1.5.0
[INFO] [stderr]    Compiling bitflags v1.3.2
[INFO] [stderr]    Compiling icu_normalizer_data v1.5.0
[INFO] [stderr]    Compiling write16 v1.0.0
[INFO] [stderr]    Compiling lazy_static v1.5.0
[INFO] [stderr]    Compiling utf16_iter v1.0.5
[INFO] [stderr]    Compiling utf8_iter v1.0.4
[INFO] [stderr]    Compiling parking_lot_core v0.8.6
[INFO] [stderr]    Compiling instant v0.1.13
[INFO] [stderr]    Compiling itoa v1.0.14
[INFO] [stderr]    Compiling rayon-core v1.12.1
[INFO] [stderr]    Compiling futures-core v0.3.31
[INFO] [stderr]    Compiling hashbrown v0.15.2
[INFO] [stderr]    Compiling ryu v1.0.18
[INFO] [stderr]    Compiling futures-sink v0.3.31
[INFO] [stderr]    Compiling equivalent v1.0.1
[INFO] [stderr]    Compiling metrics v0.14.2
[INFO] [stderr]    Compiling either v1.13.0
[INFO] [stderr]    Compiling scopeguard v1.2.0
[INFO] [stderr]    Compiling serde_json v1.0.133
[INFO] [stderr]    Compiling futures-channel v0.3.31
[INFO] [stderr]    Compiling raw-cpuid v9.1.1
[INFO] [stderr]    Compiling semver v1.0.24
[INFO] [stderr]    Compiling pin-utils v0.1.0
[INFO] [stderr]    Compiling once_cell v1.20.2
[INFO] [stderr]    Compiling percent-encoding v2.3.1
[INFO] [stderr]    Compiling futures-task v0.3.31
[INFO] [stderr]    Compiling winnow v0.5.40
[INFO] [stderr]    Compiling hashbrown v0.12.3
[INFO] [stderr]    Compiling atomic-shim v0.1.0
[INFO] [stderr]    Compiling pin-project-lite v0.2.15
[INFO] [stderr]    Compiling plotters-backend v0.3.7
[INFO] [stderr]    Compiling futures-io v0.3.31
[INFO] [stderr]    Compiling unicode-width v0.1.14
[INFO] [stderr]    Compiling pulldown-cmark v0.9.6
[INFO] [stderr]    Compiling textwrap v0.11.0
[INFO] [stderr]    Compiling itertools v0.10.5
[INFO] [stderr]    Compiling form_urlencoded v1.2.1
[INFO] [stderr]    Compiling dashmap v4.0.2
[INFO] [stderr]    Compiling quote v1.0.37
[INFO] [stderr]    Compiling num-traits v0.2.19
[INFO] [stderr]    Compiling slab v0.4.9
[INFO] [stderr]    Compiling lock_api v0.4.12
[INFO] [stderr]    Compiling indexmap v1.9.3
[INFO] [stderr]    Compiling syn v2.0.90
[INFO] [stderr]    Compiling aho-corasick v1.1.3
[INFO] [stderr]    Compiling syn v1.0.109
[INFO] [stderr]    Compiling indexmap v2.7.0
[INFO] [stderr]    Compiling csv-core v0.1.11
[INFO] [stderr]    Compiling aho-corasick v0.7.20
[INFO] [stderr]    Compiling quanta v0.7.2
[INFO] [stderr]    Compiling parking_lot v0.11.2
[INFO] [stderr]    Compiling plotters-svg v0.3.7
[INFO] [stderr]    Compiling atty v0.2.14
[INFO] [stderr]    Compiling bitflags v2.6.0
[INFO] [stderr]    Compiling unicase v2.8.0
[INFO] [stderr]    Compiling half v1.8.3
[INFO] [stderr]    Compiling sketches-ddsketch v0.1.3
[INFO] [stderr]    Compiling cast v0.3.0
[INFO] [stderr]    Compiling same-file v1.0.6
[INFO] [stderr]    Compiling rayon v1.10.0
[INFO] [stderr]    Compiling clap v2.34.0
[INFO] [stderr]    Compiling criterion-plot v0.4.5
[INFO] [stderr]    Compiling walkdir v2.5.0
[INFO] [stderr]    Compiling humantime v2.1.0
[INFO] [stderr]    Compiling termcolor v1.4.1
[INFO] [stderr]    Compiling ordered-float v2.10.1
[INFO] [stderr]    Compiling plotters v0.3.7
[INFO] [stderr]    Compiling oorandom v11.1.4
[INFO] [stderr]    Compiling regex-automata v0.4.9
[INFO] [stderr]    Compiling serde_spanned v0.6.8
[INFO] [stderr]    Compiling toml_datetime v0.6.8
[INFO] [stderr]    Compiling csv v1.3.1
[INFO] [stderr]    Compiling serde_cbor v0.11.2
[INFO] [stderr]    Compiling toml_edit v0.19.15
[INFO] [stderr]    Compiling arr_macro_impl v0.1.3
[INFO] [stderr]    Compiling arr_macro v0.1.3
[INFO] [stderr]    Compiling tinytemplate v1.2.1
[INFO] [stderr]    Compiling regex v1.11.1
[INFO] [stderr]    Compiling env_logger v0.8.4
[INFO] [stderr]    Compiling synstructure v0.13.1
[INFO] [stderr]    Compiling toml v0.7.8
[INFO] [stderr]    Compiling metrics-macros v0.2.0
[INFO] [stderr]    Compiling zerofrom-derive v0.1.5
[INFO] [stderr]    Compiling yoke-derive v0.7.5
[INFO] [stderr]    Compiling zerovec-derive v0.10.3
[INFO] [stderr]    Compiling displaydoc v0.2.5
[INFO] [stderr]    Compiling icu_provider_macros v1.5.0
[INFO] [stderr]    Compiling zerocopy-derive v0.7.35
[INFO] [stderr]    Compiling futures-macro v0.3.31
[INFO] [stderr]    Compiling serde_derive v1.0.216
[INFO] [stderr]    Compiling metrics-util v0.6.2
[INFO] [stderr]    Compiling metrics_printer v0.1.0
[INFO] [stderr]    Compiling futures-util v0.3.31
[INFO] [stderr]    Compiling zerocopy v0.7.35
[INFO] [stderr]    Compiling zerofrom v0.1.5
[INFO] [stderr]    Compiling yoke v0.7.5
[INFO] [stderr]    Compiling zerovec v0.10.4
[INFO] [stderr]    Compiling ppv-lite86 v0.2.20
[INFO] [stderr]    Compiling rand_chacha v0.3.1
[INFO] [stderr]    Compiling tinystr v0.7.6
[INFO] [stderr]    Compiling icu_collections v1.5.0
[INFO] [stderr]    Compiling rand v0.8.5
[INFO] [stderr]    Compiling icu_locid v1.5.0
[INFO] [stderr]    Compiling criterion v0.3.6
[INFO] [stderr]    Compiling executors v0.9.0 (/opt/rustwide/workdir)
[INFO] [stderr]    Compiling icu_provider v1.5.0
[INFO] [stdout] warning: trait `LogErrors` is never used
[INFO] [stdout]    --> src/common.rs:125:18
[INFO] [stdout]     |
[INFO] [stdout] 125 | pub(crate) trait LogErrors {
[INFO] [stdout]     |                  ^^^^^^^^^
[INFO] [stdout]     |
[INFO] [stdout]     = note: `#[warn(dead_code)]` on by default
[INFO] [stdout] 
[INFO] [stdout] 
[INFO] [stderr]    Compiling icu_locid_transform v1.5.0
[INFO] [stderr]    Compiling futures-executor v0.3.31
[INFO] [stderr]    Compiling icu_properties v1.5.1
[INFO] [stderr]    Compiling futures v0.3.31
[INFO] [stderr]    Compiling icu_normalizer v1.5.0
[INFO] [stderr]    Compiling idna_adapter v1.2.0
[INFO] [stderr]    Compiling idna v1.0.3
[INFO] [stderr]    Compiling url v2.5.4
[INFO] [stderr]    Compiling version-sync v0.9.5
[INFO] [stdout] warning: trait `LogErrors` is never used
[INFO] [stdout]    --> src/common.rs:125:18
[INFO] [stdout]     |
[INFO] [stdout] 125 | pub(crate) trait LogErrors {
[INFO] [stdout]     |                  ^^^^^^^^^
[INFO] [stdout]     |
[INFO] [stdout]     = note: `#[warn(dead_code)]` on by default
[INFO] [stdout] 
[INFO] [stdout] 
[INFO] [stderr]     Finished `test` profile [unoptimized + debuginfo] target(s) in 35.29s
[INFO] running `Command { std: "docker" "inspect" "099a967f10b5a13b671743615b69bdea2000a505c47379f98bb1df9a7cda2abf", kill_on_drop: false }`
[INFO] running `Command { std: "docker" "rm" "-f" "099a967f10b5a13b671743615b69bdea2000a505c47379f98bb1df9a7cda2abf", kill_on_drop: false }`
[INFO] [stdout] 099a967f10b5a13b671743615b69bdea2000a505c47379f98bb1df9a7cda2abf
[INFO] running `Command { std: "docker" "create" "-v" "/var/lib/crater-agent-workspace/builds/worker-7-tc2/target:/opt/rustwide/target:rw,Z" "-v" "/var/lib/crater-agent-workspace/builds/worker-7-tc2/source:/opt/rustwide/workdir:ro,Z" "-v" "/var/lib/crater-agent-workspace/cargo-home:/opt/rustwide/cargo-home:ro,Z" "-v" "/var/lib/crater-agent-workspace/rustup-home:/opt/rustwide/rustup-home:ro,Z" "-e" "SOURCE_DIR=/opt/rustwide/workdir" "-e" "CARGO_TARGET_DIR=/opt/rustwide/target" "-e" "CARGO_INCREMENTAL=0" "-e" "RUST_BACKTRACE=full" "-e" "RUSTFLAGS=--cap-lints=warn" "-e" "RUSTDOCFLAGS=--cap-lints=warn" "-e" "CARGO_HOME=/opt/rustwide/cargo-home" "-e" "RUSTUP_HOME=/opt/rustwide/rustup-home" "-w" "/opt/rustwide/workdir" "-m" "1610612736" "--user" "0:0" "--network" "none" "ghcr.io/rust-lang/crates-build-env/linux@sha256:f3a9d4ad9d972b27faf3965f35b62e55ba32bbce8f20bc8fe909558a86702fde" "/opt/rustwide/cargo-home/bin/cargo" "+beta-2024-12-08" "test" "--frozen", kill_on_drop: false }`
[INFO] [stdout] 8d749883203e977debed49bffc42a03ffaef8e07294b9a08f3d03f18ea2aa73f
[INFO] running `Command { std: "docker" "start" "-a" "8d749883203e977debed49bffc42a03ffaef8e07294b9a08f3d03f18ea2aa73f", kill_on_drop: false }`
[INFO] [stderr] warning: trait `LogErrors` is never used
[INFO] [stderr]    --> src/common.rs:125:18
[INFO] [stderr]     |
[INFO] [stderr] 125 | pub(crate) trait LogErrors {
[INFO] [stderr]     |                  ^^^^^^^^^
[INFO] [stderr]     |
[INFO] [stderr]     = note: `#[warn(dead_code)]` on by default
[INFO] [stderr] 
[INFO] [stderr] warning: `executors` (lib) generated 1 warning
[INFO] [stderr] warning: `executors` (lib test) generated 1 warning (1 duplicate)
[INFO] [stderr]     Finished `test` profile [unoptimized + debuginfo] target(s) in 0.18s
[INFO] [stderr]      Running unittests src/lib.rs (/opt/rustwide/target/debug/deps/executors-1b0cb851934bdccb)
[INFO] [stdout] 
[INFO] [stdout] running 52 tests
[INFO] [stdout] test crossbeam_channel_pool::tests::keep_pool_size ... ignored
[INFO] [stdout] test crossbeam_channel_pool::tests::shutdown_on_handle_drop ... ignored
[INFO] [stdout] test crossbeam_workstealing_pool::tests::dealloc_on_handle_drop ... ignored
[INFO] [stdout] test crossbeam_workstealing_pool::tests::keep_pool_size ... ignored
[INFO] [stdout] test crossbeam_workstealing_pool::tests::reassign_jobs_from_failed_queues ... ignored
[INFO] [stdout] test crossbeam_workstealing_pool::tests::check_stealers_on_dequeue_drop ... ok
[INFO] [stdout] test crossbeam_channel_pool::tests::test_debug ... ok
[INFO] [stdout] test crossbeam_channel_pool::tests::run_with_two_threads ... ok
[INFO] [stdout] test crossbeam_workstealing_pool::tests::amplify ... ok
[INFO] [stdout] test bichannel::tests::ping_pong ... ok
[INFO] [stdout] test crossbeam_workstealing_pool::tests::run_with_two_threads ... ok
[INFO] [stdout] test crossbeam_workstealing_pool::tests::test_debug ... ok
[INFO] [stdout] test crossbeam_channel_pool::tests::shutdown_from_worker ... ok
[INFO] [stdout] test crossbeam_workstealing_pool::tests::shutdown_external ... ok
[INFO] [stdout] test crossbeam_workstealing_pool::tests::test_custom_large ... ok
[INFO] [stdout] test crossbeam_channel_pool::tests::shutdown_external ... ok
[INFO] [stdout] test crossbeam_channel_pool::tests::test_custom_large ... ok
[INFO] [stdout] test futures_executor::tests::test_async_pending_ccp ... ok
[INFO] [stdout] test futures_executor::tests::test_async_pending_cwp ... ok
[INFO] [stdout] test crossbeam_channel_pool::tests::test_defaults ... ok
[INFO] [stdout] test crossbeam_channel_pool::tests::test_local ... ok
[INFO] [stdout] test parker::tests::test_bitset ... ok
[INFO] [stdout] test parker::tests::test_parker_printing ... ok
[INFO] [stdout] test run_now::tests::run_tasks ... ok
[INFO] [stdout] test futures_executor::tests::test_async_ready_ccp ... ok
[INFO] [stdout] test futures_executor::tests::test_async_ready_cwp ... ok
[INFO] [stdout] test futures_executor::tests::test_async_result_ccp ... ok
[INFO] [stdout] test futures_executor::tests::test_async_result_cwp ... ok
[INFO] [stdout] test run_now::tests::test_debug ... ok
[INFO] [stdout] test crossbeam_workstealing_pool::tests::test_local ... ok
[INFO] [stdout] test crossbeam_workstealing_pool::tests::test_custom_auto_large ... ok
[INFO] [stdout] test crossbeam_workstealing_pool::tests::test_custom_dyn ... ok
[INFO] [stdout] test threadpool_executor::tests::keep_pool_size ... ignored
[INFO] [stdout] test threadpool_executor::tests::test_debug ... ok
[INFO] [stdout] test crossbeam_workstealing_pool::tests::test_defaults ... ok
[INFO] [stdout] test run_now::tests::test_defaults ... ok
[INFO] [stdout] test threadpool_executor::tests::run_with_two_threads ... ok
[INFO] [stdout] test threadpool_executor::tests::test_local ... ignored
[INFO] [stdout] test run_now::tests::test_local ... ok
[INFO] [stdout] test crossbeam_workstealing_pool::tests::test_custom_small ... ok
[INFO] [stdout] test crossbeam_workstealing_pool::tests::test_custom_auto_dyn ... ok
[INFO] [stdout] test crossbeam_workstealing_pool::tests::shutdown_from_worker ... ok
[INFO] [stdout] test threadpool_executor::tests::test_defaults ... ok
[INFO] [stdout] test run_now::tests::shutdown_from_worker ... ok
[INFO] [stdout] test run_now::tests::shutdown_external ... ok
[INFO] [stdout] test threadpool_executor::tests::shutdown_from_worker ... ok
[INFO] [stdout] test threadpool_executor::tests::shutdown_external ... ok
[INFO] [stdout] test crossbeam_channel_pool::tests::test_sleepy ... ok
[INFO] [stdout] test crossbeam_workstealing_pool::tests::test_sleepy_dyn ... ok
[INFO] [stdout] test crossbeam_workstealing_pool::tests::test_sleepy_small ... ok
[INFO] [stdout] test crossbeam_workstealing_pool::tests::test_sleepy_large ... ok
[INFO] [stdout] test threadpool_executor::tests::test_sleepy ... ok
[INFO] [stdout] 
[INFO] [stdout] test result: ok. 45 passed; 0 failed; 7 ignored; 0 measured; 0 filtered out; finished in 5.69s
[INFO] [stdout] 
[INFO] [stderr]      Running tests/version-numbers.rs (/opt/rustwide/target/debug/deps/version_numbers-f82a51bb29b4b8f8)
[INFO] [stdout] 
[INFO] [stdout] running 2 tests
[INFO] [stdout] test test_html_root_url ... ignored
[INFO] [stdout] test test_readme_deps ... FAILED
[INFO] [stdout] 
[INFO] [stdout] failures:
[INFO] [stdout] 
[INFO] [stdout] ---- test_readme_deps stdout ----
[INFO] [stdout] thread 'test_readme_deps' panicked at tests/version-numbers.rs:6:5:
[INFO] [stdout] could not read ../README.md: No such file or directory (os error 2)
[INFO] [stdout] stack backtrace:
[INFO] [stdout]    0:     0x6225dbd6aa8a - std::backtrace_rs::backtrace::libunwind::trace::h8810477743020387
[INFO] [stdout]                                at /rustc/202008a1b8de96d2e5b6bc02d379db03a877d34d/library/std/src/../../backtrace/src/backtrace/libunwind.rs:116:5
[INFO] [stdout]    1:     0x6225dbd6aa8a - std::backtrace_rs::backtrace::trace_unsynchronized::h3aa55355dd6c54a6
[INFO] [stdout]                                at /rustc/202008a1b8de96d2e5b6bc02d379db03a877d34d/library/std/src/../../backtrace/src/backtrace/mod.rs:66:5
[INFO] [stdout]    2:     0x6225dbd6aa8a - std::sys::backtrace::_print_fmt::h8588b0f62410823f
[INFO] [stdout]                                at /rustc/202008a1b8de96d2e5b6bc02d379db03a877d34d/library/std/src/sys/backtrace.rs:66:9
[INFO] [stdout]    3:     0x6225dbd6aa8a - <std::sys::backtrace::BacktraceLock::print::DisplayBacktrace as core::fmt::Display>::fmt::h98c26ac25ffe89bb
[INFO] [stdout]                                at /rustc/202008a1b8de96d2e5b6bc02d379db03a877d34d/library/std/src/sys/backtrace.rs:39:26
[INFO] [stdout]    4:     0x6225dbd91cc3 - core::fmt::rt::Argument::fmt::hf95377f4aebd453b
[INFO] [stdout]                                at /rustc/202008a1b8de96d2e5b6bc02d379db03a877d34d/library/core/src/fmt/rt.rs:177:76
[INFO] [stdout]    5:     0x6225dbd91cc3 - core::fmt::write::h0dd5f6e2238c7982
[INFO] [stdout]                                at /rustc/202008a1b8de96d2e5b6bc02d379db03a877d34d/library/core/src/fmt/mod.rs:1189:21
[INFO] [stdout]    6:     0x6225dbd67c13 - std::io::Write::write_fmt::h03bb0ca26e6faf8c
[INFO] [stdout]                                at /rustc/202008a1b8de96d2e5b6bc02d379db03a877d34d/library/std/src/io/mod.rs:1884:15
[INFO] [stdout]    7:     0x6225dbd6a8d2 - std::sys::backtrace::BacktraceLock::print::h5c19c1c038ee186d
[INFO] [stdout]                                at /rustc/202008a1b8de96d2e5b6bc02d379db03a877d34d/library/std/src/sys/backtrace.rs:42:9
[INFO] [stdout]    8:     0x6225dbd6bf0d - std::panicking::default_hook::{{closure}}::h77172f079a1fcb13
[INFO] [stdout]                                at /rustc/202008a1b8de96d2e5b6bc02d379db03a877d34d/library/std/src/panicking.rs:268:22
[INFO] [stdout]    9:     0x6225dbd6bd17 - std::panicking::default_hook::he5f8e3b203ccddba
[INFO] [stdout]                                at /rustc/202008a1b8de96d2e5b6bc02d379db03a877d34d/library/std/src/panicking.rs:292:9
[INFO] [stdout]   10:     0x6225dba4b8b7 - <alloc::boxed::Box<F,A> as core::ops::function::Fn<Args>>::call::h7a3c7b4a1ae77f2f
[INFO] [stdout]                                at /rustc/202008a1b8de96d2e5b6bc02d379db03a877d34d/library/alloc/src/boxed.rs:1986:9
[INFO] [stdout]   11:     0x6225dba4b8b7 - test::test_main::{{closure}}::hf0d3b69ae9b353d1
[INFO] [stdout]                                at /rustc/202008a1b8de96d2e5b6bc02d379db03a877d34d/library/test/src/lib.rs:134:21
[INFO] [stdout]   12:     0x6225dbd6c5b8 - <alloc::boxed::Box<F,A> as core::ops::function::Fn<Args>>::call::h6332e82e7b189abd
[INFO] [stdout]                                at /rustc/202008a1b8de96d2e5b6bc02d379db03a877d34d/library/alloc/src/boxed.rs:1986:9
[INFO] [stdout]   13:     0x6225dbd6c5b8 - std::panicking::rust_panic_with_hook::h53863d4e9018df39
[INFO] [stdout]                                at /rustc/202008a1b8de96d2e5b6bc02d379db03a877d34d/library/std/src/panicking.rs:809:13
[INFO] [stdout]   14:     0x6225dbd6c37a - std::panicking::begin_panic_handler::{{closure}}::h67280e6fa0757873
[INFO] [stdout]                                at /rustc/202008a1b8de96d2e5b6bc02d379db03a877d34d/library/std/src/panicking.rs:674:13
[INFO] [stdout]   15:     0x6225dbd6af69 - std::sys::backtrace::__rust_end_short_backtrace::h1dac3f54d6fbbeb2
[INFO] [stdout]                                at /rustc/202008a1b8de96d2e5b6bc02d379db03a877d34d/library/std/src/sys/backtrace.rs:170:18
[INFO] [stdout]   16:     0x6225dbd6c00c - rust_begin_unwind
[INFO] [stdout]                                at /rustc/202008a1b8de96d2e5b6bc02d379db03a877d34d/library/std/src/panicking.rs:665:5
[INFO] [stdout]   17:     0x6225dba10dc0 - core::panicking::panic_fmt::h6792bd1b2bf01041
[INFO] [stdout]                                at /rustc/202008a1b8de96d2e5b6bc02d379db03a877d34d/library/core/src/panicking.rs:76:14
[INFO] [stdout]   18:     0x6225dba11b83 - core::panicking::panic_display::h5a19e57c5bbc8030
[INFO] [stdout]                                at /rustc/202008a1b8de96d2e5b6bc02d379db03a877d34d/library/core/src/panicking.rs:269:5
[INFO] [stdout]   19:     0x6225dba11eda - version_numbers::test_readme_deps::panic_cold_display::h621e064b20a3b5a7
[INFO] [stdout]                                at /rustc/202008a1b8de96d2e5b6bc02d379db03a877d34d/library/core/src/panic.rs:100:13
[INFO] [stdout]   20:     0x6225dba11e86 - version_numbers::test_readme_deps::ha4f00b26adecbf18
[INFO] [stdout]                                at /opt/rustwide/workdir/tests/version-numbers.rs:6:5
[INFO] [stdout]   21:     0x6225dba11dc7 - version_numbers::test_readme_deps::{{closure}}::h236e39cab7a3ff1d
[INFO] [stdout]                                at /opt/rustwide/workdir/tests/version-numbers.rs:5:22
[INFO] [stdout]   22:     0x6225dba11896 - core::ops::function::FnOnce::call_once::he48491444bb0e854
[INFO] [stdout]                                at /rustc/202008a1b8de96d2e5b6bc02d379db03a877d34d/library/core/src/ops/function.rs:250:5
[INFO] [stdout]   23:     0x6225dba503db - core::ops::function::FnOnce::call_once::h871bf86719ec9aa4
[INFO] [stdout]                                at /rustc/202008a1b8de96d2e5b6bc02d379db03a877d34d/library/core/src/ops/function.rs:250:5
[INFO] [stdout]   24:     0x6225dba503db - test::__rust_begin_short_backtrace::h2167df1e2b7d76fd
[INFO] [stdout]                                at /rustc/202008a1b8de96d2e5b6bc02d379db03a877d34d/library/test/src/lib.rs:632:18
[INFO] [stdout]   25:     0x6225dba4fdc8 - test::run_test_in_process::{{closure}}::h15d92f75a3adfb79
[INFO] [stdout]                                at /rustc/202008a1b8de96d2e5b6bc02d379db03a877d34d/library/test/src/lib.rs:655:60
[INFO] [stdout]   26:     0x6225dba4fdc8 - <core::panic::unwind_safe::AssertUnwindSafe<F> as core::ops::function::FnOnce<()>>::call_once::hb6c8955835a8dbbb
[INFO] [stdout]                                at /rustc/202008a1b8de96d2e5b6bc02d379db03a877d34d/library/core/src/panic/unwind_safe.rs:272:9
[INFO] [stdout]   27:     0x6225dba4fdc8 - std::panicking::try::do_call::hc79d0fc888a0bd30
[INFO] [stdout]                                at /rustc/202008a1b8de96d2e5b6bc02d379db03a877d34d/library/std/src/panicking.rs:557:40
[INFO] [stdout]   28:     0x6225dba4fdc8 - std::panicking::try::hb8a7878e3a8589d6
[INFO] [stdout]                                at /rustc/202008a1b8de96d2e5b6bc02d379db03a877d34d/library/std/src/panicking.rs:520:19
[INFO] [stdout]   29:     0x6225dba4fdc8 - std::panic::catch_unwind::hb8e4600ff0ff5cfa
[INFO] [stdout]                                at /rustc/202008a1b8de96d2e5b6bc02d379db03a877d34d/library/std/src/panic.rs:358:14
[INFO] [stdout]   30:     0x6225dba4fdc8 - test::run_test_in_process::hc2900b0b18688dd6
[INFO] [stdout]                                at /rustc/202008a1b8de96d2e5b6bc02d379db03a877d34d/library/test/src/lib.rs:655:27
[INFO] [stdout]   31:     0x6225dba4fdc8 - test::run_test::{{closure}}::hac2a9cb07be3d48d
[INFO] [stdout]                                at /rustc/202008a1b8de96d2e5b6bc02d379db03a877d34d/library/test/src/lib.rs:576:43
[INFO] [stdout]   32:     0x6225dba1386a - test::run_test::{{closure}}::h4a5b729e66a38cd8
[INFO] [stdout]                                at /rustc/202008a1b8de96d2e5b6bc02d379db03a877d34d/library/test/src/lib.rs:606:41
[INFO] [stdout]   33:     0x6225dba1386a - std::sys::backtrace::__rust_begin_short_backtrace::h0496fb742492f573
[INFO] [stdout]                                at /rustc/202008a1b8de96d2e5b6bc02d379db03a877d34d/library/std/src/sys/backtrace.rs:154:18
[INFO] [stdout]   34:     0x6225dba171e4 - std::thread::Builder::spawn_unchecked_::{{closure}}::{{closure}}::hbb6d257c550a54bd
[INFO] [stdout]                                at /rustc/202008a1b8de96d2e5b6bc02d379db03a877d34d/library/std/src/thread/mod.rs:561:17
[INFO] [stdout]   35:     0x6225dba171e4 - <core::panic::unwind_safe::AssertUnwindSafe<F> as core::ops::function::FnOnce<()>>::call_once::h46696fe4a6832328
[INFO] [stdout]                                at /rustc/202008a1b8de96d2e5b6bc02d379db03a877d34d/library/core/src/panic/unwind_safe.rs:272:9
[INFO] [stdout]   36:     0x6225dba171e4 - std::panicking::try::do_call::h2625a51b667bfb64
[INFO] [stdout]                                at /rustc/202008a1b8de96d2e5b6bc02d379db03a877d34d/library/std/src/panicking.rs:557:40
[INFO] [stdout]   37:     0x6225dba171e4 - std::panicking::try::hb956a59a1973aa4c
[INFO] [stdout]                                at /rustc/202008a1b8de96d2e5b6bc02d379db03a877d34d/library/std/src/panicking.rs:520:19
[INFO] [stdout]   38:     0x6225dba171e4 - std::panic::catch_unwind::h64f3b9d1067ef6a0
[INFO] [stdout]                                at /rustc/202008a1b8de96d2e5b6bc02d379db03a877d34d/library/std/src/panic.rs:358:14
[INFO] [stdout]   39:     0x6225dba171e4 - std::thread::Builder::spawn_unchecked_::{{closure}}::h42b2841295b6c0b2
[INFO] [stdout]                                at /rustc/202008a1b8de96d2e5b6bc02d379db03a877d34d/library/std/src/thread/mod.rs:559:30
[INFO] [stdout]   40:     0x6225dba171e4 - core::ops::function::FnOnce::call_once{{vtable.shim}}::h6127de71b8124639
[INFO] [stdout]                                at /rustc/202008a1b8de96d2e5b6bc02d379db03a877d34d/library/core/src/ops/function.rs:250:5
[INFO] [stdout]   41:     0x6225dbd7060b - <alloc::boxed::Box<F,A> as core::ops::function::FnOnce<Args>>::call_once::h42f0ba71002a1b2c
[INFO] [stdout]                                at /rustc/202008a1b8de96d2e5b6bc02d379db03a877d34d/library/alloc/src/boxed.rs:1972:9
[INFO] [stdout]   42:     0x6225dbd7060b - <alloc::boxed::Box<F,A> as core::ops::function::FnOnce<Args>>::call_once::had9e47d7a3dcecb8
[INFO] [stdout]                                at /rustc/202008a1b8de96d2e5b6bc02d379db03a877d34d/library/alloc/src/boxed.rs:1972:9
[INFO] [stdout]   43:     0x6225dbd7060b - std::sys::pal::unix::thread::Thread::new::thread_start::h48cf765408f6f5f2
[INFO] [stdout]                                at /rustc/202008a1b8de96d2e5b6bc02d379db03a877d34d/library/std/src/sys/pal/unix/thread.rs:105:17
[INFO] [stdout]   44:     0x7e8634e2fac3 - <unknown>
[INFO] [stdout]   45:     0x7e8634ec0a04 - clone
[INFO] [stdout]   46:                0x0 - <unknown>
[INFO] [stdout] 
[INFO] [stdout] 
[INFO] [stdout] failures:
[INFO] [stdout]     test_readme_deps
[INFO] [stdout] 
[INFO] [stdout] test result: FAILED. 0 passed; 1 failed; 1 ignored; 0 measured; 0 filtered out; finished in 0.05s
[INFO] [stdout] 
[INFO] [stderr] error: test failed, to rerun pass `--test version-numbers`
[INFO] running `Command { std: "docker" "inspect" "8d749883203e977debed49bffc42a03ffaef8e07294b9a08f3d03f18ea2aa73f", kill_on_drop: false }`
[INFO] running `Command { std: "docker" "rm" "-f" "8d749883203e977debed49bffc42a03ffaef8e07294b9a08f3d03f18ea2aa73f", kill_on_drop: false }`
[INFO] [stdout] 8d749883203e977debed49bffc42a03ffaef8e07294b9a08f3d03f18ea2aa73f
