[INFO] fetching crate executable_path_finder 0.0.5...
[INFO] testing executable_path_finder-0.0.5 against 1.83.0 for beta-1.84.0-4-retry
[INFO] extracting crate executable_path_finder 0.0.5 into /workspace/builds/worker-2-tc1/source
[INFO] validating manifest of crates.io crate executable_path_finder 0.0.5 on toolchain 1.83.0
[INFO] running `Command { std: CARGO_HOME="/workspace/cargo-home" RUSTUP_HOME="/workspace/rustup-home" "/workspace/cargo-home/bin/cargo" "+1.83.0" "metadata" "--manifest-path" "Cargo.toml" "--no-deps", kill_on_drop: false }`
[INFO] started tweaking crates.io crate executable_path_finder 0.0.5
[INFO] finished tweaking crates.io crate executable_path_finder 0.0.5
[INFO] tweaked toml for crates.io crate executable_path_finder 0.0.5 written to /workspace/builds/worker-2-tc1/source/Cargo.toml
[INFO] running `Command { std: CARGO_HOME="/workspace/cargo-home" RUSTUP_HOME="/workspace/rustup-home" "/workspace/cargo-home/bin/cargo" "+1.83.0" "generate-lockfile" "--manifest-path" "Cargo.toml", kill_on_drop: false }`
[INFO] [stderr]     Updating crates.io index
[INFO] [stderr]      Locking 20 packages to latest compatible versions
[INFO] running `Command { std: CARGO_HOME="/workspace/cargo-home" RUSTUP_HOME="/workspace/rustup-home" "/workspace/cargo-home/bin/cargo" "+1.83.0" "fetch" "--manifest-path" "Cargo.toml", kill_on_drop: false }`
[INFO] running `Command { std: "docker" "create" "-v" "/var/lib/crater-agent-workspace/builds/worker-2-tc1/target:/opt/rustwide/target:rw,Z" "-v" "/var/lib/crater-agent-workspace/builds/worker-2-tc1/source:/opt/rustwide/workdir:ro,Z" "-v" "/var/lib/crater-agent-workspace/cargo-home:/opt/rustwide/cargo-home:ro,Z" "-v" "/var/lib/crater-agent-workspace/rustup-home:/opt/rustwide/rustup-home:ro,Z" "-e" "SOURCE_DIR=/opt/rustwide/workdir" "-e" "CARGO_TARGET_DIR=/opt/rustwide/target" "-e" "CARGO_HOME=/opt/rustwide/cargo-home" "-e" "RUSTUP_HOME=/opt/rustwide/rustup-home" "-w" "/opt/rustwide/workdir" "-m" "1610612736" "--user" "0:0" "--network" "none" "ghcr.io/rust-lang/crates-build-env/linux@sha256:f3a9d4ad9d972b27faf3965f35b62e55ba32bbce8f20bc8fe909558a86702fde" "/opt/rustwide/cargo-home/bin/cargo" "+1.83.0" "metadata" "--no-deps" "--format-version=1", kill_on_drop: false }`
[INFO] [stdout] 0385854d5c79b96864f81eda7bd23f2921a7bed13fecd9bec10e4c5ca4345063
[INFO] running `Command { std: "docker" "start" "-a" "0385854d5c79b96864f81eda7bd23f2921a7bed13fecd9bec10e4c5ca4345063", kill_on_drop: false }`
[INFO] running `Command { std: "docker" "inspect" "0385854d5c79b96864f81eda7bd23f2921a7bed13fecd9bec10e4c5ca4345063", kill_on_drop: false }`
[INFO] running `Command { std: "docker" "rm" "-f" "0385854d5c79b96864f81eda7bd23f2921a7bed13fecd9bec10e4c5ca4345063", kill_on_drop: false }`
[INFO] [stdout] 0385854d5c79b96864f81eda7bd23f2921a7bed13fecd9bec10e4c5ca4345063
[INFO] running `Command { std: "docker" "create" "-v" "/var/lib/crater-agent-workspace/builds/worker-2-tc1/target:/opt/rustwide/target:rw,Z" "-v" "/var/lib/crater-agent-workspace/builds/worker-2-tc1/source:/opt/rustwide/workdir:ro,Z" "-v" "/var/lib/crater-agent-workspace/cargo-home:/opt/rustwide/cargo-home:ro,Z" "-v" "/var/lib/crater-agent-workspace/rustup-home:/opt/rustwide/rustup-home:ro,Z" "-e" "SOURCE_DIR=/opt/rustwide/workdir" "-e" "CARGO_TARGET_DIR=/opt/rustwide/target" "-e" "CARGO_INCREMENTAL=0" "-e" "RUST_BACKTRACE=full" "-e" "RUSTFLAGS=--cap-lints=warn" "-e" "RUSTDOCFLAGS=--cap-lints=warn" "-e" "CARGO_HOME=/opt/rustwide/cargo-home" "-e" "RUSTUP_HOME=/opt/rustwide/rustup-home" "-w" "/opt/rustwide/workdir" "-m" "1610612736" "--user" "0:0" "--network" "none" "ghcr.io/rust-lang/crates-build-env/linux@sha256:f3a9d4ad9d972b27faf3965f35b62e55ba32bbce8f20bc8fe909558a86702fde" "/opt/rustwide/cargo-home/bin/cargo" "+1.83.0" "build" "--frozen" "--message-format=json", kill_on_drop: false }`
[INFO] [stdout] e4b4d527694ba0660d0e08f529892c755fdf9e5900018be88116dd722b732b6a
[INFO] running `Command { std: "docker" "start" "-a" "e4b4d527694ba0660d0e08f529892c755fdf9e5900018be88116dd722b732b6a", kill_on_drop: false }`
[INFO] [stderr]    Compiling camino v1.1.9
[INFO] [stderr]    Compiling executable_path_finder v0.0.5 (/opt/rustwide/workdir)
[INFO] [stderr]     Finished `dev` profile [unoptimized + debuginfo] target(s) in 1.16s
[INFO] running `Command { std: "docker" "inspect" "e4b4d527694ba0660d0e08f529892c755fdf9e5900018be88116dd722b732b6a", kill_on_drop: false }`
[INFO] running `Command { std: "docker" "rm" "-f" "e4b4d527694ba0660d0e08f529892c755fdf9e5900018be88116dd722b732b6a", kill_on_drop: false }`
[INFO] [stdout] e4b4d527694ba0660d0e08f529892c755fdf9e5900018be88116dd722b732b6a
[INFO] running `Command { std: "docker" "create" "-v" "/var/lib/crater-agent-workspace/builds/worker-2-tc1/target:/opt/rustwide/target:rw,Z" "-v" "/var/lib/crater-agent-workspace/builds/worker-2-tc1/source:/opt/rustwide/workdir:ro,Z" "-v" "/var/lib/crater-agent-workspace/cargo-home:/opt/rustwide/cargo-home:ro,Z" "-v" "/var/lib/crater-agent-workspace/rustup-home:/opt/rustwide/rustup-home:ro,Z" "-e" "SOURCE_DIR=/opt/rustwide/workdir" "-e" "CARGO_TARGET_DIR=/opt/rustwide/target" "-e" "CARGO_INCREMENTAL=0" "-e" "RUST_BACKTRACE=full" "-e" "RUSTFLAGS=--cap-lints=warn" "-e" "RUSTDOCFLAGS=--cap-lints=warn" "-e" "CARGO_HOME=/opt/rustwide/cargo-home" "-e" "RUSTUP_HOME=/opt/rustwide/rustup-home" "-w" "/opt/rustwide/workdir" "-m" "1610612736" "--user" "0:0" "--network" "none" "ghcr.io/rust-lang/crates-build-env/linux@sha256:f3a9d4ad9d972b27faf3965f35b62e55ba32bbce8f20bc8fe909558a86702fde" "/opt/rustwide/cargo-home/bin/cargo" "+1.83.0" "test" "--frozen" "--no-run" "--message-format=json", kill_on_drop: false }`
[INFO] [stdout] 2ed988edfd921e123c045967091ae8ffe88b20f36b468767011f1a3bfabf78f5
[INFO] running `Command { std: "docker" "start" "-a" "2ed988edfd921e123c045967091ae8ffe88b20f36b468767011f1a3bfabf78f5", kill_on_drop: false }`
[INFO] [stderr]    Compiling rustix v0.38.42
[INFO] [stderr]    Compiling linux-raw-sys v0.4.14
[INFO] [stderr]    Compiling bitflags v2.6.0
[INFO] [stderr]    Compiling fastrand v2.3.0
[INFO] [stderr]    Compiling once_cell v1.20.2
[INFO] [stderr]    Compiling tempfile v3.14.0
[INFO] [stderr]    Compiling executable_path_finder v0.0.5 (/opt/rustwide/workdir)
[INFO] [stderr]     Finished `test` profile [unoptimized + debuginfo] target(s) in 3.38s
[INFO] running `Command { std: "docker" "inspect" "2ed988edfd921e123c045967091ae8ffe88b20f36b468767011f1a3bfabf78f5", kill_on_drop: false }`
[INFO] running `Command { std: "docker" "rm" "-f" "2ed988edfd921e123c045967091ae8ffe88b20f36b468767011f1a3bfabf78f5", kill_on_drop: false }`
[INFO] [stdout] 2ed988edfd921e123c045967091ae8ffe88b20f36b468767011f1a3bfabf78f5
[INFO] running `Command { std: "docker" "create" "-v" "/var/lib/crater-agent-workspace/builds/worker-2-tc1/target:/opt/rustwide/target:rw,Z" "-v" "/var/lib/crater-agent-workspace/builds/worker-2-tc1/source:/opt/rustwide/workdir:ro,Z" "-v" "/var/lib/crater-agent-workspace/cargo-home:/opt/rustwide/cargo-home:ro,Z" "-v" "/var/lib/crater-agent-workspace/rustup-home:/opt/rustwide/rustup-home:ro,Z" "-e" "SOURCE_DIR=/opt/rustwide/workdir" "-e" "CARGO_TARGET_DIR=/opt/rustwide/target" "-e" "CARGO_INCREMENTAL=0" "-e" "RUST_BACKTRACE=full" "-e" "RUSTFLAGS=--cap-lints=warn" "-e" "RUSTDOCFLAGS=--cap-lints=warn" "-e" "CARGO_HOME=/opt/rustwide/cargo-home" "-e" "RUSTUP_HOME=/opt/rustwide/rustup-home" "-w" "/opt/rustwide/workdir" "-m" "1610612736" "--user" "0:0" "--network" "none" "ghcr.io/rust-lang/crates-build-env/linux@sha256:f3a9d4ad9d972b27faf3965f35b62e55ba32bbce8f20bc8fe909558a86702fde" "/opt/rustwide/cargo-home/bin/cargo" "+1.83.0" "test" "--frozen", kill_on_drop: false }`
[INFO] [stdout] e25dcffa0177dd0be8c1a219560b1f6c7101253ebe4e5537b7e968728a06171e
[INFO] running `Command { std: "docker" "start" "-a" "e25dcffa0177dd0be8c1a219560b1f6c7101253ebe4e5537b7e968728a06171e", kill_on_drop: false }`
[INFO] [stderr]     Finished `test` profile [unoptimized + debuginfo] target(s) in 0.02s
[INFO] [stderr]      Running unittests src/lib.rs (/opt/rustwide/target/debug/deps/executable_path_finder-0a89851e3207deb3)
[INFO] [stdout] 
[INFO] [stdout] running 4 tests
[INFO] [stdout] test tests::test_find_in_env ... ok
[INFO] [stdout] test tests::test_probe_for_binary ... ok
[INFO] [stdout] test tests::test_find_in_path ... ok
[INFO] [stdout] test tests::test_find_with_cargo_home ... ok
[INFO] [stdout] 
[INFO] [stdout] test result: ok. 4 passed; 0 failed; 0 ignored; 0 measured; 0 filtered out; finished in 0.00s
[INFO] [stdout] 
[INFO] [stderr]    Doc-tests executable_path_finder
[INFO] [stdout] 
[INFO] [stdout] running 3 tests
[INFO] [stdout] test src/home.rs - home::rustup_home (line 137) ... FAILED
[INFO] [stdout] test src/home.rs - home::home_dir (line 55) ... FAILED
[INFO] [stdout] test src/home.rs - home::cargo_home (line 100) ... FAILED
[INFO] [stdout] 
[INFO] [stdout] failures:
[INFO] [stdout] 
[INFO] [stdout] ---- src/home.rs - home::rustup_home (line 137) stdout ----
[INFO] [stdout] error[E0433]: failed to resolve: use of undeclared crate or module `home`
[INFO] [stdout]  --> src/home.rs:138:7
[INFO] [stdout]   |
[INFO] [stdout] 3 | match home::rustup_home() {
[INFO] [stdout]   |       ^^^^ use of undeclared crate or module `home`
[INFO] [stdout]   |
[INFO] [stdout] help: consider importing this module
[INFO] [stdout]   |
[INFO] [stdout] 2 + use executable_path_finder::home;
[INFO] [stdout]   |
[INFO] [stdout] 
[INFO] [stdout] error: aborting due to 1 previous error
[INFO] [stdout] 
[INFO] [stdout] For more information about this error, try `rustc --explain E0433`.
[INFO] [stdout] Couldn't compile the test.
[INFO] [stdout] ---- src/home.rs - home::home_dir (line 55) stdout ----
[INFO] [stdout] error[E0433]: failed to resolve: use of undeclared crate or module `home`
[INFO] [stdout]  --> src/home.rs:56:7
[INFO] [stdout]   |
[INFO] [stdout] 3 | match home::home_dir() {
[INFO] [stdout]   |       ^^^^ use of undeclared crate or module `home`
[INFO] [stdout]   |
[INFO] [stdout] help: consider importing this module
[INFO] [stdout]   |
[INFO] [stdout] 2 + use executable_path_finder::home;
[INFO] [stdout]   |
[INFO] [stdout] 
[INFO] [stdout] error: aborting due to 1 previous error
[INFO] [stdout] 
[INFO] [stdout] For more information about this error, try `rustc --explain E0433`.
[INFO] [stdout] Couldn't compile the test.
[INFO] [stdout] ---- src/home.rs - home::cargo_home (line 100) stdout ----
[INFO] [stdout] error[E0433]: failed to resolve: use of undeclared crate or module `home`
[INFO] [stdout]  --> src/home.rs:101:7
[INFO] [stdout]   |
[INFO] [stdout] 3 | match home::cargo_home() {
[INFO] [stdout]   |       ^^^^ use of undeclared crate or module `home`
[INFO] [stdout]   |
[INFO] [stdout] help: consider importing this module
[INFO] [stdout]   |
[INFO] [stdout] 2 + use executable_path_finder::home;
[INFO] [stdout]   |
[INFO] [stdout] 
[INFO] [stdout] error: aborting due to 1 previous error
[INFO] [stdout] 
[INFO] [stdout] For more information about this error, try `rustc --explain E0433`.
[INFO] [stdout] Couldn't compile the test.
[INFO] [stdout] 
[INFO] [stdout] failures:
[INFO] [stdout]     src/home.rs - home::cargo_home (line 100)
[INFO] [stdout]     src/home.rs - home::home_dir (line 55)
[INFO] [stdout]     src/home.rs - home::rustup_home (line 137)
[INFO] [stdout] 
[INFO] [stdout] test result: FAILED. 0 passed; 3 failed; 0 ignored; 0 measured; 0 filtered out; finished in 0.08s
[INFO] [stdout] 
[INFO] [stderr] error: doctest failed, to rerun pass `--doc`
[INFO] running `Command { std: "docker" "inspect" "e25dcffa0177dd0be8c1a219560b1f6c7101253ebe4e5537b7e968728a06171e", kill_on_drop: false }`
[INFO] running `Command { std: "docker" "rm" "-f" "e25dcffa0177dd0be8c1a219560b1f6c7101253ebe4e5537b7e968728a06171e", kill_on_drop: false }`
[INFO] [stdout] e25dcffa0177dd0be8c1a219560b1f6c7101253ebe4e5537b7e968728a06171e
