[INFO] fetching crate ex3-payload-derive 0.15.0...
[INFO] testing ex3-payload-derive-0.15.0 against 1.83.0 for beta-1.84.0-4-retry
[INFO] extracting crate ex3-payload-derive 0.15.0 into /workspace/builds/worker-4-tc1/source
[INFO] validating manifest of crates.io crate ex3-payload-derive 0.15.0 on toolchain 1.83.0
[INFO] running `Command { std: CARGO_HOME="/workspace/cargo-home" RUSTUP_HOME="/workspace/rustup-home" "/workspace/cargo-home/bin/cargo" "+1.83.0" "metadata" "--manifest-path" "Cargo.toml" "--no-deps", kill_on_drop: false }`
[INFO] started tweaking crates.io crate ex3-payload-derive 0.15.0
[INFO] finished tweaking crates.io crate ex3-payload-derive 0.15.0
[INFO] tweaked toml for crates.io crate ex3-payload-derive 0.15.0 written to /workspace/builds/worker-4-tc1/source/Cargo.toml
[INFO] running `Command { std: CARGO_HOME="/workspace/cargo-home" RUSTUP_HOME="/workspace/rustup-home" "/workspace/cargo-home/bin/cargo" "+1.83.0" "generate-lockfile" "--manifest-path" "Cargo.toml", kill_on_drop: false }`
[INFO] [stderr]     Updating crates.io index
[INFO] [stderr]      Locking 21 packages to latest compatible versions
[INFO] [stderr]       Adding syn v1.0.109 (available: v2.0.90)
[INFO] running `Command { std: CARGO_HOME="/workspace/cargo-home" RUSTUP_HOME="/workspace/rustup-home" "/workspace/cargo-home/bin/cargo" "+1.83.0" "fetch" "--manifest-path" "Cargo.toml", kill_on_drop: false }`
[INFO] running `Command { std: "docker" "create" "-v" "/var/lib/crater-agent-workspace/builds/worker-4-tc1/target:/opt/rustwide/target:rw,Z" "-v" "/var/lib/crater-agent-workspace/builds/worker-4-tc1/source:/opt/rustwide/workdir:ro,Z" "-v" "/var/lib/crater-agent-workspace/cargo-home:/opt/rustwide/cargo-home:ro,Z" "-v" "/var/lib/crater-agent-workspace/rustup-home:/opt/rustwide/rustup-home:ro,Z" "-e" "SOURCE_DIR=/opt/rustwide/workdir" "-e" "CARGO_TARGET_DIR=/opt/rustwide/target" "-e" "CARGO_HOME=/opt/rustwide/cargo-home" "-e" "RUSTUP_HOME=/opt/rustwide/rustup-home" "-w" "/opt/rustwide/workdir" "-m" "1610612736" "--user" "0:0" "--network" "none" "ghcr.io/rust-lang/crates-build-env/linux@sha256:f3a9d4ad9d972b27faf3965f35b62e55ba32bbce8f20bc8fe909558a86702fde" "/opt/rustwide/cargo-home/bin/cargo" "+1.83.0" "metadata" "--no-deps" "--format-version=1", kill_on_drop: false }`
[INFO] [stdout] 4b9ec06699d5c3a9bfc88d41370c719838b8d749e711256f03a5a11d0d1fabe1
[INFO] running `Command { std: "docker" "start" "-a" "4b9ec06699d5c3a9bfc88d41370c719838b8d749e711256f03a5a11d0d1fabe1", kill_on_drop: false }`
[INFO] running `Command { std: "docker" "inspect" "4b9ec06699d5c3a9bfc88d41370c719838b8d749e711256f03a5a11d0d1fabe1", kill_on_drop: false }`
[INFO] running `Command { std: "docker" "rm" "-f" "4b9ec06699d5c3a9bfc88d41370c719838b8d749e711256f03a5a11d0d1fabe1", kill_on_drop: false }`
[INFO] [stdout] 4b9ec06699d5c3a9bfc88d41370c719838b8d749e711256f03a5a11d0d1fabe1
[INFO] running `Command { std: "docker" "create" "-v" "/var/lib/crater-agent-workspace/builds/worker-4-tc1/target:/opt/rustwide/target:rw,Z" "-v" "/var/lib/crater-agent-workspace/builds/worker-4-tc1/source:/opt/rustwide/workdir:ro,Z" "-v" "/var/lib/crater-agent-workspace/cargo-home:/opt/rustwide/cargo-home:ro,Z" "-v" "/var/lib/crater-agent-workspace/rustup-home:/opt/rustwide/rustup-home:ro,Z" "-e" "SOURCE_DIR=/opt/rustwide/workdir" "-e" "CARGO_TARGET_DIR=/opt/rustwide/target" "-e" "CARGO_INCREMENTAL=0" "-e" "RUST_BACKTRACE=full" "-e" "RUSTFLAGS=--cap-lints=warn" "-e" "RUSTDOCFLAGS=--cap-lints=warn" "-e" "CARGO_HOME=/opt/rustwide/cargo-home" "-e" "RUSTUP_HOME=/opt/rustwide/rustup-home" "-w" "/opt/rustwide/workdir" "-m" "1610612736" "--user" "0:0" "--network" "none" "ghcr.io/rust-lang/crates-build-env/linux@sha256:f3a9d4ad9d972b27faf3965f35b62e55ba32bbce8f20bc8fe909558a86702fde" "/opt/rustwide/cargo-home/bin/cargo" "+1.83.0" "build" "--frozen" "--message-format=json", kill_on_drop: false }`
[INFO] [stdout] 11232d7ea7b096c79e8d63714c6df5ca9e6526b578685822b0e0d557a7b4f440
[INFO] running `Command { std: "docker" "start" "-a" "11232d7ea7b096c79e8d63714c6df5ca9e6526b578685822b0e0d557a7b4f440", kill_on_drop: false }`
[INFO] [stderr]    Compiling proc-macro2 v1.0.92
[INFO] [stderr]    Compiling unicode-ident v1.0.14
[INFO] [stderr]    Compiling syn v1.0.109
[INFO] [stderr]    Compiling quote v1.0.37
[INFO] [stderr]    Compiling ex3-payload-derive v0.15.0 (/opt/rustwide/workdir)
[INFO] [stdout] warning: unused import: `super::*`
[INFO] [stdout]    --> src/ex3_payload.rs:135:9
[INFO] [stdout]     |
[INFO] [stdout] 135 |     use super::*;
[INFO] [stdout]     |         ^^^^^^^^
[INFO] [stdout]     |
[INFO] [stdout]     = note: `#[warn(unused_imports)]` on by default
[INFO] [stdout] 
[INFO] [stdout] 
[INFO] [stderr]     Finished `dev` profile [unoptimized + debuginfo] target(s) in 5.25s
[INFO] running `Command { std: "docker" "inspect" "11232d7ea7b096c79e8d63714c6df5ca9e6526b578685822b0e0d557a7b4f440", kill_on_drop: false }`
[INFO] running `Command { std: "docker" "rm" "-f" "11232d7ea7b096c79e8d63714c6df5ca9e6526b578685822b0e0d557a7b4f440", kill_on_drop: false }`
[INFO] [stdout] 11232d7ea7b096c79e8d63714c6df5ca9e6526b578685822b0e0d557a7b4f440
[INFO] running `Command { std: "docker" "create" "-v" "/var/lib/crater-agent-workspace/builds/worker-4-tc1/target:/opt/rustwide/target:rw,Z" "-v" "/var/lib/crater-agent-workspace/builds/worker-4-tc1/source:/opt/rustwide/workdir:ro,Z" "-v" "/var/lib/crater-agent-workspace/cargo-home:/opt/rustwide/cargo-home:ro,Z" "-v" "/var/lib/crater-agent-workspace/rustup-home:/opt/rustwide/rustup-home:ro,Z" "-e" "SOURCE_DIR=/opt/rustwide/workdir" "-e" "CARGO_TARGET_DIR=/opt/rustwide/target" "-e" "CARGO_INCREMENTAL=0" "-e" "RUST_BACKTRACE=full" "-e" "RUSTFLAGS=--cap-lints=warn" "-e" "RUSTDOCFLAGS=--cap-lints=warn" "-e" "CARGO_HOME=/opt/rustwide/cargo-home" "-e" "RUSTUP_HOME=/opt/rustwide/rustup-home" "-w" "/opt/rustwide/workdir" "-m" "1610612736" "--user" "0:0" "--network" "none" "ghcr.io/rust-lang/crates-build-env/linux@sha256:f3a9d4ad9d972b27faf3965f35b62e55ba32bbce8f20bc8fe909558a86702fde" "/opt/rustwide/cargo-home/bin/cargo" "+1.83.0" "test" "--frozen" "--no-run" "--message-format=json", kill_on_drop: false }`
[INFO] [stdout] f9e4bcd36db68aaeb0d68c40bf7afa31a6bb22bbc5dba152b94a0a447c93355b
[INFO] running `Command { std: "docker" "start" "-a" "f9e4bcd36db68aaeb0d68c40bf7afa31a6bb22bbc5dba152b94a0a447c93355b", kill_on_drop: false }`
[INFO] [stderr]    Compiling libc v0.2.168
[INFO] [stderr]    Compiling lazy_static v1.5.0
[INFO] [stderr]    Compiling linked-hash-map v0.5.6
[INFO] [stderr]    Compiling similar v2.6.0
[INFO] [stderr]    Compiling ex3-payload-derive v0.15.0 (/opt/rustwide/workdir)
[INFO] [stdout] warning: unused import: `super::*`
[INFO] [stdout]    --> src/ex3_payload.rs:135:9
[INFO] [stdout]     |
[INFO] [stdout] 135 |     use super::*;
[INFO] [stdout]     |         ^^^^^^^^
[INFO] [stdout]     |
[INFO] [stdout]     = note: `#[warn(unused_imports)]` on by default
[INFO] [stdout] 
[INFO] [stdout] 
[INFO] [stderr]    Compiling console v0.15.8
[INFO] [stderr]    Compiling insta v1.41.1
[INFO] [stdout] warning: use of deprecated macro `insta::assert_display_snapshot`: use assert_snapshot!() instead
[INFO] [stdout]    --> src/ex3_payload.rs:151:9
[INFO] [stdout]     |
[INFO] [stdout] 151 |         insta::assert_display_snapshot!(gen);
[INFO] [stdout]     |         ^^^^^^^^^^^^^^^^^^^^^^^^^^^^^^
[INFO] [stdout]     |
[INFO] [stdout]     = note: `#[warn(deprecated)]` on by default
[INFO] [stdout] 
[INFO] [stdout] 
[INFO] [stdout] warning: use of deprecated macro `insta::assert_display_snapshot`: use assert_snapshot!() instead
[INFO] [stdout]    --> src/ex3_payload.rs:164:9
[INFO] [stdout]     |
[INFO] [stdout] 164 |         insta::assert_display_snapshot!(gen);
[INFO] [stdout]     |         ^^^^^^^^^^^^^^^^^^^^^^^^^^^^^^
[INFO] [stdout] 
[INFO] [stdout] 
[INFO] [stdout] warning: use of deprecated macro `insta::assert_display_snapshot`: use assert_snapshot!() instead
[INFO] [stdout]    --> src/ex3_payload.rs:181:9
[INFO] [stdout]     |
[INFO] [stdout] 181 |         insta::assert_display_snapshot!(gen);
[INFO] [stdout]     |         ^^^^^^^^^^^^^^^^^^^^^^^^^^^^^^
[INFO] [stdout] 
[INFO] [stdout] 
[INFO] [stderr]     Finished `test` profile [unoptimized + debuginfo] target(s) in 5.42s
[INFO] running `Command { std: "docker" "inspect" "f9e4bcd36db68aaeb0d68c40bf7afa31a6bb22bbc5dba152b94a0a447c93355b", kill_on_drop: false }`
[INFO] running `Command { std: "docker" "rm" "-f" "f9e4bcd36db68aaeb0d68c40bf7afa31a6bb22bbc5dba152b94a0a447c93355b", kill_on_drop: false }`
[INFO] [stdout] f9e4bcd36db68aaeb0d68c40bf7afa31a6bb22bbc5dba152b94a0a447c93355b
[INFO] running `Command { std: "docker" "create" "-v" "/var/lib/crater-agent-workspace/builds/worker-4-tc1/target:/opt/rustwide/target:rw,Z" "-v" "/var/lib/crater-agent-workspace/builds/worker-4-tc1/source:/opt/rustwide/workdir:ro,Z" "-v" "/var/lib/crater-agent-workspace/cargo-home:/opt/rustwide/cargo-home:ro,Z" "-v" "/var/lib/crater-agent-workspace/rustup-home:/opt/rustwide/rustup-home:ro,Z" "-e" "SOURCE_DIR=/opt/rustwide/workdir" "-e" "CARGO_TARGET_DIR=/opt/rustwide/target" "-e" "CARGO_INCREMENTAL=0" "-e" "RUST_BACKTRACE=full" "-e" "RUSTFLAGS=--cap-lints=warn" "-e" "RUSTDOCFLAGS=--cap-lints=warn" "-e" "CARGO_HOME=/opt/rustwide/cargo-home" "-e" "RUSTUP_HOME=/opt/rustwide/rustup-home" "-w" "/opt/rustwide/workdir" "-m" "1610612736" "--user" "0:0" "--network" "none" "ghcr.io/rust-lang/crates-build-env/linux@sha256:f3a9d4ad9d972b27faf3965f35b62e55ba32bbce8f20bc8fe909558a86702fde" "/opt/rustwide/cargo-home/bin/cargo" "+1.83.0" "test" "--frozen", kill_on_drop: false }`
[INFO] [stdout] 1d0220ce7533b13bcbfc8c74ace23c24d850011162154ababaa417341bc6468a
[INFO] running `Command { std: "docker" "start" "-a" "1d0220ce7533b13bcbfc8c74ace23c24d850011162154ababaa417341bc6468a", kill_on_drop: false }`
[INFO] [stderr] warning: unused import: `super::*`
[INFO] [stderr]    --> src/ex3_payload.rs:135:9
[INFO] [stderr]     |
[INFO] [stderr] 135 |     use super::*;
[INFO] [stderr]     |         ^^^^^^^^
[INFO] [stderr]     |
[INFO] [stderr]     = note: `#[warn(unused_imports)]` on by default
[INFO] [stderr] 
[INFO] [stderr] warning: `ex3-payload-derive` (lib) generated 1 warning (run `cargo fix --lib -p ex3-payload-derive` to apply 1 suggestion)
[INFO] [stderr] warning: use of deprecated macro `insta::assert_display_snapshot`: use assert_snapshot!() instead
[INFO] [stderr]    --> src/ex3_payload.rs:151:9
[INFO] [stderr]     |
[INFO] [stderr] 151 |         insta::assert_display_snapshot!(gen);
[INFO] [stderr]     |         ^^^^^^^^^^^^^^^^^^^^^^^^^^^^^^
[INFO] [stderr]     |
[INFO] [stderr]     = note: `#[warn(deprecated)]` on by default
[INFO] [stderr] 
[INFO] [stderr] warning: use of deprecated macro `insta::assert_display_snapshot`: use assert_snapshot!() instead
[INFO] [stderr]    --> src/ex3_payload.rs:164:9
[INFO] [stderr]     |
[INFO] [stderr] 164 |         insta::assert_display_snapshot!(gen);
[INFO] [stderr]     |         ^^^^^^^^^^^^^^^^^^^^^^^^^^^^^^
[INFO] [stderr] 
[INFO] [stderr] warning: use of deprecated macro `insta::assert_display_snapshot`: use assert_snapshot!() instead
[INFO] [stderr]    --> src/ex3_payload.rs:181:9
[INFO] [stderr]     |
[INFO] [stderr] 181 |         insta::assert_display_snapshot!(gen);
[INFO] [stderr]     |         ^^^^^^^^^^^^^^^^^^^^^^^^^^^^^^
[INFO] [stderr] 
[INFO] [stderr] warning: `ex3-payload-derive` (lib test) generated 3 warnings
[INFO] [stderr]     Finished `test` profile [unoptimized + debuginfo] target(s) in 0.03s
[INFO] [stderr]      Running unittests src/lib.rs (/opt/rustwide/target/debug/deps/ex3_payload_derive-3a8fb677b42bd291)
[INFO] [stdout] 
[INFO] [stdout] running 3 tests
[INFO] [stdout] test ex3_payload::tests::test_biguint ... ok
[INFO] [stderr]    Doc-tests ex3_payload_derive
[INFO] [stdout] test ex3_payload::tests::test_comment ... ok
[INFO] [stdout] test ex3_payload::tests::test_ex3_payload_derive ... ok
[INFO] [stdout] 
[INFO] [stdout] test result: ok. 3 passed; 0 failed; 0 ignored; 0 measured; 0 filtered out; finished in 0.06s
[INFO] [stdout] 
[INFO] [stdout] 
[INFO] [stdout] running 1 test
[INFO] [stdout] test src/lib.rs - (line 2) ... FAILED
[INFO] [stdout] 
[INFO] [stdout] failures:
[INFO] [stdout] 
[INFO] [stdout] ---- src/lib.rs - (line 2) stdout ----
[INFO] [stdout] error: cannot find derive macro `Ex3Payload` in this scope
[INFO] [stdout]   --> src/lib.rs:22:32
[INFO] [stdout]    |
[INFO] [stdout] 22 | #[derive(Eq, PartialEq, Debug, Ex3Payload)]
[INFO] [stdout]    |                                ^^^^^^^^^^
[INFO] [stdout]    |
[INFO] [stdout] help: consider importing this derive macro
[INFO] [stdout]    |
[INFO] [stdout] 2  + use ex3_payload_derive::Ex3Payload;
[INFO] [stdout]    |
[INFO] [stdout] 
[INFO] [stdout] error: cannot find attribute `index` in this scope
[INFO] [stdout]   --> src/lib.rs:24:7
[INFO] [stdout]    |
[INFO] [stdout] 24 |     #[index(0)]
[INFO] [stdout]    |       ^^^^^
[INFO] [stdout] 
[INFO] [stdout] error: cannot find attribute `index` in this scope
[INFO] [stdout]   --> src/lib.rs:26:7
[INFO] [stdout]    |
[INFO] [stdout] 26 |     #[index(1)]
[INFO] [stdout]    |       ^^^^^
[INFO] [stdout] 
[INFO] [stdout] error: cannot find attribute `index` in this scope
[INFO] [stdout]   --> src/lib.rs:28:7
[INFO] [stdout]    |
[INFO] [stdout] 28 |     #[index(2)]
[INFO] [stdout]    |       ^^^^^
[INFO] [stdout] 
[INFO] [stdout] error: cannot find attribute `index` in this scope
[INFO] [stdout]   --> src/lib.rs:30:7
[INFO] [stdout]    |
[INFO] [stdout] 30 |     #[index(3)]
[INFO] [stdout]    |       ^^^^^
[INFO] [stdout] 
[INFO] [stdout] error: cannot find attribute `index` in this scope
[INFO] [stdout]   --> src/lib.rs:32:7
[INFO] [stdout]    |
[INFO] [stdout] 32 |     #[index(4)]
[INFO] [stdout]    |       ^^^^^
[INFO] [stdout] 
[INFO] [stdout] error: cannot find attribute `index` in this scope
[INFO] [stdout]   --> src/lib.rs:34:7
[INFO] [stdout]    |
[INFO] [stdout] 34 |     #[index(5)]
[INFO] [stdout]    |       ^^^^^
[INFO] [stdout] 
[INFO] [stdout] error: cannot find attribute `index` in this scope
[INFO] [stdout]   --> src/lib.rs:36:7
[INFO] [stdout]    |
[INFO] [stdout] 36 |     #[index(6)]
[INFO] [stdout]    |       ^^^^^
[INFO] [stdout] 
[INFO] [stdout] error: cannot find attribute `index` in this scope
[INFO] [stdout]   --> src/lib.rs:38:7
[INFO] [stdout]    |
[INFO] [stdout] 38 |     #[index(7)]
[INFO] [stdout]    |       ^^^^^
[INFO] [stdout] 
[INFO] [stdout] error: cannot find attribute `index` in this scope
[INFO] [stdout]   --> src/lib.rs:40:7
[INFO] [stdout]    |
[INFO] [stdout] 40 |     #[index(8)]
[INFO] [stdout]    |       ^^^^^
[INFO] [stdout] 
[INFO] [stdout] error: cannot find derive macro `Ex3PayloadEnum` in this scope
[INFO] [stdout]   --> src/lib.rs:15:45
[INFO] [stdout]    |
[INFO] [stdout] 15 | #[derive(Eq, PartialEq, Debug, Copy, Clone, Ex3PayloadEnum)]
[INFO] [stdout]    |                                             ^^^^^^^^^^^^^^
[INFO] [stdout]    |
[INFO] [stdout] help: consider importing this derive macro
[INFO] [stdout]    |
[INFO] [stdout] 2  + use ex3_payload_derive::Ex3PayloadEnum;
[INFO] [stdout]    |
[INFO] [stdout] 
[INFO] [stdout] error: cannot find derive macro `Serialize` in this scope
[INFO] [stdout]   --> src/lib.rs:12:32
[INFO] [stdout]    |
[INFO] [stdout] 12 | #[derive(Eq, PartialEq, Debug, Serialize, Deserialize)]
[INFO] [stdout]    |                                ^^^^^^^^^
[INFO] [stdout] 
[INFO] [stdout] error: cannot find derive macro `Deserialize` in this scope
[INFO] [stdout]   --> src/lib.rs:12:43
[INFO] [stdout]    |
[INFO] [stdout] 12 | #[derive(Eq, PartialEq, Debug, Serialize, Deserialize)]
[INFO] [stdout]    |                                           ^^^^^^^^^^^
[INFO] [stdout] 
[INFO] [stdout] error: cannot find attribute `serde` in this scope
[INFO] [stdout]   --> src/lib.rs:11:3
[INFO] [stdout]    |
[INFO] [stdout] 11 | #[serde(transparent)]
[INFO] [stdout]    |   ^^^^^
[INFO] [stdout] 
[INFO] [stdout] error: cannot find derive macro `Ex3Payload` in this scope
[INFO] [stdout]  --> src/lib.rs:3:32
[INFO] [stdout]   |
[INFO] [stdout] 3 | #[derive(Eq, PartialEq, Debug, Ex3Payload)]
[INFO] [stdout]   |                                ^^^^^^^^^^
[INFO] [stdout]   |
[INFO] [stdout] help: consider importing this derive macro
[INFO] [stdout]   |
[INFO] [stdout] 2 + use ex3_payload_derive::Ex3Payload;
[INFO] [stdout]   |
[INFO] [stdout] 
[INFO] [stdout] error: cannot find attribute `index` in this scope
[INFO] [stdout]  --> src/lib.rs:5:7
[INFO] [stdout]   |
[INFO] [stdout] 5 |     #[index(0)]
[INFO] [stdout]   |       ^^^^^
[INFO] [stdout] 
[INFO] [stdout] error: cannot find attribute `index` in this scope
[INFO] [stdout]  --> src/lib.rs:7:7
[INFO] [stdout]   |
[INFO] [stdout] 7 |     #[index(1)]
[INFO] [stdout]   |       ^^^^^
[INFO] [stdout] 
[INFO] [stdout] error[E0412]: cannot find type `BigUint` in this scope
[INFO] [stdout]  --> src/lib.rs:6:12
[INFO] [stdout]   |
[INFO] [stdout] 6 |     price: BigUint,
[INFO] [stdout]   |            ^^^^^^^ not found in this scope
[INFO] [stdout] 
[INFO] [stdout] error[E0412]: cannot find type `BigUint` in this scope
[INFO] [stdout]  --> src/lib.rs:8:13
[INFO] [stdout]   |
[INFO] [stdout] 8 |     volume: BigUint,
[INFO] [stdout]   |             ^^^^^^^ not found in this scope
[INFO] [stdout] 
[INFO] [stdout] error[E0412]: cannot find type `BigUint` in this scope
[INFO] [stdout]  --> src/lib.rs:6:12
[INFO] [stdout]   |
[INFO] [stdout] 6 |     price: BigUint,
[INFO] [stdout]   |            ^^^^^^^ not found in this scope
[INFO] [stdout]   |
[INFO] [stdout] help: you might be missing a type parameter
[INFO] [stdout]   |
[INFO] [stdout] 4 | struct PriceVolumePair<BigUint> {
[INFO] [stdout]   |                       +++++++++
[INFO] [stdout] 
[INFO] [stdout] error[E0369]: binary operation `==` cannot be applied to type `Vec<PriceVolumePair>`
[INFO] [stdout]   --> src/lib.rs:25:5
[INFO] [stdout]    |
[INFO] [stdout] 22 | #[derive(Eq, PartialEq, Debug, Ex3Payload)]
[INFO] [stdout]    |              --------- in this derive macro expansion
[INFO] [stdout] ...
[INFO] [stdout] 25 |     orders: Vec<PriceVolumePair>,
[INFO] [stdout]    |     ^^^^^^^^^^^^^^^^^^^^^^^^^^^^
[INFO] [stdout]    |
[INFO] [stdout]    = note: this error originates in the derive macro `PartialEq` (in Nightly builds, run with -Z macro-backtrace for more info)
[INFO] [stdout] 
[INFO] [stdout] error[E0369]: binary operation `==` cannot be applied to type `Option<Vec<PriceVolumePair>>`
[INFO] [stdout]   --> src/lib.rs:27:5
[INFO] [stdout]    |
[INFO] [stdout] 22 | #[derive(Eq, PartialEq, Debug, Ex3Payload)]
[INFO] [stdout]    |              --------- in this derive macro expansion
[INFO] [stdout] ...
[INFO] [stdout] 27 |     null_orders: Option<Vec<PriceVolumePair>>,
[INFO] [stdout]    |     ^^^^^^^^^^^^^^^^^^^^^^^^^^^^^^^^^^^^^^^^^
[INFO] [stdout]    |
[INFO] [stdout]    = note: this error originates in the derive macro `PartialEq` (in Nightly builds, run with -Z macro-backtrace for more info)
[INFO] [stdout] 
[INFO] [stdout] error[E0369]: binary operation `==` cannot be applied to type `Option<PriceVolumePair>`
[INFO] [stdout]   --> src/lib.rs:31:5
[INFO] [stdout]    |
[INFO] [stdout] 22 | #[derive(Eq, PartialEq, Debug, Ex3Payload)]
[INFO] [stdout]    |              --------- in this derive macro expansion
[INFO] [stdout] ...
[INFO] [stdout] 31 |     null_one_order: Option<PriceVolumePair>,
[INFO] [stdout]    |     ^^^^^^^^^^^^^^^^^^^^^^^^^^^^^^^^^^^^^^^
[INFO] [stdout]    |
[INFO] [stdout]    = note: this error originates in the derive macro `PartialEq` (in Nightly builds, run with -Z macro-backtrace for more info)
[INFO] [stdout] 
[INFO] [stdout] error: aborting due to 23 previous errors
[INFO] [stdout] 
[INFO] [stdout] Some errors have detailed explanations: E0369, E0412.
[INFO] [stdout] For more information about an error, try `rustc --explain E0369`.
[INFO] [stdout] Couldn't compile the test.
[INFO] [stdout] 
[INFO] [stdout] failures:
[INFO] [stdout]     src/lib.rs - (line 2)
[INFO] [stdout] 
[INFO] [stdout] test result: FAILED. 0 passed; 1 failed; 0 ignored; 0 measured; 0 filtered out; finished in 0.21s
[INFO] [stdout] 
[INFO] [stderr] error: doctest failed, to rerun pass `--doc`
[INFO] running `Command { std: "docker" "inspect" "1d0220ce7533b13bcbfc8c74ace23c24d850011162154ababaa417341bc6468a", kill_on_drop: false }`
[INFO] running `Command { std: "docker" "rm" "-f" "1d0220ce7533b13bcbfc8c74ace23c24d850011162154ababaa417341bc6468a", kill_on_drop: false }`
[INFO] [stdout] 1d0220ce7533b13bcbfc8c74ace23c24d850011162154ababaa417341bc6468a
