[INFO] fetching crate eventure 0.0.17...
[INFO] testing eventure-0.0.17 against 1.83.0 for beta-1.84.0-4-retry
[INFO] extracting crate eventure 0.0.17 into /workspace/builds/worker-6-tc1/source
[INFO] validating manifest of crates.io crate eventure 0.0.17 on toolchain 1.83.0
[INFO] running `Command { std: CARGO_HOME="/workspace/cargo-home" RUSTUP_HOME="/workspace/rustup-home" "/workspace/cargo-home/bin/cargo" "+1.83.0" "metadata" "--manifest-path" "Cargo.toml" "--no-deps", kill_on_drop: false }`
[INFO] started tweaking crates.io crate eventure 0.0.17
[INFO] finished tweaking crates.io crate eventure 0.0.17
[INFO] tweaked toml for crates.io crate eventure 0.0.17 written to /workspace/builds/worker-6-tc1/source/Cargo.toml
[INFO] running `Command { std: CARGO_HOME="/workspace/cargo-home" RUSTUP_HOME="/workspace/rustup-home" "/workspace/cargo-home/bin/cargo" "+1.83.0" "generate-lockfile" "--manifest-path" "Cargo.toml", kill_on_drop: false }`
[INFO] [stderr]     Updating crates.io index
[INFO] [stderr]      Locking 126 packages to latest compatible versions
[INFO] [stderr]       Adding rdkafka v0.36.2 (available: v0.37.0)
[INFO] running `Command { std: CARGO_HOME="/workspace/cargo-home" RUSTUP_HOME="/workspace/rustup-home" "/workspace/cargo-home/bin/cargo" "+1.83.0" "fetch" "--manifest-path" "Cargo.toml", kill_on_drop: false }`
[INFO] [stderr]  Downloading crates ...
[INFO] [stderr]   Downloaded smol v2.0.2
[INFO] [stderr]   Downloaded rdkafka-sys v4.8.0+2.3.0
[INFO] running `Command { std: "docker" "create" "-v" "/var/lib/crater-agent-workspace/builds/worker-6-tc1/target:/opt/rustwide/target:rw,Z" "-v" "/var/lib/crater-agent-workspace/builds/worker-6-tc1/source:/opt/rustwide/workdir:ro,Z" "-v" "/var/lib/crater-agent-workspace/cargo-home:/opt/rustwide/cargo-home:ro,Z" "-v" "/var/lib/crater-agent-workspace/rustup-home:/opt/rustwide/rustup-home:ro,Z" "-e" "SOURCE_DIR=/opt/rustwide/workdir" "-e" "CARGO_TARGET_DIR=/opt/rustwide/target" "-e" "CARGO_HOME=/opt/rustwide/cargo-home" "-e" "RUSTUP_HOME=/opt/rustwide/rustup-home" "-w" "/opt/rustwide/workdir" "-m" "1610612736" "--user" "0:0" "--network" "none" "ghcr.io/rust-lang/crates-build-env/linux@sha256:f3a9d4ad9d972b27faf3965f35b62e55ba32bbce8f20bc8fe909558a86702fde" "/opt/rustwide/cargo-home/bin/cargo" "+1.83.0" "metadata" "--no-deps" "--format-version=1", kill_on_drop: false }`
[INFO] [stdout] b64eac3aa4587812b3486e4ced1c7ec472394e33e059b635e4f65f12dc5c1f50
[INFO] running `Command { std: "docker" "start" "-a" "b64eac3aa4587812b3486e4ced1c7ec472394e33e059b635e4f65f12dc5c1f50", kill_on_drop: false }`
[INFO] running `Command { std: "docker" "inspect" "b64eac3aa4587812b3486e4ced1c7ec472394e33e059b635e4f65f12dc5c1f50", kill_on_drop: false }`
[INFO] running `Command { std: "docker" "rm" "-f" "b64eac3aa4587812b3486e4ced1c7ec472394e33e059b635e4f65f12dc5c1f50", kill_on_drop: false }`
[INFO] [stdout] b64eac3aa4587812b3486e4ced1c7ec472394e33e059b635e4f65f12dc5c1f50
[INFO] running `Command { std: "docker" "create" "-v" "/var/lib/crater-agent-workspace/builds/worker-6-tc1/target:/opt/rustwide/target:rw,Z" "-v" "/var/lib/crater-agent-workspace/builds/worker-6-tc1/source:/opt/rustwide/workdir:ro,Z" "-v" "/var/lib/crater-agent-workspace/cargo-home:/opt/rustwide/cargo-home:ro,Z" "-v" "/var/lib/crater-agent-workspace/rustup-home:/opt/rustwide/rustup-home:ro,Z" "-e" "SOURCE_DIR=/opt/rustwide/workdir" "-e" "CARGO_TARGET_DIR=/opt/rustwide/target" "-e" "CARGO_INCREMENTAL=0" "-e" "RUST_BACKTRACE=full" "-e" "RUSTFLAGS=--cap-lints=warn" "-e" "RUSTDOCFLAGS=--cap-lints=warn" "-e" "CARGO_HOME=/opt/rustwide/cargo-home" "-e" "RUSTUP_HOME=/opt/rustwide/rustup-home" "-w" "/opt/rustwide/workdir" "-m" "1610612736" "--user" "0:0" "--network" "none" "ghcr.io/rust-lang/crates-build-env/linux@sha256:f3a9d4ad9d972b27faf3965f35b62e55ba32bbce8f20bc8fe909558a86702fde" "/opt/rustwide/cargo-home/bin/cargo" "+1.83.0" "build" "--frozen" "--message-format=json", kill_on_drop: false }`
[INFO] [stdout] df0eb3f6634c5c40f549a8006a022a6a0f0c6c3e3835ca72d25e03872c330551
[INFO] running `Command { std: "docker" "start" "-a" "df0eb3f6634c5c40f549a8006a022a6a0f0c6c3e3835ca72d25e03872c330551", kill_on_drop: false }`
[INFO] [stderr]    Compiling pin-project-lite v0.2.15
[INFO] [stderr]    Compiling proc-macro2 v1.0.92
[INFO] [stderr]    Compiling unicode-ident v1.0.14
[INFO] [stderr]    Compiling crossbeam-utils v0.8.20
[INFO] [stderr]    Compiling futures-core v0.3.31
[INFO] [stderr]    Compiling futures-io v0.3.31
[INFO] [stderr]    Compiling parking v2.2.1
[INFO] [stderr]    Compiling autocfg v1.4.0
[INFO] [stderr]    Compiling libc v0.2.168
[INFO] [stderr]    Compiling fastrand v2.3.0
[INFO] [stderr]    Compiling rustix v0.38.42
[INFO] [stderr]    Compiling cfg-if v1.0.0
[INFO] [stderr]    Compiling memchr v2.7.4
[INFO] [stderr]    Compiling hashbrown v0.15.2
[INFO] [stderr]    Compiling tracing-core v0.1.33
[INFO] [stderr]    Compiling equivalent v1.0.1
[INFO] [stderr]    Compiling pkg-config v0.3.31
[INFO] [stderr]    Compiling bitflags v2.6.0
[INFO] [stderr]    Compiling shlex v1.3.0
[INFO] [stderr]    Compiling linux-raw-sys v0.4.14
[INFO] [stderr]    Compiling async-task v4.7.1
[INFO] [stderr]    Compiling vcpkg v0.2.15
[INFO] [stderr]    Compiling serde v1.0.216
[INFO] [stderr]    Compiling futures-lite v2.5.0
[INFO] [stderr]    Compiling cc v1.2.4
[INFO] [stderr]    Compiling winnow v0.6.20
[INFO] [stderr]    Compiling toml_datetime v0.6.8
[INFO] [stderr]    Compiling tracing v0.1.41
[INFO] [stderr]    Compiling futures-sink v0.3.31
[INFO] [stderr]    Compiling slab v0.4.9
[INFO] [stderr]    Compiling atomic-waker v1.1.2
[INFO] [stderr]    Compiling piper v0.2.4
[INFO] [stderr]    Compiling indexmap v2.7.0
[INFO] [stderr]    Compiling futures-channel v0.3.31
[INFO] [stderr]    Compiling typeid v1.0.2
[INFO] [stderr]    Compiling futures-task v0.3.31
[INFO] [stderr]    Compiling pin-utils v0.1.0
[INFO] [stderr]    Compiling quote v1.0.37
[INFO] [stderr]    Compiling concurrent-queue v2.5.0
[INFO] [stderr]    Compiling utf8parse v0.2.2
[INFO] [stderr]    Compiling anstyle-parse v0.2.6
[INFO] [stderr]    Compiling anstyle v1.0.10
[INFO] [stderr]    Compiling syn v2.0.90
[INFO] [stderr]    Compiling event-listener v5.3.1
[INFO] [stderr]    Compiling anstyle-query v1.1.2
[INFO] [stderr]    Compiling colorchoice v1.0.3
[INFO] [stderr]    Compiling is_terminal_polyfill v1.70.1
[INFO] [stderr]    Compiling serde_json v1.0.133
[INFO] [stderr]    Compiling anstream v0.6.18
[INFO] [stderr]    Compiling aho-corasick v1.1.3
[INFO] [stderr]    Compiling event-listener-strategy v0.5.3
[INFO] [stderr]    Compiling rdkafka-sys v4.8.0+2.3.0
[INFO] [stderr]    Compiling regex-syntax v0.8.5
[INFO] [stderr]    Compiling clap_lex v0.7.4
[INFO] [stderr]    Compiling async-lock v3.4.0
[INFO] [stderr]    Compiling async-channel v2.3.1
[INFO] [stderr]    Compiling ryu v1.0.18
[INFO] [stderr]    Compiling itoa v1.0.14
[INFO] [stderr]    Compiling strsim v0.11.1
[INFO] [stderr]    Compiling signal-hook-registry v1.4.2
[INFO] [stderr]    Compiling blocking v1.6.1
[INFO] [stderr]    Compiling getrandom v0.2.15
[INFO] [stderr]    Compiling async-executor v1.13.1
[INFO] [stderr]    Compiling tokio v1.42.0
[INFO] [stderr]    Compiling clap_builder v4.5.23
[INFO] [stderr]    Compiling log v0.4.22
[INFO] [stderr]    Compiling inventory v0.3.15
[INFO] [stderr]    Compiling once_cell v1.20.2
[INFO] [stderr]    Compiling lazy_static v1.5.0
[INFO] [stderr]    Compiling uuid v1.11.0
[INFO] [stderr]    Compiling async-fs v2.1.2
[INFO] [stderr]    Compiling colored v2.1.0
[INFO] [stderr]    Compiling mopa v0.2.2
[INFO] [stderr]    Compiling libz-sys v1.1.20
[INFO] [stderr]    Compiling toml_edit v0.22.22
[INFO] [stderr]    Compiling regex-automata v0.4.9
[INFO] [stderr]    Compiling serde_derive v1.0.216
[INFO] [stderr]    Compiling futures-macro v0.3.31
[INFO] [stderr]    Compiling typetag-impl v0.2.18
[INFO] [stderr]    Compiling clap v4.5.23
[INFO] [stderr]    Compiling proc-macro-crate v3.2.0
[INFO] [stderr]    Compiling futures-util v0.3.31
[INFO] [stderr]    Compiling num_enum_derive v0.7.3
[INFO] [stderr]    Compiling polling v3.7.4
[INFO] [stderr]    Compiling regex v1.11.1
[INFO] [stderr]    Compiling async-io v2.4.0
[INFO] [stderr]    Compiling num_enum v0.7.3
[INFO] [stderr]    Compiling async-signal v0.2.10
[INFO] [stderr]    Compiling async-net v2.0.0
[INFO] [stderr]    Compiling async-process v2.3.0
[INFO] [stderr]    Compiling smol v2.0.2
[INFO] [stderr]    Compiling futures-executor v0.3.31
[INFO] [stderr]    Compiling futures v0.3.31
[INFO] [stderr]    Compiling erased-serde v0.4.5
[INFO] [stderr]    Compiling typetag v0.2.18
[INFO] [stderr]    Compiling rdkafka v0.36.2
[INFO] [stderr]    Compiling eventure v0.0.17 (/opt/rustwide/workdir)
[INFO] [stdout] warning: fields `partition` and `group_id` are never read
[INFO] [stdout]    --> src/kafka/implementation.rs:473:9
[INFO] [stdout]     |
[INFO] [stdout] 471 | pub struct MessageChannelInternal {
[INFO] [stdout]     |            ---------------------- fields in this struct
[INFO] [stdout] 472 |     pub topic: &'static str,
[INFO] [stdout] 473 |     pub partition: u16,
[INFO] [stdout]     |         ^^^^^^^^^
[INFO] [stdout] 474 |     pub group_id: &'static str
[INFO] [stdout]     |         ^^^^^^^^
[INFO] [stdout]     |
[INFO] [stdout]     = note: `#[warn(dead_code)]` on by default
[INFO] [stdout] 
[INFO] [stdout] 
[INFO] [stderr]     Finished `dev` profile [unoptimized + debuginfo] target(s) in 59.33s
[INFO] running `Command { std: "docker" "inspect" "df0eb3f6634c5c40f549a8006a022a6a0f0c6c3e3835ca72d25e03872c330551", kill_on_drop: false }`
[INFO] running `Command { std: "docker" "rm" "-f" "df0eb3f6634c5c40f549a8006a022a6a0f0c6c3e3835ca72d25e03872c330551", kill_on_drop: false }`
[INFO] [stdout] df0eb3f6634c5c40f549a8006a022a6a0f0c6c3e3835ca72d25e03872c330551
[INFO] running `Command { std: "docker" "create" "-v" "/var/lib/crater-agent-workspace/builds/worker-6-tc1/target:/opt/rustwide/target:rw,Z" "-v" "/var/lib/crater-agent-workspace/builds/worker-6-tc1/source:/opt/rustwide/workdir:ro,Z" "-v" "/var/lib/crater-agent-workspace/cargo-home:/opt/rustwide/cargo-home:ro,Z" "-v" "/var/lib/crater-agent-workspace/rustup-home:/opt/rustwide/rustup-home:ro,Z" "-e" "SOURCE_DIR=/opt/rustwide/workdir" "-e" "CARGO_TARGET_DIR=/opt/rustwide/target" "-e" "CARGO_INCREMENTAL=0" "-e" "RUST_BACKTRACE=full" "-e" "RUSTFLAGS=--cap-lints=warn" "-e" "RUSTDOCFLAGS=--cap-lints=warn" "-e" "CARGO_HOME=/opt/rustwide/cargo-home" "-e" "RUSTUP_HOME=/opt/rustwide/rustup-home" "-w" "/opt/rustwide/workdir" "-m" "1610612736" "--user" "0:0" "--network" "none" "ghcr.io/rust-lang/crates-build-env/linux@sha256:f3a9d4ad9d972b27faf3965f35b62e55ba32bbce8f20bc8fe909558a86702fde" "/opt/rustwide/cargo-home/bin/cargo" "+1.83.0" "test" "--frozen" "--no-run" "--message-format=json", kill_on_drop: false }`
[INFO] [stdout] e7eefe422fbabb1b40b5bfe7557456c084ce3f66c9f934ec77d26a1a1bdf8cfc
[INFO] running `Command { std: "docker" "start" "-a" "e7eefe422fbabb1b40b5bfe7557456c084ce3f66c9f934ec77d26a1a1bdf8cfc", kill_on_drop: false }`
[INFO] [stderr]    Compiling eventure v0.0.17 (/opt/rustwide/workdir)
[INFO] [stdout] warning: fields `partition` and `group_id` are never read
[INFO] [stdout]    --> src/kafka/implementation.rs:473:9
[INFO] [stdout]     |
[INFO] [stdout] 471 | pub struct MessageChannelInternal {
[INFO] [stdout]     |            ---------------------- fields in this struct
[INFO] [stdout] 472 |     pub topic: &'static str,
[INFO] [stdout] 473 |     pub partition: u16,
[INFO] [stdout]     |         ^^^^^^^^^
[INFO] [stdout] 474 |     pub group_id: &'static str
[INFO] [stdout]     |         ^^^^^^^^
[INFO] [stdout]     |
[INFO] [stdout]     = note: `#[warn(dead_code)]` on by default
[INFO] [stdout] 
[INFO] [stdout] 
[INFO] [stdout] warning: fields `partition` and `group_id` are never read
[INFO] [stdout]    --> src/kafka/implementation.rs:473:9
[INFO] [stdout]     |
[INFO] [stdout] 471 | pub struct MessageChannelInternal {
[INFO] [stdout]     |            ---------------------- fields in this struct
[INFO] [stdout] 472 |     pub topic: &'static str,
[INFO] [stdout] 473 |     pub partition: u16,
[INFO] [stdout]     |         ^^^^^^^^^
[INFO] [stdout] 474 |     pub group_id: &'static str
[INFO] [stdout]     |         ^^^^^^^^
[INFO] [stdout]     |
[INFO] [stdout]     = note: `#[warn(dead_code)]` on by default
[INFO] [stdout] 
[INFO] [stdout] 
[INFO] [stderr]     Finished `test` profile [unoptimized + debuginfo] target(s) in 1.67s
[INFO] running `Command { std: "docker" "inspect" "e7eefe422fbabb1b40b5bfe7557456c084ce3f66c9f934ec77d26a1a1bdf8cfc", kill_on_drop: false }`
[INFO] running `Command { std: "docker" "rm" "-f" "e7eefe422fbabb1b40b5bfe7557456c084ce3f66c9f934ec77d26a1a1bdf8cfc", kill_on_drop: false }`
[INFO] [stdout] e7eefe422fbabb1b40b5bfe7557456c084ce3f66c9f934ec77d26a1a1bdf8cfc
[INFO] running `Command { std: "docker" "create" "-v" "/var/lib/crater-agent-workspace/builds/worker-6-tc1/target:/opt/rustwide/target:rw,Z" "-v" "/var/lib/crater-agent-workspace/builds/worker-6-tc1/source:/opt/rustwide/workdir:ro,Z" "-v" "/var/lib/crater-agent-workspace/cargo-home:/opt/rustwide/cargo-home:ro,Z" "-v" "/var/lib/crater-agent-workspace/rustup-home:/opt/rustwide/rustup-home:ro,Z" "-e" "SOURCE_DIR=/opt/rustwide/workdir" "-e" "CARGO_TARGET_DIR=/opt/rustwide/target" "-e" "CARGO_INCREMENTAL=0" "-e" "RUST_BACKTRACE=full" "-e" "RUSTFLAGS=--cap-lints=warn" "-e" "RUSTDOCFLAGS=--cap-lints=warn" "-e" "CARGO_HOME=/opt/rustwide/cargo-home" "-e" "RUSTUP_HOME=/opt/rustwide/rustup-home" "-w" "/opt/rustwide/workdir" "-m" "1610612736" "--user" "0:0" "--network" "none" "ghcr.io/rust-lang/crates-build-env/linux@sha256:f3a9d4ad9d972b27faf3965f35b62e55ba32bbce8f20bc8fe909558a86702fde" "/opt/rustwide/cargo-home/bin/cargo" "+1.83.0" "test" "--frozen", kill_on_drop: false }`
[INFO] [stdout] 423b1acd0ff8ba628b878aa9335677da7eb5c6897e717acfd4ea3aee3a284884
[INFO] running `Command { std: "docker" "start" "-a" "423b1acd0ff8ba628b878aa9335677da7eb5c6897e717acfd4ea3aee3a284884", kill_on_drop: false }`
[INFO] [stderr] warning: fields `partition` and `group_id` are never read
[INFO] [stderr]    --> src/kafka/implementation.rs:473:9
[INFO] [stderr]     |
[INFO] [stderr] 471 | pub struct MessageChannelInternal {
[INFO] [stderr]     |            ---------------------- fields in this struct
[INFO] [stderr] 472 |     pub topic: &'static str,
[INFO] [stderr] 473 |     pub partition: u16,
[INFO] [stderr]     |         ^^^^^^^^^
[INFO] [stderr] 474 |     pub group_id: &'static str
[INFO] [stderr]     |         ^^^^^^^^
[INFO] [stderr]     |
[INFO] [stderr]     = note: `#[warn(dead_code)]` on by default
[INFO] [stderr] 
[INFO] [stderr] warning: `eventure` (lib) generated 1 warning
[INFO] [stderr] warning: `eventure` (lib test) generated 1 warning (1 duplicate)
[INFO] [stderr]     Finished `test` profile [unoptimized + debuginfo] target(s) in 0.14s
[INFO] [stderr]      Running unittests src/lib.rs (/opt/rustwide/target/debug/deps/eventure-e2e714157a6c3611)
[INFO] [stdout] 
[INFO] [stdout] running 0 tests
[INFO] [stdout] 
[INFO] [stdout] test result: ok. 0 passed; 0 failed; 0 ignored; 0 measured; 0 filtered out; finished in 0.00s
[INFO] [stdout] 
[INFO] [stderr]    Doc-tests eventure
[INFO] [stdout] 
[INFO] [stdout] running 20 tests
[INFO] [stdout] test src/in_memory/implementation.rs - in_memory::implementation::MessageBrokerConfiguration (line 43) ... ok
[INFO] [stdout] test src/kafka/implementation.rs - kafka::implementation::MessageChannel (line 27) ... ok
[INFO] [stdout] test src/kafka/implementation.rs - kafka::implementation::MessageBrokerConfiguration (line 45) ... ok
[INFO] [stdout] test src/in_memory/implementation.rs - in_memory::implementation::MessageChannel (line 19) ... ok
[INFO] [stdout] test src/kafka/implementation.rs - kafka::implementation::register (line 127) ... FAILED
[INFO] [stdout] test src/kafka/implementation.rs - kafka::implementation::unregister (line 246) ... FAILED
[INFO] [stdout] test src/model.rs - model::Event (line 19) ... FAILED
[INFO] [stdout] test src/kafka/implementation.rs - kafka::implementation::configuration (line 95) ... FAILED
[INFO] [stdout] test src/kafka/implementation.rs - kafka::implementation::message_channel (line 78) ... FAILED
[INFO] [stdout] test src/kafka/implementation.rs - kafka::implementation::emit (line 328) ... FAILED
[INFO] [stdout] test src/model.rs - model::EventHandler (line 68) ... ok
[INFO] [stdout] test src/in_memory/implementation.rs - in_memory::implementation::setup (line 99) ... FAILED
[INFO] [stdout] test src/kafka/implementation.rs - kafka::implementation::emit_to_channel (line 416) ... ok
[INFO] [stdout] test src/in_memory/implementation.rs - in_memory::implementation::message_channel (line 68) ... ok
[INFO] [stdout] test src/in_memory/implementation.rs - in_memory::implementation::emit (line 278) ... ok
[INFO] [stdout] test src/in_memory/implementation.rs - in_memory::implementation::configuration (line 84) ... ok
[INFO] [stdout] test src/in_memory/implementation.rs - in_memory::implementation::emit_to_channel (line 327) ... ok
[INFO] [stdout] test src/in_memory/implementation.rs - in_memory::implementation::register (line 113) ... ok
[INFO] [stdout] test src/in_memory/implementation.rs - in_memory::implementation::unregister (line 195) ... ok
[INFO] [stdout] test src/kafka/implementation.rs - kafka::implementation::setup (line 113) ... ok
[INFO] [stdout] 
[INFO] [stdout] failures:
[INFO] [stdout] 
[INFO] [stdout] ---- src/kafka/implementation.rs - kafka::implementation::register (line 127) stdout ----
[INFO] [stdout] Couldn't compile the test.
[INFO] [stdout] ---- src/kafka/implementation.rs - kafka::implementation::unregister (line 246) stdout ----
[INFO] [stdout] Couldn't compile the test.
[INFO] [stdout] ---- src/model.rs - model::Event (line 19) stdout ----
[INFO] [stdout] Couldn't compile the test.
[INFO] [stdout] ---- src/kafka/implementation.rs - kafka::implementation::configuration (line 95) stdout ----
[INFO] [stdout] error: linking with `cc` failed: exit status: 1
[INFO] [stdout]   |
[INFO] [stdout]   = note: LC_ALL="C" PATH="/opt/rustwide/rustup-home/toolchains/1.83.0-x86_64-unknown-linux-gnu/lib/rustlib/x86_64-unknown-linux-gnu/bin:/opt/rustwide/cargo-home/bin:/usr/local/sbin:/usr/local/bin:/usr/sbin:/usr/bin:/sbin:/bin" VSLANG="1033" "cc" "-m64" "/tmp/rustchViB3I/symbols.o" "/tmp/rustdoctest5lH4yz/rust_out.rust_out.cb03291d53e4e161-cgu.0.rcgu.o" "/tmp/rustdoctest5lH4yz/rust_out.1s7umcihpz0t7nkz1uc2ifee9.rcgu.o" "-Wl,--as-needed" "-Wl,-Bstatic" "/opt/rustwide/target/debug/deps/libeventure-0c50c9b65e58e5a4.rlib" "/opt/rustwide/target/debug/deps/libsmol-96093a5bb1d2ba98.rlib" "/opt/rustwide/target/debug/deps/libasync_process-cb01a5ef93f67d8d.rlib" "/opt/rustwide/target/debug/deps/libasync_signal-d109605ad0a0fb6e.rlib" "/opt/rustwide/target/debug/deps/libsignal_hook_registry-92d753f0bfdc0b99.rlib" "/opt/rustwide/target/debug/deps/libasync_net-da7fa25627fb7efb.rlib" "/opt/rustwide/target/debug/deps/libasync_fs-420894a82446b682.rlib" "/opt/rustwide/target/debug/deps/libblocking-131179957ac92d90.rlib" "/opt/rustwide/target/debug/deps/libpiper-572633a89412d559.rlib" "/opt/rustwide/target/debug/deps/libatomic_waker-20cf0e6ccfae60b1.rlib" "/opt/rustwide/target/debug/deps/libasync_channel-65aa227b800eebc1.rlib" "/opt/rustwide/target/debug/deps/libasync_io-2c7a68d8d2e8f98b.rlib" "/opt/rustwide/target/debug/deps/libpolling-a0718bfd30ab8e19.rlib" "/opt/rustwide/target/debug/deps/libtracing-607a2a435dace638.rlib" "/opt/rustwide/target/debug/deps/libtracing_core-2a332f127335da4f.rlib" "/opt/rustwide/target/debug/deps/libcfg_if-8217498f8667ada9.rlib" "/opt/rustwide/target/debug/deps/libasync_lock-45caabbf999877e1.rlib" "/opt/rustwide/target/debug/deps/libevent_listener_strategy-08a30a615cae2b6e.rlib" "/opt/rustwide/target/debug/deps/libevent_listener-002cc43be26be021.rlib" "/opt/rustwide/target/debug/deps/librustix-6e4c1a9cf9aff5f4.rlib" "/opt/rustwide/target/debug/deps/libbitflags-e3f7c5486a00e38a.rlib" "/opt/rustwide/target/debug/deps/liblinux_raw_sys-e8f05c3e0ab320ef.rlib" "/opt/rustwide/target/debug/deps/libasync_executor-01d7fa708e54412a.rlib" "/opt/rustwide/target/debug/deps/libfutures_lite-b74e504f2953f3da.rlib" "/opt/rustwide/target/debug/deps/libparking-27e917f18806e974.rlib" "/opt/rustwide/target/debug/deps/libfastrand-33d04f74cb9fe3e0.rlib" "/opt/rustwide/target/debug/deps/libconcurrent_queue-11d9140e06007b41.rlib" "/opt/rustwide/target/debug/deps/libcrossbeam_utils-22b4a40650176016.rlib" "/opt/rustwide/target/debug/deps/libasync_task-ae112160920f0c1d.rlib" "/opt/rustwide/target/debug/deps/libtypetag-7ad01620850bdccb.rlib" "/opt/rustwide/target/debug/deps/libonce_cell-e29b9838a920cdd8.rlib" "/opt/rustwide/target/debug/deps/libinventory-77b7978c2efca033.rlib" "/opt/rustwide/target/debug/deps/liberased_serde-116eae59621e6cbe.rlib" "/opt/rustwide/target/debug/deps/libtypeid-f14491989104f587.rlib" "/opt/rustwide/target/debug/deps/libcolored-f327ea6ae1f12dd6.rlib" "/opt/rustwide/target/debug/deps/liblazy_static-977f75dcedc2f7be.rlib" "/opt/rustwide/target/debug/deps/librdkafka-3589b19a3c411dc1.rlib" "/opt/rustwide/target/debug/deps/libtokio-2a9a183ef7c0ff99.rlib" "/opt/rustwide/target/debug/deps/libserde_json-0d622b21b66b30af.rlib" "/opt/rustwide/target/debug/deps/libitoa-e8776415c5fe0047.rlib" "/opt/rustwide/target/debug/deps/libryu-bba83beca99dd7c0.rlib" "/opt/rustwide/target/debug/deps/libserde-c6d84ea49b1979c6.rlib" "/opt/rustwide/target/debug/deps/librdkafka_sys-1e7acded5fe54e0c.rlib" "/opt/rustwide/target/debug/deps/libnum_enum-92a3d5b070389ffa.rlib" "/opt/rustwide/target/debug/deps/liblibz_sys-b259587718a917a3.rlib" "/opt/rustwide/target/debug/deps/liblibc-48c07cb418e82d02.rlib" "/opt/rustwide/target/debug/deps/libfutures-e3f5571b723a6135.rlib" "/opt/rustwide/target/debug/deps/libfutures_executor-972fa16d34c6ebf7.rlib" "/opt/rustwide/target/debug/deps/libfutures_util-1b4c4a13774242ad.rlib" "/opt/rustwide/target/debug/deps/libfutures_io-b77a2fbaad2c9353.rlib" "/opt/rustwide/target/debug/deps/libslab-083dd68e0bc19c95.rlib" "/opt/rustwide/target/debug/deps/libfutures_channel-16011191383b57a0.rlib" "/opt/rustwide/target/debug/deps/libpin_project_lite-be51d264b86b6c5b.rlib" "/opt/rustwide/target/debug/deps/libfutures_sink-dc97bf7de34acf7c.rlib" "/opt/rustwide/target/debug/deps/libfutures_task-b8cf8cc4fcc89c75.rlib" "/opt/rustwide/target/debug/deps/libpin_utils-6bd6355de79f98af.rlib" "/opt/rustwide/target/debug/deps/libfutures_core-6acc1f6b4df0dd33.rlib" "/opt/rustwide/target/debug/deps/liblog-2579a5a2dbce8c4d.rlib" "/opt/rustwide/target/debug/deps/libregex-d95b326e6b6c6daa.rlib" "/opt/rustwide/target/debug/deps/libregex_automata-fb68867d3d4723af.rlib" "/opt/rustwide/target/debug/deps/libaho_corasick-ca3c2ec2e6ffa0c6.rlib" "/opt/rustwide/target/debug/deps/libmemchr-a61794c77f52d343.rlib" "/opt/rustwide/target/debug/deps/libregex_syntax-155e812807b49638.rlib" "/opt/rustwide/target/debug/deps/libmopa-95f78582e2a121ce.rlib" "/opt/rustwide/rustup-home/toolchains/1.83.0-x86_64-unknown-linux-gnu/lib/rustlib/x86_64-unknown-linux-gnu/lib/libstd-ca74a2d9c5166d9f.rlib" "/opt/rustwide/rustup-home/toolchains/1.83.0-x86_64-unknown-linux-gnu/lib/rustlib/x86_64-unknown-linux-gnu/lib/libpanic_unwind-e31ab23316ed5080.rlib" "/opt/rustwide/rustup-home/toolchains/1.83.0-x86_64-unknown-linux-gnu/lib/rustlib/x86_64-unknown-linux-gnu/lib/libobject-27dc4aa955912662.rlib" "/opt/rustwide/rustup-home/toolchains/1.83.0-x86_64-unknown-linux-gnu/lib/rustlib/x86_64-unknown-linux-gnu/lib/libmemchr-bd0d6cccce077b99.rlib" "/opt/rustwide/rustup-home/toolchains/1.83.0-x86_64-unknown-linux-gnu/lib/rustlib/x86_64-unknown-linux-gnu/lib/libaddr2line-8d001680935b5e3c.rlib" "/opt/rustwide/rustup-home/toolchains/1.83.0-x86_64-unknown-linux-gnu/lib/rustlib/x86_64-unknown-linux-gnu/lib/libgimli-ba8ce71964f984f4.rlib" "/opt/rustwide/rustup-home/toolchains/1.83.0-x86_64-unknown-linux-gnu/lib/rustlib/x86_64-unknown-linux-gnu/lib/librustc_demangle-99a73526abcec14b.rlib" "/opt/rustwide/rustup-home/toolchains/1.83.0-x86_64-unknown-linux-gnu/lib/rustlib/x86_64-unknown-linux-gnu/lib/libstd_detect-63ac0d22cff92579.rlib" "/opt/rustwide/rustup-home/toolchains/1.83.0-x86_64-unknown-linux-gnu/lib/rustlib/x86_64-unknown-linux-gnu/lib/libhashbrown-9057355c92c922d5.rlib" "/opt/rustwide/rustup-home/toolchains/1.83.0-x86_64-unknown-linux-gnu/lib/rustlib/x86_64-unknown-linux-gnu/lib/librustc_std_workspace_alloc-358be9bc1f6bab04.rlib" "/opt/rustwide/rustup-home/toolchains/1.83.0-x86_64-unknown-linux-gnu/lib/rustlib/x86_64-unknown-linux-gnu/lib/libminiz_oxide-aca15549d5bff974.rlib" "/opt/rustwide/rustup-home/toolchains/1.83.0-x86_64-unknown-linux-gnu/lib/rustlib/x86_64-unknown-linux-gnu/lib/libadler-8251d2cef7072448.rlib" "/opt/rustwide/rustup-home/toolchains/1.83.0-x86_64-unknown-linux-gnu/lib/rustlib/x86_64-unknown-linux-gnu/lib/libunwind-7d50b86011c66411.rlib" "/opt/rustwide/rustup-home/toolchains/1.83.0-x86_64-unknown-linux-gnu/lib/rustlib/x86_64-unknown-linux-gnu/lib/libcfg_if-51ea098fce5006bf.rlib" "/opt/rustwide/rustup-home/toolchains/1.83.0-x86_64-unknown-linux-gnu/lib/rustlib/x86_64-unknown-linux-gnu/lib/liblibc-5a14e0d0b712e731.rlib" "/opt/rustwide/rustup-home/toolchains/1.83.0-x86_64-unknown-linux-gnu/lib/rustlib/x86_64-unknown-linux-gnu/lib/liballoc-8b83dbf3a7b8f999.rlib" "/opt/rustwide/rustup-home/toolchains/1.83.0-x86_64-unknown-linux-gnu/lib/rustlib/x86_64-unknown-linux-gnu/lib/librustc_std_workspace_core-c6fd227bdc7b39ff.rlib" "/opt/rustwide/rustup-home/toolchains/1.83.0-x86_64-unknown-linux-gnu/lib/rustlib/x86_64-unknown-linux-gnu/lib/libcore-959d3389fa3da8a5.rlib" "/opt/rustwide/rustup-home/toolchains/1.83.0-x86_64-unknown-linux-gnu/lib/rustlib/x86_64-unknown-linux-gnu/lib/libcompiler_builtins-abe05db089cc2c62.rlib" "-Wl,-Bdynamic" "-lz" "-lgcc_s" "-lutil" "-lrt" "-lpthread" "-lm" "-ldl" "-lc" "-Wl,--eh-frame-hdr" "-Wl,-z,noexecstack" "-L" "/opt/rustwide/target/debug/build/rdkafka-sys-0842cfe0ffe367df/out/src" "-L" "/opt/rustwide/rustup-home/toolchains/1.83.0-x86_64-unknown-linux-gnu/lib/rustlib/x86_64-unknown-linux-gnu/lib" "-o" "/tmp/rustdoctest5lH4yz/rust_out" "-Wl,--gc-sections" "-pie" "-Wl,-z,relro,-z,now" "-nodefaultlibs"
[INFO] [stdout]   = note: collect2: fatal error: ld terminated with signal 9 [Killed]
[INFO] [stdout]           compilation terminated.
[INFO] [stdout]           
[INFO] [stdout] 
[INFO] [stdout] error: aborting due to 1 previous error
[INFO] [stdout] 
[INFO] [stdout] Couldn't compile the test.
[INFO] [stdout] ---- src/kafka/implementation.rs - kafka::implementation::message_channel (line 78) stdout ----
[INFO] [stdout] error: linking with `cc` failed: exit status: 1
[INFO] [stdout]   |
[INFO] [stdout]   = note: LC_ALL="C" PATH="/opt/rustwide/rustup-home/toolchains/1.83.0-x86_64-unknown-linux-gnu/lib/rustlib/x86_64-unknown-linux-gnu/bin:/opt/rustwide/cargo-home/bin:/usr/local/sbin:/usr/local/bin:/usr/sbin:/usr/bin:/sbin:/bin" VSLANG="1033" "cc" "-m64" "/tmp/rustcgpb6rn/symbols.o" "/tmp/rustdoctestKZcM0i/rust_out.rust_out.cb03291d53e4e161-cgu.0.rcgu.o" "/tmp/rustdoctestKZcM0i/rust_out.1s7umcihpz0t7nkz1uc2ifee9.rcgu.o" "-Wl,--as-needed" "-Wl,-Bstatic" "/opt/rustwide/target/debug/deps/libeventure-0c50c9b65e58e5a4.rlib" "/opt/rustwide/target/debug/deps/libsmol-96093a5bb1d2ba98.rlib" "/opt/rustwide/target/debug/deps/libasync_process-cb01a5ef93f67d8d.rlib" "/opt/rustwide/target/debug/deps/libasync_signal-d109605ad0a0fb6e.rlib" "/opt/rustwide/target/debug/deps/libsignal_hook_registry-92d753f0bfdc0b99.rlib" "/opt/rustwide/target/debug/deps/libasync_net-da7fa25627fb7efb.rlib" "/opt/rustwide/target/debug/deps/libasync_fs-420894a82446b682.rlib" "/opt/rustwide/target/debug/deps/libblocking-131179957ac92d90.rlib" "/opt/rustwide/target/debug/deps/libpiper-572633a89412d559.rlib" "/opt/rustwide/target/debug/deps/libatomic_waker-20cf0e6ccfae60b1.rlib" "/opt/rustwide/target/debug/deps/libasync_channel-65aa227b800eebc1.rlib" "/opt/rustwide/target/debug/deps/libasync_io-2c7a68d8d2e8f98b.rlib" "/opt/rustwide/target/debug/deps/libpolling-a0718bfd30ab8e19.rlib" "/opt/rustwide/target/debug/deps/libtracing-607a2a435dace638.rlib" "/opt/rustwide/target/debug/deps/libtracing_core-2a332f127335da4f.rlib" "/opt/rustwide/target/debug/deps/libcfg_if-8217498f8667ada9.rlib" "/opt/rustwide/target/debug/deps/libasync_lock-45caabbf999877e1.rlib" "/opt/rustwide/target/debug/deps/libevent_listener_strategy-08a30a615cae2b6e.rlib" "/opt/rustwide/target/debug/deps/libevent_listener-002cc43be26be021.rlib" "/opt/rustwide/target/debug/deps/librustix-6e4c1a9cf9aff5f4.rlib" "/opt/rustwide/target/debug/deps/libbitflags-e3f7c5486a00e38a.rlib" "/opt/rustwide/target/debug/deps/liblinux_raw_sys-e8f05c3e0ab320ef.rlib" "/opt/rustwide/target/debug/deps/libasync_executor-01d7fa708e54412a.rlib" "/opt/rustwide/target/debug/deps/libfutures_lite-b74e504f2953f3da.rlib" "/opt/rustwide/target/debug/deps/libparking-27e917f18806e974.rlib" "/opt/rustwide/target/debug/deps/libfastrand-33d04f74cb9fe3e0.rlib" "/opt/rustwide/target/debug/deps/libconcurrent_queue-11d9140e06007b41.rlib" "/opt/rustwide/target/debug/deps/libcrossbeam_utils-22b4a40650176016.rlib" "/opt/rustwide/target/debug/deps/libasync_task-ae112160920f0c1d.rlib" "/opt/rustwide/target/debug/deps/libtypetag-7ad01620850bdccb.rlib" "/opt/rustwide/target/debug/deps/libonce_cell-e29b9838a920cdd8.rlib" "/opt/rustwide/target/debug/deps/libinventory-77b7978c2efca033.rlib" "/opt/rustwide/target/debug/deps/liberased_serde-116eae59621e6cbe.rlib" "/opt/rustwide/target/debug/deps/libtypeid-f14491989104f587.rlib" "/opt/rustwide/target/debug/deps/libcolored-f327ea6ae1f12dd6.rlib" "/opt/rustwide/target/debug/deps/liblazy_static-977f75dcedc2f7be.rlib" "/opt/rustwide/target/debug/deps/librdkafka-3589b19a3c411dc1.rlib" "/opt/rustwide/target/debug/deps/libtokio-2a9a183ef7c0ff99.rlib" "/opt/rustwide/target/debug/deps/libserde_json-0d622b21b66b30af.rlib" "/opt/rustwide/target/debug/deps/libitoa-e8776415c5fe0047.rlib" "/opt/rustwide/target/debug/deps/libryu-bba83beca99dd7c0.rlib" "/opt/rustwide/target/debug/deps/libserde-c6d84ea49b1979c6.rlib" "/opt/rustwide/target/debug/deps/librdkafka_sys-1e7acded5fe54e0c.rlib" "/opt/rustwide/target/debug/deps/libnum_enum-92a3d5b070389ffa.rlib" "/opt/rustwide/target/debug/deps/liblibz_sys-b259587718a917a3.rlib" "/opt/rustwide/target/debug/deps/liblibc-48c07cb418e82d02.rlib" "/opt/rustwide/target/debug/deps/libfutures-e3f5571b723a6135.rlib" "/opt/rustwide/target/debug/deps/libfutures_executor-972fa16d34c6ebf7.rlib" "/opt/rustwide/target/debug/deps/libfutures_util-1b4c4a13774242ad.rlib" "/opt/rustwide/target/debug/deps/libfutures_io-b77a2fbaad2c9353.rlib" "/opt/rustwide/target/debug/deps/libslab-083dd68e0bc19c95.rlib" "/opt/rustwide/target/debug/deps/libfutures_channel-16011191383b57a0.rlib" "/opt/rustwide/target/debug/deps/libpin_project_lite-be51d264b86b6c5b.rlib" "/opt/rustwide/target/debug/deps/libfutures_sink-dc97bf7de34acf7c.rlib" "/opt/rustwide/target/debug/deps/libfutures_task-b8cf8cc4fcc89c75.rlib" "/opt/rustwide/target/debug/deps/libpin_utils-6bd6355de79f98af.rlib" "/opt/rustwide/target/debug/deps/libfutures_core-6acc1f6b4df0dd33.rlib" "/opt/rustwide/target/debug/deps/liblog-2579a5a2dbce8c4d.rlib" "/opt/rustwide/target/debug/deps/libregex-d95b326e6b6c6daa.rlib" "/opt/rustwide/target/debug/deps/libregex_automata-fb68867d3d4723af.rlib" "/opt/rustwide/target/debug/deps/libaho_corasick-ca3c2ec2e6ffa0c6.rlib" "/opt/rustwide/target/debug/deps/libmemchr-a61794c77f52d343.rlib" "/opt/rustwide/target/debug/deps/libregex_syntax-155e812807b49638.rlib" "/opt/rustwide/target/debug/deps/libmopa-95f78582e2a121ce.rlib" "/opt/rustwide/rustup-home/toolchains/1.83.0-x86_64-unknown-linux-gnu/lib/rustlib/x86_64-unknown-linux-gnu/lib/libstd-ca74a2d9c5166d9f.rlib" "/opt/rustwide/rustup-home/toolchains/1.83.0-x86_64-unknown-linux-gnu/lib/rustlib/x86_64-unknown-linux-gnu/lib/libpanic_unwind-e31ab23316ed5080.rlib" "/opt/rustwide/rustup-home/toolchains/1.83.0-x86_64-unknown-linux-gnu/lib/rustlib/x86_64-unknown-linux-gnu/lib/libobject-27dc4aa955912662.rlib" "/opt/rustwide/rustup-home/toolchains/1.83.0-x86_64-unknown-linux-gnu/lib/rustlib/x86_64-unknown-linux-gnu/lib/libmemchr-bd0d6cccce077b99.rlib" "/opt/rustwide/rustup-home/toolchains/1.83.0-x86_64-unknown-linux-gnu/lib/rustlib/x86_64-unknown-linux-gnu/lib/libaddr2line-8d001680935b5e3c.rlib" "/opt/rustwide/rustup-home/toolchains/1.83.0-x86_64-unknown-linux-gnu/lib/rustlib/x86_64-unknown-linux-gnu/lib/libgimli-ba8ce71964f984f4.rlib" "/opt/rustwide/rustup-home/toolchains/1.83.0-x86_64-unknown-linux-gnu/lib/rustlib/x86_64-unknown-linux-gnu/lib/librustc_demangle-99a73526abcec14b.rlib" "/opt/rustwide/rustup-home/toolchains/1.83.0-x86_64-unknown-linux-gnu/lib/rustlib/x86_64-unknown-linux-gnu/lib/libstd_detect-63ac0d22cff92579.rlib" "/opt/rustwide/rustup-home/toolchains/1.83.0-x86_64-unknown-linux-gnu/lib/rustlib/x86_64-unknown-linux-gnu/lib/libhashbrown-9057355c92c922d5.rlib" "/opt/rustwide/rustup-home/toolchains/1.83.0-x86_64-unknown-linux-gnu/lib/rustlib/x86_64-unknown-linux-gnu/lib/librustc_std_workspace_alloc-358be9bc1f6bab04.rlib" "/opt/rustwide/rustup-home/toolchains/1.83.0-x86_64-unknown-linux-gnu/lib/rustlib/x86_64-unknown-linux-gnu/lib/libminiz_oxide-aca15549d5bff974.rlib" "/opt/rustwide/rustup-home/toolchains/1.83.0-x86_64-unknown-linux-gnu/lib/rustlib/x86_64-unknown-linux-gnu/lib/libadler-8251d2cef7072448.rlib" "/opt/rustwide/rustup-home/toolchains/1.83.0-x86_64-unknown-linux-gnu/lib/rustlib/x86_64-unknown-linux-gnu/lib/libunwind-7d50b86011c66411.rlib" "/opt/rustwide/rustup-home/toolchains/1.83.0-x86_64-unknown-linux-gnu/lib/rustlib/x86_64-unknown-linux-gnu/lib/libcfg_if-51ea098fce5006bf.rlib" "/opt/rustwide/rustup-home/toolchains/1.83.0-x86_64-unknown-linux-gnu/lib/rustlib/x86_64-unknown-linux-gnu/lib/liblibc-5a14e0d0b712e731.rlib" "/opt/rustwide/rustup-home/toolchains/1.83.0-x86_64-unknown-linux-gnu/lib/rustlib/x86_64-unknown-linux-gnu/lib/liballoc-8b83dbf3a7b8f999.rlib" "/opt/rustwide/rustup-home/toolchains/1.83.0-x86_64-unknown-linux-gnu/lib/rustlib/x86_64-unknown-linux-gnu/lib/librustc_std_workspace_core-c6fd227bdc7b39ff.rlib" "/opt/rustwide/rustup-home/toolchains/1.83.0-x86_64-unknown-linux-gnu/lib/rustlib/x86_64-unknown-linux-gnu/lib/libcore-959d3389fa3da8a5.rlib" "/opt/rustwide/rustup-home/toolchains/1.83.0-x86_64-unknown-linux-gnu/lib/rustlib/x86_64-unknown-linux-gnu/lib/libcompiler_builtins-abe05db089cc2c62.rlib" "-Wl,-Bdynamic" "-lz" "-lgcc_s" "-lutil" "-lrt" "-lpthread" "-lm" "-ldl" "-lc" "-Wl,--eh-frame-hdr" "-Wl,-z,noexecstack" "-L" "/opt/rustwide/target/debug/build/rdkafka-sys-0842cfe0ffe367df/out/src" "-L" "/opt/rustwide/rustup-home/toolchains/1.83.0-x86_64-unknown-linux-gnu/lib/rustlib/x86_64-unknown-linux-gnu/lib" "-o" "/tmp/rustdoctestKZcM0i/rust_out" "-Wl,--gc-sections" "-pie" "-Wl,-z,relro,-z,now" "-nodefaultlibs"
[INFO] [stdout]   = note: collect2: fatal error: ld terminated with signal 9 [Killed]
[INFO] [stdout]           compilation terminated.
[INFO] [stdout]           
[INFO] [stdout] 
[INFO] [stdout] error: aborting due to 1 previous error
[INFO] [stdout] 
[INFO] [stdout] Couldn't compile the test.
[INFO] [stdout] ---- src/kafka/implementation.rs - kafka::implementation::emit (line 328) stdout ----
[INFO] [stdout] error: linking with `cc` failed: exit status: 1
[INFO] [stdout]   |
[INFO] [stdout]   = note: LC_ALL="C" PATH="/opt/rustwide/rustup-home/toolchains/1.83.0-x86_64-unknown-linux-gnu/lib/rustlib/x86_64-unknown-linux-gnu/bin:/opt/rustwide/cargo-home/bin:/usr/local/sbin:/usr/local/bin:/usr/sbin:/usr/bin:/sbin:/bin" VSLANG="1033" "cc" "-m64" "/tmp/rustcCYUW3b/symbols.o" "/tmp/rustdoctestmZK5zx/rust_out.rust_out.cb03291d53e4e161-cgu.0.rcgu.o" "/tmp/rustdoctestmZK5zx/rust_out.1s7umcihpz0t7nkz1uc2ifee9.rcgu.o" "-Wl,--as-needed" "-Wl,-Bstatic" "/opt/rustwide/target/debug/deps/libeventure-0c50c9b65e58e5a4.rlib" "/opt/rustwide/target/debug/deps/libsmol-96093a5bb1d2ba98.rlib" "/opt/rustwide/target/debug/deps/libasync_process-cb01a5ef93f67d8d.rlib" "/opt/rustwide/target/debug/deps/libasync_signal-d109605ad0a0fb6e.rlib" "/opt/rustwide/target/debug/deps/libsignal_hook_registry-92d753f0bfdc0b99.rlib" "/opt/rustwide/target/debug/deps/libasync_net-da7fa25627fb7efb.rlib" "/opt/rustwide/target/debug/deps/libasync_fs-420894a82446b682.rlib" "/opt/rustwide/target/debug/deps/libblocking-131179957ac92d90.rlib" "/opt/rustwide/target/debug/deps/libpiper-572633a89412d559.rlib" "/opt/rustwide/target/debug/deps/libatomic_waker-20cf0e6ccfae60b1.rlib" "/opt/rustwide/target/debug/deps/libasync_channel-65aa227b800eebc1.rlib" "/opt/rustwide/target/debug/deps/libasync_io-2c7a68d8d2e8f98b.rlib" "/opt/rustwide/target/debug/deps/libpolling-a0718bfd30ab8e19.rlib" "/opt/rustwide/target/debug/deps/libtracing-607a2a435dace638.rlib" "/opt/rustwide/target/debug/deps/libtracing_core-2a332f127335da4f.rlib" "/opt/rustwide/target/debug/deps/libcfg_if-8217498f8667ada9.rlib" "/opt/rustwide/target/debug/deps/libasync_lock-45caabbf999877e1.rlib" "/opt/rustwide/target/debug/deps/libevent_listener_strategy-08a30a615cae2b6e.rlib" "/opt/rustwide/target/debug/deps/libevent_listener-002cc43be26be021.rlib" "/opt/rustwide/target/debug/deps/librustix-6e4c1a9cf9aff5f4.rlib" "/opt/rustwide/target/debug/deps/libbitflags-e3f7c5486a00e38a.rlib" "/opt/rustwide/target/debug/deps/liblinux_raw_sys-e8f05c3e0ab320ef.rlib" "/opt/rustwide/target/debug/deps/libasync_executor-01d7fa708e54412a.rlib" "/opt/rustwide/target/debug/deps/libfutures_lite-b74e504f2953f3da.rlib" "/opt/rustwide/target/debug/deps/libparking-27e917f18806e974.rlib" "/opt/rustwide/target/debug/deps/libfastrand-33d04f74cb9fe3e0.rlib" "/opt/rustwide/target/debug/deps/libconcurrent_queue-11d9140e06007b41.rlib" "/opt/rustwide/target/debug/deps/libcrossbeam_utils-22b4a40650176016.rlib" "/opt/rustwide/target/debug/deps/libasync_task-ae112160920f0c1d.rlib" "/opt/rustwide/target/debug/deps/libtypetag-7ad01620850bdccb.rlib" "/opt/rustwide/target/debug/deps/libonce_cell-e29b9838a920cdd8.rlib" "/opt/rustwide/target/debug/deps/libinventory-77b7978c2efca033.rlib" "/opt/rustwide/target/debug/deps/liberased_serde-116eae59621e6cbe.rlib" "/opt/rustwide/target/debug/deps/libtypeid-f14491989104f587.rlib" "/opt/rustwide/target/debug/deps/libcolored-f327ea6ae1f12dd6.rlib" "/opt/rustwide/target/debug/deps/liblazy_static-977f75dcedc2f7be.rlib" "/opt/rustwide/target/debug/deps/librdkafka-3589b19a3c411dc1.rlib" "/opt/rustwide/target/debug/deps/libtokio-2a9a183ef7c0ff99.rlib" "/opt/rustwide/target/debug/deps/libserde_json-0d622b21b66b30af.rlib" "/opt/rustwide/target/debug/deps/libitoa-e8776415c5fe0047.rlib" "/opt/rustwide/target/debug/deps/libryu-bba83beca99dd7c0.rlib" "/opt/rustwide/target/debug/deps/libserde-c6d84ea49b1979c6.rlib" "/opt/rustwide/target/debug/deps/librdkafka_sys-1e7acded5fe54e0c.rlib" "/opt/rustwide/target/debug/deps/libnum_enum-92a3d5b070389ffa.rlib" "/opt/rustwide/target/debug/deps/liblibz_sys-b259587718a917a3.rlib" "/opt/rustwide/target/debug/deps/liblibc-48c07cb418e82d02.rlib" "/opt/rustwide/target/debug/deps/libfutures-e3f5571b723a6135.rlib" "/opt/rustwide/target/debug/deps/libfutures_executor-972fa16d34c6ebf7.rlib" "/opt/rustwide/target/debug/deps/libfutures_util-1b4c4a13774242ad.rlib" "/opt/rustwide/target/debug/deps/libfutures_io-b77a2fbaad2c9353.rlib" "/opt/rustwide/target/debug/deps/libslab-083dd68e0bc19c95.rlib" "/opt/rustwide/target/debug/deps/libfutures_channel-16011191383b57a0.rlib" "/opt/rustwide/target/debug/deps/libpin_project_lite-be51d264b86b6c5b.rlib" "/opt/rustwide/target/debug/deps/libfutures_sink-dc97bf7de34acf7c.rlib" "/opt/rustwide/target/debug/deps/libfutures_task-b8cf8cc4fcc89c75.rlib" "/opt/rustwide/target/debug/deps/libpin_utils-6bd6355de79f98af.rlib" "/opt/rustwide/target/debug/deps/libfutures_core-6acc1f6b4df0dd33.rlib" "/opt/rustwide/target/debug/deps/liblog-2579a5a2dbce8c4d.rlib" "/opt/rustwide/target/debug/deps/libregex-d95b326e6b6c6daa.rlib" "/opt/rustwide/target/debug/deps/libregex_automata-fb68867d3d4723af.rlib" "/opt/rustwide/target/debug/deps/libaho_corasick-ca3c2ec2e6ffa0c6.rlib" "/opt/rustwide/target/debug/deps/libmemchr-a61794c77f52d343.rlib" "/opt/rustwide/target/debug/deps/libregex_syntax-155e812807b49638.rlib" "/opt/rustwide/target/debug/deps/libmopa-95f78582e2a121ce.rlib" "/opt/rustwide/rustup-home/toolchains/1.83.0-x86_64-unknown-linux-gnu/lib/rustlib/x86_64-unknown-linux-gnu/lib/libstd-ca74a2d9c5166d9f.rlib" "/opt/rustwide/rustup-home/toolchains/1.83.0-x86_64-unknown-linux-gnu/lib/rustlib/x86_64-unknown-linux-gnu/lib/libpanic_unwind-e31ab23316ed5080.rlib" "/opt/rustwide/rustup-home/toolchains/1.83.0-x86_64-unknown-linux-gnu/lib/rustlib/x86_64-unknown-linux-gnu/lib/libobject-27dc4aa955912662.rlib" "/opt/rustwide/rustup-home/toolchains/1.83.0-x86_64-unknown-linux-gnu/lib/rustlib/x86_64-unknown-linux-gnu/lib/libmemchr-bd0d6cccce077b99.rlib" "/opt/rustwide/rustup-home/toolchains/1.83.0-x86_64-unknown-linux-gnu/lib/rustlib/x86_64-unknown-linux-gnu/lib/libaddr2line-8d001680935b5e3c.rlib" "/opt/rustwide/rustup-home/toolchains/1.83.0-x86_64-unknown-linux-gnu/lib/rustlib/x86_64-unknown-linux-gnu/lib/libgimli-ba8ce71964f984f4.rlib" "/opt/rustwide/rustup-home/toolchains/1.83.0-x86_64-unknown-linux-gnu/lib/rustlib/x86_64-unknown-linux-gnu/lib/librustc_demangle-99a73526abcec14b.rlib" "/opt/rustwide/rustup-home/toolchains/1.83.0-x86_64-unknown-linux-gnu/lib/rustlib/x86_64-unknown-linux-gnu/lib/libstd_detect-63ac0d22cff92579.rlib" "/opt/rustwide/rustup-home/toolchains/1.83.0-x86_64-unknown-linux-gnu/lib/rustlib/x86_64-unknown-linux-gnu/lib/libhashbrown-9057355c92c922d5.rlib" "/opt/rustwide/rustup-home/toolchains/1.83.0-x86_64-unknown-linux-gnu/lib/rustlib/x86_64-unknown-linux-gnu/lib/librustc_std_workspace_alloc-358be9bc1f6bab04.rlib" "/opt/rustwide/rustup-home/toolchains/1.83.0-x86_64-unknown-linux-gnu/lib/rustlib/x86_64-unknown-linux-gnu/lib/libminiz_oxide-aca15549d5bff974.rlib" "/opt/rustwide/rustup-home/toolchains/1.83.0-x86_64-unknown-linux-gnu/lib/rustlib/x86_64-unknown-linux-gnu/lib/libadler-8251d2cef7072448.rlib" "/opt/rustwide/rustup-home/toolchains/1.83.0-x86_64-unknown-linux-gnu/lib/rustlib/x86_64-unknown-linux-gnu/lib/libunwind-7d50b86011c66411.rlib" "/opt/rustwide/rustup-home/toolchains/1.83.0-x86_64-unknown-linux-gnu/lib/rustlib/x86_64-unknown-linux-gnu/lib/libcfg_if-51ea098fce5006bf.rlib" "/opt/rustwide/rustup-home/toolchains/1.83.0-x86_64-unknown-linux-gnu/lib/rustlib/x86_64-unknown-linux-gnu/lib/liblibc-5a14e0d0b712e731.rlib" "/opt/rustwide/rustup-home/toolchains/1.83.0-x86_64-unknown-linux-gnu/lib/rustlib/x86_64-unknown-linux-gnu/lib/liballoc-8b83dbf3a7b8f999.rlib" "/opt/rustwide/rustup-home/toolchains/1.83.0-x86_64-unknown-linux-gnu/lib/rustlib/x86_64-unknown-linux-gnu/lib/librustc_std_workspace_core-c6fd227bdc7b39ff.rlib" "/opt/rustwide/rustup-home/toolchains/1.83.0-x86_64-unknown-linux-gnu/lib/rustlib/x86_64-unknown-linux-gnu/lib/libcore-959d3389fa3da8a5.rlib" "/opt/rustwide/rustup-home/toolchains/1.83.0-x86_64-unknown-linux-gnu/lib/rustlib/x86_64-unknown-linux-gnu/lib/libcompiler_builtins-abe05db089cc2c62.rlib" "-Wl,-Bdynamic" "-lz" "-lgcc_s" "-lutil" "-lrt" "-lpthread" "-lm" "-ldl" "-lc" "-Wl,--eh-frame-hdr" "-Wl,-z,noexecstack" "-L" "/opt/rustwide/target/debug/build/rdkafka-sys-0842cfe0ffe367df/out/src" "-L" "/opt/rustwide/rustup-home/toolchains/1.83.0-x86_64-unknown-linux-gnu/lib/rustlib/x86_64-unknown-linux-gnu/lib" "-o" "/tmp/rustdoctestmZK5zx/rust_out" "-Wl,--gc-sections" "-pie" "-Wl,-z,relro,-z,now" "-nodefaultlibs"
[INFO] [stdout]   = note: collect2: fatal error: ld terminated with signal 9 [Killed]
[INFO] [stdout]           compilation terminated.
[INFO] [stdout]           
[INFO] [stdout] 
[INFO] [stdout] error: aborting due to 1 previous error
[INFO] [stdout] 
[INFO] [stdout] Couldn't compile the test.
[INFO] [stdout] ---- src/in_memory/implementation.rs - in_memory::implementation::setup (line 99) stdout ----
[INFO] [stdout] error: linking with `cc` failed: exit status: 1
[INFO] [stdout]   |
[INFO] [stdout]   = note: LC_ALL="C" PATH="/opt/rustwide/rustup-home/toolchains/1.83.0-x86_64-unknown-linux-gnu/lib/rustlib/x86_64-unknown-linux-gnu/bin:/opt/rustwide/cargo-home/bin:/usr/local/sbin:/usr/local/bin:/usr/sbin:/usr/bin:/sbin:/bin" VSLANG="1033" "cc" "-m64" "/tmp/rustcCZJKJ8/symbols.o" "/tmp/rustdoctest6De8u4/rust_out.rust_out.cb03291d53e4e161-cgu.0.rcgu.o" "/tmp/rustdoctest6De8u4/rust_out.1s7umcihpz0t7nkz1uc2ifee9.rcgu.o" "-Wl,--as-needed" "-Wl,-Bstatic" "/opt/rustwide/target/debug/deps/libeventure-0c50c9b65e58e5a4.rlib" "/opt/rustwide/target/debug/deps/libsmol-96093a5bb1d2ba98.rlib" "/opt/rustwide/target/debug/deps/libasync_process-cb01a5ef93f67d8d.rlib" "/opt/rustwide/target/debug/deps/libasync_signal-d109605ad0a0fb6e.rlib" "/opt/rustwide/target/debug/deps/libsignal_hook_registry-92d753f0bfdc0b99.rlib" "/opt/rustwide/target/debug/deps/libasync_net-da7fa25627fb7efb.rlib" "/opt/rustwide/target/debug/deps/libasync_fs-420894a82446b682.rlib" "/opt/rustwide/target/debug/deps/libblocking-131179957ac92d90.rlib" "/opt/rustwide/target/debug/deps/libpiper-572633a89412d559.rlib" "/opt/rustwide/target/debug/deps/libatomic_waker-20cf0e6ccfae60b1.rlib" "/opt/rustwide/target/debug/deps/libasync_channel-65aa227b800eebc1.rlib" "/opt/rustwide/target/debug/deps/libasync_io-2c7a68d8d2e8f98b.rlib" "/opt/rustwide/target/debug/deps/libpolling-a0718bfd30ab8e19.rlib" "/opt/rustwide/target/debug/deps/libtracing-607a2a435dace638.rlib" "/opt/rustwide/target/debug/deps/libtracing_core-2a332f127335da4f.rlib" "/opt/rustwide/target/debug/deps/libcfg_if-8217498f8667ada9.rlib" "/opt/rustwide/target/debug/deps/libasync_lock-45caabbf999877e1.rlib" "/opt/rustwide/target/debug/deps/libevent_listener_strategy-08a30a615cae2b6e.rlib" "/opt/rustwide/target/debug/deps/libevent_listener-002cc43be26be021.rlib" "/opt/rustwide/target/debug/deps/librustix-6e4c1a9cf9aff5f4.rlib" "/opt/rustwide/target/debug/deps/libbitflags-e3f7c5486a00e38a.rlib" "/opt/rustwide/target/debug/deps/liblinux_raw_sys-e8f05c3e0ab320ef.rlib" "/opt/rustwide/target/debug/deps/libasync_executor-01d7fa708e54412a.rlib" "/opt/rustwide/target/debug/deps/libfutures_lite-b74e504f2953f3da.rlib" "/opt/rustwide/target/debug/deps/libparking-27e917f18806e974.rlib" "/opt/rustwide/target/debug/deps/libfastrand-33d04f74cb9fe3e0.rlib" "/opt/rustwide/target/debug/deps/libconcurrent_queue-11d9140e06007b41.rlib" "/opt/rustwide/target/debug/deps/libcrossbeam_utils-22b4a40650176016.rlib" "/opt/rustwide/target/debug/deps/libasync_task-ae112160920f0c1d.rlib" "/opt/rustwide/target/debug/deps/libtypetag-7ad01620850bdccb.rlib" "/opt/rustwide/target/debug/deps/libonce_cell-e29b9838a920cdd8.rlib" "/opt/rustwide/target/debug/deps/libinventory-77b7978c2efca033.rlib" "/opt/rustwide/target/debug/deps/liberased_serde-116eae59621e6cbe.rlib" "/opt/rustwide/target/debug/deps/libtypeid-f14491989104f587.rlib" "/opt/rustwide/target/debug/deps/libcolored-f327ea6ae1f12dd6.rlib" "/opt/rustwide/target/debug/deps/liblazy_static-977f75dcedc2f7be.rlib" "/opt/rustwide/target/debug/deps/librdkafka-3589b19a3c411dc1.rlib" "/opt/rustwide/target/debug/deps/libtokio-2a9a183ef7c0ff99.rlib" "/opt/rustwide/target/debug/deps/libserde_json-0d622b21b66b30af.rlib" "/opt/rustwide/target/debug/deps/libitoa-e8776415c5fe0047.rlib" "/opt/rustwide/target/debug/deps/libryu-bba83beca99dd7c0.rlib" "/opt/rustwide/target/debug/deps/libserde-c6d84ea49b1979c6.rlib" "/opt/rustwide/target/debug/deps/librdkafka_sys-1e7acded5fe54e0c.rlib" "/opt/rustwide/target/debug/deps/libnum_enum-92a3d5b070389ffa.rlib" "/opt/rustwide/target/debug/deps/liblibz_sys-b259587718a917a3.rlib" "/opt/rustwide/target/debug/deps/liblibc-48c07cb418e82d02.rlib" "/opt/rustwide/target/debug/deps/libfutures-e3f5571b723a6135.rlib" "/opt/rustwide/target/debug/deps/libfutures_executor-972fa16d34c6ebf7.rlib" "/opt/rustwide/target/debug/deps/libfutures_util-1b4c4a13774242ad.rlib" "/opt/rustwide/target/debug/deps/libfutures_io-b77a2fbaad2c9353.rlib" "/opt/rustwide/target/debug/deps/libslab-083dd68e0bc19c95.rlib" "/opt/rustwide/target/debug/deps/libfutures_channel-16011191383b57a0.rlib" "/opt/rustwide/target/debug/deps/libpin_project_lite-be51d264b86b6c5b.rlib" "/opt/rustwide/target/debug/deps/libfutures_sink-dc97bf7de34acf7c.rlib" "/opt/rustwide/target/debug/deps/libfutures_task-b8cf8cc4fcc89c75.rlib" "/opt/rustwide/target/debug/deps/libpin_utils-6bd6355de79f98af.rlib" "/opt/rustwide/target/debug/deps/libfutures_core-6acc1f6b4df0dd33.rlib" "/opt/rustwide/target/debug/deps/liblog-2579a5a2dbce8c4d.rlib" "/opt/rustwide/target/debug/deps/libregex-d95b326e6b6c6daa.rlib" "/opt/rustwide/target/debug/deps/libregex_automata-fb68867d3d4723af.rlib" "/opt/rustwide/target/debug/deps/libaho_corasick-ca3c2ec2e6ffa0c6.rlib" "/opt/rustwide/target/debug/deps/libmemchr-a61794c77f52d343.rlib" "/opt/rustwide/target/debug/deps/libregex_syntax-155e812807b49638.rlib" "/opt/rustwide/target/debug/deps/libmopa-95f78582e2a121ce.rlib" "/opt/rustwide/rustup-home/toolchains/1.83.0-x86_64-unknown-linux-gnu/lib/rustlib/x86_64-unknown-linux-gnu/lib/libstd-ca74a2d9c5166d9f.rlib" "/opt/rustwide/rustup-home/toolchains/1.83.0-x86_64-unknown-linux-gnu/lib/rustlib/x86_64-unknown-linux-gnu/lib/libpanic_unwind-e31ab23316ed5080.rlib" "/opt/rustwide/rustup-home/toolchains/1.83.0-x86_64-unknown-linux-gnu/lib/rustlib/x86_64-unknown-linux-gnu/lib/libobject-27dc4aa955912662.rlib" "/opt/rustwide/rustup-home/toolchains/1.83.0-x86_64-unknown-linux-gnu/lib/rustlib/x86_64-unknown-linux-gnu/lib/libmemchr-bd0d6cccce077b99.rlib" "/opt/rustwide/rustup-home/toolchains/1.83.0-x86_64-unknown-linux-gnu/lib/rustlib/x86_64-unknown-linux-gnu/lib/libaddr2line-8d001680935b5e3c.rlib" "/opt/rustwide/rustup-home/toolchains/1.83.0-x86_64-unknown-linux-gnu/lib/rustlib/x86_64-unknown-linux-gnu/lib/libgimli-ba8ce71964f984f4.rlib" "/opt/rustwide/rustup-home/toolchains/1.83.0-x86_64-unknown-linux-gnu/lib/rustlib/x86_64-unknown-linux-gnu/lib/librustc_demangle-99a73526abcec14b.rlib" "/opt/rustwide/rustup-home/toolchains/1.83.0-x86_64-unknown-linux-gnu/lib/rustlib/x86_64-unknown-linux-gnu/lib/libstd_detect-63ac0d22cff92579.rlib" "/opt/rustwide/rustup-home/toolchains/1.83.0-x86_64-unknown-linux-gnu/lib/rustlib/x86_64-unknown-linux-gnu/lib/libhashbrown-9057355c92c922d5.rlib" "/opt/rustwide/rustup-home/toolchains/1.83.0-x86_64-unknown-linux-gnu/lib/rustlib/x86_64-unknown-linux-gnu/lib/librustc_std_workspace_alloc-358be9bc1f6bab04.rlib" "/opt/rustwide/rustup-home/toolchains/1.83.0-x86_64-unknown-linux-gnu/lib/rustlib/x86_64-unknown-linux-gnu/lib/libminiz_oxide-aca15549d5bff974.rlib" "/opt/rustwide/rustup-home/toolchains/1.83.0-x86_64-unknown-linux-gnu/lib/rustlib/x86_64-unknown-linux-gnu/lib/libadler-8251d2cef7072448.rlib" "/opt/rustwide/rustup-home/toolchains/1.83.0-x86_64-unknown-linux-gnu/lib/rustlib/x86_64-unknown-linux-gnu/lib/libunwind-7d50b86011c66411.rlib" "/opt/rustwide/rustup-home/toolchains/1.83.0-x86_64-unknown-linux-gnu/lib/rustlib/x86_64-unknown-linux-gnu/lib/libcfg_if-51ea098fce5006bf.rlib" "/opt/rustwide/rustup-home/toolchains/1.83.0-x86_64-unknown-linux-gnu/lib/rustlib/x86_64-unknown-linux-gnu/lib/liblibc-5a14e0d0b712e731.rlib" "/opt/rustwide/rustup-home/toolchains/1.83.0-x86_64-unknown-linux-gnu/lib/rustlib/x86_64-unknown-linux-gnu/lib/liballoc-8b83dbf3a7b8f999.rlib" "/opt/rustwide/rustup-home/toolchains/1.83.0-x86_64-unknown-linux-gnu/lib/rustlib/x86_64-unknown-linux-gnu/lib/librustc_std_workspace_core-c6fd227bdc7b39ff.rlib" "/opt/rustwide/rustup-home/toolchains/1.83.0-x86_64-unknown-linux-gnu/lib/rustlib/x86_64-unknown-linux-gnu/lib/libcore-959d3389fa3da8a5.rlib" "/opt/rustwide/rustup-home/toolchains/1.83.0-x86_64-unknown-linux-gnu/lib/rustlib/x86_64-unknown-linux-gnu/lib/libcompiler_builtins-abe05db089cc2c62.rlib" "-Wl,-Bdynamic" "-lz" "-lgcc_s" "-lutil" "-lrt" "-lpthread" "-lm" "-ldl" "-lc" "-Wl,--eh-frame-hdr" "-Wl,-z,noexecstack" "-L" "/opt/rustwide/target/debug/build/rdkafka-sys-0842cfe0ffe367df/out/src" "-L" "/opt/rustwide/rustup-home/toolchains/1.83.0-x86_64-unknown-linux-gnu/lib/rustlib/x86_64-unknown-linux-gnu/lib" "-o" "/tmp/rustdoctest6De8u4/rust_out" "-Wl,--gc-sections" "-pie" "-Wl,-z,relro,-z,now" "-nodefaultlibs"
[INFO] [stdout]   = note: collect2: fatal error: ld terminated with signal 9 [Killed]
[INFO] [stdout]           compilation terminated.
[INFO] [stdout]           
[INFO] [stdout] 
[INFO] [stdout] error: aborting due to 1 previous error
[INFO] [stdout] 
[INFO] [stdout] Couldn't compile the test.
[INFO] [stdout] 
[INFO] [stdout] failures:
[INFO] [stdout]     src/in_memory/implementation.rs - in_memory::implementation::setup (line 99)
[INFO] [stdout]     src/kafka/implementation.rs - kafka::implementation::configuration (line 95)
[INFO] [stdout]     src/kafka/implementation.rs - kafka::implementation::emit (line 328)
[INFO] [stdout]     src/kafka/implementation.rs - kafka::implementation::message_channel (line 78)
[INFO] [stdout]     src/kafka/implementation.rs - kafka::implementation::register (line 127)
[INFO] [stdout]     src/kafka/implementation.rs - kafka::implementation::unregister (line 246)
[INFO] [stdout]     src/model.rs - model::Event (line 19)
[INFO] [stdout] 
[INFO] [stdout] test result: FAILED. 13 passed; 7 failed; 0 ignored; 0 measured; 0 filtered out; finished in 10.07s
[INFO] [stdout] 
[INFO] [stderr] error: doctest failed, to rerun pass `--doc`
[INFO] running `Command { std: "docker" "inspect" "423b1acd0ff8ba628b878aa9335677da7eb5c6897e717acfd4ea3aee3a284884", kill_on_drop: false }`
[INFO] running `Command { std: "docker" "rm" "-f" "423b1acd0ff8ba628b878aa9335677da7eb5c6897e717acfd4ea3aee3a284884", kill_on_drop: false }`
[INFO] [stdout] 423b1acd0ff8ba628b878aa9335677da7eb5c6897e717acfd4ea3aee3a284884
