[INFO] fetching crate event-emitter-rs 0.1.4...
[INFO] testing event-emitter-rs-0.1.4 against 1.83.0 for beta-1.84.0-4-retry
[INFO] extracting crate event-emitter-rs 0.1.4 into /workspace/builds/worker-5-tc1/source
[INFO] validating manifest of crates.io crate event-emitter-rs 0.1.4 on toolchain 1.83.0
[INFO] running `Command { std: CARGO_HOME="/workspace/cargo-home" RUSTUP_HOME="/workspace/rustup-home" "/workspace/cargo-home/bin/cargo" "+1.83.0" "metadata" "--manifest-path" "Cargo.toml" "--no-deps", kill_on_drop: false }`
[INFO] started tweaking crates.io crate event-emitter-rs 0.1.4
[INFO] finished tweaking crates.io crate event-emitter-rs 0.1.4
[INFO] tweaked toml for crates.io crate event-emitter-rs 0.1.4 written to /workspace/builds/worker-5-tc1/source/Cargo.toml
[INFO] running `Command { std: CARGO_HOME="/workspace/cargo-home" RUSTUP_HOME="/workspace/rustup-home" "/workspace/cargo-home/bin/cargo" "+1.83.0" "generate-lockfile" "--manifest-path" "Cargo.toml", kill_on_drop: false }`
[INFO] [stderr]     Updating crates.io index
[INFO] [stderr]      Locking 13 packages to latest compatible versions
[INFO] [stderr]       Adding uuid v0.8.2 (available: v1.11.0)
[INFO] running `Command { std: CARGO_HOME="/workspace/cargo-home" RUSTUP_HOME="/workspace/rustup-home" "/workspace/cargo-home/bin/cargo" "+1.83.0" "fetch" "--manifest-path" "Cargo.toml", kill_on_drop: false }`
[INFO] running `Command { std: "docker" "create" "-v" "/var/lib/crater-agent-workspace/builds/worker-5-tc1/target:/opt/rustwide/target:rw,Z" "-v" "/var/lib/crater-agent-workspace/builds/worker-5-tc1/source:/opt/rustwide/workdir:ro,Z" "-v" "/var/lib/crater-agent-workspace/cargo-home:/opt/rustwide/cargo-home:ro,Z" "-v" "/var/lib/crater-agent-workspace/rustup-home:/opt/rustwide/rustup-home:ro,Z" "-e" "SOURCE_DIR=/opt/rustwide/workdir" "-e" "CARGO_TARGET_DIR=/opt/rustwide/target" "-e" "CARGO_HOME=/opt/rustwide/cargo-home" "-e" "RUSTUP_HOME=/opt/rustwide/rustup-home" "-w" "/opt/rustwide/workdir" "-m" "1610612736" "--user" "0:0" "--network" "none" "ghcr.io/rust-lang/crates-build-env/linux@sha256:f3a9d4ad9d972b27faf3965f35b62e55ba32bbce8f20bc8fe909558a86702fde" "/opt/rustwide/cargo-home/bin/cargo" "+1.83.0" "metadata" "--no-deps" "--format-version=1", kill_on_drop: false }`
[INFO] [stdout] 50648a65135be5e7a4e6c10e2547bbabb7739182fe820931ed2e6e04516be524
[INFO] running `Command { std: "docker" "start" "-a" "50648a65135be5e7a4e6c10e2547bbabb7739182fe820931ed2e6e04516be524", kill_on_drop: false }`
[INFO] running `Command { std: "docker" "inspect" "50648a65135be5e7a4e6c10e2547bbabb7739182fe820931ed2e6e04516be524", kill_on_drop: false }`
[INFO] running `Command { std: "docker" "rm" "-f" "50648a65135be5e7a4e6c10e2547bbabb7739182fe820931ed2e6e04516be524", kill_on_drop: false }`
[INFO] [stdout] 50648a65135be5e7a4e6c10e2547bbabb7739182fe820931ed2e6e04516be524
[INFO] running `Command { std: "docker" "create" "-v" "/var/lib/crater-agent-workspace/builds/worker-5-tc1/target:/opt/rustwide/target:rw,Z" "-v" "/var/lib/crater-agent-workspace/builds/worker-5-tc1/source:/opt/rustwide/workdir:ro,Z" "-v" "/var/lib/crater-agent-workspace/cargo-home:/opt/rustwide/cargo-home:ro,Z" "-v" "/var/lib/crater-agent-workspace/rustup-home:/opt/rustwide/rustup-home:ro,Z" "-e" "SOURCE_DIR=/opt/rustwide/workdir" "-e" "CARGO_TARGET_DIR=/opt/rustwide/target" "-e" "CARGO_INCREMENTAL=0" "-e" "RUST_BACKTRACE=full" "-e" "RUSTFLAGS=--cap-lints=warn" "-e" "RUSTDOCFLAGS=--cap-lints=warn" "-e" "CARGO_HOME=/opt/rustwide/cargo-home" "-e" "RUSTUP_HOME=/opt/rustwide/rustup-home" "-w" "/opt/rustwide/workdir" "-m" "1610612736" "--user" "0:0" "--network" "none" "ghcr.io/rust-lang/crates-build-env/linux@sha256:f3a9d4ad9d972b27faf3965f35b62e55ba32bbce8f20bc8fe909558a86702fde" "/opt/rustwide/cargo-home/bin/cargo" "+1.83.0" "build" "--frozen" "--message-format=json", kill_on_drop: false }`
[INFO] [stdout] 475221bef2faa45eb8bb30ac91585371b87899d6dcf9cec3de535a8ca7b70f1a
[INFO] running `Command { std: "docker" "start" "-a" "475221bef2faa45eb8bb30ac91585371b87899d6dcf9cec3de535a8ca7b70f1a", kill_on_drop: false }`
[INFO] [stderr]    Compiling proc-macro2 v1.0.92
[INFO] [stderr]    Compiling unicode-ident v1.0.14
[INFO] [stderr]    Compiling libc v0.2.168
[INFO] [stderr]    Compiling serde v1.0.216
[INFO] [stderr]    Compiling cfg-if v1.0.0
[INFO] [stderr]    Compiling lazy_static v1.5.0
[INFO] [stderr]    Compiling quote v1.0.37
[INFO] [stderr]    Compiling getrandom v0.2.15
[INFO] [stderr]    Compiling uuid v0.8.2
[INFO] [stderr]    Compiling syn v2.0.90
[INFO] [stderr]    Compiling serde_derive v1.0.216
[INFO] [stderr]    Compiling bincode v1.3.3
[INFO] [stderr]    Compiling event-emitter-rs v0.1.4 (/opt/rustwide/workdir)
[INFO] [stdout] warning: unused import: `crate::EventEmitter`
[INFO] [stdout]    --> src/tests.rs:1:5
[INFO] [stdout]     |
[INFO] [stdout] 1   | use crate::EventEmitter;
[INFO] [stdout]     |     ^^^^^^^^^^^^^^^^^^^
[INFO] [stdout]     |
[INFO] [stdout] help: if this is a test module, consider adding a `#[cfg(test)]` to the containing module
[INFO] [stdout]    --> src/lib.rs:115:1
[INFO] [stdout]     |
[INFO] [stdout] 115 | mod tests;
[INFO] [stdout]     | ^^^^^^^^^^
[INFO] [stdout]     = note: `#[warn(unused_imports)]` on by default
[INFO] [stdout] 
[INFO] [stdout] 
[INFO] [stdout] warning: unused imports: `Deserialize` and `Serialize`
[INFO] [stdout]    --> src/tests.rs:2:13
[INFO] [stdout]     |
[INFO] [stdout] 2   | use serde::{Deserialize, Serialize};
[INFO] [stdout]     |             ^^^^^^^^^^^  ^^^^^^^^^
[INFO] [stdout]     |
[INFO] [stdout] help: if this is a test module, consider adding a `#[cfg(test)]` to the containing module
[INFO] [stdout]    --> src/lib.rs:115:1
[INFO] [stdout]     |
[INFO] [stdout] 115 | mod tests;
[INFO] [stdout]     | ^^^^^^^^^^
[INFO] [stdout] 
[INFO] [stdout] 
[INFO] [stdout] warning: unused imports: `Arc` and `Mutex`
[INFO] [stdout]    --> src/tests.rs:3:17
[INFO] [stdout]     |
[INFO] [stdout] 3   | use std::sync::{Mutex, Arc};
[INFO] [stdout]     |                 ^^^^^  ^^^
[INFO] [stdout]     |
[INFO] [stdout] help: if this is a test module, consider adding a `#[cfg(test)]` to the containing module
[INFO] [stdout]    --> src/lib.rs:115:1
[INFO] [stdout]     |
[INFO] [stdout] 115 | mod tests;
[INFO] [stdout]     | ^^^^^^^^^^
[INFO] [stdout] 
[INFO] [stdout] 
[INFO] [stdout] warning: unused variable: `event`
[INFO] [stdout]    --> src/lib.rs:331:32
[INFO] [stdout]     |
[INFO] [stdout] 331 |     pub fn sync_emit<T>(&self, event: &str, value: T) 
[INFO] [stdout]     |                                ^^^^^ help: if this is intentional, prefix it with an underscore: `_event`
[INFO] [stdout]     |
[INFO] [stdout]     = note: `#[warn(unused_variables)]` on by default
[INFO] [stdout] 
[INFO] [stdout] 
[INFO] [stdout] warning: unused variable: `value`
[INFO] [stdout]    --> src/lib.rs:331:45
[INFO] [stdout]     |
[INFO] [stdout] 331 |     pub fn sync_emit<T>(&self, event: &str, value: T) 
[INFO] [stdout]     |                                             ^^^^^ help: if this is intentional, prefix it with an underscore: `_value`
[INFO] [stdout] 
[INFO] [stdout] 
[INFO] [stderr]     Finished `dev` profile [unoptimized + debuginfo] target(s) in 11.30s
[INFO] running `Command { std: "docker" "inspect" "475221bef2faa45eb8bb30ac91585371b87899d6dcf9cec3de535a8ca7b70f1a", kill_on_drop: false }`
[INFO] running `Command { std: "docker" "rm" "-f" "475221bef2faa45eb8bb30ac91585371b87899d6dcf9cec3de535a8ca7b70f1a", kill_on_drop: false }`
[INFO] [stdout] 475221bef2faa45eb8bb30ac91585371b87899d6dcf9cec3de535a8ca7b70f1a
[INFO] running `Command { std: "docker" "create" "-v" "/var/lib/crater-agent-workspace/builds/worker-5-tc1/target:/opt/rustwide/target:rw,Z" "-v" "/var/lib/crater-agent-workspace/builds/worker-5-tc1/source:/opt/rustwide/workdir:ro,Z" "-v" "/var/lib/crater-agent-workspace/cargo-home:/opt/rustwide/cargo-home:ro,Z" "-v" "/var/lib/crater-agent-workspace/rustup-home:/opt/rustwide/rustup-home:ro,Z" "-e" "SOURCE_DIR=/opt/rustwide/workdir" "-e" "CARGO_TARGET_DIR=/opt/rustwide/target" "-e" "CARGO_INCREMENTAL=0" "-e" "RUST_BACKTRACE=full" "-e" "RUSTFLAGS=--cap-lints=warn" "-e" "RUSTDOCFLAGS=--cap-lints=warn" "-e" "CARGO_HOME=/opt/rustwide/cargo-home" "-e" "RUSTUP_HOME=/opt/rustwide/rustup-home" "-w" "/opt/rustwide/workdir" "-m" "1610612736" "--user" "0:0" "--network" "none" "ghcr.io/rust-lang/crates-build-env/linux@sha256:f3a9d4ad9d972b27faf3965f35b62e55ba32bbce8f20bc8fe909558a86702fde" "/opt/rustwide/cargo-home/bin/cargo" "+1.83.0" "test" "--frozen" "--no-run" "--message-format=json", kill_on_drop: false }`
[INFO] [stdout] ba533aa9a830825990b9778c2a398fab6874ab6cec79c7ca3fa63549c6ede88e
[INFO] running `Command { std: "docker" "start" "-a" "ba533aa9a830825990b9778c2a398fab6874ab6cec79c7ca3fa63549c6ede88e", kill_on_drop: false }`
[INFO] [stdout] warning: unused import: `crate::EventEmitter`
[INFO] [stdout]    --> src/tests.rs:1:5
[INFO] [stdout]     |
[INFO] [stdout] 1   | use crate::EventEmitter;
[INFO] [stdout]     |     ^^^^^^^^^^^^^^^^^^^
[INFO] [stdout]     |
[INFO] [stdout] help: if this is a test module, consider adding a `#[cfg(test)]` to the containing module
[INFO] [stdout]    --> src/lib.rs:115:1
[INFO] [stdout]     |
[INFO] [stdout] 115 | mod tests;
[INFO] [stdout]     | ^^^^^^^^^^
[INFO] [stdout]     = note: `#[warn(unused_imports)]` on by default
[INFO] [stdout] 
[INFO] [stdout] 
[INFO] [stdout] warning: unused imports: `Deserialize` and `Serialize`
[INFO] [stdout]    --> src/tests.rs:2:13
[INFO] [stdout]     |
[INFO] [stdout] 2   | use serde::{Deserialize, Serialize};
[INFO] [stdout]     |             ^^^^^^^^^^^  ^^^^^^^^^
[INFO] [stdout]     |
[INFO] [stdout] help: if this is a test module, consider adding a `#[cfg(test)]` to the containing module
[INFO] [stdout]    --> src/lib.rs:115:1
[INFO] [stdout]     |
[INFO] [stdout] 115 | mod tests;
[INFO] [stdout]     | ^^^^^^^^^^
[INFO] [stdout] 
[INFO] [stdout] 
[INFO] [stdout] warning: unused imports: `Arc` and `Mutex`
[INFO] [stdout]    --> src/tests.rs:3:17
[INFO] [stdout]     |
[INFO] [stdout] 3   | use std::sync::{Mutex, Arc};
[INFO] [stdout]     |                 ^^^^^  ^^^
[INFO] [stdout]     |
[INFO] [stdout] help: if this is a test module, consider adding a `#[cfg(test)]` to the containing module
[INFO] [stdout]    --> src/lib.rs:115:1
[INFO] [stdout]     |
[INFO] [stdout] 115 | mod tests;
[INFO] [stdout]     | ^^^^^^^^^^
[INFO] [stdout] 
[INFO] [stdout] 
[INFO] [stdout] warning: unused variable: `event`
[INFO] [stdout]    --> src/lib.rs:331:32
[INFO] [stdout]     |
[INFO] [stdout] 331 |     pub fn sync_emit<T>(&self, event: &str, value: T) 
[INFO] [stdout]     |                                ^^^^^ help: if this is intentional, prefix it with an underscore: `_event`
[INFO] [stdout]     |
[INFO] [stdout]     = note: `#[warn(unused_variables)]` on by default
[INFO] [stdout] 
[INFO] [stdout] 
[INFO] [stdout] warning: unused variable: `value`
[INFO] [stdout]    --> src/lib.rs:331:45
[INFO] [stdout]     |
[INFO] [stdout] 331 |     pub fn sync_emit<T>(&self, event: &str, value: T) 
[INFO] [stdout]     |                                             ^^^^^ help: if this is intentional, prefix it with an underscore: `_value`
[INFO] [stdout] 
[INFO] [stdout] 
[INFO] [stderr]    Compiling event-emitter-rs v0.1.4 (/opt/rustwide/workdir)
[INFO] [stdout] warning: unused imports: `Deserialize` and `Serialize`
[INFO] [stdout]  --> src/tests.rs:2:13
[INFO] [stdout]   |
[INFO] [stdout] 2 | use serde::{Deserialize, Serialize};
[INFO] [stdout]   |             ^^^^^^^^^^^  ^^^^^^^^^
[INFO] [stdout]   |
[INFO] [stdout]   = note: `#[warn(unused_imports)]` on by default
[INFO] [stdout] 
[INFO] [stdout] 
[INFO] [stdout] warning: variable does not need to be mutable
[INFO] [stdout]  --> src/tests.rs:8:9
[INFO] [stdout]   |
[INFO] [stdout] 8 |     let mut counter: Arc<Mutex<u32>> = Arc::new(Mutex::new(5));
[INFO] [stdout]   |         ----^^^^^^^
[INFO] [stdout]   |         |
[INFO] [stdout]   |         help: remove this `mut`
[INFO] [stdout]   |
[INFO] [stdout]   = note: `#[warn(unused_mut)]` on by default
[INFO] [stdout] 
[INFO] [stdout] 
[INFO] [stdout] warning: variable does not need to be mutable
[INFO] [stdout]   --> src/tests.rs:30:9
[INFO] [stdout]    |
[INFO] [stdout] 30 |     let mut container: Arc<Mutex<Container>> = Arc::new(Mutex::new(Container { list: Vec::new() }));
[INFO] [stdout]    |         ----^^^^^^^^^
[INFO] [stdout]    |         |
[INFO] [stdout]    |         help: remove this `mut`
[INFO] [stdout] 
[INFO] [stdout] 
[INFO] [stdout] warning: variable does not need to be mutable
[INFO] [stdout]   --> src/tests.rs:78:9
[INFO] [stdout]    |
[INFO] [stdout] 78 |     let mut counter: Arc<Mutex<u32>> = Arc::new(Mutex::new(5));
[INFO] [stdout]    |         ----^^^^^^^
[INFO] [stdout]    |         |
[INFO] [stdout]    |         help: remove this `mut`
[INFO] [stdout] 
[INFO] [stdout] 
[INFO] [stdout] warning: unused variable: `event`
[INFO] [stdout]    --> src/lib.rs:331:32
[INFO] [stdout]     |
[INFO] [stdout] 331 |     pub fn sync_emit<T>(&self, event: &str, value: T) 
[INFO] [stdout]     |                                ^^^^^ help: if this is intentional, prefix it with an underscore: `_event`
[INFO] [stdout]     |
[INFO] [stdout]     = note: `#[warn(unused_variables)]` on by default
[INFO] [stdout] 
[INFO] [stdout] 
[INFO] [stdout] warning: unused variable: `value`
[INFO] [stdout]    --> src/lib.rs:331:45
[INFO] [stdout]     |
[INFO] [stdout] 331 |     pub fn sync_emit<T>(&self, event: &str, value: T) 
[INFO] [stdout]     |                                             ^^^^^ help: if this is intentional, prefix it with an underscore: `_value`
[INFO] [stdout] 
[INFO] [stdout] 
[INFO] [stdout] warning: unused `Result` that must be used
[INFO] [stdout]   --> src/tests.rs:17:9
[INFO] [stdout]    |
[INFO] [stdout] 17 |         callback.join();
[INFO] [stdout]    |         ^^^^^^^^^^^^^^^
[INFO] [stdout]    |
[INFO] [stdout]    = note: this `Result` may be an `Err` variant, which should be handled
[INFO] [stdout]    = note: `#[warn(unused_must_use)]` on by default
[INFO] [stdout] help: use `let _ = ...` to ignore the resulting value
[INFO] [stdout]    |
[INFO] [stdout] 17 |         let _ = callback.join();
[INFO] [stdout]    |         +++++++
[INFO] [stdout] 
[INFO] [stdout] 
[INFO] [stdout] warning: unused `Result` that must be used
[INFO] [stdout]   --> src/tests.rs:40:9
[INFO] [stdout]    |
[INFO] [stdout] 40 |         callback.join();
[INFO] [stdout]    |         ^^^^^^^^^^^^^^^
[INFO] [stdout]    |
[INFO] [stdout]    = note: this `Result` may be an `Err` variant, which should be handled
[INFO] [stdout] help: use `let _ = ...` to ignore the resulting value
[INFO] [stdout]    |
[INFO] [stdout] 40 |         let _ = callback.join();
[INFO] [stdout]    |         +++++++
[INFO] [stdout] 
[INFO] [stdout] 
[INFO] [stderr]     Finished `test` profile [unoptimized + debuginfo] target(s) in 0.83s
[INFO] running `Command { std: "docker" "inspect" "ba533aa9a830825990b9778c2a398fab6874ab6cec79c7ca3fa63549c6ede88e", kill_on_drop: false }`
[INFO] running `Command { std: "docker" "rm" "-f" "ba533aa9a830825990b9778c2a398fab6874ab6cec79c7ca3fa63549c6ede88e", kill_on_drop: false }`
[INFO] [stdout] ba533aa9a830825990b9778c2a398fab6874ab6cec79c7ca3fa63549c6ede88e
[INFO] running `Command { std: "docker" "create" "-v" "/var/lib/crater-agent-workspace/builds/worker-5-tc1/target:/opt/rustwide/target:rw,Z" "-v" "/var/lib/crater-agent-workspace/builds/worker-5-tc1/source:/opt/rustwide/workdir:ro,Z" "-v" "/var/lib/crater-agent-workspace/cargo-home:/opt/rustwide/cargo-home:ro,Z" "-v" "/var/lib/crater-agent-workspace/rustup-home:/opt/rustwide/rustup-home:ro,Z" "-e" "SOURCE_DIR=/opt/rustwide/workdir" "-e" "CARGO_TARGET_DIR=/opt/rustwide/target" "-e" "CARGO_INCREMENTAL=0" "-e" "RUST_BACKTRACE=full" "-e" "RUSTFLAGS=--cap-lints=warn" "-e" "RUSTDOCFLAGS=--cap-lints=warn" "-e" "CARGO_HOME=/opt/rustwide/cargo-home" "-e" "RUSTUP_HOME=/opt/rustwide/rustup-home" "-w" "/opt/rustwide/workdir" "-m" "1610612736" "--user" "0:0" "--network" "none" "ghcr.io/rust-lang/crates-build-env/linux@sha256:f3a9d4ad9d972b27faf3965f35b62e55ba32bbce8f20bc8fe909558a86702fde" "/opt/rustwide/cargo-home/bin/cargo" "+1.83.0" "test" "--frozen", kill_on_drop: false }`
[INFO] [stdout] 1e3cde36377715a9c393808bb556845ab6c06a3d9f7f4a37d72c16f4db598534
[INFO] running `Command { std: "docker" "start" "-a" "1e3cde36377715a9c393808bb556845ab6c06a3d9f7f4a37d72c16f4db598534", kill_on_drop: false }`
[INFO] [stderr] warning: unused import: `crate::EventEmitter`
[INFO] [stderr]    --> src/tests.rs:1:5
[INFO] [stderr]     |
[INFO] [stderr] 1   | use crate::EventEmitter;
[INFO] [stderr]     |     ^^^^^^^^^^^^^^^^^^^
[INFO] [stderr]     |
[INFO] [stderr] help: if this is a test module, consider adding a `#[cfg(test)]` to the containing module
[INFO] [stderr]    --> src/lib.rs:115:1
[INFO] [stderr]     |
[INFO] [stderr] 115 | mod tests;
[INFO] [stderr]     | ^^^^^^^^^^
[INFO] [stderr]     = note: `#[warn(unused_imports)]` on by default
[INFO] [stderr] 
[INFO] [stderr] warning: unused imports: `Deserialize` and `Serialize`
[INFO] [stderr]    --> src/tests.rs:2:13
[INFO] [stderr]     |
[INFO] [stderr] 2   | use serde::{Deserialize, Serialize};
[INFO] [stderr]     |             ^^^^^^^^^^^  ^^^^^^^^^
[INFO] [stderr]     |
[INFO] [stderr] help: if this is a test module, consider adding a `#[cfg(test)]` to the containing module
[INFO] [stderr]    --> src/lib.rs:115:1
[INFO] [stderr]     |
[INFO] [stderr] 115 | mod tests;
[INFO] [stderr]     | ^^^^^^^^^^
[INFO] [stderr] 
[INFO] [stderr] warning: unused imports: `Arc` and `Mutex`
[INFO] [stderr]    --> src/tests.rs:3:17
[INFO] [stderr]     |
[INFO] [stderr] 3   | use std::sync::{Mutex, Arc};
[INFO] [stderr]     |                 ^^^^^  ^^^
[INFO] [stderr]     |
[INFO] [stderr] help: if this is a test module, consider adding a `#[cfg(test)]` to the containing module
[INFO] [stderr]    --> src/lib.rs:115:1
[INFO] [stderr]     |
[INFO] [stderr] 115 | mod tests;
[INFO] [stderr]     | ^^^^^^^^^^
[INFO] [stderr] 
[INFO] [stderr] warning: unused variable: `event`
[INFO] [stderr]    --> src/lib.rs:331:32
[INFO] [stderr]     |
[INFO] [stderr] 331 |     pub fn sync_emit<T>(&self, event: &str, value: T) 
[INFO] [stderr]     |                                ^^^^^ help: if this is intentional, prefix it with an underscore: `_event`
[INFO] [stderr]     |
[INFO] [stderr]     = note: `#[warn(unused_variables)]` on by default
[INFO] [stderr] 
[INFO] [stderr] warning: unused variable: `value`
[INFO] [stderr]    --> src/lib.rs:331:45
[INFO] [stderr]     |
[INFO] [stderr] 331 |     pub fn sync_emit<T>(&self, event: &str, value: T) 
[INFO] [stderr]     |                                             ^^^^^ help: if this is intentional, prefix it with an underscore: `_value`
[INFO] [stderr] 
[INFO] [stderr] warning: unused imports: `Deserialize` and `Serialize`
[INFO] [stderr]  --> src/tests.rs:2:13
[INFO] [stderr]   |
[INFO] [stderr] 2 | use serde::{Deserialize, Serialize};
[INFO] [stderr]   |             ^^^^^^^^^^^  ^^^^^^^^^
[INFO] [stderr]   |
[INFO] [stderr]   = note: `#[warn(unused_imports)]` on by default
[INFO] [stderr] 
[INFO] [stderr] warning: variable does not need to be mutable
[INFO] [stderr]  --> src/tests.rs:8:9
[INFO] [stderr]   |
[INFO] [stderr] 8 |     let mut counter: Arc<Mutex<u32>> = Arc::new(Mutex::new(5));
[INFO] [stderr]   |         ----^^^^^^^
[INFO] [stderr]   |         |
[INFO] [stderr]   |         help: remove this `mut`
[INFO] [stderr]   |
[INFO] [stderr]   = note: `#[warn(unused_mut)]` on by default
[INFO] [stderr] 
[INFO] [stderr] warning: variable does not need to be mutable
[INFO] [stderr]   --> src/tests.rs:30:9
[INFO] [stderr]    |
[INFO] [stderr] 30 |     let mut container: Arc<Mutex<Container>> = Arc::new(Mutex::new(Container { list: Vec::new() }));
[INFO] [stderr]    |         ----^^^^^^^^^
[INFO] [stderr]    |         |
[INFO] [stderr]    |         help: remove this `mut`
[INFO] [stderr] 
[INFO] [stderr] warning: variable does not need to be mutable
[INFO] [stderr]   --> src/tests.rs:78:9
[INFO] [stderr]    |
[INFO] [stderr] 78 |     let mut counter: Arc<Mutex<u32>> = Arc::new(Mutex::new(5));
[INFO] [stderr]    |         ----^^^^^^^
[INFO] [stderr]    |         |
[INFO] [stderr]    |         help: remove this `mut`
[INFO] [stderr] 
[INFO] [stderr] warning: unused `Result` that must be used
[INFO] [stderr]   --> src/tests.rs:17:9
[INFO] [stderr]    |
[INFO] [stderr] 17 |         callback.join();
[INFO] [stderr]    |         ^^^^^^^^^^^^^^^
[INFO] [stderr]    |
[INFO] [stderr]    = note: this `Result` may be an `Err` variant, which should be handled
[INFO] [stderr]    = note: `#[warn(unused_must_use)]` on by default
[INFO] [stderr] help: use `let _ = ...` to ignore the resulting value
[INFO] [stderr]    |
[INFO] [stderr] 17 |         let _ = callback.join();
[INFO] [stderr]    |         +++++++
[INFO] [stderr] 
[INFO] [stderr] warning: unused `Result` that must be used
[INFO] [stderr]   --> src/tests.rs:40:9
[INFO] [stderr]    |
[INFO] [stderr] 40 |         callback.join();
[INFO] [stderr]    |         ^^^^^^^^^^^^^^^
[INFO] [stderr]    |
[INFO] [stderr]    = note: this `Result` may be an `Err` variant, which should be handled
[INFO] [stderr] help: use `let _ = ...` to ignore the resulting value
[INFO] [stderr]    |
[INFO] [stderr] 40 |         let _ = callback.join();
[INFO] [stderr]    |         +++++++
[INFO] [stderr] 
[INFO] [stderr] warning: `event-emitter-rs` (lib) generated 5 warnings (run `cargo fix --lib -p event-emitter-rs` to apply 3 suggestions)
[INFO] [stderr] warning: `event-emitter-rs` (lib test) generated 8 warnings (2 duplicates) (run `cargo fix --lib -p event-emitter-rs --tests` to apply 4 suggestions)
[INFO] [stderr]     Finished `test` profile [unoptimized + debuginfo] target(s) in 0.03s
[INFO] [stderr]      Running unittests src/lib.rs (/opt/rustwide/target/debug/deps/event_emitter_rs-cdde6f51e3cb392e)
[INFO] [stdout] 
[INFO] [stdout] running 5 tests
[INFO] [stdout] test tests::global_emitter ... ok
[INFO] [stdout] test tests::on ... ok
[INFO] [stdout] test tests::on_limited ... ok
[INFO] [stdout] test tests::once ... ok
[INFO] [stderr]    Doc-tests event_emitter_rs
[INFO] [stdout] test tests::remove_listener ... ok
[INFO] [stdout] 
[INFO] [stdout] test result: ok. 5 passed; 0 failed; 0 ignored; 0 measured; 0 filtered out; finished in 0.00s
[INFO] [stdout] 
[INFO] [stdout] 
[INFO] [stdout] running 12 tests
[INFO] [stdout] test src/lib.rs - (line 72) ... FAILED
[INFO] [stdout] test src/lib.rs - (line 103) ... FAILED
[INFO] [stdout] test src/lib.rs - (line 86) ... FAILED
[INFO] [stdout] test src/lib.rs - EventEmitter::sync_emit (line 319) ... ok
[INFO] [stdout] test src/lib.rs - EventEmitter::emit (line 175) ... ok
[INFO] [stdout] test src/lib.rs - EventEmitter::on (line 153) ... ok
[INFO] [stdout] test src/lib.rs - EventEmitter::remove_listener (line 228) ... ok
[INFO] [stdout] test src/lib.rs - (line 56) ... ok
[INFO] [stdout] test src/lib.rs - EventEmitter::once (line 293) ... ok
[INFO] [stdout] test src/lib.rs - (line 11) ... ok
[INFO] [stdout] test src/lib.rs - EventEmitter::on_limited (line 252) ... ok
[INFO] [stdout] test src/lib.rs - (line 26) ... ok
[INFO] [stdout] 
[INFO] [stdout] failures:
[INFO] [stdout] 
[INFO] [stdout] ---- src/lib.rs - (line 72) stdout ----
[INFO] [stdout] error[E0432]: unresolved import `crate::EventEmitter`
[INFO] [stdout]  --> src/lib.rs:75:5
[INFO] [stdout]   |
[INFO] [stdout] 5 | use crate::EventEmitter;
[INFO] [stdout]   |     ^^^^^^^^^^^^^^^^^^^ no `EventEmitter` in the root
[INFO] [stdout]   |
[INFO] [stdout] help: consider importing this struct instead
[INFO] [stdout]   |
[INFO] [stdout] 5 | use event_emitter_rs::EventEmitter;
[INFO] [stdout]   |     ~~~~~~~~~~~~~~~~~~~~~~~~~~~~~~
[INFO] [stdout] 
[INFO] [stdout] error: cannot find macro `lazy_static` in this scope
[INFO] [stdout]  --> src/lib.rs:78:1
[INFO] [stdout]   |
[INFO] [stdout] 8 | lazy_static! {
[INFO] [stdout]   | ^^^^^^^^^^^
[INFO] [stdout]   |
[INFO] [stdout]   = note: `lazy_static` is in scope, but it is a crate, not a macro
[INFO] [stdout] help: consider importing this macro
[INFO] [stdout]   |
[INFO] [stdout] 3 + use lazy_static::lazy_static;
[INFO] [stdout]   |
[INFO] [stdout] 
[INFO] [stdout] error: aborting due to 2 previous errors
[INFO] [stdout] 
[INFO] [stdout] For more information about this error, try `rustc --explain E0432`.
[INFO] [stdout] Couldn't compile the test.
[INFO] [stdout] ---- src/lib.rs - (line 103) stdout ----
[INFO] [stdout] error[E0432]: unresolved import `crate::global_event_emitter`
[INFO] [stdout]  --> src/lib.rs:105:12
[INFO] [stdout]   |
[INFO] [stdout] 4 | use crate::global_event_emitter::EVENT_EMITTER;
[INFO] [stdout]   |            ^^^^^^^^^^^^^^^^^^^^ could not find `global_event_emitter` in the crate root
[INFO] [stdout] 
[INFO] [stdout] error: aborting due to 1 previous error
[INFO] [stdout] 
[INFO] [stdout] For more information about this error, try `rustc --explain E0432`.
[INFO] [stdout] Couldn't compile the test.
[INFO] [stdout] ---- src/lib.rs - (line 86) stdout ----
[INFO] [stdout] error[E0583]: file not found for module `global_event_emitter`
[INFO] [stdout]  --> src/lib.rs:91:1
[INFO] [stdout]   |
[INFO] [stdout] 6 | mod global_event_emitter;
[INFO] [stdout]   | ^^^^^^^^^^^^^^^^^^^^^^^^^
[INFO] [stdout]   |
[INFO] [stdout]   = help: to create the module `global_event_emitter`, create file "src/global_event_emitter.rs" or "src/global_event_emitter/mod.rs"
[INFO] [stdout]   = note: if there is a `mod global_event_emitter` elsewhere in the crate already, import it with `use crate::...` instead
[INFO] [stdout] 
[INFO] [stdout] error[E0432]: unresolved import `global_event_emitter::EVENT_EMITTER`
[INFO] [stdout]  --> src/lib.rs:92:5
[INFO] [stdout]   |
[INFO] [stdout] 7 | use global_event_emitter::EVENT_EMITTER;
[INFO] [stdout]   |     ^^^^^^^^^^^^^^^^^^^^^^^^^^^^^^^^^^^ no `EVENT_EMITTER` in `global_event_emitter`
[INFO] [stdout] 
[INFO] [stdout] error: aborting due to 2 previous errors
[INFO] [stdout] 
[INFO] [stdout] Some errors have detailed explanations: E0432, E0583.
[INFO] [stdout] For more information about an error, try `rustc --explain E0432`.
[INFO] [stdout] Couldn't compile the test.
[INFO] [stdout] 
[INFO] [stdout] failures:
[INFO] [stdout]     src/lib.rs - (line 103)
[INFO] [stdout]     src/lib.rs - (line 72)
[INFO] [stdout]     src/lib.rs - (line 86)
[INFO] [stdout] 
[INFO] [stdout] test result: FAILED. 9 passed; 3 failed; 0 ignored; 0 measured; 0 filtered out; finished in 1.75s
[INFO] [stdout] 
[INFO] [stderr] error: doctest failed, to rerun pass `--doc`
[INFO] running `Command { std: "docker" "inspect" "1e3cde36377715a9c393808bb556845ab6c06a3d9f7f4a37d72c16f4db598534", kill_on_drop: false }`
[INFO] running `Command { std: "docker" "rm" "-f" "1e3cde36377715a9c393808bb556845ab6c06a3d9f7f4a37d72c16f4db598534", kill_on_drop: false }`
[INFO] [stdout] 1e3cde36377715a9c393808bb556845ab6c06a3d9f7f4a37d72c16f4db598534
