[INFO] fetching crate even-or-odd 0.1.0...
[INFO] testing even-or-odd-0.1.0 against beta-2024-12-08 for beta-1.84.0-4-retry
[INFO] extracting crate even-or-odd 0.1.0 into /workspace/builds/worker-0-tc2/source
[INFO] validating manifest of crates.io crate even-or-odd 0.1.0 on toolchain beta-2024-12-08
[INFO] running `Command { std: CARGO_HOME="/workspace/cargo-home" RUSTUP_HOME="/workspace/rustup-home" "/workspace/cargo-home/bin/cargo" "+beta-2024-12-08" "metadata" "--manifest-path" "Cargo.toml" "--no-deps", kill_on_drop: false }`
[INFO] started tweaking crates.io crate even-or-odd 0.1.0
[INFO] finished tweaking crates.io crate even-or-odd 0.1.0
[INFO] tweaked toml for crates.io crate even-or-odd 0.1.0 written to /workspace/builds/worker-0-tc2/source/Cargo.toml
[INFO] running `Command { std: CARGO_HOME="/workspace/cargo-home" RUSTUP_HOME="/workspace/rustup-home" "/workspace/cargo-home/bin/cargo" "+beta-2024-12-08" "generate-lockfile" "--manifest-path" "Cargo.toml", kill_on_drop: false }`
[INFO] running `Command { std: CARGO_HOME="/workspace/cargo-home" RUSTUP_HOME="/workspace/rustup-home" "/workspace/cargo-home/bin/cargo" "+beta-2024-12-08" "fetch" "--manifest-path" "Cargo.toml", kill_on_drop: false }`
[INFO] running `Command { std: "docker" "create" "-v" "/var/lib/crater-agent-workspace/builds/worker-0-tc2/target:/opt/rustwide/target:rw,Z" "-v" "/var/lib/crater-agent-workspace/builds/worker-0-tc2/source:/opt/rustwide/workdir:ro,Z" "-v" "/var/lib/crater-agent-workspace/cargo-home:/opt/rustwide/cargo-home:ro,Z" "-v" "/var/lib/crater-agent-workspace/rustup-home:/opt/rustwide/rustup-home:ro,Z" "-e" "SOURCE_DIR=/opt/rustwide/workdir" "-e" "CARGO_TARGET_DIR=/opt/rustwide/target" "-e" "CARGO_HOME=/opt/rustwide/cargo-home" "-e" "RUSTUP_HOME=/opt/rustwide/rustup-home" "-w" "/opt/rustwide/workdir" "-m" "1610612736" "--user" "0:0" "--network" "none" "ghcr.io/rust-lang/crates-build-env/linux@sha256:f3a9d4ad9d972b27faf3965f35b62e55ba32bbce8f20bc8fe909558a86702fde" "/opt/rustwide/cargo-home/bin/cargo" "+beta-2024-12-08" "metadata" "--no-deps" "--format-version=1", kill_on_drop: false }`
[INFO] [stdout] f080aacc3eadd717a6e8db03dc74f96034a2716b3110299d8c13dbb93a530d0b
[INFO] running `Command { std: "docker" "start" "-a" "f080aacc3eadd717a6e8db03dc74f96034a2716b3110299d8c13dbb93a530d0b", kill_on_drop: false }`
[INFO] running `Command { std: "docker" "inspect" "f080aacc3eadd717a6e8db03dc74f96034a2716b3110299d8c13dbb93a530d0b", kill_on_drop: false }`
[INFO] running `Command { std: "docker" "rm" "-f" "f080aacc3eadd717a6e8db03dc74f96034a2716b3110299d8c13dbb93a530d0b", kill_on_drop: false }`
[INFO] [stdout] f080aacc3eadd717a6e8db03dc74f96034a2716b3110299d8c13dbb93a530d0b
[INFO] running `Command { std: "docker" "create" "-v" "/var/lib/crater-agent-workspace/builds/worker-0-tc2/target:/opt/rustwide/target:rw,Z" "-v" "/var/lib/crater-agent-workspace/builds/worker-0-tc2/source:/opt/rustwide/workdir:ro,Z" "-v" "/var/lib/crater-agent-workspace/cargo-home:/opt/rustwide/cargo-home:ro,Z" "-v" "/var/lib/crater-agent-workspace/rustup-home:/opt/rustwide/rustup-home:ro,Z" "-e" "SOURCE_DIR=/opt/rustwide/workdir" "-e" "CARGO_TARGET_DIR=/opt/rustwide/target" "-e" "CARGO_INCREMENTAL=0" "-e" "RUST_BACKTRACE=full" "-e" "RUSTFLAGS=--cap-lints=warn" "-e" "RUSTDOCFLAGS=--cap-lints=warn" "-e" "CARGO_HOME=/opt/rustwide/cargo-home" "-e" "RUSTUP_HOME=/opt/rustwide/rustup-home" "-w" "/opt/rustwide/workdir" "-m" "1610612736" "--user" "0:0" "--network" "none" "ghcr.io/rust-lang/crates-build-env/linux@sha256:f3a9d4ad9d972b27faf3965f35b62e55ba32bbce8f20bc8fe909558a86702fde" "/opt/rustwide/cargo-home/bin/cargo" "+beta-2024-12-08" "build" "--frozen" "--message-format=json", kill_on_drop: false }`
[INFO] [stdout] 7fa01515741edff083e0594d38a13eede4791f20a23ffa691172109a862ced97
[INFO] running `Command { std: "docker" "start" "-a" "7fa01515741edff083e0594d38a13eede4791f20a23ffa691172109a862ced97", kill_on_drop: false }`
[INFO] [stderr]    Compiling even-or-odd v0.1.0 (/opt/rustwide/workdir)
[INFO] [stderr]     Finished `dev` profile [unoptimized + debuginfo] target(s) in 0.21s
[INFO] running `Command { std: "docker" "inspect" "7fa01515741edff083e0594d38a13eede4791f20a23ffa691172109a862ced97", kill_on_drop: false }`
[INFO] running `Command { std: "docker" "rm" "-f" "7fa01515741edff083e0594d38a13eede4791f20a23ffa691172109a862ced97", kill_on_drop: false }`
[INFO] [stdout] 7fa01515741edff083e0594d38a13eede4791f20a23ffa691172109a862ced97
[INFO] running `Command { std: "docker" "create" "-v" "/var/lib/crater-agent-workspace/builds/worker-0-tc2/target:/opt/rustwide/target:rw,Z" "-v" "/var/lib/crater-agent-workspace/builds/worker-0-tc2/source:/opt/rustwide/workdir:ro,Z" "-v" "/var/lib/crater-agent-workspace/cargo-home:/opt/rustwide/cargo-home:ro,Z" "-v" "/var/lib/crater-agent-workspace/rustup-home:/opt/rustwide/rustup-home:ro,Z" "-e" "SOURCE_DIR=/opt/rustwide/workdir" "-e" "CARGO_TARGET_DIR=/opt/rustwide/target" "-e" "CARGO_INCREMENTAL=0" "-e" "RUST_BACKTRACE=full" "-e" "RUSTFLAGS=--cap-lints=warn" "-e" "RUSTDOCFLAGS=--cap-lints=warn" "-e" "CARGO_HOME=/opt/rustwide/cargo-home" "-e" "RUSTUP_HOME=/opt/rustwide/rustup-home" "-w" "/opt/rustwide/workdir" "-m" "1610612736" "--user" "0:0" "--network" "none" "ghcr.io/rust-lang/crates-build-env/linux@sha256:f3a9d4ad9d972b27faf3965f35b62e55ba32bbce8f20bc8fe909558a86702fde" "/opt/rustwide/cargo-home/bin/cargo" "+beta-2024-12-08" "test" "--frozen" "--no-run" "--message-format=json", kill_on_drop: false }`
[INFO] [stdout] 5d8cb541a200c3549ec9fd76dde8b30ffe7f1a8ecb2c355dd95f728c8eb66375
[INFO] running `Command { std: "docker" "start" "-a" "5d8cb541a200c3549ec9fd76dde8b30ffe7f1a8ecb2c355dd95f728c8eb66375", kill_on_drop: false }`
[INFO] [stderr]    Compiling even-or-odd v0.1.0 (/opt/rustwide/workdir)
[INFO] [stderr]     Finished `test` profile [unoptimized + debuginfo] target(s) in 0.52s
[INFO] running `Command { std: "docker" "inspect" "5d8cb541a200c3549ec9fd76dde8b30ffe7f1a8ecb2c355dd95f728c8eb66375", kill_on_drop: false }`
[INFO] running `Command { std: "docker" "rm" "-f" "5d8cb541a200c3549ec9fd76dde8b30ffe7f1a8ecb2c355dd95f728c8eb66375", kill_on_drop: false }`
[INFO] [stdout] 5d8cb541a200c3549ec9fd76dde8b30ffe7f1a8ecb2c355dd95f728c8eb66375
[INFO] running `Command { std: "docker" "create" "-v" "/var/lib/crater-agent-workspace/builds/worker-0-tc2/target:/opt/rustwide/target:rw,Z" "-v" "/var/lib/crater-agent-workspace/builds/worker-0-tc2/source:/opt/rustwide/workdir:ro,Z" "-v" "/var/lib/crater-agent-workspace/cargo-home:/opt/rustwide/cargo-home:ro,Z" "-v" "/var/lib/crater-agent-workspace/rustup-home:/opt/rustwide/rustup-home:ro,Z" "-e" "SOURCE_DIR=/opt/rustwide/workdir" "-e" "CARGO_TARGET_DIR=/opt/rustwide/target" "-e" "CARGO_INCREMENTAL=0" "-e" "RUST_BACKTRACE=full" "-e" "RUSTFLAGS=--cap-lints=warn" "-e" "RUSTDOCFLAGS=--cap-lints=warn" "-e" "CARGO_HOME=/opt/rustwide/cargo-home" "-e" "RUSTUP_HOME=/opt/rustwide/rustup-home" "-w" "/opt/rustwide/workdir" "-m" "1610612736" "--user" "0:0" "--network" "none" "ghcr.io/rust-lang/crates-build-env/linux@sha256:f3a9d4ad9d972b27faf3965f35b62e55ba32bbce8f20bc8fe909558a86702fde" "/opt/rustwide/cargo-home/bin/cargo" "+beta-2024-12-08" "test" "--frozen", kill_on_drop: false }`
[INFO] [stdout] a1a95b801768c68d126c7263ef9d99392d52d8223fdc04e6b84ead485d383531
[INFO] running `Command { std: "docker" "start" "-a" "a1a95b801768c68d126c7263ef9d99392d52d8223fdc04e6b84ead485d383531", kill_on_drop: false }`
[INFO] [stderr]     Finished `test` profile [unoptimized + debuginfo] target(s) in 0.01s
[INFO] [stderr]      Running unittests src/lib.rs (/opt/rustwide/target/debug/deps/even_or_odd-79d99a4f90b9fc25)
[INFO] [stdout] 
[INFO] [stdout] running 0 tests
[INFO] [stdout] 
[INFO] [stdout] test result: ok. 0 passed; 0 failed; 0 ignored; 0 measured; 0 filtered out; finished in 0.00s
[INFO] [stdout] 
[INFO] [stderr]    Doc-tests even_or_odd
[INFO] [stdout] 
[INFO] [stdout] running 2 tests
[INFO] [stdout] test src/lib.rs - is_even (line 4) ... FAILED
[INFO] [stdout] test src/lib.rs - is_odd (line 24) ... FAILED
[INFO] [stdout] 
[INFO] [stdout] failures:
[INFO] [stdout] 
[INFO] [stdout] ---- src/lib.rs - is_even (line 4) stdout ----
[INFO] [stdout] error[E0425]: cannot find function `is_even` in this scope
[INFO] [stdout]  --> src/lib.rs:6:4
[INFO] [stdout]   |
[INFO] [stdout] 4 | if is_even(number) {
[INFO] [stdout]   |    ^^^^^^^ not found in this scope
[INFO] [stdout]   |
[INFO] [stdout] help: consider importing this function
[INFO] [stdout]   |
[INFO] [stdout] 2 + use even_or_odd::is_even;
[INFO] [stdout]   |
[INFO] [stdout] 
[INFO] [stdout] error: aborting due to 1 previous error
[INFO] [stdout] 
[INFO] [stdout] For more information about this error, try `rustc --explain E0425`.
[INFO] [stdout] Couldn't compile the test.
[INFO] [stdout] ---- src/lib.rs - is_odd (line 24) stdout ----
[INFO] [stdout] error[E0425]: cannot find function `is_odd` in this scope
[INFO] [stdout]  --> src/lib.rs:26:4
[INFO] [stdout]   |
[INFO] [stdout] 4 | if is_odd(number) {
[INFO] [stdout]   |    ^^^^^^ not found in this scope
[INFO] [stdout]   |
[INFO] [stdout] help: consider importing this function
[INFO] [stdout]   |
[INFO] [stdout] 2 + use even_or_odd::is_odd;
[INFO] [stdout]   |
[INFO] [stdout] 
[INFO] [stdout] error: aborting due to 1 previous error
[INFO] [stdout] 
[INFO] [stdout] For more information about this error, try `rustc --explain E0425`.
[INFO] [stdout] Couldn't compile the test.
[INFO] [stdout] 
[INFO] [stdout] failures:
[INFO] [stdout]     src/lib.rs - is_even (line 4)
[INFO] [stdout]     src/lib.rs - is_odd (line 24)
[INFO] [stdout] 
[INFO] [stdout] test result: FAILED. 0 passed; 2 failed; 0 ignored; 0 measured; 0 filtered out; finished in 0.16s
[INFO] [stdout] 
[INFO] [stderr] error: doctest failed, to rerun pass `--doc`
[INFO] running `Command { std: "docker" "inspect" "a1a95b801768c68d126c7263ef9d99392d52d8223fdc04e6b84ead485d383531", kill_on_drop: false }`
[INFO] running `Command { std: "docker" "rm" "-f" "a1a95b801768c68d126c7263ef9d99392d52d8223fdc04e6b84ead485d383531", kill_on_drop: false }`
[INFO] [stdout] a1a95b801768c68d126c7263ef9d99392d52d8223fdc04e6b84ead485d383531
