[INFO] fetching crate eureka 2.0.0...
[INFO] testing eureka-2.0.0 against 1.83.0 for beta-1.84.0-4-retry
[INFO] extracting crate eureka 2.0.0 into /workspace/builds/worker-3-tc1/source
[INFO] validating manifest of crates.io crate eureka 2.0.0 on toolchain 1.83.0
[INFO] running `Command { std: CARGO_HOME="/workspace/cargo-home" RUSTUP_HOME="/workspace/rustup-home" "/workspace/cargo-home/bin/cargo" "+1.83.0" "metadata" "--manifest-path" "Cargo.toml" "--no-deps", kill_on_drop: false }`
[INFO] started tweaking crates.io crate eureka 2.0.0
[INFO] finished tweaking crates.io crate eureka 2.0.0
[INFO] tweaked toml for crates.io crate eureka 2.0.0 written to /workspace/builds/worker-3-tc1/source/Cargo.toml
[INFO] crate crates.io crate eureka 2.0.0 already has a lockfile, it will not be regenerated
[INFO] running `Command { std: CARGO_HOME="/workspace/cargo-home" RUSTUP_HOME="/workspace/rustup-home" "/workspace/cargo-home/bin/cargo" "+1.83.0" "fetch" "--manifest-path" "Cargo.toml", kill_on_drop: false }`
[INFO] running `Command { std: "docker" "create" "-v" "/var/lib/crater-agent-workspace/builds/worker-3-tc1/target:/opt/rustwide/target:rw,Z" "-v" "/var/lib/crater-agent-workspace/builds/worker-3-tc1/source:/opt/rustwide/workdir:ro,Z" "-v" "/var/lib/crater-agent-workspace/cargo-home:/opt/rustwide/cargo-home:ro,Z" "-v" "/var/lib/crater-agent-workspace/rustup-home:/opt/rustwide/rustup-home:ro,Z" "-e" "SOURCE_DIR=/opt/rustwide/workdir" "-e" "CARGO_TARGET_DIR=/opt/rustwide/target" "-e" "CARGO_HOME=/opt/rustwide/cargo-home" "-e" "RUSTUP_HOME=/opt/rustwide/rustup-home" "-w" "/opt/rustwide/workdir" "-m" "1610612736" "--user" "0:0" "--network" "none" "ghcr.io/rust-lang/crates-build-env/linux@sha256:f3a9d4ad9d972b27faf3965f35b62e55ba32bbce8f20bc8fe909558a86702fde" "/opt/rustwide/cargo-home/bin/cargo" "+1.83.0" "metadata" "--no-deps" "--format-version=1", kill_on_drop: false }`
[INFO] [stdout] 9818d90d0888de51402553c667c3f733cfc77e49fe52591937c71c6bda42aa3a
[INFO] running `Command { std: "docker" "start" "-a" "9818d90d0888de51402553c667c3f733cfc77e49fe52591937c71c6bda42aa3a", kill_on_drop: false }`
[INFO] running `Command { std: "docker" "inspect" "9818d90d0888de51402553c667c3f733cfc77e49fe52591937c71c6bda42aa3a", kill_on_drop: false }`
[INFO] running `Command { std: "docker" "rm" "-f" "9818d90d0888de51402553c667c3f733cfc77e49fe52591937c71c6bda42aa3a", kill_on_drop: false }`
[INFO] [stdout] 9818d90d0888de51402553c667c3f733cfc77e49fe52591937c71c6bda42aa3a
[INFO] running `Command { std: "docker" "create" "-v" "/var/lib/crater-agent-workspace/builds/worker-3-tc1/target:/opt/rustwide/target:rw,Z" "-v" "/var/lib/crater-agent-workspace/builds/worker-3-tc1/source:/opt/rustwide/workdir:ro,Z" "-v" "/var/lib/crater-agent-workspace/cargo-home:/opt/rustwide/cargo-home:ro,Z" "-v" "/var/lib/crater-agent-workspace/rustup-home:/opt/rustwide/rustup-home:ro,Z" "-e" "SOURCE_DIR=/opt/rustwide/workdir" "-e" "CARGO_TARGET_DIR=/opt/rustwide/target" "-e" "CARGO_INCREMENTAL=0" "-e" "RUST_BACKTRACE=full" "-e" "RUSTFLAGS=--cap-lints=warn" "-e" "RUSTDOCFLAGS=--cap-lints=warn" "-e" "CARGO_HOME=/opt/rustwide/cargo-home" "-e" "RUSTUP_HOME=/opt/rustwide/rustup-home" "-w" "/opt/rustwide/workdir" "-m" "1610612736" "--user" "0:0" "--network" "none" "ghcr.io/rust-lang/crates-build-env/linux@sha256:f3a9d4ad9d972b27faf3965f35b62e55ba32bbce8f20bc8fe909558a86702fde" "/opt/rustwide/cargo-home/bin/cargo" "+1.83.0" "build" "--frozen" "--message-format=json", kill_on_drop: false }`
[INFO] [stdout] 90e9152abdd1ae8f252e6437576efd171fcafde78d9e482bcc818ae83c52a0d1
[INFO] running `Command { std: "docker" "start" "-a" "90e9152abdd1ae8f252e6437576efd171fcafde78d9e482bcc818ae83c52a0d1", kill_on_drop: false }`
[INFO] [stderr]    Compiling libc v0.2.122
[INFO] [stderr]    Compiling pkg-config v0.3.25
[INFO] [stderr]    Compiling memchr v2.4.1
[INFO] [stderr]    Compiling proc-macro2 v1.0.37
[INFO] [stderr]    Compiling unicode-xid v0.2.2
[INFO] [stderr]    Compiling tinyvec_macros v0.1.0
[INFO] [stderr]    Compiling log v0.4.16
[INFO] [stderr]    Compiling syn v1.0.91
[INFO] [stderr]    Compiling serde_derive v1.0.136
[INFO] [stderr]    Compiling matches v0.1.9
[INFO] [stderr]    Compiling termcolor v1.1.3
[INFO] [stderr]    Compiling unicode-bidi v0.3.7
[INFO] [stderr]    Compiling regex-syntax v0.6.25
[INFO] [stderr]    Compiling serde v1.0.136
[INFO] [stderr]    Compiling indexmap v1.8.1
[INFO] [stderr]    Compiling percent-encoding v2.1.0
[INFO] [stderr]    Compiling tinyvec v1.5.1
[INFO] [stderr]    Compiling quick-error v1.2.3
[INFO] [stderr]    Compiling hashbrown v0.11.2
[INFO] [stderr]    Compiling humantime v1.3.0
[INFO] [stderr]    Compiling form_urlencoded v1.0.1
[INFO] [stderr]    Compiling serde_json v1.0.79
[INFO] [stderr]    Compiling ryu v1.0.9
[INFO] [stderr]    Compiling either v1.6.1
[INFO] [stderr]    Compiling openssl-probe v0.1.5
[INFO] [stderr]    Compiling textwrap v0.15.0
[INFO] [stderr]    Compiling itoa v1.0.1
[INFO] [stderr]    Compiling aho-corasick v0.7.18
[INFO] [stderr]    Compiling os_str_bytes v6.0.0
[INFO] [stderr]    Compiling jobserver v0.1.24
[INFO] [stderr]    Compiling atty v0.2.14
[INFO] [stderr]    Compiling dirs-sys v0.3.7
[INFO] [stderr]    Compiling which v4.2.5
[INFO] [stderr]    Compiling quote v1.0.17
[INFO] [stderr]    Compiling dirs v4.0.0
[INFO] [stderr]    Compiling cc v1.0.73
[INFO] [stderr]    Compiling clap v3.1.8
[INFO] [stderr]    Compiling unicode-normalization v0.1.19
[INFO] [stderr]    Compiling openssl-sys v0.9.72
[INFO] [stderr]    Compiling libz-sys v1.1.5
[INFO] [stderr]    Compiling libssh2-sys v0.2.23
[INFO] [stderr]    Compiling libgit2-sys v0.13.2+1.4.2
[INFO] [stderr]    Compiling idna v0.2.3
[INFO] [stderr]    Compiling regex v1.5.5
[INFO] [stderr]    Compiling url v2.2.2
[INFO] [stderr]    Compiling env_logger v0.7.1
[INFO] [stderr]    Compiling pretty_env_logger v0.4.0
[INFO] [stderr]    Compiling git2 v0.14.2
[INFO] [stderr]    Compiling eureka v2.0.0 (/opt/rustwide/workdir)
[INFO] [stderr]     Finished `dev` profile [unoptimized + debuginfo] target(s) in 36.11s
[INFO] running `Command { std: "docker" "inspect" "90e9152abdd1ae8f252e6437576efd171fcafde78d9e482bcc818ae83c52a0d1", kill_on_drop: false }`
[INFO] running `Command { std: "docker" "rm" "-f" "90e9152abdd1ae8f252e6437576efd171fcafde78d9e482bcc818ae83c52a0d1", kill_on_drop: false }`
[INFO] [stdout] 90e9152abdd1ae8f252e6437576efd171fcafde78d9e482bcc818ae83c52a0d1
[INFO] running `Command { std: "docker" "create" "-v" "/var/lib/crater-agent-workspace/builds/worker-3-tc1/target:/opt/rustwide/target:rw,Z" "-v" "/var/lib/crater-agent-workspace/builds/worker-3-tc1/source:/opt/rustwide/workdir:ro,Z" "-v" "/var/lib/crater-agent-workspace/cargo-home:/opt/rustwide/cargo-home:ro,Z" "-v" "/var/lib/crater-agent-workspace/rustup-home:/opt/rustwide/rustup-home:ro,Z" "-e" "SOURCE_DIR=/opt/rustwide/workdir" "-e" "CARGO_TARGET_DIR=/opt/rustwide/target" "-e" "CARGO_INCREMENTAL=0" "-e" "RUST_BACKTRACE=full" "-e" "RUSTFLAGS=--cap-lints=warn" "-e" "RUSTDOCFLAGS=--cap-lints=warn" "-e" "CARGO_HOME=/opt/rustwide/cargo-home" "-e" "RUSTUP_HOME=/opt/rustwide/rustup-home" "-w" "/opt/rustwide/workdir" "-m" "1610612736" "--user" "0:0" "--network" "none" "ghcr.io/rust-lang/crates-build-env/linux@sha256:f3a9d4ad9d972b27faf3965f35b62e55ba32bbce8f20bc8fe909558a86702fde" "/opt/rustwide/cargo-home/bin/cargo" "+1.83.0" "test" "--frozen" "--no-run" "--message-format=json", kill_on_drop: false }`
[INFO] [stdout] 6ff0d06919f45322b70ef3de86eb0f9a2a69eae181fd8d5222bce228081dfae4
[INFO] running `Command { std: "docker" "start" "-a" "6ff0d06919f45322b70ef3de86eb0f9a2a69eae181fd8d5222bce228081dfae4", kill_on_drop: false }`
[INFO] [stderr]    Compiling remove_dir_all v0.5.3
[INFO] [stderr]    Compiling fastrand v1.7.0
[INFO] [stderr]    Compiling tempfile v3.3.0
[INFO] [stderr]    Compiling eureka v2.0.0 (/opt/rustwide/workdir)
[INFO] [stderr]     Finished `test` profile [unoptimized + debuginfo] target(s) in 2.56s
[INFO] running `Command { std: "docker" "inspect" "6ff0d06919f45322b70ef3de86eb0f9a2a69eae181fd8d5222bce228081dfae4", kill_on_drop: false }`
[INFO] running `Command { std: "docker" "rm" "-f" "6ff0d06919f45322b70ef3de86eb0f9a2a69eae181fd8d5222bce228081dfae4", kill_on_drop: false }`
[INFO] [stdout] 6ff0d06919f45322b70ef3de86eb0f9a2a69eae181fd8d5222bce228081dfae4
[INFO] running `Command { std: "docker" "create" "-v" "/var/lib/crater-agent-workspace/builds/worker-3-tc1/target:/opt/rustwide/target:rw,Z" "-v" "/var/lib/crater-agent-workspace/builds/worker-3-tc1/source:/opt/rustwide/workdir:ro,Z" "-v" "/var/lib/crater-agent-workspace/cargo-home:/opt/rustwide/cargo-home:ro,Z" "-v" "/var/lib/crater-agent-workspace/rustup-home:/opt/rustwide/rustup-home:ro,Z" "-e" "SOURCE_DIR=/opt/rustwide/workdir" "-e" "CARGO_TARGET_DIR=/opt/rustwide/target" "-e" "CARGO_INCREMENTAL=0" "-e" "RUST_BACKTRACE=full" "-e" "RUSTFLAGS=--cap-lints=warn" "-e" "RUSTDOCFLAGS=--cap-lints=warn" "-e" "CARGO_HOME=/opt/rustwide/cargo-home" "-e" "RUSTUP_HOME=/opt/rustwide/rustup-home" "-w" "/opt/rustwide/workdir" "-m" "1610612736" "--user" "0:0" "--network" "none" "ghcr.io/rust-lang/crates-build-env/linux@sha256:f3a9d4ad9d972b27faf3965f35b62e55ba32bbce8f20bc8fe909558a86702fde" "/opt/rustwide/cargo-home/bin/cargo" "+1.83.0" "test" "--frozen", kill_on_drop: false }`
[INFO] [stdout] 790334f55a05bf92b89228493d7967f44d6fa323b5a85fe0b94925c0ae274716
[INFO] running `Command { std: "docker" "start" "-a" "790334f55a05bf92b89228493d7967f44d6fa323b5a85fe0b94925c0ae274716", kill_on_drop: false }`
[INFO] [stderr]     Finished `test` profile [unoptimized + debuginfo] target(s) in 0.12s
[INFO] [stderr]      Running unittests src/lib.rs (/opt/rustwide/target/debug/deps/eureka-4e780a45f7d0b1c8)
[INFO] [stdout] 
[INFO] [stdout] running 31 tests
[INFO] [stdout] test config_manager::tests::test_config_manager__config_dir_exists__success ... ok
[INFO] [stdout] test config_manager::tests::test_config_manager__config_dir_path ... ok
[INFO] [stdout] test config_manager::tests::test_config_manager__config_read__when__file_does_not_exist__failure ... ok
[INFO] [stdout] test config_manager::tests::test_config_manager__config_rm__file_does_not_exist__failure ... ok
[INFO] [stdout] test printer::tests::test_printer__fts_banner__success ... ok
[INFO] [stdout] test config_manager::tests::test_config_manager__config_read__file_is_empty__default_config ... FAILED
[INFO] [stdout] test printer::tests::test_printer__input_header__success ... ok
[INFO] [stdout] test printer::tests::test_printer__println__success ... ok
[INFO] [stdout] test printer::tests::test_printer__println_styled__success ... ok
[INFO] [stdout] test config_manager::tests::test_config_manager__config_dir_exists__failure ... ok
[INFO] [stdout] test config_manager::tests::test_config_manager__config_dir_create ... ok
[INFO] [stdout] test program_access::tests::test_program_access__get_if_available__failure ... ok
[INFO] [stdout] test program_access::tests::test_program_access__get_if_available__success ... ok
[INFO] [stdout] /tmp/.tmpoM1DWI
[INFO] [stdout] test program_access::tests::test_program_access__open_with_fallback__success ... ok
[INFO] [stdout] test printer::tests::test_printer__print__success ... ok
[INFO] [stdout] test config_manager::tests::test_config_manager__config_read__success ... ok
[INFO] [stdout] test printer::tests::test_printer__error__success ... ok
[INFO] [stdout] test reader::tests::test_reader__read_input__success ... ok
[INFO] [stdout] /tmp/.tmprFt7Vq
[INFO] [stdout] /tmp/.tmpFOadBw
[INFO] [stdout] test program_access::tests::test_program_access__open_editor__success ... ok
[INFO] [stdout] test config_manager::tests::test_config_manager__config_write__config_file_does_not_already_exist__success ... ok
[INFO] [stdout] /tmp/.tmpucHdHY
[INFO] [stdout] test config_manager::tests::test_config_manager__config_write__config_file_already_exists__success ... ok
[INFO] [stdout] test config_manager::tests::test_config_manager__config_dir_path__when__xdg_config_home_env_var_set ... ok
[INFO] [stdout] test program_access::tests::test_program_access__open_pager__success ... ok
[INFO] [stdout] test program_access::tests::test_program_access__open_with_fallback__uses_fallback ... ok
[INFO] [stdout] test config_manager::tests::test_config_manager__config_rm__success ... FAILED
[INFO] [stdout] test git::tests::test_git__init__invalid_repo ... ok
[INFO] [stdout] test git::tests::test_git__init__valid_repo ... ok
[INFO] [stdout] test git::tests::test_git__checkout_branch__success ... ok
[INFO] [stdout] test git::tests::test_git__checkout_branch__missing_branch ... ok
[INFO] [stdout] test git::tests::test_git__commit__success ... ok
[INFO] [stdout] test git::tests::test_git__add__success ... ok
[INFO] [stdout] 
[INFO] [stdout] failures:
[INFO] [stdout] 
[INFO] [stdout] ---- config_manager::tests::test_config_manager__config_read__file_is_empty__default_config stdout ----
[INFO] [stdout] Error: Os { code: 2, kind: NotFound, message: "No such file or directory" }
[INFO] [stdout] 
[INFO] [stdout] ---- config_manager::tests::test_config_manager__config_rm__success stdout ----
[INFO] [stdout] thread 'config_manager::tests::test_config_manager__config_rm__success' panicked at src/config_manager.rs:316:9:
[INFO] [stdout] assertion failed: actual.is_ok()
[INFO] [stdout] stack backtrace:
[INFO] [stdout]    0:     0x57ba4aa13bfa - std::backtrace_rs::backtrace::libunwind::trace::h5a5b8284f2d0c266
[INFO] [stdout]                                at /rustc/90b35a6239c3d8bdabc530a6a0816f7ff89a0aaf/library/std/src/../../backtrace/src/backtrace/libunwind.rs:116:5
[INFO] [stdout]    1:     0x57ba4aa13bfa - std::backtrace_rs::backtrace::trace_unsynchronized::h76d4f1c9b0b875e3
[INFO] [stdout]                                at /rustc/90b35a6239c3d8bdabc530a6a0816f7ff89a0aaf/library/std/src/../../backtrace/src/backtrace/mod.rs:66:5
[INFO] [stdout]    2:     0x57ba4aa13bfa - std::sys::backtrace::_print_fmt::hc4546b8364a537c6
[INFO] [stdout]                                at /rustc/90b35a6239c3d8bdabc530a6a0816f7ff89a0aaf/library/std/src/sys/backtrace.rs:66:9
[INFO] [stdout]    3:     0x57ba4aa13bfa - <std::sys::backtrace::BacktraceLock::print::DisplayBacktrace as core::fmt::Display>::fmt::h5b6bd5631a6d1f6b
[INFO] [stdout]                                at /rustc/90b35a6239c3d8bdabc530a6a0816f7ff89a0aaf/library/std/src/sys/backtrace.rs:39:26
[INFO] [stdout]    4:     0x57ba4aa3a343 - core::fmt::rt::Argument::fmt::h270f6602a2b96f62
[INFO] [stdout]                                at /rustc/90b35a6239c3d8bdabc530a6a0816f7ff89a0aaf/library/core/src/fmt/rt.rs:177:76
[INFO] [stdout]    5:     0x57ba4aa3a343 - core::fmt::write::h7550c97b06c86515
[INFO] [stdout]                                at /rustc/90b35a6239c3d8bdabc530a6a0816f7ff89a0aaf/library/core/src/fmt/mod.rs:1186:21
[INFO] [stdout]    6:     0x57ba4aa10aa3 - std::io::Write::write_fmt::h509ff860e5956e5e
[INFO] [stdout]                                at /rustc/90b35a6239c3d8bdabc530a6a0816f7ff89a0aaf/library/std/src/io/mod.rs:1839:15
[INFO] [stdout]    7:     0x57ba4aa13a42 - std::sys::backtrace::BacktraceLock::print::h2395ccd2c84ba3aa
[INFO] [stdout]                                at /rustc/90b35a6239c3d8bdabc530a6a0816f7ff89a0aaf/library/std/src/sys/backtrace.rs:42:9
[INFO] [stdout]    8:     0x57ba4aa1505a - std::panicking::default_hook::{{closure}}::he19d4c7230e07961
[INFO] [stdout]                                at /rustc/90b35a6239c3d8bdabc530a6a0816f7ff89a0aaf/library/std/src/panicking.rs:268:22
[INFO] [stdout]    9:     0x57ba4aa14e64 - std::panicking::default_hook::hf614597d3c67bbdb
[INFO] [stdout]                                at /rustc/90b35a6239c3d8bdabc530a6a0816f7ff89a0aaf/library/std/src/panicking.rs:292:9
[INFO] [stdout]   10:     0x57ba4a8f5fa9 - <alloc::boxed::Box<F,A> as core::ops::function::Fn<Args>>::call::h39b51ce4599c23d1
[INFO] [stdout]                                at /rustc/90b35a6239c3d8bdabc530a6a0816f7ff89a0aaf/library/alloc/src/boxed.rs:2468:9
[INFO] [stdout]   11:     0x57ba4a8f5fa9 - test::test_main::{{closure}}::he977ae839a582784
[INFO] [stdout]                                at /rustc/90b35a6239c3d8bdabc530a6a0816f7ff89a0aaf/library/test/src/lib.rs:133:21
[INFO] [stdout]   12:     0x57ba4aa156f8 - <alloc::boxed::Box<F,A> as core::ops::function::Fn<Args>>::call::h9455091b6b06f9fb
[INFO] [stdout]                                at /rustc/90b35a6239c3d8bdabc530a6a0816f7ff89a0aaf/library/alloc/src/boxed.rs:2468:9
[INFO] [stdout]   13:     0x57ba4aa156f8 - std::panicking::rust_panic_with_hook::h8942133a8b252070
[INFO] [stdout]                                at /rustc/90b35a6239c3d8bdabc530a6a0816f7ff89a0aaf/library/std/src/panicking.rs:809:13
[INFO] [stdout]   14:     0x57ba4aa15486 - std::panicking::begin_panic_handler::{{closure}}::hb5f5963570096b29
[INFO] [stdout]                                at /rustc/90b35a6239c3d8bdabc530a6a0816f7ff89a0aaf/library/std/src/panicking.rs:667:13
[INFO] [stdout]   15:     0x57ba4aa140d9 - std::sys::backtrace::__rust_end_short_backtrace::h6208cedc1922feda
[INFO] [stdout]                                at /rustc/90b35a6239c3d8bdabc530a6a0816f7ff89a0aaf/library/std/src/sys/backtrace.rs:170:18
[INFO] [stdout]   16:     0x57ba4aa1514c - rust_begin_unwind
[INFO] [stdout]                                at /rustc/90b35a6239c3d8bdabc530a6a0816f7ff89a0aaf/library/std/src/panicking.rs:665:5
[INFO] [stdout]   17:     0x57ba4a886260 - core::panicking::panic_fmt::h0c3082644d1bf418
[INFO] [stdout]                                at /rustc/90b35a6239c3d8bdabc530a6a0816f7ff89a0aaf/library/core/src/panicking.rs:74:14
[INFO] [stdout]   18:     0x57ba4a8862ec - core::panicking::panic::h957f98c65a3b3074
[INFO] [stdout]                                at /rustc/90b35a6239c3d8bdabc530a6a0816f7ff89a0aaf/library/core/src/panicking.rs:148:5
[INFO] [stdout]   19:     0x57ba4a891d5d - eureka::config_manager::tests::test_config_manager__config_rm__success::h391bcd579da2b36b
[INFO] [stdout]                                at /opt/rustwide/workdir/src/config_manager.rs:316:9
[INFO] [stdout]   20:     0x57ba4a8919e7 - eureka::config_manager::tests::test_config_manager__config_rm__success::{{closure}}::haf78900f265a7e42
[INFO] [stdout]                                at /opt/rustwide/workdir/src/config_manager.rs:304:53
[INFO] [stdout]   21:     0x57ba4a8941e6 - core::ops::function::FnOnce::call_once::h8a01ff7f4c54505a
[INFO] [stdout]                                at /rustc/90b35a6239c3d8bdabc530a6a0816f7ff89a0aaf/library/core/src/ops/function.rs:250:5
[INFO] [stdout]   22:     0x57ba4a8fa96b - core::ops::function::FnOnce::call_once::h109cf8051a59b34e
[INFO] [stdout]                                at /rustc/90b35a6239c3d8bdabc530a6a0816f7ff89a0aaf/library/core/src/ops/function.rs:250:5
[INFO] [stdout]   23:     0x57ba4a8fa96b - test::__rust_begin_short_backtrace::hf4fff89d377446ba
[INFO] [stdout]                                at /rustc/90b35a6239c3d8bdabc530a6a0816f7ff89a0aaf/library/test/src/lib.rs:621:18
[INFO] [stdout]   24:     0x57ba4a8fa1a7 - test::run_test_in_process::{{closure}}::h0e39181dd7ee5a43
[INFO] [stdout]                                at /rustc/90b35a6239c3d8bdabc530a6a0816f7ff89a0aaf/library/test/src/lib.rs:644:60
[INFO] [stdout]   25:     0x57ba4a8fa1a7 - <core::panic::unwind_safe::AssertUnwindSafe<F> as core::ops::function::FnOnce<()>>::call_once::hc5a66a30f0bdfd1f
[INFO] [stdout]                                at /rustc/90b35a6239c3d8bdabc530a6a0816f7ff89a0aaf/library/core/src/panic/unwind_safe.rs:272:9
[INFO] [stdout]   26:     0x57ba4a8fa1a7 - std::panicking::try::do_call::h873b7cf639554a5e
[INFO] [stdout]                                at /rustc/90b35a6239c3d8bdabc530a6a0816f7ff89a0aaf/library/std/src/panicking.rs:557:40
[INFO] [stdout]   27:     0x57ba4a8fa1a7 - std::panicking::try::hdb19862fad9c8bd1
[INFO] [stdout]                                at /rustc/90b35a6239c3d8bdabc530a6a0816f7ff89a0aaf/library/std/src/panicking.rs:520:19
[INFO] [stdout]   28:     0x57ba4a8fa1a7 - std::panic::catch_unwind::h281fe732d236d260
[INFO] [stdout]                                at /rustc/90b35a6239c3d8bdabc530a6a0816f7ff89a0aaf/library/std/src/panic.rs:358:14
[INFO] [stdout]   29:     0x57ba4a8fa1a7 - test::run_test_in_process::h949b6df8457ed338
[INFO] [stdout]                                at /rustc/90b35a6239c3d8bdabc530a6a0816f7ff89a0aaf/library/test/src/lib.rs:644:27
[INFO] [stdout]   30:     0x57ba4a8fa1a7 - test::run_test::{{closure}}::h52c556a6d4740e10
[INFO] [stdout]                                at /rustc/90b35a6239c3d8bdabc530a6a0816f7ff89a0aaf/library/test/src/lib.rs:565:43
[INFO] [stdout]   31:     0x57ba4a8bf484 - test::run_test::{{closure}}::h4237f6381c45ccb9
[INFO] [stdout]                                at /rustc/90b35a6239c3d8bdabc530a6a0816f7ff89a0aaf/library/test/src/lib.rs:595:41
[INFO] [stdout]   32:     0x57ba4a8bf484 - std::sys::backtrace::__rust_begin_short_backtrace::h505c97a579eca628
[INFO] [stdout]                                at /rustc/90b35a6239c3d8bdabc530a6a0816f7ff89a0aaf/library/std/src/sys/backtrace.rs:154:18
[INFO] [stdout]   33:     0x57ba4a8c2b4e - std::thread::Builder::spawn_unchecked_::{{closure}}::{{closure}}::h9e86b2e2bc107ea3
[INFO] [stdout]                                at /rustc/90b35a6239c3d8bdabc530a6a0816f7ff89a0aaf/library/std/src/thread/mod.rs:538:17
[INFO] [stdout]   34:     0x57ba4a8c2b4e - <core::panic::unwind_safe::AssertUnwindSafe<F> as core::ops::function::FnOnce<()>>::call_once::h8b06ddb275ff4a25
[INFO] [stdout]                                at /rustc/90b35a6239c3d8bdabc530a6a0816f7ff89a0aaf/library/core/src/panic/unwind_safe.rs:272:9
[INFO] [stdout]   35:     0x57ba4a8c2b4e - std::panicking::try::do_call::hb26ecd7cd9a9355d
[INFO] [stdout]                                at /rustc/90b35a6239c3d8bdabc530a6a0816f7ff89a0aaf/library/std/src/panicking.rs:557:40
[INFO] [stdout]   36:     0x57ba4a8c2b4e - std::panicking::try::h8ddeca9d705f9069
[INFO] [stdout]                                at /rustc/90b35a6239c3d8bdabc530a6a0816f7ff89a0aaf/library/std/src/panicking.rs:520:19
[INFO] [stdout]   37:     0x57ba4a8c2b4e - std::panic::catch_unwind::h49e1c33078844c46
[INFO] [stdout]                                at /rustc/90b35a6239c3d8bdabc530a6a0816f7ff89a0aaf/library/std/src/panic.rs:358:14
[INFO] [stdout]   38:     0x57ba4a8c2b4e - std::thread::Builder::spawn_unchecked_::{{closure}}::h6073db6ff56ad35d
[INFO] [stdout]                                at /rustc/90b35a6239c3d8bdabc530a6a0816f7ff89a0aaf/library/std/src/thread/mod.rs:537:30
[INFO] [stdout]   39:     0x57ba4a8c2b4e - core::ops::function::FnOnce::call_once{{vtable.shim}}::h2c5a5f3779c774f1
[INFO] [stdout]                                at /rustc/90b35a6239c3d8bdabc530a6a0816f7ff89a0aaf/library/core/src/ops/function.rs:250:5
[INFO] [stdout]   40:     0x57ba4aa1a60b - <alloc::boxed::Box<F,A> as core::ops::function::FnOnce<Args>>::call_once::hf75717d9f28faebf
[INFO] [stdout]                                at /rustc/90b35a6239c3d8bdabc530a6a0816f7ff89a0aaf/library/alloc/src/boxed.rs:2454:9
[INFO] [stdout]   41:     0x57ba4aa1a60b - <alloc::boxed::Box<F,A> as core::ops::function::FnOnce<Args>>::call_once::h7bd883a5f3c5f3c1
[INFO] [stdout]                                at /rustc/90b35a6239c3d8bdabc530a6a0816f7ff89a0aaf/library/alloc/src/boxed.rs:2454:9
[INFO] [stdout]   42:     0x57ba4aa1a60b - std::sys::pal::unix::thread::Thread::new::thread_start::hcc78f3943333fa94
[INFO] [stdout]                                at /rustc/90b35a6239c3d8bdabc530a6a0816f7ff89a0aaf/library/std/src/sys/pal/unix/thread.rs:105:17
[INFO] [stdout]   43:     0x7506d10d7ac3 - <unknown>
[INFO] [stdout]   44:     0x7506d1168a04 - clone
[INFO] [stdout]   45:                0x0 - <unknown>
[INFO] [stdout] 
[INFO] [stdout] 
[INFO] [stdout] failures:
[INFO] [stdout]     config_manager::tests::test_config_manager__config_read__file_is_empty__default_config
[INFO] [stdout]     config_manager::tests::test_config_manager__config_rm__success
[INFO] [stdout] 
[INFO] [stdout] test result: FAILED. 29 passed; 2 failed; 0 ignored; 0 measured; 0 filtered out; finished in 0.13s
[INFO] [stdout] 
[INFO] [stderr] error: test failed, to rerun pass `--lib`
[INFO] running `Command { std: "docker" "inspect" "790334f55a05bf92b89228493d7967f44d6fa323b5a85fe0b94925c0ae274716", kill_on_drop: false }`
[INFO] running `Command { std: "docker" "rm" "-f" "790334f55a05bf92b89228493d7967f44d6fa323b5a85fe0b94925c0ae274716", kill_on_drop: false }`
[INFO] [stdout] 790334f55a05bf92b89228493d7967f44d6fa323b5a85fe0b94925c0ae274716
