[INFO] fetching crate etty-macros 0.0.0...
[INFO] testing etty-macros-0.0.0 against 1.83.0 for beta-1.84.0-4-retry
[INFO] extracting crate etty-macros 0.0.0 into /workspace/builds/worker-1-tc1/source
[INFO] validating manifest of crates.io crate etty-macros 0.0.0 on toolchain 1.83.0
[INFO] running `Command { std: CARGO_HOME="/workspace/cargo-home" RUSTUP_HOME="/workspace/rustup-home" "/workspace/cargo-home/bin/cargo" "+1.83.0" "metadata" "--manifest-path" "Cargo.toml" "--no-deps", kill_on_drop: false }`
[INFO] started tweaking crates.io crate etty-macros 0.0.0
[INFO] finished tweaking crates.io crate etty-macros 0.0.0
[INFO] tweaked toml for crates.io crate etty-macros 0.0.0 written to /workspace/builds/worker-1-tc1/source/Cargo.toml
[INFO] running `Command { std: CARGO_HOME="/workspace/cargo-home" RUSTUP_HOME="/workspace/rustup-home" "/workspace/cargo-home/bin/cargo" "+1.83.0" "generate-lockfile" "--manifest-path" "Cargo.toml", kill_on_drop: false }`
[INFO] [stderr]     Updating crates.io index
[INFO] [stderr]      Locking 4 packages to latest compatible versions
[INFO] [stderr]       Adding syn v1.0.109 (available: v2.0.90)
[INFO] running `Command { std: CARGO_HOME="/workspace/cargo-home" RUSTUP_HOME="/workspace/rustup-home" "/workspace/cargo-home/bin/cargo" "+1.83.0" "fetch" "--manifest-path" "Cargo.toml", kill_on_drop: false }`
[INFO] running `Command { std: "docker" "create" "-v" "/var/lib/crater-agent-workspace/builds/worker-1-tc1/target:/opt/rustwide/target:rw,Z" "-v" "/var/lib/crater-agent-workspace/builds/worker-1-tc1/source:/opt/rustwide/workdir:ro,Z" "-v" "/var/lib/crater-agent-workspace/cargo-home:/opt/rustwide/cargo-home:ro,Z" "-v" "/var/lib/crater-agent-workspace/rustup-home:/opt/rustwide/rustup-home:ro,Z" "-e" "SOURCE_DIR=/opt/rustwide/workdir" "-e" "CARGO_TARGET_DIR=/opt/rustwide/target" "-e" "CARGO_HOME=/opt/rustwide/cargo-home" "-e" "RUSTUP_HOME=/opt/rustwide/rustup-home" "-w" "/opt/rustwide/workdir" "-m" "1610612736" "--user" "0:0" "--network" "none" "ghcr.io/rust-lang/crates-build-env/linux@sha256:f3a9d4ad9d972b27faf3965f35b62e55ba32bbce8f20bc8fe909558a86702fde" "/opt/rustwide/cargo-home/bin/cargo" "+1.83.0" "metadata" "--no-deps" "--format-version=1", kill_on_drop: false }`
[INFO] [stdout] e02adb915fcb4b6c0ee82583e20259cb4bd36cd8090604894fcc15899074e540
[INFO] running `Command { std: "docker" "start" "-a" "e02adb915fcb4b6c0ee82583e20259cb4bd36cd8090604894fcc15899074e540", kill_on_drop: false }`
[INFO] running `Command { std: "docker" "inspect" "e02adb915fcb4b6c0ee82583e20259cb4bd36cd8090604894fcc15899074e540", kill_on_drop: false }`
[INFO] running `Command { std: "docker" "rm" "-f" "e02adb915fcb4b6c0ee82583e20259cb4bd36cd8090604894fcc15899074e540", kill_on_drop: false }`
[INFO] [stdout] e02adb915fcb4b6c0ee82583e20259cb4bd36cd8090604894fcc15899074e540
[INFO] running `Command { std: "docker" "create" "-v" "/var/lib/crater-agent-workspace/builds/worker-1-tc1/target:/opt/rustwide/target:rw,Z" "-v" "/var/lib/crater-agent-workspace/builds/worker-1-tc1/source:/opt/rustwide/workdir:ro,Z" "-v" "/var/lib/crater-agent-workspace/cargo-home:/opt/rustwide/cargo-home:ro,Z" "-v" "/var/lib/crater-agent-workspace/rustup-home:/opt/rustwide/rustup-home:ro,Z" "-e" "SOURCE_DIR=/opt/rustwide/workdir" "-e" "CARGO_TARGET_DIR=/opt/rustwide/target" "-e" "CARGO_INCREMENTAL=0" "-e" "RUST_BACKTRACE=full" "-e" "RUSTFLAGS=--cap-lints=warn" "-e" "RUSTDOCFLAGS=--cap-lints=warn" "-e" "CARGO_HOME=/opt/rustwide/cargo-home" "-e" "RUSTUP_HOME=/opt/rustwide/rustup-home" "-w" "/opt/rustwide/workdir" "-m" "1610612736" "--user" "0:0" "--network" "none" "ghcr.io/rust-lang/crates-build-env/linux@sha256:f3a9d4ad9d972b27faf3965f35b62e55ba32bbce8f20bc8fe909558a86702fde" "/opt/rustwide/cargo-home/bin/cargo" "+1.83.0" "build" "--frozen" "--message-format=json", kill_on_drop: false }`
[INFO] [stdout] 3d3cbb4c4839894d7c57465848c0aa5cc4261bfd681b4bcc863b2a2233825b22
[INFO] running `Command { std: "docker" "start" "-a" "3d3cbb4c4839894d7c57465848c0aa5cc4261bfd681b4bcc863b2a2233825b22", kill_on_drop: false }`
[INFO] [stderr]    Compiling proc-macro2 v1.0.92
[INFO] [stderr]    Compiling unicode-ident v1.0.14
[INFO] [stderr]    Compiling syn v1.0.109
[INFO] [stderr]    Compiling quote v1.0.37
[INFO] [stderr]    Compiling etty-macros v0.0.0 (/opt/rustwide/workdir)
[INFO] [stderr]     Finished `dev` profile [unoptimized + debuginfo] target(s) in 9.53s
[INFO] running `Command { std: "docker" "inspect" "3d3cbb4c4839894d7c57465848c0aa5cc4261bfd681b4bcc863b2a2233825b22", kill_on_drop: false }`
[INFO] running `Command { std: "docker" "rm" "-f" "3d3cbb4c4839894d7c57465848c0aa5cc4261bfd681b4bcc863b2a2233825b22", kill_on_drop: false }`
[INFO] [stdout] 3d3cbb4c4839894d7c57465848c0aa5cc4261bfd681b4bcc863b2a2233825b22
[INFO] running `Command { std: "docker" "create" "-v" "/var/lib/crater-agent-workspace/builds/worker-1-tc1/target:/opt/rustwide/target:rw,Z" "-v" "/var/lib/crater-agent-workspace/builds/worker-1-tc1/source:/opt/rustwide/workdir:ro,Z" "-v" "/var/lib/crater-agent-workspace/cargo-home:/opt/rustwide/cargo-home:ro,Z" "-v" "/var/lib/crater-agent-workspace/rustup-home:/opt/rustwide/rustup-home:ro,Z" "-e" "SOURCE_DIR=/opt/rustwide/workdir" "-e" "CARGO_TARGET_DIR=/opt/rustwide/target" "-e" "CARGO_INCREMENTAL=0" "-e" "RUST_BACKTRACE=full" "-e" "RUSTFLAGS=--cap-lints=warn" "-e" "RUSTDOCFLAGS=--cap-lints=warn" "-e" "CARGO_HOME=/opt/rustwide/cargo-home" "-e" "RUSTUP_HOME=/opt/rustwide/rustup-home" "-w" "/opt/rustwide/workdir" "-m" "1610612736" "--user" "0:0" "--network" "none" "ghcr.io/rust-lang/crates-build-env/linux@sha256:f3a9d4ad9d972b27faf3965f35b62e55ba32bbce8f20bc8fe909558a86702fde" "/opt/rustwide/cargo-home/bin/cargo" "+1.83.0" "test" "--frozen" "--no-run" "--message-format=json", kill_on_drop: false }`
[INFO] [stdout] b9a928e21701a5e127edda8be98d8e9b3bf8767dd7c6de245f1e09c72426cad0
[INFO] running `Command { std: "docker" "start" "-a" "b9a928e21701a5e127edda8be98d8e9b3bf8767dd7c6de245f1e09c72426cad0", kill_on_drop: false }`
[INFO] [stderr]    Compiling etty-macros v0.0.0 (/opt/rustwide/workdir)
[INFO] [stderr]     Finished `test` profile [unoptimized + debuginfo] target(s) in 1.51s
[INFO] running `Command { std: "docker" "inspect" "b9a928e21701a5e127edda8be98d8e9b3bf8767dd7c6de245f1e09c72426cad0", kill_on_drop: false }`
[INFO] running `Command { std: "docker" "rm" "-f" "b9a928e21701a5e127edda8be98d8e9b3bf8767dd7c6de245f1e09c72426cad0", kill_on_drop: false }`
[INFO] [stdout] b9a928e21701a5e127edda8be98d8e9b3bf8767dd7c6de245f1e09c72426cad0
[INFO] running `Command { std: "docker" "create" "-v" "/var/lib/crater-agent-workspace/builds/worker-1-tc1/target:/opt/rustwide/target:rw,Z" "-v" "/var/lib/crater-agent-workspace/builds/worker-1-tc1/source:/opt/rustwide/workdir:ro,Z" "-v" "/var/lib/crater-agent-workspace/cargo-home:/opt/rustwide/cargo-home:ro,Z" "-v" "/var/lib/crater-agent-workspace/rustup-home:/opt/rustwide/rustup-home:ro,Z" "-e" "SOURCE_DIR=/opt/rustwide/workdir" "-e" "CARGO_TARGET_DIR=/opt/rustwide/target" "-e" "CARGO_INCREMENTAL=0" "-e" "RUST_BACKTRACE=full" "-e" "RUSTFLAGS=--cap-lints=warn" "-e" "RUSTDOCFLAGS=--cap-lints=warn" "-e" "CARGO_HOME=/opt/rustwide/cargo-home" "-e" "RUSTUP_HOME=/opt/rustwide/rustup-home" "-w" "/opt/rustwide/workdir" "-m" "1610612736" "--user" "0:0" "--network" "none" "ghcr.io/rust-lang/crates-build-env/linux@sha256:f3a9d4ad9d972b27faf3965f35b62e55ba32bbce8f20bc8fe909558a86702fde" "/opt/rustwide/cargo-home/bin/cargo" "+1.83.0" "test" "--frozen", kill_on_drop: false }`
[INFO] [stdout] 25be0f50027ccce4ded50caefa6c0728d0dd6685ec7f3cbd12e2a650816db276
[INFO] running `Command { std: "docker" "start" "-a" "25be0f50027ccce4ded50caefa6c0728d0dd6685ec7f3cbd12e2a650816db276", kill_on_drop: false }`
[INFO] [stderr]     Finished `test` profile [unoptimized + debuginfo] target(s) in 0.03s
[INFO] [stderr]      Running unittests src/lib.rs (/opt/rustwide/target/debug/deps/etty_macros-a31c9da056b13f67)
[INFO] [stderr]    Doc-tests etty_macros
[INFO] [stdout] 
[INFO] [stdout] running 0 tests
[INFO] [stdout] 
[INFO] [stdout] test result: ok. 0 passed; 0 failed; 0 ignored; 0 measured; 0 filtered out; finished in 0.00s
[INFO] [stdout] 
[INFO] [stdout] 
[INFO] [stdout] running 4 tests
[INFO] [stdout] test src/lib.rs - sgr (line 363) ... FAILED
[INFO] [stdout] test src/lib.rs - out (line 423) ... FAILED
[INFO] [stdout] test src/lib.rs - sgr (line 355) ... FAILED
[INFO] [stdout] test src/lib.rs - out (line 412) ... FAILED
[INFO] [stdout] 
[INFO] [stdout] failures:
[INFO] [stdout] 
[INFO] [stdout] ---- src/lib.rs - sgr (line 363) stdout ----
[INFO] [stdout] error[E0433]: failed to resolve: use of undeclared crate or module `etty`
[INFO] [stdout]  --> src/lib.rs:364:11
[INFO] [stdout]   |
[INFO] [stdout] 3 | let sgr = etty::sgr!(etty::STY_BOLD_SET, etty::FG_BLU, etty::BG_RED).to_string();
[INFO] [stdout]   |           ^^^^ use of undeclared crate or module `etty`
[INFO] [stdout] 
[INFO] [stdout] error[E0433]: failed to resolve: use of undeclared crate or module `etty`
[INFO] [stdout]  --> src/lib.rs:367:29
[INFO] [stdout]   |
[INFO] [stdout] 6 | let sgr = format!("{}{}{}", etty::sty_bold_set(), etty::fg_blu(), etty::bg_red());
[INFO] [stdout]   |                             ^^^^ use of undeclared crate or module `etty`
[INFO] [stdout] 
[INFO] [stdout] error[E0433]: failed to resolve: use of undeclared crate or module `etty`
[INFO] [stdout]  --> src/lib.rs:367:51
[INFO] [stdout]   |
[INFO] [stdout] 6 | let sgr = format!("{}{}{}", etty::sty_bold_set(), etty::fg_blu(), etty::bg_red());
[INFO] [stdout]   |                                                   ^^^^ use of undeclared crate or module `etty`
[INFO] [stdout] 
[INFO] [stdout] error[E0433]: failed to resolve: use of undeclared crate or module `etty`
[INFO] [stdout]  --> src/lib.rs:367:67
[INFO] [stdout]   |
[INFO] [stdout] 6 | let sgr = format!("{}{}{}", etty::sty_bold_set(), etty::fg_blu(), etty::bg_red());
[INFO] [stdout]   |                                                                   ^^^^ use of undeclared crate or module `etty`
[INFO] [stdout] 
[INFO] [stdout] error: aborting due to 4 previous errors
[INFO] [stdout] 
[INFO] [stdout] For more information about this error, try `rustc --explain E0433`.
[INFO] [stdout] Couldn't compile the test.
[INFO] [stdout] ---- src/lib.rs - out (line 423) stdout ----
[INFO] [stdout] error[E0433]: failed to resolve: use of undeclared crate or module `etty`
[INFO] [stdout]  --> src/lib.rs:425:1
[INFO] [stdout]   |
[INFO] [stdout] 4 | etty::out!("{}", 42);  // instead of this
[INFO] [stdout]   | ^^^^ use of undeclared crate or module `etty`
[INFO] [stdout] 
[INFO] [stdout] error[E0433]: failed to resolve: use of undeclared crate or module `etty`
[INFO] [stdout]  --> src/lib.rs:424:1
[INFO] [stdout]   |
[INFO] [stdout] 3 | etty::out!(42);        // do this
[INFO] [stdout]   | ^^^^ use of undeclared crate or module `etty`
[INFO] [stdout] 
[INFO] [stdout] error: aborting due to 2 previous errors
[INFO] [stdout] 
[INFO] [stdout] For more information about this error, try `rustc --explain E0433`.
[INFO] [stdout] Couldn't compile the test.
[INFO] [stdout] ---- src/lib.rs - sgr (line 355) stdout ----
[INFO] [stdout] error[E0433]: failed to resolve: use of undeclared crate or module `etty`
[INFO] [stdout]  --> src/lib.rs:357:1
[INFO] [stdout]   |
[INFO] [stdout] 4 | etty::out!("I'm bold and blue, my background is red");
[INFO] [stdout]   | ^^^^ use of undeclared crate or module `etty`
[INFO] [stdout] 
[INFO] [stdout] error[E0433]: failed to resolve: use of undeclared crate or module `etty`
[INFO] [stdout]  --> src/lib.rs:356:1
[INFO] [stdout]   |
[INFO] [stdout] 3 | etty::sgr!(etty::STY_BOLD_SET, etty::FG_BLU, etty::BG_RED).out();
[INFO] [stdout]   | ^^^^ use of undeclared crate or module `etty`
[INFO] [stdout] 
[INFO] [stdout] error[E0433]: failed to resolve: use of undeclared crate or module `etty`
[INFO] [stdout]  --> src/lib.rs:358:1
[INFO] [stdout]   |
[INFO] [stdout] 5 | etty::sgr_rst().out();
[INFO] [stdout]   | ^^^^ use of undeclared crate or module `etty`
[INFO] [stdout] 
[INFO] [stdout] error: aborting due to 3 previous errors
[INFO] [stdout] 
[INFO] [stdout] For more information about this error, try `rustc --explain E0433`.
[INFO] [stdout] Couldn't compile the test.
[INFO] [stdout] ---- src/lib.rs - out (line 412) stdout ----
[INFO] [stdout] error[E0433]: failed to resolve: use of undeclared crate or module `etty`
[INFO] [stdout]  --> src/lib.rs:417:1
[INFO] [stdout]   |
[INFO] [stdout] 7 | etty::out!('A');
[INFO] [stdout]   | ^^^^ use of undeclared crate or module `etty`
[INFO] [stdout] 
[INFO] [stdout] error[E0433]: failed to resolve: use of undeclared crate or module `etty`
[INFO] [stdout]  --> src/lib.rs:416:1
[INFO] [stdout]   |
[INFO] [stdout] 6 | etty::out!('\x20');
[INFO] [stdout]   | ^^^^ use of undeclared crate or module `etty`
[INFO] [stdout] 
[INFO] [stdout] error[E0433]: failed to resolve: use of undeclared crate or module `etty`
[INFO] [stdout]  --> src/lib.rs:415:1
[INFO] [stdout]   |
[INFO] [stdout] 5 | etty::out!(42);
[INFO] [stdout]   | ^^^^ use of undeclared crate or module `etty`
[INFO] [stdout] 
[INFO] [stdout] error[E0433]: failed to resolve: use of undeclared crate or module `etty`
[INFO] [stdout]  --> src/lib.rs:414:1
[INFO] [stdout]   |
[INFO] [stdout] 4 | etty::out!(etty::cus_next_ln(1));
[INFO] [stdout]   | ^^^^ use of undeclared crate or module `etty`
[INFO] [stdout] 
[INFO] [stdout] error[E0433]: failed to resolve: use of undeclared crate or module `etty`
[INFO] [stdout]  --> src/lib.rs:413:1
[INFO] [stdout]   |
[INFO] [stdout] 3 | etty::out!("{}{}hello world! {}", etty::ers_all(), etty::cus_home(), "你好世界!👋");
[INFO] [stdout]   | ^^^^ use of undeclared crate or module `etty`
[INFO] [stdout] 
[INFO] [stdout] error[E0433]: failed to resolve: use of undeclared crate or module `etty`
[INFO] [stdout]  --> src/lib.rs:418:1
[INFO] [stdout]   |
[INFO] [stdout] 8 | etty::flush();
[INFO] [stdout]   | ^^^^ use of undeclared crate or module `etty`
[INFO] [stdout] 
[INFO] [stdout] error: aborting due to 6 previous errors
[INFO] [stdout] 
[INFO] [stdout] For more information about this error, try `rustc --explain E0433`.
[INFO] [stdout] Couldn't compile the test.
[INFO] [stdout] 
[INFO] [stdout] failures:
[INFO] [stdout]     src/lib.rs - out (line 412)
[INFO] [stdout]     src/lib.rs - out (line 423)
[INFO] [stdout]     src/lib.rs - sgr (line 355)
[INFO] [stdout]     src/lib.rs - sgr (line 363)
[INFO] [stdout] 
[INFO] [stdout] test result: FAILED. 0 passed; 4 failed; 0 ignored; 0 measured; 0 filtered out; finished in 0.27s
[INFO] [stdout] 
[INFO] [stderr] error: doctest failed, to rerun pass `--doc`
[INFO] running `Command { std: "docker" "inspect" "25be0f50027ccce4ded50caefa6c0728d0dd6685ec7f3cbd12e2a650816db276", kill_on_drop: false }`
[INFO] running `Command { std: "docker" "rm" "-f" "25be0f50027ccce4ded50caefa6c0728d0dd6685ec7f3cbd12e2a650816db276", kill_on_drop: false }`
[INFO] [stdout] 25be0f50027ccce4ded50caefa6c0728d0dd6685ec7f3cbd12e2a650816db276
