[INFO] fetching crate ethcontract-generate-fork 0.25.6...
[INFO] testing ethcontract-generate-fork-0.25.6 against beta-2024-12-08 for beta-1.84.0-4-retry
[INFO] extracting crate ethcontract-generate-fork 0.25.6 into /workspace/builds/worker-0-tc2/source
[INFO] validating manifest of crates.io crate ethcontract-generate-fork 0.25.6 on toolchain beta-2024-12-08
[INFO] running `Command { std: CARGO_HOME="/workspace/cargo-home" RUSTUP_HOME="/workspace/rustup-home" "/workspace/cargo-home/bin/cargo" "+beta-2024-12-08" "metadata" "--manifest-path" "Cargo.toml" "--no-deps", kill_on_drop: false }`
[INFO] started tweaking crates.io crate ethcontract-generate-fork 0.25.6
[INFO] finished tweaking crates.io crate ethcontract-generate-fork 0.25.6
[INFO] tweaked toml for crates.io crate ethcontract-generate-fork 0.25.6 written to /workspace/builds/worker-0-tc2/source/Cargo.toml
[INFO] running `Command { std: CARGO_HOME="/workspace/cargo-home" RUSTUP_HOME="/workspace/rustup-home" "/workspace/cargo-home/bin/cargo" "+beta-2024-12-08" "generate-lockfile" "--manifest-path" "Cargo.toml", kill_on_drop: false }`
[INFO] [stderr]     Updating crates.io index
[INFO] [stderr]      Locking 162 packages to latest compatible versions
[INFO] running `Command { std: CARGO_HOME="/workspace/cargo-home" RUSTUP_HOME="/workspace/rustup-home" "/workspace/cargo-home/bin/cargo" "+beta-2024-12-08" "fetch" "--manifest-path" "Cargo.toml", kill_on_drop: false }`
[INFO] running `Command { std: "docker" "create" "-v" "/var/lib/crater-agent-workspace/builds/worker-0-tc2/target:/opt/rustwide/target:rw,Z" "-v" "/var/lib/crater-agent-workspace/builds/worker-0-tc2/source:/opt/rustwide/workdir:ro,Z" "-v" "/var/lib/crater-agent-workspace/cargo-home:/opt/rustwide/cargo-home:ro,Z" "-v" "/var/lib/crater-agent-workspace/rustup-home:/opt/rustwide/rustup-home:ro,Z" "-e" "SOURCE_DIR=/opt/rustwide/workdir" "-e" "CARGO_TARGET_DIR=/opt/rustwide/target" "-e" "CARGO_HOME=/opt/rustwide/cargo-home" "-e" "RUSTUP_HOME=/opt/rustwide/rustup-home" "-w" "/opt/rustwide/workdir" "-m" "1610612736" "--user" "0:0" "--network" "none" "ghcr.io/rust-lang/crates-build-env/linux@sha256:f3a9d4ad9d972b27faf3965f35b62e55ba32bbce8f20bc8fe909558a86702fde" "/opt/rustwide/cargo-home/bin/cargo" "+beta-2024-12-08" "metadata" "--no-deps" "--format-version=1", kill_on_drop: false }`
[INFO] [stdout] 6f93b8293800b51d6e5da0a1e16901d66947238a96c333c54d61a3c4a2f33fb7
[INFO] running `Command { std: "docker" "start" "-a" "6f93b8293800b51d6e5da0a1e16901d66947238a96c333c54d61a3c4a2f33fb7", kill_on_drop: false }`
[INFO] running `Command { std: "docker" "inspect" "6f93b8293800b51d6e5da0a1e16901d66947238a96c333c54d61a3c4a2f33fb7", kill_on_drop: false }`
[INFO] running `Command { std: "docker" "rm" "-f" "6f93b8293800b51d6e5da0a1e16901d66947238a96c333c54d61a3c4a2f33fb7", kill_on_drop: false }`
[INFO] [stdout] 6f93b8293800b51d6e5da0a1e16901d66947238a96c333c54d61a3c4a2f33fb7
[INFO] running `Command { std: "docker" "create" "-v" "/var/lib/crater-agent-workspace/builds/worker-0-tc2/target:/opt/rustwide/target:rw,Z" "-v" "/var/lib/crater-agent-workspace/builds/worker-0-tc2/source:/opt/rustwide/workdir:ro,Z" "-v" "/var/lib/crater-agent-workspace/cargo-home:/opt/rustwide/cargo-home:ro,Z" "-v" "/var/lib/crater-agent-workspace/rustup-home:/opt/rustwide/rustup-home:ro,Z" "-e" "SOURCE_DIR=/opt/rustwide/workdir" "-e" "CARGO_TARGET_DIR=/opt/rustwide/target" "-e" "CARGO_INCREMENTAL=0" "-e" "RUST_BACKTRACE=full" "-e" "RUSTFLAGS=--cap-lints=warn" "-e" "RUSTDOCFLAGS=--cap-lints=warn" "-e" "CARGO_HOME=/opt/rustwide/cargo-home" "-e" "RUSTUP_HOME=/opt/rustwide/rustup-home" "-w" "/opt/rustwide/workdir" "-m" "1610612736" "--user" "0:0" "--network" "none" "ghcr.io/rust-lang/crates-build-env/linux@sha256:f3a9d4ad9d972b27faf3965f35b62e55ba32bbce8f20bc8fe909558a86702fde" "/opt/rustwide/cargo-home/bin/cargo" "+beta-2024-12-08" "build" "--frozen" "--message-format=json", kill_on_drop: false }`
[INFO] [stdout] bda69bd0234f18bc4795bbc5b8d5ec85b41f011a6dd59184846f9081c0b3f3ff
[INFO] running `Command { std: "docker" "start" "-a" "bda69bd0234f18bc4795bbc5b8d5ec85b41f011a6dd59184846f9081c0b3f3ff", kill_on_drop: false }`
[INFO] [stderr]    Compiling proc-macro2 v1.0.92
[INFO] [stderr]    Compiling unicode-ident v1.0.14
[INFO] [stderr]    Compiling libc v0.2.168
[INFO] [stderr]    Compiling autocfg v1.4.0
[INFO] [stderr]    Compiling cfg-if v1.0.0
[INFO] [stderr]    Compiling memchr v2.7.4
[INFO] [stderr]    Compiling shlex v1.3.0
[INFO] [stderr]    Compiling stable_deref_trait v1.2.0
[INFO] [stderr]    Compiling byteorder v1.5.0
[INFO] [stderr]    Compiling pkg-config v0.3.31
[INFO] [stderr]    Compiling serde v1.0.216
[INFO] [stderr]    Compiling vcpkg v0.2.15
[INFO] [stderr]    Compiling typenum v1.17.0
[INFO] [stderr]    Compiling crunchy v0.2.2
[INFO] [stderr]    Compiling version_check v0.9.5
[INFO] [stderr]    Compiling rustc-hex v2.1.0
[INFO] [stderr]    Compiling smallvec v1.13.2
[INFO] [stderr]    Compiling litemap v0.7.4
[INFO] [stderr]    Compiling writeable v0.5.5
[INFO] [stderr]    Compiling static_assertions v1.1.0
[INFO] [stderr]    Compiling cc v1.2.4
[INFO] [stderr]    Compiling bytes v1.9.0
[INFO] [stderr]    Compiling futures-core v0.3.31
[INFO] [stderr]    Compiling tiny-keccak v2.0.2
[INFO] [stderr]    Compiling futures-sink v0.3.31
[INFO] [stderr]    Compiling futures-channel v0.3.31
[INFO] [stderr]    Compiling futures-task v0.3.31
[INFO] [stderr]    Compiling hex v0.4.3
[INFO] [stderr]    Compiling slab v0.4.9
[INFO] [stderr]    Compiling generic-array v0.14.7
[INFO] [stderr]    Compiling regex-syntax v0.8.5
[INFO] [stderr]    Compiling pin-project-lite v0.2.15
[INFO] [stderr]    Compiling futures-io v0.3.31
[INFO] [stderr]    Compiling icu_locid_transform_data v1.5.0
[INFO] [stderr]    Compiling pin-utils v0.1.0
[INFO] [stderr]    Compiling serde_json v1.0.133
[INFO] [stderr]    Compiling lock_api v0.4.12
[INFO] [stderr]    Compiling rlp v0.5.2
[INFO] [stderr]    Compiling parking_lot_core v0.9.10
[INFO] [stderr]    Compiling ryu v1.0.18
[INFO] [stderr]    Compiling aho-corasick v1.1.3
[INFO] [stderr]    Compiling quote v1.0.37
[INFO] [stderr]    Compiling uint v0.9.5
[INFO] [stderr]    Compiling tinyvec_macros v0.1.1
[INFO] [stderr]    Compiling itoa v1.0.14
[INFO] [stderr]    Compiling thiserror v1.0.69
[INFO] [stderr]    Compiling icu_properties_data v1.5.0
[INFO] [stderr]    Compiling tinyvec v1.8.0
[INFO] [stderr]    Compiling icu_normalizer_data v1.5.0
[INFO] [stderr]    Compiling scopeguard v1.2.0
[INFO] [stderr]    Compiling impl-rlp v0.3.0
[INFO] [stderr]    Compiling utf16_iter v1.0.5
[INFO] [stderr]    Compiling write16 v1.0.0
[INFO] [stderr]    Compiling keccak v0.1.5
[INFO] [stderr]    Compiling utf8_iter v1.0.4
[INFO] [stderr]    Compiling convert_case v0.4.0
[INFO] [stderr]    Compiling unicode-bidi v0.3.17
[INFO] [stderr]    Compiling syn v2.0.90
[INFO] [stderr]    Compiling log v0.4.22
[INFO] [stderr]    Compiling once_cell v1.20.2
[INFO] [stderr]    Compiling futures-timer v3.0.3
[INFO] [stderr]    Compiling percent-encoding v2.3.1
[INFO] [stderr]    Compiling arrayvec v0.7.6
[INFO] [stderr]    Compiling anyhow v1.0.94
[INFO] [stderr]    Compiling curl v0.4.47
[INFO] [stderr]    Compiling getrandom v0.2.15
[INFO] [stderr]    Compiling form_urlencoded v1.2.1
[INFO] [stderr]    Compiling socket2 v0.5.8
[INFO] [stderr]    Compiling lazy_static v1.5.0
[INFO] [stderr]    Compiling openssl-probe v0.1.5
[INFO] [stderr]    Compiling crypto-common v0.1.6
[INFO] [stderr]    Compiling block-buffer v0.10.4
[INFO] [stderr]    Compiling rand_core v0.6.4
[INFO] [stderr]    Compiling parking_lot v0.12.3
[INFO] [stderr]    Compiling digest v0.10.7
[INFO] [stderr]    Compiling unicode-normalization v0.1.24
[INFO] [stderr]    Compiling sha3 v0.10.8
[INFO] [stderr]    Compiling libz-sys v1.1.20
[INFO] [stderr]    Compiling openssl-sys v0.9.104
[INFO] [stderr]    Compiling curl-sys v0.4.78+curl-8.11.0
[INFO] [stderr]    Compiling idna v0.4.0
[INFO] [stderr]    Compiling regex-automata v0.4.9
[INFO] [stderr]    Compiling regex v1.11.1
[INFO] [stderr]    Compiling Inflector v0.11.4
[INFO] [stderr]    Compiling synstructure v0.13.1
[INFO] [stderr]    Compiling zerofrom-derive v0.1.5
[INFO] [stderr]    Compiling yoke-derive v0.7.5
[INFO] [stderr]    Compiling zerovec-derive v0.10.3
[INFO] [stderr]    Compiling zerocopy-derive v0.7.35
[INFO] [stderr]    Compiling serde_derive v1.0.216
[INFO] [stderr]    Compiling displaydoc v0.2.5
[INFO] [stderr]    Compiling icu_provider_macros v1.5.0
[INFO] [stderr]    Compiling futures-macro v0.3.31
[INFO] [stderr]    Compiling thiserror-impl v1.0.69
[INFO] [stderr]    Compiling pin-project-internal v1.1.7
[INFO] [stderr]    Compiling derive_more v0.99.18
[INFO] [stderr]    Compiling zerocopy v0.7.35
[INFO] [stderr]    Compiling futures-util v0.3.31
[INFO] [stderr]    Compiling ppv-lite86 v0.2.20
[INFO] [stderr]    Compiling rand_chacha v0.3.1
[INFO] [stderr]    Compiling pin-project v1.1.7
[INFO] [stderr]    Compiling rand v0.8.5
[INFO] [stderr]    Compiling zerofrom v0.1.5
[INFO] [stderr]    Compiling yoke v0.7.5
[INFO] [stderr]    Compiling zerovec v0.10.4
[INFO] [stderr]    Compiling fixed-hash v0.8.0
[INFO] [stderr]    Compiling tinystr v0.7.6
[INFO] [stderr]    Compiling icu_collections v1.5.0
[INFO] [stderr]    Compiling icu_locid v1.5.0
[INFO] [stderr]    Compiling icu_provider v1.5.0
[INFO] [stderr]    Compiling futures-executor v0.3.31
[INFO] [stderr]    Compiling futures v0.3.31
[INFO] [stderr]    Compiling icu_locid_transform v1.5.0
[INFO] [stderr]    Compiling icu_properties v1.5.1
[INFO] [stderr]    Compiling impl-serde v0.4.0
[INFO] [stderr]    Compiling primitive-types v0.12.2
[INFO] [stderr]    Compiling ethbloom v0.13.0
[INFO] [stderr]    Compiling icu_normalizer v1.5.0
[INFO] [stderr]    Compiling jsonrpc-core v18.0.0
[INFO] [stderr]    Compiling idna_adapter v1.2.0
[INFO] [stderr]    Compiling idna v1.0.3
[INFO] [stderr]    Compiling ethereum-types v0.14.1
[INFO] [stderr]    Compiling url v2.5.4
[INFO] [stderr]    Compiling ethabi v18.0.0
[INFO] [stderr]    Compiling web3 v0.19.0
[INFO] [stderr]    Compiling ethcontract-common v0.25.7
[INFO] [stderr]    Compiling ethcontract-generate-fork v0.25.6 (/opt/rustwide/workdir)
[INFO] [stderr]     Finished `dev` profile [unoptimized + debuginfo] target(s) in 53.00s
[INFO] running `Command { std: "docker" "inspect" "bda69bd0234f18bc4795bbc5b8d5ec85b41f011a6dd59184846f9081c0b3f3ff", kill_on_drop: false }`
[INFO] running `Command { std: "docker" "rm" "-f" "bda69bd0234f18bc4795bbc5b8d5ec85b41f011a6dd59184846f9081c0b3f3ff", kill_on_drop: false }`
[INFO] [stdout] bda69bd0234f18bc4795bbc5b8d5ec85b41f011a6dd59184846f9081c0b3f3ff
[INFO] running `Command { std: "docker" "create" "-v" "/var/lib/crater-agent-workspace/builds/worker-0-tc2/target:/opt/rustwide/target:rw,Z" "-v" "/var/lib/crater-agent-workspace/builds/worker-0-tc2/source:/opt/rustwide/workdir:ro,Z" "-v" "/var/lib/crater-agent-workspace/cargo-home:/opt/rustwide/cargo-home:ro,Z" "-v" "/var/lib/crater-agent-workspace/rustup-home:/opt/rustwide/rustup-home:ro,Z" "-e" "SOURCE_DIR=/opt/rustwide/workdir" "-e" "CARGO_TARGET_DIR=/opt/rustwide/target" "-e" "CARGO_INCREMENTAL=0" "-e" "RUST_BACKTRACE=full" "-e" "RUSTFLAGS=--cap-lints=warn" "-e" "RUSTDOCFLAGS=--cap-lints=warn" "-e" "CARGO_HOME=/opt/rustwide/cargo-home" "-e" "RUSTUP_HOME=/opt/rustwide/rustup-home" "-w" "/opt/rustwide/workdir" "-m" "1610612736" "--user" "0:0" "--network" "none" "ghcr.io/rust-lang/crates-build-env/linux@sha256:f3a9d4ad9d972b27faf3965f35b62e55ba32bbce8f20bc8fe909558a86702fde" "/opt/rustwide/cargo-home/bin/cargo" "+beta-2024-12-08" "test" "--frozen" "--no-run" "--message-format=json", kill_on_drop: false }`
[INFO] [stdout] c0085fae7911853d800a479ead2c905ea20fc56958cef1517fc4cc8005b0b01f
[INFO] running `Command { std: "docker" "start" "-a" "c0085fae7911853d800a479ead2c905ea20fc56958cef1517fc4cc8005b0b01f", kill_on_drop: false }`
[INFO] [stderr]    Compiling ethcontract-generate-fork v0.25.6 (/opt/rustwide/workdir)
[INFO] [stderr]     Finished `test` profile [unoptimized + debuginfo] target(s) in 8.02s
[INFO] running `Command { std: "docker" "inspect" "c0085fae7911853d800a479ead2c905ea20fc56958cef1517fc4cc8005b0b01f", kill_on_drop: false }`
[INFO] running `Command { std: "docker" "rm" "-f" "c0085fae7911853d800a479ead2c905ea20fc56958cef1517fc4cc8005b0b01f", kill_on_drop: false }`
[INFO] [stdout] c0085fae7911853d800a479ead2c905ea20fc56958cef1517fc4cc8005b0b01f
[INFO] running `Command { std: "docker" "create" "-v" "/var/lib/crater-agent-workspace/builds/worker-0-tc2/target:/opt/rustwide/target:rw,Z" "-v" "/var/lib/crater-agent-workspace/builds/worker-0-tc2/source:/opt/rustwide/workdir:ro,Z" "-v" "/var/lib/crater-agent-workspace/cargo-home:/opt/rustwide/cargo-home:ro,Z" "-v" "/var/lib/crater-agent-workspace/rustup-home:/opt/rustwide/rustup-home:ro,Z" "-e" "SOURCE_DIR=/opt/rustwide/workdir" "-e" "CARGO_TARGET_DIR=/opt/rustwide/target" "-e" "CARGO_INCREMENTAL=0" "-e" "RUST_BACKTRACE=full" "-e" "RUSTFLAGS=--cap-lints=warn" "-e" "RUSTDOCFLAGS=--cap-lints=warn" "-e" "CARGO_HOME=/opt/rustwide/cargo-home" "-e" "RUSTUP_HOME=/opt/rustwide/rustup-home" "-w" "/opt/rustwide/workdir" "-m" "1610612736" "--user" "0:0" "--network" "none" "ghcr.io/rust-lang/crates-build-env/linux@sha256:f3a9d4ad9d972b27faf3965f35b62e55ba32bbce8f20bc8fe909558a86702fde" "/opt/rustwide/cargo-home/bin/cargo" "+beta-2024-12-08" "test" "--frozen", kill_on_drop: false }`
[INFO] [stdout] b26b81a1476d0cc20c8ce21698545499d30c06e98b360b2a6203ac03ffe25606
[INFO] running `Command { std: "docker" "start" "-a" "b26b81a1476d0cc20c8ce21698545499d30c06e98b360b2a6203ac03ffe25606", kill_on_drop: false }`
[INFO] [stderr]     Finished `test` profile [unoptimized + debuginfo] target(s) in 0.38s
[INFO] [stderr]      Running unittests src/lib.rs (/opt/rustwide/target/debug/deps/ethcontract_generate_fork-bb46df6c4ddeaa09)
[INFO] [stdout] 
[INFO] [stdout] running 22 tests
[INFO] [stdout] test source::tests::parse_source ... ok
[INFO] [stdout] test generate::events::tests::expand_data_struct_value ... ok
[INFO] [stdout] test util::tests::input_name_to_ident_keyword ... ok
[INFO] [stdout] test generate::common::tests::expand_address_value ... ok
[INFO] [stdout] test generate::methods::tests::expand_outputs_single ... ok
[INFO] [stdout] test util::tests::input_name_to_ident_empty ... ok
[INFO] [stdout] test util::tests::parse_address_missing_prefix ... ok
[INFO] [stdout] test generate::events::tests::expand_data_tuple_value ... ok
[INFO] [stdout] test generate::events::tests::expand_empty_filters ... ok
[INFO] [stdout] test generate::common::tests::expand_deployment_information_value ... ok
[INFO] [stdout] test generate::events::tests::expand_hash_value ... ok
[INFO] [stdout] test generate::events::tests::expand_parse_log_impl_for_all_events ... ok
[INFO] [stdout] test util::tests::parse_address_ok ... ok
[INFO] [stdout] test generate::events::tests::expand_transfer_builder_topic_filters ... ok
[INFO] [stdout] test util::tests::input_name_to_ident_snake_case ... ok
[INFO] [stdout] test generate::events::tests::expand_transfer_filter ... ok
[INFO] [stdout] test generate::methods::tests::expand_inputs_ ... ok
[INFO] [stdout] test generate::methods::tests::expand_inputs_empty ... ok
[INFO] [stdout] test generate::methods::tests::expand_outputs_empty ... ok
[INFO] [stdout] test generate::methods::tests::expand_outputs_multiple ... ok
[INFO] [stdout] test generate::events::tests::expand_enum_for_all_events ... ok
[INFO] [stdout] test util::tests::parse_address_address_too_short ... ok
[INFO] [stdout] 
[INFO] [stdout] test result: ok. 22 passed; 0 failed; 0 ignored; 0 measured; 0 filtered out; finished in 0.04s
[INFO] [stdout] 
[INFO] [stderr]    Doc-tests ethcontract_generate_fork
[INFO] [stdout] 
[INFO] [stdout] running 3 tests
[INFO] [stdout] test src/source.rs - source (line 10) - compile ... FAILED
[INFO] [stdout] test src/source.rs - source (line 19) - compile ... FAILED
[INFO] [stdout] test src/lib.rs - ContractBuilder::add_event_derive (line 173) ... FAILED
[INFO] [stdout] 
[INFO] [stdout] failures:
[INFO] [stdout] 
[INFO] [stdout] ---- src/source.rs - source (line 10) stdout ----
[INFO] [stdout] error[E0432]: unresolved import `ethcontract_generate`
[INFO] [stdout]  --> src/source.rs:11:5
[INFO] [stdout]   |
[INFO] [stdout] 3 | use ethcontract_generate::Source;
[INFO] [stdout]   |     ^^^^^^^^^^^^^^^^^^^^ use of undeclared crate or module `ethcontract_generate`
[INFO] [stdout]   |
[INFO] [stdout] help: there is a crate or module with a similar name
[INFO] [stdout]   |
[INFO] [stdout] 3 | use ethcontract_generate_fork::Source;
[INFO] [stdout]   |     ~~~~~~~~~~~~~~~~~~~~~~~~~
[INFO] [stdout] 
[INFO] [stdout] error: aborting due to 1 previous error
[INFO] [stdout] 
[INFO] [stdout] For more information about this error, try `rustc --explain E0432`.
[INFO] [stdout] Couldn't compile the test.
[INFO] [stdout] ---- src/source.rs - source (line 19) stdout ----
[INFO] [stdout] error[E0432]: unresolved import `ethcontract_generate`
[INFO] [stdout]  --> src/source.rs:20:5
[INFO] [stdout]   |
[INFO] [stdout] 3 | use ethcontract_generate::Source;
[INFO] [stdout]   |     ^^^^^^^^^^^^^^^^^^^^ use of undeclared crate or module `ethcontract_generate`
[INFO] [stdout]   |
[INFO] [stdout] help: there is a crate or module with a similar name
[INFO] [stdout]   |
[INFO] [stdout] 3 | use ethcontract_generate_fork::Source;
[INFO] [stdout]   |     ~~~~~~~~~~~~~~~~~~~~~~~~~
[INFO] [stdout] 
[INFO] [stdout] error: aborting due to 1 previous error
[INFO] [stdout] 
[INFO] [stdout] For more information about this error, try `rustc --explain E0432`.
[INFO] [stdout] Couldn't compile the test.
[INFO] [stdout] ---- src/lib.rs - ContractBuilder::add_event_derive (line 173) stdout ----
[INFO] [stdout] error[E0432]: unresolved import `ethcontract_generate`
[INFO] [stdout]  --> src/lib.rs:174:5
[INFO] [stdout]   |
[INFO] [stdout] 3 | use ethcontract_generate::ContractBuilder;
[INFO] [stdout]   |     ^^^^^^^^^^^^^^^^^^^^ use of undeclared crate or module `ethcontract_generate`
[INFO] [stdout]   |
[INFO] [stdout] help: there is a crate or module with a similar name
[INFO] [stdout]   |
[INFO] [stdout] 3 | use ethcontract_generate_fork::ContractBuilder;
[INFO] [stdout]   |     ~~~~~~~~~~~~~~~~~~~~~~~~~
[INFO] [stdout] 
[INFO] [stdout] error: aborting due to 1 previous error
[INFO] [stdout] 
[INFO] [stdout] For more information about this error, try `rustc --explain E0432`.
[INFO] [stdout] Couldn't compile the test.
[INFO] [stdout] 
[INFO] [stdout] failures:
[INFO] [stdout]     src/lib.rs - ContractBuilder::add_event_derive (line 173)
[INFO] [stdout]     src/source.rs - source (line 10)
[INFO] [stdout]     src/source.rs - source (line 19)
[INFO] [stdout] 
[INFO] [stdout] test result: FAILED. 0 passed; 3 failed; 0 ignored; 0 measured; 0 filtered out; finished in 0.34s
[INFO] [stdout] 
[INFO] [stderr] error: doctest failed, to rerun pass `--doc`
[INFO] running `Command { std: "docker" "inspect" "b26b81a1476d0cc20c8ce21698545499d30c06e98b360b2a6203ac03ffe25606", kill_on_drop: false }`
[INFO] running `Command { std: "docker" "rm" "-f" "b26b81a1476d0cc20c8ce21698545499d30c06e98b360b2a6203ac03ffe25606", kill_on_drop: false }`
[INFO] [stdout] b26b81a1476d0cc20c8ce21698545499d30c06e98b360b2a6203ac03ffe25606
