[INFO] fetching crate essence 0.5.0...
[INFO] testing essence-0.5.0 against 1.83.0 for beta-1.84.0-4-retry
[INFO] extracting crate essence 0.5.0 into /workspace/builds/worker-0-tc1/source
[INFO] validating manifest of crates.io crate essence 0.5.0 on toolchain 1.83.0
[INFO] running `Command { std: CARGO_HOME="/workspace/cargo-home" RUSTUP_HOME="/workspace/rustup-home" "/workspace/cargo-home/bin/cargo" "+1.83.0" "metadata" "--manifest-path" "Cargo.toml" "--no-deps", kill_on_drop: false }`
[INFO] removed /workspace/builds/worker-0-tc1/source/.cargo/config.toml
[INFO] removed /workspace/builds/worker-0-tc1/source/rust-toolchain.toml
[INFO] started tweaking crates.io crate essence 0.5.0
[INFO] finished tweaking crates.io crate essence 0.5.0
[INFO] tweaked toml for crates.io crate essence 0.5.0 written to /workspace/builds/worker-0-tc1/source/Cargo.toml
[INFO] running `Command { std: CARGO_HOME="/workspace/cargo-home" RUSTUP_HOME="/workspace/rustup-home" "/workspace/cargo-home/bin/cargo" "+1.83.0" "generate-lockfile" "--manifest-path" "Cargo.toml", kill_on_drop: false }`
[INFO] [stderr]     Updating crates.io index
[INFO] [stderr]     Blocking waiting for file lock on package cache
[INFO] [stderr]      Locking 214 packages to latest compatible versions
[INFO] [stderr]       Adding base64 v0.20.0 (available: v0.22.1)
[INFO] [stderr]       Adding bitflags v1.3.2 (available: v2.6.0)
[INFO] [stderr]       Adding itertools v0.10.5 (available: v0.13.0)
[INFO] [stderr]       Adding ring v0.16.20 (available: v0.17.8)
[INFO] [stderr]       Adding sqlx v0.6.3 (available: v0.8.2)
[INFO] [stderr]       Adding utoipa v3.5.0 (available: v5.2.0)
[INFO] running `Command { std: CARGO_HOME="/workspace/cargo-home" RUSTUP_HOME="/workspace/rustup-home" "/workspace/cargo-home/bin/cargo" "+1.83.0" "fetch" "--manifest-path" "Cargo.toml", kill_on_drop: false }`
[INFO] [stderr]  Downloading crates ...
[INFO] [stderr]   Downloaded argon2-async v0.2.0
[INFO] running `Command { std: "docker" "create" "-v" "/var/lib/crater-agent-workspace/builds/worker-0-tc1/target:/opt/rustwide/target:rw,Z" "-v" "/var/lib/crater-agent-workspace/builds/worker-0-tc1/source:/opt/rustwide/workdir:ro,Z" "-v" "/var/lib/crater-agent-workspace/cargo-home:/opt/rustwide/cargo-home:ro,Z" "-v" "/var/lib/crater-agent-workspace/rustup-home:/opt/rustwide/rustup-home:ro,Z" "-e" "SOURCE_DIR=/opt/rustwide/workdir" "-e" "CARGO_TARGET_DIR=/opt/rustwide/target" "-e" "CARGO_HOME=/opt/rustwide/cargo-home" "-e" "RUSTUP_HOME=/opt/rustwide/rustup-home" "-w" "/opt/rustwide/workdir" "-m" "1610612736" "--user" "0:0" "--network" "none" "ghcr.io/rust-lang/crates-build-env/linux@sha256:f3a9d4ad9d972b27faf3965f35b62e55ba32bbce8f20bc8fe909558a86702fde" "/opt/rustwide/cargo-home/bin/cargo" "+1.83.0" "metadata" "--no-deps" "--format-version=1", kill_on_drop: false }`
[INFO] [stdout] c3f4aaa016da98c3013ff6f18071ac3b29289bfa8e93a19fb3a2e68faa0efe29
[INFO] running `Command { std: "docker" "start" "-a" "c3f4aaa016da98c3013ff6f18071ac3b29289bfa8e93a19fb3a2e68faa0efe29", kill_on_drop: false }`
[INFO] running `Command { std: "docker" "inspect" "c3f4aaa016da98c3013ff6f18071ac3b29289bfa8e93a19fb3a2e68faa0efe29", kill_on_drop: false }`
[INFO] running `Command { std: "docker" "rm" "-f" "c3f4aaa016da98c3013ff6f18071ac3b29289bfa8e93a19fb3a2e68faa0efe29", kill_on_drop: false }`
[INFO] [stdout] c3f4aaa016da98c3013ff6f18071ac3b29289bfa8e93a19fb3a2e68faa0efe29
[INFO] running `Command { std: "docker" "create" "-v" "/var/lib/crater-agent-workspace/builds/worker-0-tc1/target:/opt/rustwide/target:rw,Z" "-v" "/var/lib/crater-agent-workspace/builds/worker-0-tc1/source:/opt/rustwide/workdir:ro,Z" "-v" "/var/lib/crater-agent-workspace/cargo-home:/opt/rustwide/cargo-home:ro,Z" "-v" "/var/lib/crater-agent-workspace/rustup-home:/opt/rustwide/rustup-home:ro,Z" "-e" "SOURCE_DIR=/opt/rustwide/workdir" "-e" "CARGO_TARGET_DIR=/opt/rustwide/target" "-e" "CARGO_INCREMENTAL=0" "-e" "RUST_BACKTRACE=full" "-e" "RUSTFLAGS=--cap-lints=warn" "-e" "RUSTDOCFLAGS=--cap-lints=warn" "-e" "CARGO_HOME=/opt/rustwide/cargo-home" "-e" "RUSTUP_HOME=/opt/rustwide/rustup-home" "-w" "/opt/rustwide/workdir" "-m" "1610612736" "--user" "0:0" "--network" "none" "ghcr.io/rust-lang/crates-build-env/linux@sha256:f3a9d4ad9d972b27faf3965f35b62e55ba32bbce8f20bc8fe909558a86702fde" "/opt/rustwide/cargo-home/bin/cargo" "+1.83.0" "build" "--frozen" "--message-format=json", kill_on_drop: false }`
[INFO] [stdout] 4d78a03dbf136b8c129817119dca2fbe56eeeaba9ecf9e3bac999e1c14d58ac3
[INFO] running `Command { std: "docker" "start" "-a" "4d78a03dbf136b8c129817119dca2fbe56eeeaba9ecf9e3bac999e1c14d58ac3", kill_on_drop: false }`
[INFO] [stderr]    Compiling proc-macro2 v1.0.92
[INFO] [stderr]    Compiling unicode-ident v1.0.14
[INFO] [stderr]    Compiling autocfg v1.4.0
[INFO] [stderr]    Compiling serde v1.0.216
[INFO] [stderr]    Compiling iana-time-zone v0.1.61
[INFO] [stderr]    Compiling bitflags v1.3.2
[INFO] [stderr]    Compiling num-traits v0.2.19
[INFO] [stderr]    Compiling quote v1.0.37
[INFO] [stderr]    Compiling syn v2.0.90
[INFO] [stderr]    Compiling serde_derive v1.0.216
[INFO] [stderr]    Compiling chrono v0.4.39
[INFO] [stderr]    Compiling essence v0.5.0 (/opt/rustwide/workdir)
[INFO] [stdout] warning: unexpected `cfg` condition value: `async-trait`
[INFO] [stdout]  --> src/lib.rs:4:13
[INFO] [stdout]   |
[INFO] [stdout] 4 | #![cfg_attr(feature = "async-trait", feature(async_fn_in_trait))]
[INFO] [stdout]   |             ^^^^^^^^^^^^^^^^^^^^^^^
[INFO] [stdout]   |
[INFO] [stdout]   = note: expected values for `feature` are: `auth`, `bincode`, `client`, `db`, `default`, `serde_json`, `snowflakes`, `token-parsing`, `utoipa`, and `webserver`
[INFO] [stdout]   = help: consider adding `async-trait` as a feature in `Cargo.toml`
[INFO] [stdout]   = note: see <https://doc.rust-lang.org/nightly/rustc/check-cfg/cargo-specifics.html> for more information about checking conditional configuration
[INFO] [stdout]   = note: `#[warn(unexpected_cfgs)]` on by default
[INFO] [stdout] 
[INFO] [stdout] 
[INFO] [stdout] warning: unexpected `cfg` condition value: `async-trait`
[INFO] [stdout]  --> src/lib.rs:5:13
[INFO] [stdout]   |
[INFO] [stdout] 5 | #![cfg_attr(feature = "async-trait", allow(incomplete_features))]
[INFO] [stdout]   |             ^^^^^^^^^^^^^^^^^^^^^^^
[INFO] [stdout]   |
[INFO] [stdout]   = note: expected values for `feature` are: `auth`, `bincode`, `client`, `db`, `default`, `serde_json`, `snowflakes`, `token-parsing`, `utoipa`, and `webserver`
[INFO] [stdout]   = help: consider adding `async-trait` as a feature in `Cargo.toml`
[INFO] [stdout]   = note: see <https://doc.rust-lang.org/nightly/rustc/check-cfg/cargo-specifics.html> for more information about checking conditional configuration
[INFO] [stdout] 
[INFO] [stdout] 
[INFO] [stderr]     Finished `dev` profile [unoptimized + debuginfo] target(s) in 15.04s
[INFO] running `Command { std: "docker" "inspect" "4d78a03dbf136b8c129817119dca2fbe56eeeaba9ecf9e3bac999e1c14d58ac3", kill_on_drop: false }`
[INFO] running `Command { std: "docker" "rm" "-f" "4d78a03dbf136b8c129817119dca2fbe56eeeaba9ecf9e3bac999e1c14d58ac3", kill_on_drop: false }`
[INFO] [stdout] 4d78a03dbf136b8c129817119dca2fbe56eeeaba9ecf9e3bac999e1c14d58ac3
[INFO] running `Command { std: "docker" "create" "-v" "/var/lib/crater-agent-workspace/builds/worker-0-tc1/target:/opt/rustwide/target:rw,Z" "-v" "/var/lib/crater-agent-workspace/builds/worker-0-tc1/source:/opt/rustwide/workdir:ro,Z" "-v" "/var/lib/crater-agent-workspace/cargo-home:/opt/rustwide/cargo-home:ro,Z" "-v" "/var/lib/crater-agent-workspace/rustup-home:/opt/rustwide/rustup-home:ro,Z" "-e" "SOURCE_DIR=/opt/rustwide/workdir" "-e" "CARGO_TARGET_DIR=/opt/rustwide/target" "-e" "CARGO_INCREMENTAL=0" "-e" "RUST_BACKTRACE=full" "-e" "RUSTFLAGS=--cap-lints=warn" "-e" "RUSTDOCFLAGS=--cap-lints=warn" "-e" "CARGO_HOME=/opt/rustwide/cargo-home" "-e" "RUSTUP_HOME=/opt/rustwide/rustup-home" "-w" "/opt/rustwide/workdir" "-m" "1610612736" "--user" "0:0" "--network" "none" "ghcr.io/rust-lang/crates-build-env/linux@sha256:f3a9d4ad9d972b27faf3965f35b62e55ba32bbce8f20bc8fe909558a86702fde" "/opt/rustwide/cargo-home/bin/cargo" "+1.83.0" "test" "--frozen" "--no-run" "--message-format=json", kill_on_drop: false }`
[INFO] [stdout] 84c97fa92a06494ecf36ed42cefafcd87779ce38d3457e8338ada632ca65dc69
[INFO] running `Command { std: "docker" "start" "-a" "84c97fa92a06494ecf36ed42cefafcd87779ce38d3457e8338ada632ca65dc69", kill_on_drop: false }`
[INFO] [stderr]    Compiling essence v0.5.0 (/opt/rustwide/workdir)
[INFO] [stdout] warning: unexpected `cfg` condition value: `async-trait`
[INFO] [stdout]  --> src/lib.rs:4:13
[INFO] [stdout]   |
[INFO] [stdout] 4 | #![cfg_attr(feature = "async-trait", feature(async_fn_in_trait))]
[INFO] [stdout]   |             ^^^^^^^^^^^^^^^^^^^^^^^
[INFO] [stdout]   |
[INFO] [stdout]   = note: expected values for `feature` are: `auth`, `bincode`, `client`, `db`, `default`, `serde_json`, `snowflakes`, `token-parsing`, `utoipa`, and `webserver`
[INFO] [stdout]   = help: consider adding `async-trait` as a feature in `Cargo.toml`
[INFO] [stdout]   = note: see <https://doc.rust-lang.org/nightly/rustc/check-cfg/cargo-specifics.html> for more information about checking conditional configuration
[INFO] [stdout]   = note: `#[warn(unexpected_cfgs)]` on by default
[INFO] [stdout] 
[INFO] [stdout] 
[INFO] [stdout] warning: unexpected `cfg` condition value: `async-trait`
[INFO] [stdout]  --> src/lib.rs:5:13
[INFO] [stdout]   |
[INFO] [stdout] 5 | #![cfg_attr(feature = "async-trait", allow(incomplete_features))]
[INFO] [stdout]   |             ^^^^^^^^^^^^^^^^^^^^^^^
[INFO] [stdout]   |
[INFO] [stdout]   = note: expected values for `feature` are: `auth`, `bincode`, `client`, `db`, `default`, `serde_json`, `snowflakes`, `token-parsing`, `utoipa`, and `webserver`
[INFO] [stdout]   = help: consider adding `async-trait` as a feature in `Cargo.toml`
[INFO] [stdout]   = note: see <https://doc.rust-lang.org/nightly/rustc/check-cfg/cargo-specifics.html> for more information about checking conditional configuration
[INFO] [stdout] 
[INFO] [stdout] 
[INFO] [stdout] warning: unexpected `cfg` condition value: `async-trait`
[INFO] [stdout]  --> src/lib.rs:4:13
[INFO] [stdout]   |
[INFO] [stdout] 4 | #![cfg_attr(feature = "async-trait", feature(async_fn_in_trait))]
[INFO] [stdout]   |             ^^^^^^^^^^^^^^^^^^^^^^^
[INFO] [stdout]   |
[INFO] [stdout]   = note: expected values for `feature` are: `auth`, `bincode`, `client`, `db`, `default`, `serde_json`, `snowflakes`, `token-parsing`, `utoipa`, and `webserver`
[INFO] [stdout]   = help: consider adding `async-trait` as a feature in `Cargo.toml`
[INFO] [stdout]   = note: see <https://doc.rust-lang.org/nightly/rustc/check-cfg/cargo-specifics.html> for more information about checking conditional configuration
[INFO] [stdout]   = note: `#[warn(unexpected_cfgs)]` on by default
[INFO] [stdout] 
[INFO] [stdout] 
[INFO] [stdout] warning: unexpected `cfg` condition value: `async-trait`
[INFO] [stdout]  --> src/lib.rs:5:13
[INFO] [stdout]   |
[INFO] [stdout] 5 | #![cfg_attr(feature = "async-trait", allow(incomplete_features))]
[INFO] [stdout]   |             ^^^^^^^^^^^^^^^^^^^^^^^
[INFO] [stdout]   |
[INFO] [stdout]   = note: expected values for `feature` are: `auth`, `bincode`, `client`, `db`, `default`, `serde_json`, `snowflakes`, `token-parsing`, `utoipa`, and `webserver`
[INFO] [stdout]   = help: consider adding `async-trait` as a feature in `Cargo.toml`
[INFO] [stdout]   = note: see <https://doc.rust-lang.org/nightly/rustc/check-cfg/cargo-specifics.html> for more information about checking conditional configuration
[INFO] [stdout] 
[INFO] [stdout] 
[INFO] [stderr]     Finished `test` profile [unoptimized + debuginfo] target(s) in 2.46s
[INFO] running `Command { std: "docker" "inspect" "84c97fa92a06494ecf36ed42cefafcd87779ce38d3457e8338ada632ca65dc69", kill_on_drop: false }`
[INFO] running `Command { std: "docker" "rm" "-f" "84c97fa92a06494ecf36ed42cefafcd87779ce38d3457e8338ada632ca65dc69", kill_on_drop: false }`
[INFO] [stdout] 84c97fa92a06494ecf36ed42cefafcd87779ce38d3457e8338ada632ca65dc69
[INFO] running `Command { std: "docker" "create" "-v" "/var/lib/crater-agent-workspace/builds/worker-0-tc1/target:/opt/rustwide/target:rw,Z" "-v" "/var/lib/crater-agent-workspace/builds/worker-0-tc1/source:/opt/rustwide/workdir:ro,Z" "-v" "/var/lib/crater-agent-workspace/cargo-home:/opt/rustwide/cargo-home:ro,Z" "-v" "/var/lib/crater-agent-workspace/rustup-home:/opt/rustwide/rustup-home:ro,Z" "-e" "SOURCE_DIR=/opt/rustwide/workdir" "-e" "CARGO_TARGET_DIR=/opt/rustwide/target" "-e" "CARGO_INCREMENTAL=0" "-e" "RUST_BACKTRACE=full" "-e" "RUSTFLAGS=--cap-lints=warn" "-e" "RUSTDOCFLAGS=--cap-lints=warn" "-e" "CARGO_HOME=/opt/rustwide/cargo-home" "-e" "RUSTUP_HOME=/opt/rustwide/rustup-home" "-w" "/opt/rustwide/workdir" "-m" "1610612736" "--user" "0:0" "--network" "none" "ghcr.io/rust-lang/crates-build-env/linux@sha256:f3a9d4ad9d972b27faf3965f35b62e55ba32bbce8f20bc8fe909558a86702fde" "/opt/rustwide/cargo-home/bin/cargo" "+1.83.0" "test" "--frozen", kill_on_drop: false }`
[INFO] [stdout] aac98d7992767006012e99ac8b9887e57c539eda6c65a2f1cbb8917b1a669653
[INFO] running `Command { std: "docker" "start" "-a" "aac98d7992767006012e99ac8b9887e57c539eda6c65a2f1cbb8917b1a669653", kill_on_drop: false }`
[INFO] [stderr] warning: unexpected `cfg` condition value: `async-trait`
[INFO] [stderr]  --> src/lib.rs:4:13
[INFO] [stderr]   |
[INFO] [stderr] 4 | #![cfg_attr(feature = "async-trait", feature(async_fn_in_trait))]
[INFO] [stderr]   |             ^^^^^^^^^^^^^^^^^^^^^^^
[INFO] [stderr]   |
[INFO] [stderr]   = note: expected values for `feature` are: `auth`, `bincode`, `client`, `db`, `default`, `serde_json`, `snowflakes`, `token-parsing`, `utoipa`, and `webserver`
[INFO] [stderr]   = help: consider adding `async-trait` as a feature in `Cargo.toml`
[INFO] [stderr]   = note: see <https://doc.rust-lang.org/nightly/rustc/check-cfg/cargo-specifics.html> for more information about checking conditional configuration
[INFO] [stderr]   = note: `#[warn(unexpected_cfgs)]` on by default
[INFO] [stderr] 
[INFO] [stderr] warning: unexpected `cfg` condition value: `async-trait`
[INFO] [stderr]  --> src/lib.rs:5:13
[INFO] [stderr]   |
[INFO] [stderr] 5 | #![cfg_attr(feature = "async-trait", allow(incomplete_features))]
[INFO] [stderr]   |             ^^^^^^^^^^^^^^^^^^^^^^^
[INFO] [stderr]   |
[INFO] [stderr]   = note: expected values for `feature` are: `auth`, `bincode`, `client`, `db`, `default`, `serde_json`, `snowflakes`, `token-parsing`, `utoipa`, and `webserver`
[INFO] [stderr]   = help: consider adding `async-trait` as a feature in `Cargo.toml`
[INFO] [stderr]   = note: see <https://doc.rust-lang.org/nightly/rustc/check-cfg/cargo-specifics.html> for more information about checking conditional configuration
[INFO] [stderr] 
[INFO] [stderr] warning: `essence` (lib) generated 2 warnings
[INFO] [stderr] warning: `essence` (lib test) generated 2 warnings (2 duplicates)
[INFO] [stderr]     Finished `test` profile [unoptimized + debuginfo] target(s) in 0.09s
[INFO] [stderr]      Running unittests src/lib.rs (/opt/rustwide/target/debug/deps/essence-04227bb8eb78f0d3)
[INFO] [stdout] 
[INFO] [stdout] running 3 tests
[INFO] [stdout] test snowflake::tests::test_parse_snowflake ... ok
[INFO] [stdout] test snowflake::tests::test_generate_snowflake ... ok
[INFO] [stdout] test snowflake::tests::test_with_model_type ... ok
[INFO] [stdout] 
[INFO] [stdout] test result: ok. 3 passed; 0 failed; 0 ignored; 0 measured; 0 filtered out; finished in 0.01s
[INFO] [stdout] 
[INFO] [stderr]    Doc-tests essence
[INFO] [stdout] 
[INFO] [stdout] running 1 test
[INFO] [stdout] test src/error.rs - error::NotFoundExt::ok_or_not_found (line 292) - compile ... FAILED
[INFO] [stdout] 
[INFO] [stdout] failures:
[INFO] [stdout] 
[INFO] [stdout] ---- src/error.rs - error::NotFoundExt::ok_or_not_found (line 292) stdout ----
[INFO] [stdout] error[E0369]: binary operation `==` cannot be applied to type `Result<{integer}, essence::Error>`
[INFO] [stdout]   --> src/error.rs:296:1
[INFO] [stdout]    |
[INFO] [stdout] 7  | assert_eq!(Some(5).ok_or_not_found("user", "user not found"), Ok(5));
[INFO] [stdout]    | ^^^^^^^^^^^^^^^^^^^^^^^^^^^^^^^^^^^^^^^^^^^^^^^^^^^^^^^^^^^^^^^^^^^^
[INFO] [stdout]    | |
[INFO] [stdout]    | Result<{integer}, essence::Error>
[INFO] [stdout]    | Result<{integer}, essence::Error>
[INFO] [stdout]    |
[INFO] [stdout] note: the foreign item type `essence::Error` doesn't implement `PartialEq`
[INFO] [stdout]   --> /opt/rustwide/workdir/src/error.rs:57:1
[INFO] [stdout]    |
[INFO] [stdout] 57 | pub enum Error {
[INFO] [stdout]    | ^^^^^^^^^^^^^^ not implement `PartialEq`
[INFO] [stdout]    = note: this error originates in the macro `assert_eq` (in Nightly builds, run with -Z macro-backtrace for more info)
[INFO] [stdout] 
[INFO] [stdout] error: aborting due to 1 previous error
[INFO] [stdout] 
[INFO] [stdout] For more information about this error, try `rustc --explain E0369`.
[INFO] [stdout] Couldn't compile the test.
[INFO] [stdout] 
[INFO] [stdout] failures:
[INFO] [stdout]     src/error.rs - error::NotFoundExt::ok_or_not_found (line 292)
[INFO] [stdout] 
[INFO] [stdout] test result: FAILED. 0 passed; 1 failed; 0 ignored; 0 measured; 0 filtered out; finished in 0.15s
[INFO] [stdout] 
[INFO] [stderr] error: doctest failed, to rerun pass `--doc`
[INFO] running `Command { std: "docker" "inspect" "aac98d7992767006012e99ac8b9887e57c539eda6c65a2f1cbb8917b1a669653", kill_on_drop: false }`
[INFO] running `Command { std: "docker" "rm" "-f" "aac98d7992767006012e99ac8b9887e57c539eda6c65a2f1cbb8917b1a669653", kill_on_drop: false }`
[INFO] [stdout] aac98d7992767006012e99ac8b9887e57c539eda6c65a2f1cbb8917b1a669653
