[INFO] fetching crate esp-build 0.1.0...
[INFO] testing esp-build-0.1.0 against beta-2024-12-08 for beta-1.84.0-4-retry
[INFO] extracting crate esp-build 0.1.0 into /workspace/builds/worker-1-tc2/source
[INFO] validating manifest of crates.io crate esp-build 0.1.0 on toolchain beta-2024-12-08
[INFO] running `Command { std: CARGO_HOME="/workspace/cargo-home" RUSTUP_HOME="/workspace/rustup-home" "/workspace/cargo-home/bin/cargo" "+beta-2024-12-08" "metadata" "--manifest-path" "Cargo.toml" "--no-deps", kill_on_drop: false }`
[INFO] started tweaking crates.io crate esp-build 0.1.0
[INFO] finished tweaking crates.io crate esp-build 0.1.0
[INFO] tweaked toml for crates.io crate esp-build 0.1.0 written to /workspace/builds/worker-1-tc2/source/Cargo.toml
[INFO] running `Command { std: CARGO_HOME="/workspace/cargo-home" RUSTUP_HOME="/workspace/rustup-home" "/workspace/cargo-home/bin/cargo" "+beta-2024-12-08" "generate-lockfile" "--manifest-path" "Cargo.toml", kill_on_drop: false }`
[INFO] [stderr]     Updating crates.io index
[INFO] [stderr]      Locking 16 packages to latest compatible versions
[INFO] running `Command { std: CARGO_HOME="/workspace/cargo-home" RUSTUP_HOME="/workspace/rustup-home" "/workspace/cargo-home/bin/cargo" "+beta-2024-12-08" "fetch" "--manifest-path" "Cargo.toml", kill_on_drop: false }`
[INFO] running `Command { std: "docker" "create" "-v" "/var/lib/crater-agent-workspace/builds/worker-1-tc2/target:/opt/rustwide/target:rw,Z" "-v" "/var/lib/crater-agent-workspace/builds/worker-1-tc2/source:/opt/rustwide/workdir:ro,Z" "-v" "/var/lib/crater-agent-workspace/cargo-home:/opt/rustwide/cargo-home:ro,Z" "-v" "/var/lib/crater-agent-workspace/rustup-home:/opt/rustwide/rustup-home:ro,Z" "-e" "SOURCE_DIR=/opt/rustwide/workdir" "-e" "CARGO_TARGET_DIR=/opt/rustwide/target" "-e" "CARGO_HOME=/opt/rustwide/cargo-home" "-e" "RUSTUP_HOME=/opt/rustwide/rustup-home" "-w" "/opt/rustwide/workdir" "-m" "1610612736" "--user" "0:0" "--network" "none" "ghcr.io/rust-lang/crates-build-env/linux@sha256:f3a9d4ad9d972b27faf3965f35b62e55ba32bbce8f20bc8fe909558a86702fde" "/opt/rustwide/cargo-home/bin/cargo" "+beta-2024-12-08" "metadata" "--no-deps" "--format-version=1", kill_on_drop: false }`
[INFO] [stdout] 6978d19d289f3fc7f239e553604b3f8eb44262c6fec021b62ea97271b3df2dd9
[INFO] running `Command { std: "docker" "start" "-a" "6978d19d289f3fc7f239e553604b3f8eb44262c6fec021b62ea97271b3df2dd9", kill_on_drop: false }`
[INFO] running `Command { std: "docker" "inspect" "6978d19d289f3fc7f239e553604b3f8eb44262c6fec021b62ea97271b3df2dd9", kill_on_drop: false }`
[INFO] running `Command { std: "docker" "rm" "-f" "6978d19d289f3fc7f239e553604b3f8eb44262c6fec021b62ea97271b3df2dd9", kill_on_drop: false }`
[INFO] [stdout] 6978d19d289f3fc7f239e553604b3f8eb44262c6fec021b62ea97271b3df2dd9
[INFO] running `Command { std: "docker" "create" "-v" "/var/lib/crater-agent-workspace/builds/worker-1-tc2/target:/opt/rustwide/target:rw,Z" "-v" "/var/lib/crater-agent-workspace/builds/worker-1-tc2/source:/opt/rustwide/workdir:ro,Z" "-v" "/var/lib/crater-agent-workspace/cargo-home:/opt/rustwide/cargo-home:ro,Z" "-v" "/var/lib/crater-agent-workspace/rustup-home:/opt/rustwide/rustup-home:ro,Z" "-e" "SOURCE_DIR=/opt/rustwide/workdir" "-e" "CARGO_TARGET_DIR=/opt/rustwide/target" "-e" "CARGO_INCREMENTAL=0" "-e" "RUST_BACKTRACE=full" "-e" "RUSTFLAGS=--cap-lints=warn" "-e" "RUSTDOCFLAGS=--cap-lints=warn" "-e" "CARGO_HOME=/opt/rustwide/cargo-home" "-e" "RUSTUP_HOME=/opt/rustwide/rustup-home" "-w" "/opt/rustwide/workdir" "-m" "1610612736" "--user" "0:0" "--network" "none" "ghcr.io/rust-lang/crates-build-env/linux@sha256:f3a9d4ad9d972b27faf3965f35b62e55ba32bbce8f20bc8fe909558a86702fde" "/opt/rustwide/cargo-home/bin/cargo" "+beta-2024-12-08" "build" "--frozen" "--message-format=json", kill_on_drop: false }`
[INFO] [stdout] 76878308fe3ec77590978d341015cf6173d24382733108832b5e803d742141ac
[INFO] running `Command { std: "docker" "start" "-a" "76878308fe3ec77590978d341015cf6173d24382733108832b5e803d742141ac", kill_on_drop: false }`
[INFO] [stderr]    Compiling proc-macro2 v1.0.92
[INFO] [stderr]    Compiling unicode-ident v1.0.14
[INFO] [stderr]    Compiling termcolor v1.4.1
[INFO] [stderr]    Compiling quote v1.0.37
[INFO] [stderr]    Compiling syn v2.0.90
[INFO] [stderr]    Compiling esp-build v0.1.0 (/opt/rustwide/workdir)
[INFO] [stderr]     Finished `dev` profile [unoptimized + debuginfo] target(s) in 8.22s
[INFO] running `Command { std: "docker" "inspect" "76878308fe3ec77590978d341015cf6173d24382733108832b5e803d742141ac", kill_on_drop: false }`
[INFO] running `Command { std: "docker" "rm" "-f" "76878308fe3ec77590978d341015cf6173d24382733108832b5e803d742141ac", kill_on_drop: false }`
[INFO] [stdout] 76878308fe3ec77590978d341015cf6173d24382733108832b5e803d742141ac
[INFO] running `Command { std: "docker" "create" "-v" "/var/lib/crater-agent-workspace/builds/worker-1-tc2/target:/opt/rustwide/target:rw,Z" "-v" "/var/lib/crater-agent-workspace/builds/worker-1-tc2/source:/opt/rustwide/workdir:ro,Z" "-v" "/var/lib/crater-agent-workspace/cargo-home:/opt/rustwide/cargo-home:ro,Z" "-v" "/var/lib/crater-agent-workspace/rustup-home:/opt/rustwide/rustup-home:ro,Z" "-e" "SOURCE_DIR=/opt/rustwide/workdir" "-e" "CARGO_TARGET_DIR=/opt/rustwide/target" "-e" "CARGO_INCREMENTAL=0" "-e" "RUST_BACKTRACE=full" "-e" "RUSTFLAGS=--cap-lints=warn" "-e" "RUSTDOCFLAGS=--cap-lints=warn" "-e" "CARGO_HOME=/opt/rustwide/cargo-home" "-e" "RUSTUP_HOME=/opt/rustwide/rustup-home" "-w" "/opt/rustwide/workdir" "-m" "1610612736" "--user" "0:0" "--network" "none" "ghcr.io/rust-lang/crates-build-env/linux@sha256:f3a9d4ad9d972b27faf3965f35b62e55ba32bbce8f20bc8fe909558a86702fde" "/opt/rustwide/cargo-home/bin/cargo" "+beta-2024-12-08" "test" "--frozen" "--no-run" "--message-format=json", kill_on_drop: false }`
[INFO] [stdout] 498f49d14e395053b7cef0cd7874a669efaf8552e67cd0e9223878fa0067d2f3
[INFO] running `Command { std: "docker" "start" "-a" "498f49d14e395053b7cef0cd7874a669efaf8552e67cd0e9223878fa0067d2f3", kill_on_drop: false }`
[INFO] [stderr]    Compiling esp-build v0.1.0 (/opt/rustwide/workdir)
[INFO] [stderr]     Finished `test` profile [unoptimized + debuginfo] target(s) in 1.28s
[INFO] running `Command { std: "docker" "inspect" "498f49d14e395053b7cef0cd7874a669efaf8552e67cd0e9223878fa0067d2f3", kill_on_drop: false }`
[INFO] running `Command { std: "docker" "rm" "-f" "498f49d14e395053b7cef0cd7874a669efaf8552e67cd0e9223878fa0067d2f3", kill_on_drop: false }`
[INFO] [stdout] 498f49d14e395053b7cef0cd7874a669efaf8552e67cd0e9223878fa0067d2f3
[INFO] running `Command { std: "docker" "create" "-v" "/var/lib/crater-agent-workspace/builds/worker-1-tc2/target:/opt/rustwide/target:rw,Z" "-v" "/var/lib/crater-agent-workspace/builds/worker-1-tc2/source:/opt/rustwide/workdir:ro,Z" "-v" "/var/lib/crater-agent-workspace/cargo-home:/opt/rustwide/cargo-home:ro,Z" "-v" "/var/lib/crater-agent-workspace/rustup-home:/opt/rustwide/rustup-home:ro,Z" "-e" "SOURCE_DIR=/opt/rustwide/workdir" "-e" "CARGO_TARGET_DIR=/opt/rustwide/target" "-e" "CARGO_INCREMENTAL=0" "-e" "RUST_BACKTRACE=full" "-e" "RUSTFLAGS=--cap-lints=warn" "-e" "RUSTDOCFLAGS=--cap-lints=warn" "-e" "CARGO_HOME=/opt/rustwide/cargo-home" "-e" "RUSTUP_HOME=/opt/rustwide/rustup-home" "-w" "/opt/rustwide/workdir" "-m" "1610612736" "--user" "0:0" "--network" "none" "ghcr.io/rust-lang/crates-build-env/linux@sha256:f3a9d4ad9d972b27faf3965f35b62e55ba32bbce8f20bc8fe909558a86702fde" "/opt/rustwide/cargo-home/bin/cargo" "+beta-2024-12-08" "test" "--frozen", kill_on_drop: false }`
[INFO] [stdout] be97a1a690949e79dc3329812b597900eced9b9ad7b7256bf71276eaf10f7b03
[INFO] running `Command { std: "docker" "start" "-a" "be97a1a690949e79dc3329812b597900eced9b9ad7b7256bf71276eaf10f7b03", kill_on_drop: false }`
[INFO] [stderr]     Finished `test` profile [unoptimized + debuginfo] target(s) in 0.04s
[INFO] [stderr]      Running unittests src/lib.rs (/opt/rustwide/target/debug/deps/esp_build-d28933d21a261973)
[INFO] [stdout] 
[INFO] [stderr]    Doc-tests esp_build
[INFO] [stdout] running 0 tests
[INFO] [stdout] 
[INFO] [stdout] test result: ok. 0 passed; 0 failed; 0 ignored; 0 measured; 0 filtered out; finished in 0.00s
[INFO] [stdout] 
[INFO] [stdout] 
[INFO] [stdout] running 5 tests
[INFO] [stdout] test src/lib.rs - error (line 19) ... FAILED
[INFO] [stdout] test src/lib.rs - assert_unique_features (line 52) ... FAILED
[INFO] [stdout] test src/lib.rs - assert_used_features (line 85) ... FAILED
[INFO] [stdout] test src/lib.rs - assert_unique_used_features (line 112) ... FAILED
[INFO] [stdout] test src/lib.rs - warning (line 39) ... ok
[INFO] [stdout] 
[INFO] [stdout] failures:
[INFO] [stdout] 
[INFO] [stdout] ---- src/lib.rs - error (line 19) stdout ----
[INFO] [stdout] 
[INFO] [stdout] 
[INFO] [stdout] ERROR: something really bad has happened!
[INFO] [stdout] 
[INFO] [stdout] Couldn't compile the test.
[INFO] [stdout] ---- src/lib.rs - assert_unique_features (line 52) stdout ----
[INFO] [stdout] error: cannot find macro `assert_unique_features` in this scope
[INFO] [stdout]  --> src/lib.rs:53:1
[INFO] [stdout]   |
[INFO] [stdout] 3 | assert_unique_features!("foo", "bar", "baz");
[INFO] [stdout]   | ^^^^^^^^^^^^^^^^^^^^^^
[INFO] [stdout]   |
[INFO] [stdout] help: consider importing this macro
[INFO] [stdout]   |
[INFO] [stdout] 2 + use esp_build::assert_unique_features;
[INFO] [stdout]   |
[INFO] [stdout] 
[INFO] [stdout] error: aborting due to 1 previous error
[INFO] [stdout] 
[INFO] [stdout] Couldn't compile the test.
[INFO] [stdout] ---- src/lib.rs - assert_used_features (line 85) stdout ----
[INFO] [stdout] error: cannot find macro `assert_used_features` in this scope
[INFO] [stdout]  --> src/lib.rs:86:1
[INFO] [stdout]   |
[INFO] [stdout] 3 | assert_used_features!("foo", "bar", "baz");
[INFO] [stdout]   | ^^^^^^^^^^^^^^^^^^^^
[INFO] [stdout]   |
[INFO] [stdout] help: consider importing this macro
[INFO] [stdout]   |
[INFO] [stdout] 2 + use esp_build::assert_used_features;
[INFO] [stdout]   |
[INFO] [stdout] 
[INFO] [stdout] error: aborting due to 1 previous error
[INFO] [stdout] 
[INFO] [stdout] Couldn't compile the test.
[INFO] [stdout] ---- src/lib.rs - assert_unique_used_features (line 112) stdout ----
[INFO] [stdout] error: cannot find macro `assert_unique_used_features` in this scope
[INFO] [stdout]  --> src/lib.rs:113:1
[INFO] [stdout]   |
[INFO] [stdout] 3 | assert_unique_used_features!("foo", "bar", "baz");
[INFO] [stdout]   | ^^^^^^^^^^^^^^^^^^^^^^^^^^^
[INFO] [stdout]   |
[INFO] [stdout] help: consider importing this macro
[INFO] [stdout]   |
[INFO] [stdout] 2 + use esp_build::assert_unique_used_features;
[INFO] [stdout]   |
[INFO] [stdout] 
[INFO] [stdout] error: aborting due to 1 previous error
[INFO] [stdout] 
[INFO] [stdout] Couldn't compile the test.
[INFO] [stdout] 
[INFO] [stdout] failures:
[INFO] [stdout]     src/lib.rs - assert_unique_features (line 52)
[INFO] [stdout]     src/lib.rs - assert_unique_used_features (line 112)
[INFO] [stdout]     src/lib.rs - assert_used_features (line 85)
[INFO] [stdout]     src/lib.rs - error (line 19)
[INFO] [stdout] 
[INFO] [stdout] test result: FAILED. 1 passed; 4 failed; 0 ignored; 0 measured; 0 filtered out; finished in 0.46s
[INFO] [stdout] 
[INFO] [stderr] error: doctest failed, to rerun pass `--doc`
[INFO] running `Command { std: "docker" "inspect" "be97a1a690949e79dc3329812b597900eced9b9ad7b7256bf71276eaf10f7b03", kill_on_drop: false }`
[INFO] running `Command { std: "docker" "rm" "-f" "be97a1a690949e79dc3329812b597900eced9b9ad7b7256bf71276eaf10f7b03", kill_on_drop: false }`
[INFO] [stdout] be97a1a690949e79dc3329812b597900eced9b9ad7b7256bf71276eaf10f7b03
