[INFO] fetching crate esde 1.0.0...
[INFO] testing esde-1.0.0 against 1.83.0 for beta-1.84.0-4-retry
[INFO] extracting crate esde 1.0.0 into /workspace/builds/worker-1-tc1/source
[INFO] validating manifest of crates.io crate esde 1.0.0 on toolchain 1.83.0
[INFO] running `Command { std: CARGO_HOME="/workspace/cargo-home" RUSTUP_HOME="/workspace/rustup-home" "/workspace/cargo-home/bin/cargo" "+1.83.0" "metadata" "--manifest-path" "Cargo.toml" "--no-deps", kill_on_drop: false }`
[INFO] started tweaking crates.io crate esde 1.0.0
[INFO] finished tweaking crates.io crate esde 1.0.0
[INFO] tweaked toml for crates.io crate esde 1.0.0 written to /workspace/builds/worker-1-tc1/source/Cargo.toml
[INFO] running `Command { std: CARGO_HOME="/workspace/cargo-home" RUSTUP_HOME="/workspace/rustup-home" "/workspace/cargo-home/bin/cargo" "+1.83.0" "generate-lockfile" "--manifest-path" "Cargo.toml", kill_on_drop: false }`
[INFO] [stderr]     Updating crates.io index
[INFO] [stderr]      Locking 5 packages to latest compatible versions
[INFO] running `Command { std: CARGO_HOME="/workspace/cargo-home" RUSTUP_HOME="/workspace/rustup-home" "/workspace/cargo-home/bin/cargo" "+1.83.0" "fetch" "--manifest-path" "Cargo.toml", kill_on_drop: false }`
[INFO] [stderr]  Downloading crates ...
[INFO] [stderr]   Downloaded esde_derive v1.0.0
[INFO] running `Command { std: "docker" "create" "-v" "/var/lib/crater-agent-workspace/builds/worker-1-tc1/target:/opt/rustwide/target:rw,Z" "-v" "/var/lib/crater-agent-workspace/builds/worker-1-tc1/source:/opt/rustwide/workdir:ro,Z" "-v" "/var/lib/crater-agent-workspace/cargo-home:/opt/rustwide/cargo-home:ro,Z" "-v" "/var/lib/crater-agent-workspace/rustup-home:/opt/rustwide/rustup-home:ro,Z" "-e" "SOURCE_DIR=/opt/rustwide/workdir" "-e" "CARGO_TARGET_DIR=/opt/rustwide/target" "-e" "CARGO_HOME=/opt/rustwide/cargo-home" "-e" "RUSTUP_HOME=/opt/rustwide/rustup-home" "-w" "/opt/rustwide/workdir" "-m" "1610612736" "--user" "0:0" "--network" "none" "ghcr.io/rust-lang/crates-build-env/linux@sha256:f3a9d4ad9d972b27faf3965f35b62e55ba32bbce8f20bc8fe909558a86702fde" "/opt/rustwide/cargo-home/bin/cargo" "+1.83.0" "metadata" "--no-deps" "--format-version=1", kill_on_drop: false }`
[INFO] [stdout] 2b9e4f2164653294eca12280898eca0457b236bedb6763b2267dd8316386bfa7
[INFO] running `Command { std: "docker" "start" "-a" "2b9e4f2164653294eca12280898eca0457b236bedb6763b2267dd8316386bfa7", kill_on_drop: false }`
[INFO] running `Command { std: "docker" "inspect" "2b9e4f2164653294eca12280898eca0457b236bedb6763b2267dd8316386bfa7", kill_on_drop: false }`
[INFO] running `Command { std: "docker" "rm" "-f" "2b9e4f2164653294eca12280898eca0457b236bedb6763b2267dd8316386bfa7", kill_on_drop: false }`
[INFO] [stdout] 2b9e4f2164653294eca12280898eca0457b236bedb6763b2267dd8316386bfa7
[INFO] running `Command { std: "docker" "create" "-v" "/var/lib/crater-agent-workspace/builds/worker-1-tc1/target:/opt/rustwide/target:rw,Z" "-v" "/var/lib/crater-agent-workspace/builds/worker-1-tc1/source:/opt/rustwide/workdir:ro,Z" "-v" "/var/lib/crater-agent-workspace/cargo-home:/opt/rustwide/cargo-home:ro,Z" "-v" "/var/lib/crater-agent-workspace/rustup-home:/opt/rustwide/rustup-home:ro,Z" "-e" "SOURCE_DIR=/opt/rustwide/workdir" "-e" "CARGO_TARGET_DIR=/opt/rustwide/target" "-e" "CARGO_INCREMENTAL=0" "-e" "RUST_BACKTRACE=full" "-e" "RUSTFLAGS=--cap-lints=warn" "-e" "RUSTDOCFLAGS=--cap-lints=warn" "-e" "CARGO_HOME=/opt/rustwide/cargo-home" "-e" "RUSTUP_HOME=/opt/rustwide/rustup-home" "-w" "/opt/rustwide/workdir" "-m" "1610612736" "--user" "0:0" "--network" "none" "ghcr.io/rust-lang/crates-build-env/linux@sha256:f3a9d4ad9d972b27faf3965f35b62e55ba32bbce8f20bc8fe909558a86702fde" "/opt/rustwide/cargo-home/bin/cargo" "+1.83.0" "build" "--frozen" "--message-format=json", kill_on_drop: false }`
[INFO] [stdout] 492c0fcf67bc0c3a5a735449ffd5d66792cb164eaaba699213f443d6c59fa924
[INFO] running `Command { std: "docker" "start" "-a" "492c0fcf67bc0c3a5a735449ffd5d66792cb164eaaba699213f443d6c59fa924", kill_on_drop: false }`
[INFO] [stderr]    Compiling proc-macro2 v1.0.92
[INFO] [stderr]    Compiling unicode-ident v1.0.14
[INFO] [stderr]    Compiling quote v1.0.37
[INFO] [stderr]    Compiling syn v2.0.90
[INFO] [stderr]    Compiling esde_derive v1.0.0
[INFO] [stderr]    Compiling esde v1.0.0 (/opt/rustwide/workdir)
[INFO] [stderr]     Finished `dev` profile [unoptimized + debuginfo] target(s) in 5.10s
[INFO] running `Command { std: "docker" "inspect" "492c0fcf67bc0c3a5a735449ffd5d66792cb164eaaba699213f443d6c59fa924", kill_on_drop: false }`
[INFO] running `Command { std: "docker" "rm" "-f" "492c0fcf67bc0c3a5a735449ffd5d66792cb164eaaba699213f443d6c59fa924", kill_on_drop: false }`
[INFO] [stdout] 492c0fcf67bc0c3a5a735449ffd5d66792cb164eaaba699213f443d6c59fa924
[INFO] running `Command { std: "docker" "create" "-v" "/var/lib/crater-agent-workspace/builds/worker-1-tc1/target:/opt/rustwide/target:rw,Z" "-v" "/var/lib/crater-agent-workspace/builds/worker-1-tc1/source:/opt/rustwide/workdir:ro,Z" "-v" "/var/lib/crater-agent-workspace/cargo-home:/opt/rustwide/cargo-home:ro,Z" "-v" "/var/lib/crater-agent-workspace/rustup-home:/opt/rustwide/rustup-home:ro,Z" "-e" "SOURCE_DIR=/opt/rustwide/workdir" "-e" "CARGO_TARGET_DIR=/opt/rustwide/target" "-e" "CARGO_INCREMENTAL=0" "-e" "RUST_BACKTRACE=full" "-e" "RUSTFLAGS=--cap-lints=warn" "-e" "RUSTDOCFLAGS=--cap-lints=warn" "-e" "CARGO_HOME=/opt/rustwide/cargo-home" "-e" "RUSTUP_HOME=/opt/rustwide/rustup-home" "-w" "/opt/rustwide/workdir" "-m" "1610612736" "--user" "0:0" "--network" "none" "ghcr.io/rust-lang/crates-build-env/linux@sha256:f3a9d4ad9d972b27faf3965f35b62e55ba32bbce8f20bc8fe909558a86702fde" "/opt/rustwide/cargo-home/bin/cargo" "+1.83.0" "test" "--frozen" "--no-run" "--message-format=json", kill_on_drop: false }`
[INFO] [stdout] 2588b96afbbe5f79f9da79da95d0895fbfa36d700f818c6014657704758b5a93
[INFO] running `Command { std: "docker" "start" "-a" "2588b96afbbe5f79f9da79da95d0895fbfa36d700f818c6014657704758b5a93", kill_on_drop: false }`
[INFO] [stderr]    Compiling esde v1.0.0 (/opt/rustwide/workdir)
[INFO] [stderr]     Finished `test` profile [unoptimized + debuginfo] target(s) in 0.47s
[INFO] running `Command { std: "docker" "inspect" "2588b96afbbe5f79f9da79da95d0895fbfa36d700f818c6014657704758b5a93", kill_on_drop: false }`
[INFO] running `Command { std: "docker" "rm" "-f" "2588b96afbbe5f79f9da79da95d0895fbfa36d700f818c6014657704758b5a93", kill_on_drop: false }`
[INFO] [stdout] 2588b96afbbe5f79f9da79da95d0895fbfa36d700f818c6014657704758b5a93
[INFO] running `Command { std: "docker" "create" "-v" "/var/lib/crater-agent-workspace/builds/worker-1-tc1/target:/opt/rustwide/target:rw,Z" "-v" "/var/lib/crater-agent-workspace/builds/worker-1-tc1/source:/opt/rustwide/workdir:ro,Z" "-v" "/var/lib/crater-agent-workspace/cargo-home:/opt/rustwide/cargo-home:ro,Z" "-v" "/var/lib/crater-agent-workspace/rustup-home:/opt/rustwide/rustup-home:ro,Z" "-e" "SOURCE_DIR=/opt/rustwide/workdir" "-e" "CARGO_TARGET_DIR=/opt/rustwide/target" "-e" "CARGO_INCREMENTAL=0" "-e" "RUST_BACKTRACE=full" "-e" "RUSTFLAGS=--cap-lints=warn" "-e" "RUSTDOCFLAGS=--cap-lints=warn" "-e" "CARGO_HOME=/opt/rustwide/cargo-home" "-e" "RUSTUP_HOME=/opt/rustwide/rustup-home" "-w" "/opt/rustwide/workdir" "-m" "1610612736" "--user" "0:0" "--network" "none" "ghcr.io/rust-lang/crates-build-env/linux@sha256:f3a9d4ad9d972b27faf3965f35b62e55ba32bbce8f20bc8fe909558a86702fde" "/opt/rustwide/cargo-home/bin/cargo" "+1.83.0" "test" "--frozen", kill_on_drop: false }`
[INFO] [stdout] b3e887583843ff1f68882a33c16fcb8fdfd8ad8e04a2594de31e29495e935d1e
[INFO] running `Command { std: "docker" "start" "-a" "b3e887583843ff1f68882a33c16fcb8fdfd8ad8e04a2594de31e29495e935d1e", kill_on_drop: false }`
[INFO] [stderr]     Finished `test` profile [unoptimized + debuginfo] target(s) in 0.02s
[INFO] [stderr]      Running unittests src/lib.rs (/opt/rustwide/target/debug/deps/esde-68bc7299c02d2c6b)
[INFO] [stdout] 
[INFO] [stdout] running 0 tests
[INFO] [stdout] 
[INFO] [stdout] test result: ok. 0 passed; 0 failed; 0 ignored; 0 measured; 0 filtered out; finished in 0.00s
[INFO] [stdout] 
[INFO] [stderr]    Doc-tests esde
[INFO] [stdout] 
[INFO] [stdout] running 2 tests
[INFO] [stdout] test src/de.rs - de::Error<SenderError>::make_parse (line 45) ... FAILED
[INFO] [stdout] test src/lib.rs - (line 38) ... FAILED
[INFO] [stdout] 
[INFO] [stdout] failures:
[INFO] [stdout] 
[INFO] [stdout] ---- src/de.rs - de::Error<SenderError>::make_parse (line 45) stdout ----
[INFO] [stdout] error[E0425]: cannot find value `receiver` in this scope
[INFO] [stdout]  --> src/de.rs:46:14
[INFO] [stdout]   |
[INFO] [stdout] 3 | let buffer = receiver.auto()?;
[INFO] [stdout]   |              ^^^^^^^^ not found in this scope
[INFO] [stdout] 
[INFO] [stdout] error[E0433]: failed to resolve: use of undeclared type `Error`
[INFO] [stdout]  --> src/de.rs:47:45
[INFO] [stdout]   |
[INFO] [stdout] 4 | let str = String::from_utf8(buffer).map_err(Error::make_parse)?;
[INFO] [stdout]   |                                             ^^^^^ use of undeclared type `Error`
[INFO] [stdout]   |
[INFO] [stdout] help: consider importing one of these items
[INFO] [stdout]   |
[INFO] [stdout] 2 + use std::error::Error;
[INFO] [stdout]   |
[INFO] [stdout] 2 + use std::fmt::Error;
[INFO] [stdout]   |
[INFO] [stdout] 2 + use std::io::Error;
[INFO] [stdout]   |
[INFO] [stdout] 2 + use core::error::Error;
[INFO] [stdout]   |
[INFO] [stdout]     and 2 other candidates
[INFO] [stdout] 
[INFO] [stdout] error: aborting due to 2 previous errors
[INFO] [stdout] 
[INFO] [stdout] Some errors have detailed explanations: E0425, E0433.
[INFO] [stdout] For more information about an error, try `rustc --explain E0425`.
[INFO] [stdout] Couldn't compile the test.
[INFO] [stdout] ---- src/lib.rs - (line 38) stdout ----
[INFO] [stdout] error: cannot find derive macro `Serialize` in this scope
[INFO] [stdout]  --> src/lib.rs:39:35
[INFO] [stdout]   |
[INFO] [stdout] 2 | #[derive(Debug, Clone, PartialEq, Serialize, Deserialize)]
[INFO] [stdout]   |                                   ^^^^^^^^^
[INFO] [stdout]   |
[INFO] [stdout] help: consider importing one of these derive macros
[INFO] [stdout]   |
[INFO] [stdout] 2 + use esde::Serialize;
[INFO] [stdout]   |
[INFO] [stdout] 2 + use esde_derive::Serialize;
[INFO] [stdout]   |
[INFO] [stdout] 
[INFO] [stdout] error: cannot find derive macro `Deserialize` in this scope
[INFO] [stdout]  --> src/lib.rs:39:46
[INFO] [stdout]   |
[INFO] [stdout] 2 | #[derive(Debug, Clone, PartialEq, Serialize, Deserialize)]
[INFO] [stdout]   |                                              ^^^^^^^^^^^
[INFO] [stdout]   |
[INFO] [stdout] help: consider importing one of these derive macros
[INFO] [stdout]   |
[INFO] [stdout] 2 + use esde::Deserialize;
[INFO] [stdout]   |
[INFO] [stdout] 2 + use esde_derive::Deserialize;
[INFO] [stdout]   |
[INFO] [stdout] 
[INFO] [stdout] error: cannot find derive macro `Serialize` in this scope
[INFO] [stdout]   --> src/lib.rs:48:35
[INFO] [stdout]    |
[INFO] [stdout] 11 | #[derive(Debug, Clone, PartialEq, Serialize, Deserialize)]
[INFO] [stdout]    |                                   ^^^^^^^^^
[INFO] [stdout]    |
[INFO] [stdout] help: consider importing one of these derive macros
[INFO] [stdout]    |
[INFO] [stdout] 2  + use esde::Serialize;
[INFO] [stdout]    |
[INFO] [stdout] 2  + use esde_derive::Serialize;
[INFO] [stdout]    |
[INFO] [stdout] 
[INFO] [stdout] error: cannot find derive macro `Deserialize` in this scope
[INFO] [stdout]   --> src/lib.rs:48:46
[INFO] [stdout]    |
[INFO] [stdout] 11 | #[derive(Debug, Clone, PartialEq, Serialize, Deserialize)]
[INFO] [stdout]    |                                              ^^^^^^^^^^^
[INFO] [stdout]    |
[INFO] [stdout] help: consider importing one of these derive macros
[INFO] [stdout]    |
[INFO] [stdout] 2  + use esde::Deserialize;
[INFO] [stdout]    |
[INFO] [stdout] 2  + use esde_derive::Deserialize;
[INFO] [stdout]    |
[INFO] [stdout] 
[INFO] [stdout] error: cannot find derive macro `Serialize` in this scope
[INFO] [stdout]   --> src/lib.rs:51:35
[INFO] [stdout]    |
[INFO] [stdout] 14 | #[derive(Debug, Clone, PartialEq, Serialize, Deserialize)]
[INFO] [stdout]    |                                   ^^^^^^^^^
[INFO] [stdout]    |
[INFO] [stdout] help: consider importing one of these derive macros
[INFO] [stdout]    |
[INFO] [stdout] 2  + use esde::Serialize;
[INFO] [stdout]    |
[INFO] [stdout] 2  + use esde_derive::Serialize;
[INFO] [stdout]    |
[INFO] [stdout] 
[INFO] [stdout] error: cannot find derive macro `Deserialize` in this scope
[INFO] [stdout]   --> src/lib.rs:51:46
[INFO] [stdout]    |
[INFO] [stdout] 14 | #[derive(Debug, Clone, PartialEq, Serialize, Deserialize)]
[INFO] [stdout]    |                                              ^^^^^^^^^^^
[INFO] [stdout]    |
[INFO] [stdout] help: consider importing one of these derive macros
[INFO] [stdout]    |
[INFO] [stdout] 2  + use esde::Deserialize;
[INFO] [stdout]    |
[INFO] [stdout] 2  + use esde_derive::Deserialize;
[INFO] [stdout]    |
[INFO] [stdout] 
[INFO] [stdout] error[E0433]: failed to resolve: use of undeclared type `File`
[INFO] [stdout]   --> src/lib.rs:75:24
[INFO] [stdout]    |
[INFO] [stdout] 38 |         let mut file = File::create(FILE)?;
[INFO] [stdout]    |                        ^^^^ use of undeclared type `File`
[INFO] [stdout]    |
[INFO] [stdout] help: consider importing this struct
[INFO] [stdout]    |
[INFO] [stdout] 2  + use std::fs::File;
[INFO] [stdout]    |
[INFO] [stdout] 
[INFO] [stdout] error[E0433]: failed to resolve: use of undeclared type `File`
[INFO] [stdout]   --> src/lib.rs:81:24
[INFO] [stdout]    |
[INFO] [stdout] 44 |         let mut file = File::open(FILE)?;
[INFO] [stdout]    |                        ^^^^ use of undeclared type `File`
[INFO] [stdout]    |
[INFO] [stdout] help: consider importing this struct
[INFO] [stdout]    |
[INFO] [stdout] 2  + use std::fs::File;
[INFO] [stdout]    |
[INFO] [stdout] 
[INFO] [stdout] error[E0433]: failed to resolve: use of undeclared type `Error`
[INFO] [stdout]   --> src/lib.rs:82:54
[INFO] [stdout]    |
[INFO] [stdout] 45 |         let person2: Struct = file.auto_de().map_err(Error::unwrap_sender)?;
[INFO] [stdout]    |                                                      ^^^^^ use of undeclared type `Error`
[INFO] [stdout]    |
[INFO] [stdout] help: consider importing one of these items
[INFO] [stdout]    |
[INFO] [stdout] 2  + use std::error::Error;
[INFO] [stdout]    |
[INFO] [stdout] 2  + use std::fmt::Error;
[INFO] [stdout]    |
[INFO] [stdout] 2  + use std::io::Error;
[INFO] [stdout]    |
[INFO] [stdout] 2  + use core::error::Error;
[INFO] [stdout]    |
[INFO] [stdout]      and 2 other candidates
[INFO] [stdout] 
[INFO] [stdout] error: aborting due to 9 previous errors
[INFO] [stdout] 
[INFO] [stdout] For more information about this error, try `rustc --explain E0433`.
[INFO] [stdout] Couldn't compile the test.
[INFO] [stdout] 
[INFO] [stdout] failures:
[INFO] [stdout]     src/de.rs - de::Error<SenderError>::make_parse (line 45)
[INFO] [stdout]     src/lib.rs - (line 38)
[INFO] [stdout] 
[INFO] [stdout] test result: FAILED. 0 passed; 2 failed; 0 ignored; 0 measured; 0 filtered out; finished in 0.12s
[INFO] [stdout] 
[INFO] [stderr] error: doctest failed, to rerun pass `--doc`
[INFO] running `Command { std: "docker" "inspect" "b3e887583843ff1f68882a33c16fcb8fdfd8ad8e04a2594de31e29495e935d1e", kill_on_drop: false }`
[INFO] running `Command { std: "docker" "rm" "-f" "b3e887583843ff1f68882a33c16fcb8fdfd8ad8e04a2594de31e29495e935d1e", kill_on_drop: false }`
[INFO] [stdout] b3e887583843ff1f68882a33c16fcb8fdfd8ad8e04a2594de31e29495e935d1e
