[INFO] fetching crate escw-mcu 0.1.0...
[INFO] testing escw-mcu-0.1.0 against 1.83.0 for beta-1.84.0-4-retry
[INFO] extracting crate escw-mcu 0.1.0 into /workspace/builds/worker-7-tc1/source
[INFO] validating manifest of crates.io crate escw-mcu 0.1.0 on toolchain 1.83.0
[INFO] running `Command { std: CARGO_HOME="/workspace/cargo-home" RUSTUP_HOME="/workspace/rustup-home" "/workspace/cargo-home/bin/cargo" "+1.83.0" "metadata" "--manifest-path" "Cargo.toml" "--no-deps", kill_on_drop: false }`
[INFO] started tweaking crates.io crate escw-mcu 0.1.0
[INFO] finished tweaking crates.io crate escw-mcu 0.1.0
[INFO] tweaked toml for crates.io crate escw-mcu 0.1.0 written to /workspace/builds/worker-7-tc1/source/Cargo.toml
[INFO] running `Command { std: CARGO_HOME="/workspace/cargo-home" RUSTUP_HOME="/workspace/rustup-home" "/workspace/cargo-home/bin/cargo" "+1.83.0" "generate-lockfile" "--manifest-path" "Cargo.toml", kill_on_drop: false }`
[INFO] running `Command { std: CARGO_HOME="/workspace/cargo-home" RUSTUP_HOME="/workspace/rustup-home" "/workspace/cargo-home/bin/cargo" "+1.83.0" "fetch" "--manifest-path" "Cargo.toml", kill_on_drop: false }`
[INFO] running `Command { std: "docker" "create" "-v" "/var/lib/crater-agent-workspace/builds/worker-7-tc1/target:/opt/rustwide/target:rw,Z" "-v" "/var/lib/crater-agent-workspace/builds/worker-7-tc1/source:/opt/rustwide/workdir:ro,Z" "-v" "/var/lib/crater-agent-workspace/cargo-home:/opt/rustwide/cargo-home:ro,Z" "-v" "/var/lib/crater-agent-workspace/rustup-home:/opt/rustwide/rustup-home:ro,Z" "-e" "SOURCE_DIR=/opt/rustwide/workdir" "-e" "CARGO_TARGET_DIR=/opt/rustwide/target" "-e" "CARGO_HOME=/opt/rustwide/cargo-home" "-e" "RUSTUP_HOME=/opt/rustwide/rustup-home" "-w" "/opt/rustwide/workdir" "-m" "1610612736" "--user" "0:0" "--network" "none" "ghcr.io/rust-lang/crates-build-env/linux@sha256:f3a9d4ad9d972b27faf3965f35b62e55ba32bbce8f20bc8fe909558a86702fde" "/opt/rustwide/cargo-home/bin/cargo" "+1.83.0" "metadata" "--no-deps" "--format-version=1", kill_on_drop: false }`
[INFO] [stdout] 022655e3fe9ce1d6ee2aaa74f43f388cb6e8db0e3a1f2e748fa8c0541afc748a
[INFO] running `Command { std: "docker" "start" "-a" "022655e3fe9ce1d6ee2aaa74f43f388cb6e8db0e3a1f2e748fa8c0541afc748a", kill_on_drop: false }`
[INFO] running `Command { std: "docker" "inspect" "022655e3fe9ce1d6ee2aaa74f43f388cb6e8db0e3a1f2e748fa8c0541afc748a", kill_on_drop: false }`
[INFO] running `Command { std: "docker" "rm" "-f" "022655e3fe9ce1d6ee2aaa74f43f388cb6e8db0e3a1f2e748fa8c0541afc748a", kill_on_drop: false }`
[INFO] [stdout] 022655e3fe9ce1d6ee2aaa74f43f388cb6e8db0e3a1f2e748fa8c0541afc748a
[INFO] running `Command { std: "docker" "create" "-v" "/var/lib/crater-agent-workspace/builds/worker-7-tc1/target:/opt/rustwide/target:rw,Z" "-v" "/var/lib/crater-agent-workspace/builds/worker-7-tc1/source:/opt/rustwide/workdir:ro,Z" "-v" "/var/lib/crater-agent-workspace/cargo-home:/opt/rustwide/cargo-home:ro,Z" "-v" "/var/lib/crater-agent-workspace/rustup-home:/opt/rustwide/rustup-home:ro,Z" "-e" "SOURCE_DIR=/opt/rustwide/workdir" "-e" "CARGO_TARGET_DIR=/opt/rustwide/target" "-e" "CARGO_INCREMENTAL=0" "-e" "RUST_BACKTRACE=full" "-e" "RUSTFLAGS=--cap-lints=warn" "-e" "RUSTDOCFLAGS=--cap-lints=warn" "-e" "CARGO_HOME=/opt/rustwide/cargo-home" "-e" "RUSTUP_HOME=/opt/rustwide/rustup-home" "-w" "/opt/rustwide/workdir" "-m" "1610612736" "--user" "0:0" "--network" "none" "ghcr.io/rust-lang/crates-build-env/linux@sha256:f3a9d4ad9d972b27faf3965f35b62e55ba32bbce8f20bc8fe909558a86702fde" "/opt/rustwide/cargo-home/bin/cargo" "+1.83.0" "build" "--frozen" "--message-format=json", kill_on_drop: false }`
[INFO] [stdout] 15117b798f81a7334e44aa48b33379c1d242ad3f79d921bba68b017198614269
[INFO] running `Command { std: "docker" "start" "-a" "15117b798f81a7334e44aa48b33379c1d242ad3f79d921bba68b017198614269", kill_on_drop: false }`
[INFO] [stderr]    Compiling escw-mcu v0.1.0 (/opt/rustwide/workdir)
[INFO] [stderr]     Finished `dev` profile [unoptimized + debuginfo] target(s) in 0.20s
[INFO] running `Command { std: "docker" "inspect" "15117b798f81a7334e44aa48b33379c1d242ad3f79d921bba68b017198614269", kill_on_drop: false }`
[INFO] running `Command { std: "docker" "rm" "-f" "15117b798f81a7334e44aa48b33379c1d242ad3f79d921bba68b017198614269", kill_on_drop: false }`
[INFO] [stdout] 15117b798f81a7334e44aa48b33379c1d242ad3f79d921bba68b017198614269
[INFO] running `Command { std: "docker" "create" "-v" "/var/lib/crater-agent-workspace/builds/worker-7-tc1/target:/opt/rustwide/target:rw,Z" "-v" "/var/lib/crater-agent-workspace/builds/worker-7-tc1/source:/opt/rustwide/workdir:ro,Z" "-v" "/var/lib/crater-agent-workspace/cargo-home:/opt/rustwide/cargo-home:ro,Z" "-v" "/var/lib/crater-agent-workspace/rustup-home:/opt/rustwide/rustup-home:ro,Z" "-e" "SOURCE_DIR=/opt/rustwide/workdir" "-e" "CARGO_TARGET_DIR=/opt/rustwide/target" "-e" "CARGO_INCREMENTAL=0" "-e" "RUST_BACKTRACE=full" "-e" "RUSTFLAGS=--cap-lints=warn" "-e" "RUSTDOCFLAGS=--cap-lints=warn" "-e" "CARGO_HOME=/opt/rustwide/cargo-home" "-e" "RUSTUP_HOME=/opt/rustwide/rustup-home" "-w" "/opt/rustwide/workdir" "-m" "1610612736" "--user" "0:0" "--network" "none" "ghcr.io/rust-lang/crates-build-env/linux@sha256:f3a9d4ad9d972b27faf3965f35b62e55ba32bbce8f20bc8fe909558a86702fde" "/opt/rustwide/cargo-home/bin/cargo" "+1.83.0" "test" "--frozen" "--no-run" "--message-format=json", kill_on_drop: false }`
[INFO] [stdout] e4cc02b22e597d9a9febeeb189820efe2abb3814aaaeee42eba9c705b1856009
[INFO] running `Command { std: "docker" "start" "-a" "e4cc02b22e597d9a9febeeb189820efe2abb3814aaaeee42eba9c705b1856009", kill_on_drop: false }`
[INFO] [stderr]    Compiling escw-mcu v0.1.0 (/opt/rustwide/workdir)
[INFO] [stderr]     Finished `test` profile [unoptimized + debuginfo] target(s) in 0.38s
[INFO] running `Command { std: "docker" "inspect" "e4cc02b22e597d9a9febeeb189820efe2abb3814aaaeee42eba9c705b1856009", kill_on_drop: false }`
[INFO] running `Command { std: "docker" "rm" "-f" "e4cc02b22e597d9a9febeeb189820efe2abb3814aaaeee42eba9c705b1856009", kill_on_drop: false }`
[INFO] [stdout] e4cc02b22e597d9a9febeeb189820efe2abb3814aaaeee42eba9c705b1856009
[INFO] running `Command { std: "docker" "create" "-v" "/var/lib/crater-agent-workspace/builds/worker-7-tc1/target:/opt/rustwide/target:rw,Z" "-v" "/var/lib/crater-agent-workspace/builds/worker-7-tc1/source:/opt/rustwide/workdir:ro,Z" "-v" "/var/lib/crater-agent-workspace/cargo-home:/opt/rustwide/cargo-home:ro,Z" "-v" "/var/lib/crater-agent-workspace/rustup-home:/opt/rustwide/rustup-home:ro,Z" "-e" "SOURCE_DIR=/opt/rustwide/workdir" "-e" "CARGO_TARGET_DIR=/opt/rustwide/target" "-e" "CARGO_INCREMENTAL=0" "-e" "RUST_BACKTRACE=full" "-e" "RUSTFLAGS=--cap-lints=warn" "-e" "RUSTDOCFLAGS=--cap-lints=warn" "-e" "CARGO_HOME=/opt/rustwide/cargo-home" "-e" "RUSTUP_HOME=/opt/rustwide/rustup-home" "-w" "/opt/rustwide/workdir" "-m" "1610612736" "--user" "0:0" "--network" "none" "ghcr.io/rust-lang/crates-build-env/linux@sha256:f3a9d4ad9d972b27faf3965f35b62e55ba32bbce8f20bc8fe909558a86702fde" "/opt/rustwide/cargo-home/bin/cargo" "+1.83.0" "test" "--frozen", kill_on_drop: false }`
[INFO] [stdout] 609c57f95067904fad85e5d1d15678b85d12cc9785ec4f40f2531e23464f0604
[INFO] running `Command { std: "docker" "start" "-a" "609c57f95067904fad85e5d1d15678b85d12cc9785ec4f40f2531e23464f0604", kill_on_drop: false }`
[INFO] [stderr]     Finished `test` profile [unoptimized + debuginfo] target(s) in 0.01s
[INFO] [stderr]      Running unittests src/lib.rs (/opt/rustwide/target/debug/deps/escw_mcu-ed114647223516de)
[INFO] [stdout] 
[INFO] [stderr]    Doc-tests escw_mcu
[INFO] [stdout] running 0 tests
[INFO] [stdout] 
[INFO] [stdout] test result: ok. 0 passed; 0 failed; 0 ignored; 0 measured; 0 filtered out; finished in 0.00s
[INFO] [stdout] 
[INFO] [stdout] 
[INFO] [stdout] running 1 test
[INFO] [stdout] test src/lib.rs - Mcu (line 18) ... FAILED
[INFO] [stdout] 
[INFO] [stdout] failures:
[INFO] [stdout] 
[INFO] [stdout] ---- src/lib.rs - Mcu (line 18) stdout ----
[INFO] [stdout] error: expected `::`, found `}`
[INFO] [stdout]  --> src/lib.rs:21:1
[INFO] [stdout]   |
[INFO] [stdout] 3 | struct key<T: Mcu> {
[INFO] [stdout]   |        --- while parsing this struct
[INFO] [stdout] 4 |     io: <T::IO>
[INFO] [stdout]   |                - expected `::`
[INFO] [stdout] 5 | }
[INFO] [stdout]   | ^ unexpected token
[INFO] [stdout] 
[INFO] [stdout] error[E0405]: cannot find trait `Mcu` in this scope
[INFO] [stdout]  --> src/lib.rs:19:15
[INFO] [stdout]   |
[INFO] [stdout] 3 | struct key<T: Mcu> {
[INFO] [stdout]   |               ^^^ not found in this scope
[INFO] [stdout]   |
[INFO] [stdout] help: consider importing this trait
[INFO] [stdout]   |
[INFO] [stdout] 2 + use escw_mcu::Mcu;
[INFO] [stdout]   |
[INFO] [stdout] 
[INFO] [stdout] error[E0412]: cannot find type `IoState` in this scope
[INFO] [stdout]   --> src/lib.rs:28:24
[INFO] [stdout]    |
[INFO] [stdout] 12 |     fn state(&self) -> IoState {
[INFO] [stdout]    |                        ^^^^^^^ not found in this scope
[INFO] [stdout] 
[INFO] [stdout] warning: type `key` should have an upper camel case name
[INFO] [stdout]  --> src/lib.rs:19:8
[INFO] [stdout]   |
[INFO] [stdout] 3 | struct key<T: Mcu> {
[INFO] [stdout]   |        ^^^ help: convert the identifier to upper camel case (notice the capitalization): `Key`
[INFO] [stdout]   |
[INFO] [stdout]   = note: `#[warn(non_camel_case_types)]` on by default
[INFO] [stdout] 
[INFO] [stdout] error[E0107]: missing generics for struct `key`
[INFO] [stdout]  --> src/lib.rs:23:6
[INFO] [stdout]   |
[INFO] [stdout] 7 | impl key {
[INFO] [stdout]   |      ^^^ expected 1 generic argument
[INFO] [stdout]   |
[INFO] [stdout] note: struct defined here, with 1 generic parameter: `T`
[INFO] [stdout]  --> src/lib.rs:19:8
[INFO] [stdout]   |
[INFO] [stdout] 3 | struct key<T: Mcu> {
[INFO] [stdout]   |        ^^^ -
[INFO] [stdout] help: add missing generic argument
[INFO] [stdout]   |
[INFO] [stdout] 7 | impl key<T> {
[INFO] [stdout]   |         +++
[INFO] [stdout] 
[INFO] [stdout] error[E0433]: failed to resolve: use of undeclared type `T`
[INFO] [stdout]  --> src/lib.rs:24:16
[INFO] [stdout]   |
[INFO] [stdout] 8 |     fn new(io: T::IO) -> Self {
[INFO] [stdout]   |                ^ use of undeclared type `T`
[INFO] [stdout] 
[INFO] [stdout] error: aborting due to 5 previous errors; 1 warning emitted
[INFO] [stdout] 
[INFO] [stdout] Some errors have detailed explanations: E0107, E0405, E0412, E0433.
[INFO] [stdout] For more information about an error, try `rustc --explain E0107`.
[INFO] [stdout] Couldn't compile the test.
[INFO] [stdout] 
[INFO] [stdout] failures:
[INFO] [stdout]     src/lib.rs - Mcu (line 18)
[INFO] [stdout] 
[INFO] [stdout] test result: FAILED. 0 passed; 1 failed; 0 ignored; 0 measured; 0 filtered out; finished in 0.13s
[INFO] [stdout] 
[INFO] [stderr] error: doctest failed, to rerun pass `--doc`
[INFO] running `Command { std: "docker" "inspect" "609c57f95067904fad85e5d1d15678b85d12cc9785ec4f40f2531e23464f0604", kill_on_drop: false }`
[INFO] running `Command { std: "docker" "rm" "-f" "609c57f95067904fad85e5d1d15678b85d12cc9785ec4f40f2531e23464f0604", kill_on_drop: false }`
[INFO] [stdout] 609c57f95067904fad85e5d1d15678b85d12cc9785ec4f40f2531e23464f0604
