[INFO] fetching crate escpos-rust 0.0.2...
[INFO] testing escpos-rust-0.0.2 against beta-2024-12-08 for beta-1.84.0-4-retry
[INFO] extracting crate escpos-rust 0.0.2 into /workspace/builds/worker-4-tc2/source
[INFO] validating manifest of crates.io crate escpos-rust 0.0.2 on toolchain beta-2024-12-08
[INFO] running `Command { std: CARGO_HOME="/workspace/cargo-home" RUSTUP_HOME="/workspace/rustup-home" "/workspace/cargo-home/bin/cargo" "+beta-2024-12-08" "metadata" "--manifest-path" "Cargo.toml" "--no-deps", kill_on_drop: false }`
[INFO] started tweaking crates.io crate escpos-rust 0.0.2
[INFO] finished tweaking crates.io crate escpos-rust 0.0.2
[INFO] tweaked toml for crates.io crate escpos-rust 0.0.2 written to /workspace/builds/worker-4-tc2/source/Cargo.toml
[INFO] crate crates.io crate escpos-rust 0.0.2 already has a lockfile, it will not be regenerated
[INFO] running `Command { std: CARGO_HOME="/workspace/cargo-home" RUSTUP_HOME="/workspace/rustup-home" "/workspace/cargo-home/bin/cargo" "+beta-2024-12-08" "fetch" "--manifest-path" "Cargo.toml", kill_on_drop: false }`
[INFO] running `Command { std: "docker" "create" "-v" "/var/lib/crater-agent-workspace/builds/worker-4-tc2/target:/opt/rustwide/target:rw,Z" "-v" "/var/lib/crater-agent-workspace/builds/worker-4-tc2/source:/opt/rustwide/workdir:ro,Z" "-v" "/var/lib/crater-agent-workspace/cargo-home:/opt/rustwide/cargo-home:ro,Z" "-v" "/var/lib/crater-agent-workspace/rustup-home:/opt/rustwide/rustup-home:ro,Z" "-e" "SOURCE_DIR=/opt/rustwide/workdir" "-e" "CARGO_TARGET_DIR=/opt/rustwide/target" "-e" "CARGO_HOME=/opt/rustwide/cargo-home" "-e" "RUSTUP_HOME=/opt/rustwide/rustup-home" "-w" "/opt/rustwide/workdir" "-m" "1610612736" "--user" "0:0" "--network" "none" "ghcr.io/rust-lang/crates-build-env/linux@sha256:f3a9d4ad9d972b27faf3965f35b62e55ba32bbce8f20bc8fe909558a86702fde" "/opt/rustwide/cargo-home/bin/cargo" "+beta-2024-12-08" "metadata" "--no-deps" "--format-version=1", kill_on_drop: false }`
[INFO] [stdout] 70e00b77b6b2a60e86d21961602f2d4871298c89e6540afb7c674a5b35a8a440
[INFO] running `Command { std: "docker" "start" "-a" "70e00b77b6b2a60e86d21961602f2d4871298c89e6540afb7c674a5b35a8a440", kill_on_drop: false }`
[INFO] running `Command { std: "docker" "inspect" "70e00b77b6b2a60e86d21961602f2d4871298c89e6540afb7c674a5b35a8a440", kill_on_drop: false }`
[INFO] running `Command { std: "docker" "rm" "-f" "70e00b77b6b2a60e86d21961602f2d4871298c89e6540afb7c674a5b35a8a440", kill_on_drop: false }`
[INFO] [stdout] 70e00b77b6b2a60e86d21961602f2d4871298c89e6540afb7c674a5b35a8a440
[INFO] running `Command { std: "docker" "create" "-v" "/var/lib/crater-agent-workspace/builds/worker-4-tc2/target:/opt/rustwide/target:rw,Z" "-v" "/var/lib/crater-agent-workspace/builds/worker-4-tc2/source:/opt/rustwide/workdir:ro,Z" "-v" "/var/lib/crater-agent-workspace/cargo-home:/opt/rustwide/cargo-home:ro,Z" "-v" "/var/lib/crater-agent-workspace/rustup-home:/opt/rustwide/rustup-home:ro,Z" "-e" "SOURCE_DIR=/opt/rustwide/workdir" "-e" "CARGO_TARGET_DIR=/opt/rustwide/target" "-e" "CARGO_INCREMENTAL=0" "-e" "RUST_BACKTRACE=full" "-e" "RUSTFLAGS=--cap-lints=warn" "-e" "RUSTDOCFLAGS=--cap-lints=warn" "-e" "CARGO_HOME=/opt/rustwide/cargo-home" "-e" "RUSTUP_HOME=/opt/rustwide/rustup-home" "-w" "/opt/rustwide/workdir" "-m" "1610612736" "--user" "0:0" "--network" "none" "ghcr.io/rust-lang/crates-build-env/linux@sha256:f3a9d4ad9d972b27faf3965f35b62e55ba32bbce8f20bc8fe909558a86702fde" "/opt/rustwide/cargo-home/bin/cargo" "+beta-2024-12-08" "build" "--frozen" "--message-format=json", kill_on_drop: false }`
[INFO] [stdout] 6590b867997b8f26ea5b419e06939987c3a120b7a6ee4d06b9f8afbf7b6cdb38
[INFO] running `Command { std: "docker" "start" "-a" "6590b867997b8f26ea5b419e06939987c3a120b7a6ee4d06b9f8afbf7b6cdb38", kill_on_drop: false }`
[INFO] [stderr]    Compiling autocfg v1.1.0
[INFO] [stderr]    Compiling cfg-if v1.0.0
[INFO] [stderr]    Compiling libc v0.2.142
[INFO] [stderr]    Compiling crossbeam-utils v0.8.15
[INFO] [stderr]    Compiling scopeguard v1.1.0
[INFO] [stderr]    Compiling memchr v2.5.0
[INFO] [stderr]    Compiling rayon-core v1.11.0
[INFO] [stderr]    Compiling encoding_index_tests v0.1.4
[INFO] [stderr]    Compiling proc-macro2 v1.0.56
[INFO] [stderr]    Compiling serde v1.0.160
[INFO] [stderr]    Compiling crc32fast v1.3.2
[INFO] [stderr]    Compiling pkg-config v0.3.26
[INFO] [stderr]    Compiling unicode-ident v1.0.8
[INFO] [stderr]    Compiling adler32 v1.2.0
[INFO] [stderr]    Compiling either v1.8.1
[INFO] [stderr]    Compiling cc v1.0.79
[INFO] [stderr]    Compiling quote v1.0.26
[INFO] [stderr]    Compiling ryu v1.0.13
[INFO] [stderr]    Compiling itoa v1.0.6
[INFO] [stderr]    Compiling byteorder v1.4.3
[INFO] [stderr]    Compiling adler v1.0.2
[INFO] [stderr]    Compiling weezl v0.1.7
[INFO] [stderr]    Compiling miniz_oxide v0.3.7
[INFO] [stderr]    Compiling bitflags v1.3.2
[INFO] [stderr]    Compiling serde_derive v1.0.160
[INFO] [stderr]    Compiling color_quant v1.1.0
[INFO] [stderr]    Compiling rusb v0.9.2
[INFO] [stderr]    Compiling deflate v0.8.6
[INFO] [stderr]    Compiling scoped_threadpool v0.1.9
[INFO] [stderr]    Compiling log v0.4.17
[INFO] [stderr]    Compiling memoffset v0.8.0
[INFO] [stderr]    Compiling crossbeam-epoch v0.9.14
[INFO] [stderr]    Compiling num-traits v0.2.15
[INFO] [stderr]    Compiling num-integer v0.1.45
[INFO] [stderr]    Compiling miniz_oxide v0.4.4
[INFO] [stderr]    Compiling num-rational v0.3.2
[INFO] [stderr]    Compiling crossbeam-channel v0.5.8
[INFO] [stderr]    Compiling num-iter v0.1.43
[INFO] [stderr]    Compiling csv-core v0.1.10
[INFO] [stderr]    Compiling png v0.16.8
[INFO] [stderr]    Compiling gif v0.11.4
[INFO] [stderr]    Compiling bytemuck v1.13.1
[INFO] [stderr]    Compiling encoding-index-simpchinese v1.20141219.5
[INFO] [stderr]    Compiling syn v2.0.15
[INFO] [stderr]    Compiling crossbeam-deque v0.8.3
[INFO] [stderr]    Compiling encoding-index-tradchinese v1.20141219.5
[INFO] [stderr]    Compiling num_cpus v1.15.0
[INFO] [stderr]    Compiling libusb1-sys v0.6.4
[INFO] [stderr]    Compiling encoding-index-korean v1.20141219.5
[INFO] [stderr]    Compiling encoding-index-japanese v1.20141219.5
[INFO] [stderr]    Compiling encoding-index-singlebyte v1.20141219.5
[INFO] [stderr]    Compiling checked_int_cast v1.0.0
[INFO] [stderr]    Compiling base64 v0.13.1
[INFO] [stderr]    Compiling encoding v0.2.33
[INFO] [stderr]    Compiling rayon v1.7.0
[INFO] [stderr]    Compiling csv v1.2.1
[INFO] [stderr]    Compiling codepage-437 v0.1.0
[INFO] [stderr]    Compiling jpeg-decoder v0.1.22
[INFO] [stderr]    Compiling tiff v0.6.1
[INFO] [stderr]    Compiling image v0.23.14
[INFO] [stderr]    Compiling qrcode v0.12.0
[INFO] [stderr]    Compiling escpos-rust v0.0.2 (/opt/rustwide/workdir)
[INFO] [stderr]     Finished `dev` profile [unoptimized + debuginfo] target(s) in 27.26s
[INFO] running `Command { std: "docker" "inspect" "6590b867997b8f26ea5b419e06939987c3a120b7a6ee4d06b9f8afbf7b6cdb38", kill_on_drop: false }`
[INFO] running `Command { std: "docker" "rm" "-f" "6590b867997b8f26ea5b419e06939987c3a120b7a6ee4d06b9f8afbf7b6cdb38", kill_on_drop: false }`
[INFO] [stdout] 6590b867997b8f26ea5b419e06939987c3a120b7a6ee4d06b9f8afbf7b6cdb38
[INFO] running `Command { std: "docker" "create" "-v" "/var/lib/crater-agent-workspace/builds/worker-4-tc2/target:/opt/rustwide/target:rw,Z" "-v" "/var/lib/crater-agent-workspace/builds/worker-4-tc2/source:/opt/rustwide/workdir:ro,Z" "-v" "/var/lib/crater-agent-workspace/cargo-home:/opt/rustwide/cargo-home:ro,Z" "-v" "/var/lib/crater-agent-workspace/rustup-home:/opt/rustwide/rustup-home:ro,Z" "-e" "SOURCE_DIR=/opt/rustwide/workdir" "-e" "CARGO_TARGET_DIR=/opt/rustwide/target" "-e" "CARGO_INCREMENTAL=0" "-e" "RUST_BACKTRACE=full" "-e" "RUSTFLAGS=--cap-lints=warn" "-e" "RUSTDOCFLAGS=--cap-lints=warn" "-e" "CARGO_HOME=/opt/rustwide/cargo-home" "-e" "RUSTUP_HOME=/opt/rustwide/rustup-home" "-w" "/opt/rustwide/workdir" "-m" "1610612736" "--user" "0:0" "--network" "none" "ghcr.io/rust-lang/crates-build-env/linux@sha256:f3a9d4ad9d972b27faf3965f35b62e55ba32bbce8f20bc8fe909558a86702fde" "/opt/rustwide/cargo-home/bin/cargo" "+beta-2024-12-08" "test" "--frozen" "--no-run" "--message-format=json", kill_on_drop: false }`
[INFO] [stdout] f557e6a308925417ae072f39e9c7a5ba1d00c1a42e2063d5418068a32afe83cd
[INFO] running `Command { std: "docker" "start" "-a" "f557e6a308925417ae072f39e9c7a5ba1d00c1a42e2063d5418068a32afe83cd", kill_on_drop: false }`
[INFO] [stderr]    Compiling escpos-rust v0.0.2 (/opt/rustwide/workdir)
[INFO] [stderr]     Finished `test` profile [unoptimized + debuginfo] target(s) in 2.74s
[INFO] running `Command { std: "docker" "inspect" "f557e6a308925417ae072f39e9c7a5ba1d00c1a42e2063d5418068a32afe83cd", kill_on_drop: false }`
[INFO] running `Command { std: "docker" "rm" "-f" "f557e6a308925417ae072f39e9c7a5ba1d00c1a42e2063d5418068a32afe83cd", kill_on_drop: false }`
[INFO] [stdout] f557e6a308925417ae072f39e9c7a5ba1d00c1a42e2063d5418068a32afe83cd
[INFO] running `Command { std: "docker" "create" "-v" "/var/lib/crater-agent-workspace/builds/worker-4-tc2/target:/opt/rustwide/target:rw,Z" "-v" "/var/lib/crater-agent-workspace/builds/worker-4-tc2/source:/opt/rustwide/workdir:ro,Z" "-v" "/var/lib/crater-agent-workspace/cargo-home:/opt/rustwide/cargo-home:ro,Z" "-v" "/var/lib/crater-agent-workspace/rustup-home:/opt/rustwide/rustup-home:ro,Z" "-e" "SOURCE_DIR=/opt/rustwide/workdir" "-e" "CARGO_TARGET_DIR=/opt/rustwide/target" "-e" "CARGO_INCREMENTAL=0" "-e" "RUST_BACKTRACE=full" "-e" "RUSTFLAGS=--cap-lints=warn" "-e" "RUSTDOCFLAGS=--cap-lints=warn" "-e" "CARGO_HOME=/opt/rustwide/cargo-home" "-e" "RUSTUP_HOME=/opt/rustwide/rustup-home" "-w" "/opt/rustwide/workdir" "-m" "1610612736" "--user" "0:0" "--network" "none" "ghcr.io/rust-lang/crates-build-env/linux@sha256:f3a9d4ad9d972b27faf3965f35b62e55ba32bbce8f20bc8fe909558a86702fde" "/opt/rustwide/cargo-home/bin/cargo" "+beta-2024-12-08" "test" "--frozen", kill_on_drop: false }`
[INFO] [stdout] 189fb8ca903ee17d3a180816f873f0d64d451fd491f5e4ac5b471d8a9ddd1a2f
[INFO] running `Command { std: "docker" "start" "-a" "189fb8ca903ee17d3a180816f873f0d64d451fd491f5e4ac5b471d8a9ddd1a2f", kill_on_drop: false }`
[INFO] [stderr]     Finished `test` profile [unoptimized + debuginfo] target(s) in 0.09s
[INFO] [stderr]      Running unittests src/lib.rs (/opt/rustwide/target/debug/deps/escpos_rust-e1def5dbba53306f)
[INFO] [stdout] 
[INFO] [stdout] running 0 tests
[INFO] [stderr]    Doc-tests escpos_rust
[INFO] [stdout] 
[INFO] [stdout] test result: ok. 0 passed; 0 failed; 0 ignored; 0 measured; 0 filtered out; finished in 0.00s
[INFO] [stdout] 
[INFO] [stdout] 
[INFO] [stdout] running 20 tests
[INFO] [stdout] test src/formatter.rs - formatter::Formatter::set_table_options (line 36) ... FAILED
[INFO] [stdout] test src/formatter.rs - formatter::Formatter::duo_table (line 135) ... FAILED
[INFO] [stdout] test src/printer/printer_profile.rs - printer::printer_profile::PrinterProfile::terminal_builder (line 72) ... FAILED
[INFO] [stdout] test src/printer/printer_profile.rs - printer::printer_profile::PrinterProfileBuilder::new_terminal (line 121) ... FAILED
[INFO] [stdout] test src/printer/printer_profile.rs - printer::printer_profile::PrinterProfile::usb_builder (line 60) ... FAILED
[INFO] [stdout] test src/formatter.rs - formatter::Formatter::space_split (line 79) ... FAILED
[INFO] [stdout] test src/lib.rs - (line 39) - compile ... FAILED
[INFO] [stdout] test src/formatter.rs - formatter::Formatter::get_table_options (line 50) ... FAILED
[INFO] [stdout] test src/formatter.rs - formatter::Formatter::modify_table_options (line 63) ... FAILED
[INFO] [stdout] test src/printer/printer_profile.rs - printer::printer_profile::PrinterProfileBuilder::build (line 204) ... FAILED
[INFO] [stdout] test src/formatter.rs - formatter::Formatter::trio_table (line 210) ... FAILED
[INFO] [stdout] test src/printer/printer_profile.rs - printer::printer_profile::PrinterProfileBuilder::with_endpoint (line 138) ... FAILED
[INFO] [stdout] test src/lib.rs - (line 5) - compile ... FAILED
[INFO] [stdout] test src/printer/printer_profile.rs - printer::printer_profile::PrinterProfileBuilder::new_usb (line 97) ... FAILED
[INFO] [stdout] test src/printer.rs - printer::Printer::raw (line 357) - compile ... FAILED
[INFO] [stdout] test src/printer/printer_profile.rs - printer::printer_profile::PrinterProfileBuilder::with_font_width (line 172) ... FAILED
[INFO] [stdout] test src/printer/printer_profile.rs - printer::printer_profile::PrinterProfileBuilder::with_timeout (line 186) ... FAILED
[INFO] [stdout] test src/printer.rs - printer::Printer (line 52) - compile ... FAILED
[INFO] [stdout] test src/instruction/print_data.rs - instruction::print_data::PrintDataBuilder::replacement (line 52) ... FAILED
[INFO] [stdout] test src/printer/printer_profile.rs - printer::printer_profile::PrinterProfileBuilder::with_width (line 158) ... FAILED
[INFO] [stdout] 
[INFO] [stdout] failures:
[INFO] [stdout] 
[INFO] [stdout] ---- src/formatter.rs - formatter::Formatter::set_table_options (line 36) stdout ----
[INFO] [stdout] error[E0432]: unresolved import `escpos_rs`
[INFO] [stdout]  --> src/formatter.rs:37:5
[INFO] [stdout]   |
[INFO] [stdout] 3 | use escpos_rs::{Formatter, TableOptions};
[INFO] [stdout]   |     ^^^^^^^^^ use of undeclared crate or module `escpos_rs`
[INFO] [stdout]   |
[INFO] [stdout] help: there is a crate or module with a similar name
[INFO] [stdout]   |
[INFO] [stdout] 3 | use escpos_rust::{Formatter, TableOptions};
[INFO] [stdout]   |     ~~~~~~~~~~~
[INFO] [stdout] 
[INFO] [stdout] error: aborting due to 1 previous error
[INFO] [stdout] 
[INFO] [stdout] For more information about this error, try `rustc --explain E0432`.
[INFO] [stdout] Couldn't compile the test.
[INFO] [stdout] ---- src/formatter.rs - formatter::Formatter::duo_table (line 135) stdout ----
[INFO] [stdout] error[E0432]: unresolved import `escpos_rs`
[INFO] [stdout]  --> src/formatter.rs:136:5
[INFO] [stdout]   |
[INFO] [stdout] 3 | use escpos_rs::Formatter;
[INFO] [stdout]   |     ^^^^^^^^^ use of undeclared crate or module `escpos_rs`
[INFO] [stdout]   |
[INFO] [stdout] help: there is a crate or module with a similar name
[INFO] [stdout]   |
[INFO] [stdout] 3 | use escpos_rust::Formatter;
[INFO] [stdout]   |     ~~~~~~~~~~~
[INFO] [stdout] 
[INFO] [stdout] error: aborting due to 1 previous error
[INFO] [stdout] 
[INFO] [stdout] For more information about this error, try `rustc --explain E0432`.
[INFO] [stdout] Couldn't compile the test.
[INFO] [stdout] ---- src/printer/printer_profile.rs - printer::printer_profile::PrinterProfile::terminal_builder (line 72) stdout ----
[INFO] [stdout] error[E0432]: unresolved import `escpos_rs`
[INFO] [stdout]  --> src/printer/printer_profile.rs:73:5
[INFO] [stdout]   |
[INFO] [stdout] 3 | use escpos_rs::PrinterProfile;
[INFO] [stdout]   |     ^^^^^^^^^ use of undeclared crate or module `escpos_rs`
[INFO] [stdout]   |
[INFO] [stdout] help: there is a crate or module with a similar name
[INFO] [stdout]   |
[INFO] [stdout] 3 | use escpos_rust::PrinterProfile;
[INFO] [stdout]   |     ~~~~~~~~~~~
[INFO] [stdout] 
[INFO] [stdout] error: aborting due to 1 previous error
[INFO] [stdout] 
[INFO] [stdout] For more information about this error, try `rustc --explain E0432`.
[INFO] [stdout] Couldn't compile the test.
[INFO] [stdout] ---- src/printer/printer_profile.rs - printer::printer_profile::PrinterProfileBuilder::new_terminal (line 121) stdout ----
[INFO] [stdout] error[E0432]: unresolved import `escpos_rs`
[INFO] [stdout]  --> src/printer/printer_profile.rs:122:5
[INFO] [stdout]   |
[INFO] [stdout] 3 | use escpos_rs::PrinterProfileBuilder;
[INFO] [stdout]   |     ^^^^^^^^^ use of undeclared crate or module `escpos_rs`
[INFO] [stdout]   |
[INFO] [stdout] help: there is a crate or module with a similar name
[INFO] [stdout]   |
[INFO] [stdout] 3 | use escpos_rust::PrinterProfileBuilder;
[INFO] [stdout]   |     ~~~~~~~~~~~
[INFO] [stdout] 
[INFO] [stdout] error: aborting due to 1 previous error
[INFO] [stdout] 
[INFO] [stdout] For more information about this error, try `rustc --explain E0432`.
[INFO] [stdout] Couldn't compile the test.
[INFO] [stdout] ---- src/printer/printer_profile.rs - printer::printer_profile::PrinterProfile::usb_builder (line 60) stdout ----
[INFO] [stdout] error[E0432]: unresolved import `escpos_rs`
[INFO] [stdout]  --> src/printer/printer_profile.rs:61:5
[INFO] [stdout]   |
[INFO] [stdout] 3 | use escpos_rs::PrinterProfile;
[INFO] [stdout]   |     ^^^^^^^^^ use of undeclared crate or module `escpos_rs`
[INFO] [stdout]   |
[INFO] [stdout] help: there is a crate or module with a similar name
[INFO] [stdout]   |
[INFO] [stdout] 3 | use escpos_rust::PrinterProfile;
[INFO] [stdout]   |     ~~~~~~~~~~~
[INFO] [stdout] 
[INFO] [stdout] error: aborting due to 1 previous error
[INFO] [stdout] 
[INFO] [stdout] For more information about this error, try `rustc --explain E0432`.
[INFO] [stdout] Couldn't compile the test.
[INFO] [stdout] ---- src/formatter.rs - formatter::Formatter::space_split (line 79) stdout ----
[INFO] [stdout] error[E0432]: unresolved import `escpos_rs`
[INFO] [stdout]  --> src/formatter.rs:80:5
[INFO] [stdout]   |
[INFO] [stdout] 3 | use escpos_rs::Formatter;
[INFO] [stdout]   |     ^^^^^^^^^ use of undeclared crate or module `escpos_rs`
[INFO] [stdout]   |
[INFO] [stdout] help: there is a crate or module with a similar name
[INFO] [stdout]   |
[INFO] [stdout] 3 | use escpos_rust::Formatter;
[INFO] [stdout]   |     ~~~~~~~~~~~
[INFO] [stdout] 
[INFO] [stdout] error: aborting due to 1 previous error
[INFO] [stdout] 
[INFO] [stdout] For more information about this error, try `rustc --explain E0432`.
[INFO] [stdout] Couldn't compile the test.
[INFO] [stdout] ---- src/lib.rs - (line 39) stdout ----
[INFO] [stdout] error[E0433]: failed to resolve: use of undeclared crate or module `escpos_rs`
[INFO] [stdout]  --> src/lib.rs:40:5
[INFO] [stdout]   |
[INFO] [stdout] 3 | use escpos_rs::{
[INFO] [stdout]   |     ^^^^^^^^^ use of undeclared crate or module `escpos_rs`
[INFO] [stdout]   |
[INFO] [stdout] help: there is a crate or module with a similar name
[INFO] [stdout]   |
[INFO] [stdout] 3 | use escpos_rust::{
[INFO] [stdout]   |     ~~~~~~~~~~~
[INFO] [stdout] 
[INFO] [stdout] error[E0432]: unresolved import `escpos_rs`
[INFO] [stdout]  --> src/lib.rs:40:5
[INFO] [stdout]   |
[INFO] [stdout] 3 | use escpos_rs::{
[INFO] [stdout]   |     ^^^^^^^^^ use of undeclared crate or module `escpos_rs`
[INFO] [stdout]   |
[INFO] [stdout] help: there is a crate or module with a similar name
[INFO] [stdout]   |
[INFO] [stdout] 3 | use escpos_rust::{
[INFO] [stdout]   |     ~~~~~~~~~~~
[INFO] [stdout] 
[INFO] [stdout] error: aborting due to 2 previous errors
[INFO] [stdout] 
[INFO] [stdout] Some errors have detailed explanations: E0432, E0433.
[INFO] [stdout] For more information about an error, try `rustc --explain E0432`.
[INFO] [stdout] Couldn't compile the test.
[INFO] [stdout] ---- src/formatter.rs - formatter::Formatter::get_table_options (line 50) stdout ----
[INFO] [stdout] error[E0432]: unresolved import `escpos_rs`
[INFO] [stdout]  --> src/formatter.rs:51:5
[INFO] [stdout]   |
[INFO] [stdout] 3 | use escpos_rs::Formatter;
[INFO] [stdout]   |     ^^^^^^^^^ use of undeclared crate or module `escpos_rs`
[INFO] [stdout]   |
[INFO] [stdout] help: there is a crate or module with a similar name
[INFO] [stdout]   |
[INFO] [stdout] 3 | use escpos_rust::Formatter;
[INFO] [stdout]   |     ~~~~~~~~~~~
[INFO] [stdout] 
[INFO] [stdout] error: aborting due to 1 previous error
[INFO] [stdout] 
[INFO] [stdout] For more information about this error, try `rustc --explain E0432`.
[INFO] [stdout] Couldn't compile the test.
[INFO] [stdout] ---- src/formatter.rs - formatter::Formatter::modify_table_options (line 63) stdout ----
[INFO] [stdout] error[E0432]: unresolved import `escpos_rs`
[INFO] [stdout]  --> src/formatter.rs:64:5
[INFO] [stdout]   |
[INFO] [stdout] 3 | use escpos_rs::Formatter;
[INFO] [stdout]   |     ^^^^^^^^^ use of undeclared crate or module `escpos_rs`
[INFO] [stdout]   |
[INFO] [stdout] help: there is a crate or module with a similar name
[INFO] [stdout]   |
[INFO] [stdout] 3 | use escpos_rust::Formatter;
[INFO] [stdout]   |     ~~~~~~~~~~~
[INFO] [stdout] 
[INFO] [stdout] error: aborting due to 1 previous error
[INFO] [stdout] 
[INFO] [stdout] For more information about this error, try `rustc --explain E0432`.
[INFO] [stdout] Couldn't compile the test.
[INFO] [stdout] ---- src/printer/printer_profile.rs - printer::printer_profile::PrinterProfileBuilder::build (line 204) stdout ----
[INFO] [stdout] error[E0432]: unresolved import `escpos_rs`
[INFO] [stdout]  --> src/printer/printer_profile.rs:205:5
[INFO] [stdout]   |
[INFO] [stdout] 3 | use escpos_rs::PrinterProfileBuilder;
[INFO] [stdout]   |     ^^^^^^^^^ use of undeclared crate or module `escpos_rs`
[INFO] [stdout]   |
[INFO] [stdout] help: there is a crate or module with a similar name
[INFO] [stdout]   |
[INFO] [stdout] 3 | use escpos_rust::PrinterProfileBuilder;
[INFO] [stdout]   |     ~~~~~~~~~~~
[INFO] [stdout] 
[INFO] [stdout] error: aborting due to 1 previous error
[INFO] [stdout] 
[INFO] [stdout] For more information about this error, try `rustc --explain E0432`.
[INFO] [stdout] Couldn't compile the test.
[INFO] [stdout] ---- src/formatter.rs - formatter::Formatter::trio_table (line 210) stdout ----
[INFO] [stdout] error[E0432]: unresolved import `escpos_rs`
[INFO] [stdout]  --> src/formatter.rs:211:5
[INFO] [stdout]   |
[INFO] [stdout] 3 | use escpos_rs::Formatter;
[INFO] [stdout]   |     ^^^^^^^^^ use of undeclared crate or module `escpos_rs`
[INFO] [stdout]   |
[INFO] [stdout] help: there is a crate or module with a similar name
[INFO] [stdout]   |
[INFO] [stdout] 3 | use escpos_rust::Formatter;
[INFO] [stdout]   |     ~~~~~~~~~~~
[INFO] [stdout] 
[INFO] [stdout] error: aborting due to 1 previous error
[INFO] [stdout] 
[INFO] [stdout] For more information about this error, try `rustc --explain E0432`.
[INFO] [stdout] Couldn't compile the test.
[INFO] [stdout] ---- src/printer/printer_profile.rs - printer::printer_profile::PrinterProfileBuilder::with_endpoint (line 138) stdout ----
[INFO] [stdout] error[E0432]: unresolved import `escpos_rs`
[INFO] [stdout]  --> src/printer/printer_profile.rs:139:5
[INFO] [stdout]   |
[INFO] [stdout] 3 | use escpos_rs::PrinterProfileBuilder;
[INFO] [stdout]   |     ^^^^^^^^^ use of undeclared crate or module `escpos_rs`
[INFO] [stdout]   |
[INFO] [stdout] help: there is a crate or module with a similar name
[INFO] [stdout]   |
[INFO] [stdout] 3 | use escpos_rust::PrinterProfileBuilder;
[INFO] [stdout]   |     ~~~~~~~~~~~
[INFO] [stdout] 
[INFO] [stdout] error: aborting due to 1 previous error
[INFO] [stdout] 
[INFO] [stdout] For more information about this error, try `rustc --explain E0432`.
[INFO] [stdout] Couldn't compile the test.
[INFO] [stdout] ---- src/lib.rs - (line 5) stdout ----
[INFO] [stdout] error[E0432]: unresolved import `escpos_rs`
[INFO] [stdout]  --> src/lib.rs:6:5
[INFO] [stdout]   |
[INFO] [stdout] 3 | use escpos_rs::{Printer, PrinterProfile};
[INFO] [stdout]   |     ^^^^^^^^^ use of undeclared crate or module `escpos_rs`
[INFO] [stdout]   |
[INFO] [stdout] help: there is a crate or module with a similar name
[INFO] [stdout]   |
[INFO] [stdout] 3 | use escpos_rust::{Printer, PrinterProfile};
[INFO] [stdout]   |     ~~~~~~~~~~~
[INFO] [stdout] 
[INFO] [stdout] error: aborting due to 1 previous error
[INFO] [stdout] 
[INFO] [stdout] For more information about this error, try `rustc --explain E0432`.
[INFO] [stdout] Couldn't compile the test.
[INFO] [stdout] ---- src/printer/printer_profile.rs - printer::printer_profile::PrinterProfileBuilder::new_usb (line 97) stdout ----
[INFO] [stdout] error[E0432]: unresolved import `escpos_rs`
[INFO] [stdout]  --> src/printer/printer_profile.rs:98:5
[INFO] [stdout]   |
[INFO] [stdout] 3 | use escpos_rs::PrinterProfileBuilder;
[INFO] [stdout]   |     ^^^^^^^^^ use of undeclared crate or module `escpos_rs`
[INFO] [stdout]   |
[INFO] [stdout] help: there is a crate or module with a similar name
[INFO] [stdout]   |
[INFO] [stdout] 3 | use escpos_rust::PrinterProfileBuilder;
[INFO] [stdout]   |     ~~~~~~~~~~~
[INFO] [stdout] 
[INFO] [stdout] error: aborting due to 1 previous error
[INFO] [stdout] 
[INFO] [stdout] For more information about this error, try `rustc --explain E0432`.
[INFO] [stdout] Couldn't compile the test.
[INFO] [stdout] ---- src/printer.rs - printer::Printer::raw (line 357) stdout ----
[INFO] [stdout] error[E0432]: unresolved import `escpos_rs`
[INFO] [stdout]  --> src/printer.rs:358:5
[INFO] [stdout]   |
[INFO] [stdout] 3 | use escpos_rs::{Printer,PrinterProfile};
[INFO] [stdout]   |     ^^^^^^^^^ use of undeclared crate or module `escpos_rs`
[INFO] [stdout]   |
[INFO] [stdout] help: there is a crate or module with a similar name
[INFO] [stdout]   |
[INFO] [stdout] 3 | use escpos_rust::{Printer,PrinterProfile};
[INFO] [stdout]   |     ~~~~~~~~~~~
[INFO] [stdout] 
[INFO] [stdout] error[E0433]: failed to resolve: use of undeclared crate or module `escpos_rs`
[INFO] [stdout]  --> src/printer.rs:362:10
[INFO] [stdout]   |
[INFO] [stdout] 7 | Ok::<(), escpos_rs::Error>(())
[INFO] [stdout]   |          ^^^^^^^^^ use of undeclared crate or module `escpos_rs`
[INFO] [stdout]   |
[INFO] [stdout] help: there is a crate or module with a similar name
[INFO] [stdout]   |
[INFO] [stdout] 7 | Ok::<(), escpos_rust::Error>(())
[INFO] [stdout]   |          ~~~~~~~~~~~
[INFO] [stdout] 
[INFO] [stdout] error: aborting due to 2 previous errors
[INFO] [stdout] 
[INFO] [stdout] Some errors have detailed explanations: E0432, E0433.
[INFO] [stdout] For more information about an error, try `rustc --explain E0432`.
[INFO] [stdout] Couldn't compile the test.
[INFO] [stdout] ---- src/printer/printer_profile.rs - printer::printer_profile::PrinterProfileBuilder::with_font_width (line 172) stdout ----
[INFO] [stdout] error[E0433]: failed to resolve: use of undeclared crate or module `escpos_rs`
[INFO] [stdout]  --> src/printer/printer_profile.rs:173:5
[INFO] [stdout]   |
[INFO] [stdout] 3 | use escpos_rs::{PrinterProfileBuilder, command::Font};
[INFO] [stdout]   |     ^^^^^^^^^ use of undeclared crate or module `escpos_rs`
[INFO] [stdout]   |
[INFO] [stdout] help: there is a crate or module with a similar name
[INFO] [stdout]   |
[INFO] [stdout] 3 | use escpos_rust::{PrinterProfileBuilder, command::Font};
[INFO] [stdout]   |     ~~~~~~~~~~~
[INFO] [stdout] 
[INFO] [stdout] error[E0432]: unresolved import `escpos_rs`
[INFO] [stdout]  --> src/printer/printer_profile.rs:173:5
[INFO] [stdout]   |
[INFO] [stdout] 3 | use escpos_rs::{PrinterProfileBuilder, command::Font};
[INFO] [stdout]   |     ^^^^^^^^^ use of undeclared crate or module `escpos_rs`
[INFO] [stdout]   |
[INFO] [stdout] help: there is a crate or module with a similar name
[INFO] [stdout]   |
[INFO] [stdout] 3 | use escpos_rust::{PrinterProfileBuilder, command::Font};
[INFO] [stdout]   |     ~~~~~~~~~~~
[INFO] [stdout] 
[INFO] [stdout] error: aborting due to 2 previous errors
[INFO] [stdout] 
[INFO] [stdout] Some errors have detailed explanations: E0432, E0433.
[INFO] [stdout] For more information about an error, try `rustc --explain E0432`.
[INFO] [stdout] Couldn't compile the test.
[INFO] [stdout] ---- src/printer/printer_profile.rs - printer::printer_profile::PrinterProfileBuilder::with_timeout (line 186) stdout ----
[INFO] [stdout] error[E0432]: unresolved import `escpos_rs`
[INFO] [stdout]  --> src/printer/printer_profile.rs:187:5
[INFO] [stdout]   |
[INFO] [stdout] 3 | use escpos_rs::PrinterProfileBuilder;
[INFO] [stdout]   |     ^^^^^^^^^ use of undeclared crate or module `escpos_rs`
[INFO] [stdout]   |
[INFO] [stdout] help: there is a crate or module with a similar name
[INFO] [stdout]   |
[INFO] [stdout] 3 | use escpos_rust::PrinterProfileBuilder;
[INFO] [stdout]   |     ~~~~~~~~~~~
[INFO] [stdout] 
[INFO] [stdout] error: aborting due to 1 previous error
[INFO] [stdout] 
[INFO] [stdout] For more information about this error, try `rustc --explain E0432`.
[INFO] [stdout] Couldn't compile the test.
[INFO] [stdout] ---- src/printer.rs - printer::Printer (line 52) stdout ----
[INFO] [stdout] error[E0432]: unresolved import `escpos_rs`
[INFO] [stdout]  --> src/printer.rs:53:5
[INFO] [stdout]   |
[INFO] [stdout] 3 | use escpos_rs::{Printer, PrinterModel};
[INFO] [stdout]   |     ^^^^^^^^^ use of undeclared crate or module `escpos_rs`
[INFO] [stdout]   |
[INFO] [stdout] help: there is a crate or module with a similar name
[INFO] [stdout]   |
[INFO] [stdout] 3 | use escpos_rust::{Printer, PrinterModel};
[INFO] [stdout]   |     ~~~~~~~~~~~
[INFO] [stdout] 
[INFO] [stdout] error: aborting due to 1 previous error
[INFO] [stdout] 
[INFO] [stdout] For more information about this error, try `rustc --explain E0432`.
[INFO] [stdout] Couldn't compile the test.
[INFO] [stdout] ---- src/instruction/print_data.rs - instruction::print_data::PrintDataBuilder::replacement (line 52) stdout ----
[INFO] [stdout] error[E0432]: unresolved import `escpos_rs`
[INFO] [stdout]  --> src/instruction/print_data.rs:53:5
[INFO] [stdout]   |
[INFO] [stdout] 3 | use escpos_rs::PrintDataBuilder;
[INFO] [stdout]   |     ^^^^^^^^^ use of undeclared crate or module `escpos_rs`
[INFO] [stdout]   |
[INFO] [stdout] help: there is a crate or module with a similar name
[INFO] [stdout]   |
[INFO] [stdout] 3 | use escpos_rust::PrintDataBuilder;
[INFO] [stdout]   |     ~~~~~~~~~~~
[INFO] [stdout] 
[INFO] [stdout] error: aborting due to 1 previous error
[INFO] [stdout] 
[INFO] [stdout] For more information about this error, try `rustc --explain E0432`.
[INFO] [stdout] Couldn't compile the test.
[INFO] [stdout] ---- src/printer/printer_profile.rs - printer::printer_profile::PrinterProfileBuilder::with_width (line 158) stdout ----
[INFO] [stdout] error[E0432]: unresolved import `escpos_rs`
[INFO] [stdout]  --> src/printer/printer_profile.rs:159:5
[INFO] [stdout]   |
[INFO] [stdout] 3 | use escpos_rs::PrinterProfileBuilder;
[INFO] [stdout]   |     ^^^^^^^^^ use of undeclared crate or module `escpos_rs`
[INFO] [stdout]   |
[INFO] [stdout] help: there is a crate or module with a similar name
[INFO] [stdout]   |
[INFO] [stdout] 3 | use escpos_rust::PrinterProfileBuilder;
[INFO] [stdout]   |     ~~~~~~~~~~~
[INFO] [stdout] 
[INFO] [stdout] error: aborting due to 1 previous error
[INFO] [stdout] 
[INFO] [stdout] For more information about this error, try `rustc --explain E0432`.
[INFO] [stdout] Couldn't compile the test.
[INFO] [stdout] 
[INFO] [stdout] failures:
[INFO] [stdout]     src/formatter.rs - formatter::Formatter::duo_table (line 135)
[INFO] [stdout]     src/formatter.rs - formatter::Formatter::get_table_options (line 50)
[INFO] [stdout]     src/formatter.rs - formatter::Formatter::modify_table_options (line 63)
[INFO] [stdout]     src/formatter.rs - formatter::Formatter::set_table_options (line 36)
[INFO] [stdout]     src/formatter.rs - formatter::Formatter::space_split (line 79)
[INFO] [stdout]     src/formatter.rs - formatter::Formatter::trio_table (line 210)
[INFO] [stdout]     src/instruction/print_data.rs - instruction::print_data::PrintDataBuilder::replacement (line 52)
[INFO] [stdout]     src/lib.rs - (line 39)
[INFO] [stdout]     src/lib.rs - (line 5)
[INFO] [stdout]     src/printer.rs - printer::Printer (line 52)
[INFO] [stdout]     src/printer.rs - printer::Printer::raw (line 357)
[INFO] [stdout]     src/printer/printer_profile.rs - printer::printer_profile::PrinterProfile::terminal_builder (line 72)
[INFO] [stdout]     src/printer/printer_profile.rs - printer::printer_profile::PrinterProfile::usb_builder (line 60)
[INFO] [stdout]     src/printer/printer_profile.rs - printer::printer_profile::PrinterProfileBuilder::build (line 204)
[INFO] [stdout]     src/printer/printer_profile.rs - printer::printer_profile::PrinterProfileBuilder::new_terminal (line 121)
[INFO] [stdout]     src/printer/printer_profile.rs - printer::printer_profile::PrinterProfileBuilder::new_usb (line 97)
[INFO] [stdout]     src/printer/printer_profile.rs - printer::printer_profile::PrinterProfileBuilder::with_endpoint (line 138)
[INFO] [stdout]     src/printer/printer_profile.rs - printer::printer_profile::PrinterProfileBuilder::with_font_width (line 172)
[INFO] [stdout]     src/printer/printer_profile.rs - printer::printer_profile::PrinterProfileBuilder::with_timeout (line 186)
[INFO] [stdout]     src/printer/printer_profile.rs - printer::printer_profile::PrinterProfileBuilder::with_width (line 158)
[INFO] [stdout] 
[INFO] [stdout] test result: FAILED. 0 passed; 20 failed; 0 ignored; 0 measured; 0 filtered out; finished in 0.41s
[INFO] [stdout] 
[INFO] [stderr] error: doctest failed, to rerun pass `--doc`
[INFO] running `Command { std: "docker" "inspect" "189fb8ca903ee17d3a180816f873f0d64d451fd491f5e4ac5b471d8a9ddd1a2f", kill_on_drop: false }`
[INFO] running `Command { std: "docker" "rm" "-f" "189fb8ca903ee17d3a180816f873f0d64d451fd491f5e4ac5b471d8a9ddd1a2f", kill_on_drop: false }`
[INFO] [stdout] 189fb8ca903ee17d3a180816f873f0d64d451fd491f5e4ac5b471d8a9ddd1a2f
