[INFO] fetching crate error_set 0.8.2...
[INFO] testing error_set-0.8.2 against 1.83.0 for beta-1.84.0-4-retry
[INFO] extracting crate error_set 0.8.2 into /workspace/builds/worker-7-tc1/source
[INFO] validating manifest of crates.io crate error_set 0.8.2 on toolchain 1.83.0
[INFO] running `Command { std: CARGO_HOME="/workspace/cargo-home" RUSTUP_HOME="/workspace/rustup-home" "/workspace/cargo-home/bin/cargo" "+1.83.0" "metadata" "--manifest-path" "Cargo.toml" "--no-deps", kill_on_drop: false }`
[INFO] started tweaking crates.io crate error_set 0.8.2
[INFO] removed 0 missing tests
[INFO] finished tweaking crates.io crate error_set 0.8.2
[INFO] tweaked toml for crates.io crate error_set 0.8.2 written to /workspace/builds/worker-7-tc1/source/Cargo.toml
[INFO] crate crates.io crate error_set 0.8.2 already has a lockfile, it will not be regenerated
[INFO] running `Command { std: CARGO_HOME="/workspace/cargo-home" RUSTUP_HOME="/workspace/rustup-home" "/workspace/cargo-home/bin/cargo" "+1.83.0" "fetch" "--manifest-path" "Cargo.toml", kill_on_drop: false }`
[INFO] [stderr]     Updating crates.io index
[INFO] [stderr]  Downloading crates ...
[INFO] [stderr]   Downloaded indices v0.3.6
[INFO] [stderr]   Downloaded error_set_impl v0.8.2
[INFO] [stderr]   Downloaded trybuild v1.0.97
[INFO] running `Command { std: "docker" "create" "-v" "/var/lib/crater-agent-workspace/builds/worker-7-tc1/target:/opt/rustwide/target:rw,Z" "-v" "/var/lib/crater-agent-workspace/builds/worker-7-tc1/source:/opt/rustwide/workdir:ro,Z" "-v" "/var/lib/crater-agent-workspace/cargo-home:/opt/rustwide/cargo-home:ro,Z" "-v" "/var/lib/crater-agent-workspace/rustup-home:/opt/rustwide/rustup-home:ro,Z" "-e" "SOURCE_DIR=/opt/rustwide/workdir" "-e" "CARGO_TARGET_DIR=/opt/rustwide/target" "-e" "CARGO_HOME=/opt/rustwide/cargo-home" "-e" "RUSTUP_HOME=/opt/rustwide/rustup-home" "-w" "/opt/rustwide/workdir" "-m" "1610612736" "--user" "0:0" "--network" "none" "ghcr.io/rust-lang/crates-build-env/linux@sha256:f3a9d4ad9d972b27faf3965f35b62e55ba32bbce8f20bc8fe909558a86702fde" "/opt/rustwide/cargo-home/bin/cargo" "+1.83.0" "metadata" "--no-deps" "--format-version=1", kill_on_drop: false }`
[INFO] [stdout] f584806f8de9be28c1f4d347f6442a2103b8ddfcf09f32561d3f310dbca4f044
[INFO] running `Command { std: "docker" "start" "-a" "f584806f8de9be28c1f4d347f6442a2103b8ddfcf09f32561d3f310dbca4f044", kill_on_drop: false }`
[INFO] running `Command { std: "docker" "inspect" "f584806f8de9be28c1f4d347f6442a2103b8ddfcf09f32561d3f310dbca4f044", kill_on_drop: false }`
[INFO] running `Command { std: "docker" "rm" "-f" "f584806f8de9be28c1f4d347f6442a2103b8ddfcf09f32561d3f310dbca4f044", kill_on_drop: false }`
[INFO] [stdout] f584806f8de9be28c1f4d347f6442a2103b8ddfcf09f32561d3f310dbca4f044
[INFO] running `Command { std: "docker" "create" "-v" "/var/lib/crater-agent-workspace/builds/worker-7-tc1/target:/opt/rustwide/target:rw,Z" "-v" "/var/lib/crater-agent-workspace/builds/worker-7-tc1/source:/opt/rustwide/workdir:ro,Z" "-v" "/var/lib/crater-agent-workspace/cargo-home:/opt/rustwide/cargo-home:ro,Z" "-v" "/var/lib/crater-agent-workspace/rustup-home:/opt/rustwide/rustup-home:ro,Z" "-e" "SOURCE_DIR=/opt/rustwide/workdir" "-e" "CARGO_TARGET_DIR=/opt/rustwide/target" "-e" "CARGO_INCREMENTAL=0" "-e" "RUST_BACKTRACE=full" "-e" "RUSTFLAGS=--cap-lints=warn" "-e" "RUSTDOCFLAGS=--cap-lints=warn" "-e" "CARGO_HOME=/opt/rustwide/cargo-home" "-e" "RUSTUP_HOME=/opt/rustwide/rustup-home" "-w" "/opt/rustwide/workdir" "-m" "1610612736" "--user" "0:0" "--network" "none" "ghcr.io/rust-lang/crates-build-env/linux@sha256:f3a9d4ad9d972b27faf3965f35b62e55ba32bbce8f20bc8fe909558a86702fde" "/opt/rustwide/cargo-home/bin/cargo" "+1.83.0" "build" "--frozen" "--message-format=json", kill_on_drop: false }`
[INFO] [stdout] 6054bda84ace485d9e259e3529696534e3c503e606a44c209c693ae5fbbeb1de
[INFO] running `Command { std: "docker" "start" "-a" "6054bda84ace485d9e259e3529696534e3c503e606a44c209c693ae5fbbeb1de", kill_on_drop: false }`
[INFO] [stderr]    Compiling unicode-ident v1.0.12
[INFO] [stderr]    Compiling indices v0.3.6
[INFO] [stderr]    Compiling proc-macro2 v1.0.92
[INFO] [stderr]    Compiling quote v1.0.36
[INFO] [stderr]    Compiling syn v2.0.90
[INFO] [stderr]    Compiling error_set_impl v0.8.2
[INFO] [stderr]    Compiling error_set v0.8.2 (/opt/rustwide/workdir)
[INFO] [stderr]     Finished `dev` profile [unoptimized + debuginfo] target(s) in 5.34s
[INFO] running `Command { std: "docker" "inspect" "6054bda84ace485d9e259e3529696534e3c503e606a44c209c693ae5fbbeb1de", kill_on_drop: false }`
[INFO] running `Command { std: "docker" "rm" "-f" "6054bda84ace485d9e259e3529696534e3c503e606a44c209c693ae5fbbeb1de", kill_on_drop: false }`
[INFO] [stdout] 6054bda84ace485d9e259e3529696534e3c503e606a44c209c693ae5fbbeb1de
[INFO] running `Command { std: "docker" "create" "-v" "/var/lib/crater-agent-workspace/builds/worker-7-tc1/target:/opt/rustwide/target:rw,Z" "-v" "/var/lib/crater-agent-workspace/builds/worker-7-tc1/source:/opt/rustwide/workdir:ro,Z" "-v" "/var/lib/crater-agent-workspace/cargo-home:/opt/rustwide/cargo-home:ro,Z" "-v" "/var/lib/crater-agent-workspace/rustup-home:/opt/rustwide/rustup-home:ro,Z" "-e" "SOURCE_DIR=/opt/rustwide/workdir" "-e" "CARGO_TARGET_DIR=/opt/rustwide/target" "-e" "CARGO_INCREMENTAL=0" "-e" "RUST_BACKTRACE=full" "-e" "RUSTFLAGS=--cap-lints=warn" "-e" "RUSTDOCFLAGS=--cap-lints=warn" "-e" "CARGO_HOME=/opt/rustwide/cargo-home" "-e" "RUSTUP_HOME=/opt/rustwide/rustup-home" "-w" "/opt/rustwide/workdir" "-m" "1610612736" "--user" "0:0" "--network" "none" "ghcr.io/rust-lang/crates-build-env/linux@sha256:f3a9d4ad9d972b27faf3965f35b62e55ba32bbce8f20bc8fe909558a86702fde" "/opt/rustwide/cargo-home/bin/cargo" "+1.83.0" "test" "--frozen" "--no-run" "--message-format=json", kill_on_drop: false }`
[INFO] [stdout] c748022c1f0a5e1532634992db4b97a67fff7833356f6d8161ae0c9d4b699eba
[INFO] running `Command { std: "docker" "start" "-a" "c748022c1f0a5e1532634992db4b97a67fff7833356f6d8161ae0c9d4b699eba", kill_on_drop: false }`
[INFO] [stderr]    Compiling serde v1.0.204
[INFO] [stderr]    Compiling once_cell v1.19.0
[INFO] [stderr]    Compiling regex-syntax v0.6.29
[INFO] [stderr]    Compiling equivalent v1.0.1
[INFO] [stderr]    Compiling hashbrown v0.14.5
[INFO] [stderr]    Compiling regex-syntax v0.8.4
[INFO] [stderr]    Compiling overload v0.1.1
[INFO] [stderr]    Compiling serde_json v1.0.120
[INFO] [stderr]    Compiling pin-project-lite v0.2.14
[INFO] [stderr]    Compiling log v0.4.22
[INFO] [stderr]    Compiling winnow v0.6.14
[INFO] [stderr]    Compiling smallvec v1.13.2
[INFO] [stderr]    Compiling sharded-slab v0.1.7
[INFO] [stderr]    Compiling trybuild v1.0.97
[INFO] [stderr]    Compiling itoa v1.0.11
[INFO] [stderr]    Compiling syn v2.0.90
[INFO] [stderr]    Compiling nu-ansi-term v0.46.0
[INFO] [stderr]    Compiling ryu v1.0.18
[INFO] [stderr]    Compiling termcolor v1.4.1
[INFO] [stderr]    Compiling glob v0.3.1
[INFO] [stderr]    Compiling tracing-core v0.1.32
[INFO] [stderr]    Compiling thread_local v1.1.8
[INFO] [stderr]    Compiling tracing-log v0.2.0
[INFO] [stderr]    Compiling tracing v0.1.40
[INFO] [stderr]    Compiling indexmap v2.2.6
[INFO] [stderr]    Compiling regex-automata v0.4.7
[INFO] [stderr]    Compiling regex-automata v0.1.10
[INFO] [stderr]    Compiling matchers v0.1.0
[INFO] [stderr]    Compiling toml_datetime v0.6.6
[INFO] [stderr]    Compiling serde_spanned v0.6.6
[INFO] [stderr]    Compiling regex v1.10.5
[INFO] [stderr]    Compiling toml_edit v0.22.16
[INFO] [stderr]    Compiling tracing-test-macro v0.2.5
[INFO] [stderr]    Compiling serde_derive v1.0.204
[INFO] [stderr]    Compiling error_set_impl v0.8.2
[INFO] [stderr]    Compiling tracing-subscriber v0.3.18
[INFO] [stderr]    Compiling error_set v0.8.2 (/opt/rustwide/workdir)
[INFO] [stderr]    Compiling tracing-test v0.2.5
[INFO] [stderr]    Compiling toml v0.8.15
[INFO] [stderr]     Finished `test` profile [unoptimized + debuginfo] target(s) in 25.27s
[INFO] running `Command { std: "docker" "inspect" "c748022c1f0a5e1532634992db4b97a67fff7833356f6d8161ae0c9d4b699eba", kill_on_drop: false }`
[INFO] running `Command { std: "docker" "rm" "-f" "c748022c1f0a5e1532634992db4b97a67fff7833356f6d8161ae0c9d4b699eba", kill_on_drop: false }`
[INFO] [stdout] c748022c1f0a5e1532634992db4b97a67fff7833356f6d8161ae0c9d4b699eba
[INFO] running `Command { std: "docker" "create" "-v" "/var/lib/crater-agent-workspace/builds/worker-7-tc1/target:/opt/rustwide/target:rw,Z" "-v" "/var/lib/crater-agent-workspace/builds/worker-7-tc1/source:/opt/rustwide/workdir:ro,Z" "-v" "/var/lib/crater-agent-workspace/cargo-home:/opt/rustwide/cargo-home:ro,Z" "-v" "/var/lib/crater-agent-workspace/rustup-home:/opt/rustwide/rustup-home:ro,Z" "-e" "SOURCE_DIR=/opt/rustwide/workdir" "-e" "CARGO_TARGET_DIR=/opt/rustwide/target" "-e" "CARGO_INCREMENTAL=0" "-e" "RUST_BACKTRACE=full" "-e" "RUSTFLAGS=--cap-lints=warn" "-e" "RUSTDOCFLAGS=--cap-lints=warn" "-e" "CARGO_HOME=/opt/rustwide/cargo-home" "-e" "RUSTUP_HOME=/opt/rustwide/rustup-home" "-w" "/opt/rustwide/workdir" "-m" "1610612736" "--user" "0:0" "--network" "none" "ghcr.io/rust-lang/crates-build-env/linux@sha256:f3a9d4ad9d972b27faf3965f35b62e55ba32bbce8f20bc8fe909558a86702fde" "/opt/rustwide/cargo-home/bin/cargo" "+1.83.0" "test" "--frozen", kill_on_drop: false }`
[INFO] [stdout] 3a0f958514c89e57fbf6ba479244dab84cb1c3e12a755fd36be609b34a4a614a
[INFO] running `Command { std: "docker" "start" "-a" "3a0f958514c89e57fbf6ba479244dab84cb1c3e12a755fd36be609b34a4a614a", kill_on_drop: false }`
[INFO] [stderr]     Finished `test` profile [unoptimized + debuginfo] target(s) in 0.09s
[INFO] [stderr]      Running unittests src/lib.rs (/opt/rustwide/target/debug/deps/error_set-70a688a8c2c81577)
[INFO] [stdout] 
[INFO] [stdout] running 0 tests
[INFO] [stderr]      Running tests/mod.rs (/opt/rustwide/target/debug/deps/mod-25853ecf9cd5be8c)
[INFO] [stdout] 
[INFO] [stdout] test result: ok. 0 passed; 0 failed; 0 ignored; 0 measured; 0 filtered out; finished in 0.00s
[INFO] [stdout] 
[INFO] [stdout] 
[INFO] [stdout] running 23 tests
[INFO] [stdout] test disable::test ... ok
[INFO] [stdout] test empty_set::test ... ok
[INFO] [stdout] test display_ref_error::test ... ok
[INFO] [stdout] test documentation::test ... ok
[INFO] [stdout] test from_for_generic_and_regular::test ... ok
[INFO] [stdout] test generics::test ... ok
[INFO] [stdout] test error_sources_of_same_name::test ... ok
[INFO] [stdout] test inline_source_error::test ... ok
[INFO] [stdout] test multiple_error_sources_of_same_type::test ... ok
[INFO] [stdout] test readme_example::test ... ok
[INFO] [stdout] test only_empty_set::test ... ok
[INFO] [stdout] test readme_example_full_expansion::test ... ok
[INFO] [stdout] test regular::into_works_correctly ... ok
[INFO] [stdout] test value_variants1::test ... ok
[INFO] [stdout] test fields_with_unique_types::test ... ok
[INFO] [stdout] test value_variants2::test ... ok
[INFO] [stderr]    Compiling proc-macro2 v1.0.92
[INFO] [stderr]    Compiling unicode-ident v1.0.12
[INFO] [stderr]     Checking once_cell v1.19.0
[INFO] [stderr]     Checking regex-syntax v0.8.4
[INFO] [stderr]     Checking regex-syntax v0.6.29
[INFO] [stderr]     Checking log v0.4.22
[INFO] [stderr]     Checking lazy_static v1.5.0
[INFO] [stderr]     Checking overload v0.1.1
[INFO] [stderr]     Checking cfg-if v1.0.0
[INFO] [stderr]     Checking pin-project-lite v0.2.14
[INFO] [stderr]     Checking smallvec v1.13.2
[INFO] [stderr]    Compiling indices v0.3.6
[INFO] [stderr]     Checking nu-ansi-term v0.46.0
[INFO] [stderr]     Checking sharded-slab v0.1.7
[INFO] [stderr]     Checking tracing-core v0.1.32
[INFO] [stderr]     Checking thread_local v1.1.8
[INFO] [stderr]     Checking tracing v0.1.40
[INFO] [stderr]     Checking tracing-log v0.2.0
[INFO] [stderr]    Compiling quote v1.0.36
[INFO] [stderr]    Compiling syn v2.0.90
[INFO] [stderr]     Checking regex-automata v0.4.7
[INFO] [stderr]     Checking regex-automata v0.1.10
[INFO] [stderr]     Checking matchers v0.1.0
[INFO] [stderr]     Checking regex v1.10.5
[INFO] [stderr]     Checking tracing-subscriber v0.3.18
[INFO] [stderr]    Compiling error_set_impl v0.8.2
[INFO] [stderr]    Compiling tracing-test-macro v0.2.5
[INFO] [stderr]     Checking tracing-test v0.2.5
[INFO] [stderr]     Checking error_set v0.8.2 (/opt/rustwide/workdir)
[INFO] [stderr]     Checking error_set-tests v0.0.0 (/opt/rustwide/target/tests/trybuild/error_set)
[INFO] [stderr]     Finished `dev` profile [unoptimized + debuginfo] target(s) in 11.07s
[INFO] [stderr] 
[INFO] [stderr] 
[INFO] [stderr] test tests/trybuild/no_from_for_multiple_of_same_type.rs ... ok
[INFO] [stderr] 
[INFO] [stderr] 
[INFO] [stdout] test should_not_compile_tests::no_from_for_multiple_of_same_type ... ok
[INFO] [stderr]     Checking error_set-tests v0.0.0 (/opt/rustwide/target/tests/trybuild/error_set)
[INFO] [stderr]     Finished `dev` profile [unoptimized + debuginfo] target(s) in 0.52s
[INFO] [stderr] 
[INFO] [stderr] 
[INFO] [stdout] test should_not_compile_tests::generic_specification_needed ... ok
[INFO] [stderr] test tests/trybuild/generic_specification_needed.rs ... ok
[INFO] [stderr] 
[INFO] [stderr] 
[INFO] [stderr]     Checking error_set-tests v0.0.0 (/opt/rustwide/target/tests/trybuild/error_set)
[INFO] [stderr]     Finished `dev` profile [unoptimized + debuginfo] target(s) in 0.40s
[INFO] [stderr] 
[INFO] [stderr] 
[INFO] [stderr] test tests/trybuild/depends_on_itself.rs ... ok
[INFO] [stderr] 
[INFO] [stderr] 
[INFO] [stdout] test should_not_compile_tests::depends_on_self ... ok
[INFO] [stderr]     Checking error_set-tests v0.0.0 (/opt/rustwide/target/tests/trybuild/error_set)
[INFO] [stderr]     Finished `dev` profile [unoptimized + debuginfo] target(s) in 0.24s
[INFO] [stderr] 
[INFO] [stderr] 
[INFO] [stderr] test tests/trybuild/error_sources_of_diffrent_names.rs ... ok
[INFO] [stderr] 
[INFO] [stderr] 
[INFO] [stdout] test should_not_compile_tests::error_sources_of_diffrent_names ... ok
[INFO] [stderr]     Checking error_set-tests v0.0.0 (/opt/rustwide/target/tests/trybuild/error_set)
[INFO] [stderr]     Finished `dev` profile [unoptimized + debuginfo] target(s) in 0.07s
[INFO] [stderr] 
[INFO] [stderr] 
[INFO] [stderr] test tests/trybuild/recursive_dependency.rs ... ok
[INFO] [stderr] 
[INFO] [stderr] 
[INFO] [stdout] test should_not_compile_tests::recursive_dependency ... ok
[INFO] [stderr]     Checking error_set-tests v0.0.0 (/opt/rustwide/target/tests/trybuild/error_set)
[INFO] [stderr]     Finished `dev` profile [unoptimized + debuginfo] target(s) in 0.10s
[INFO] [stderr] 
[INFO] [stderr] 
[INFO] [stderr] test tests/trybuild/floating_attributes.rs ... ok
[INFO] [stderr] 
[INFO] [stderr] 
[INFO] [stdout] test should_not_compile_tests::floating_attributes ... ok
[INFO] [stderr]     Checking error_set-tests v0.0.0 (/opt/rustwide/target/tests/trybuild/error_set)
[INFO] [stderr]     Finished `dev` profile [unoptimized + debuginfo] target(s) in 0.17s
[INFO] [stderr] 
[INFO] [stderr] 
[INFO] [stdout] test should_not_compile_tests::two_enums_same_name ... ok
[INFO] [stderr] test tests/trybuild/two_enums_same_name.rs ... ok
[INFO] [stdout] 
[INFO] [stderr] 
[INFO] [stdout] test result: ok. 23 passed; 0 failed; 0 ignored; 0 measured; 0 filtered out; finished in 14.57s
[INFO] [stderr] 
[INFO] [stdout] 
[INFO] [stderr]    Doc-tests error_set
[INFO] [stdout] 
[INFO] [stdout] running 24 tests
[INFO] [stdout] test src/../README.md - (line 408) ... FAILED
[INFO] [stdout] test src/../README.md - (line 374) ... FAILED
[INFO] [stdout] test src/../README.md - (line 392) ... FAILED
[INFO] [stdout] test src/../README.md - (line 482) ... FAILED
[INFO] [stdout] test src/../README.md - (line 342) ... FAILED
[INFO] [stdout] test src/../README.md - (line 258) ... FAILED
[INFO] [stdout] test src/../README.md - (line 459) ... FAILED
[INFO] [stdout] test src/../README.md - (line 433) ... FAILED
[INFO] [stdout] test src/../README.md - (line 504) ... FAILED
[INFO] [stdout] test src/../README.md - (line 548) ... FAILED
[INFO] [stdout] test src/../README.md - (line 447) ... FAILED
[INFO] [stdout] test src/../README.md - (line 297) ... FAILED
[INFO] [stdout] test src/../README.md - (line 565) ... FAILED
[INFO] [stdout] test src/../README.md - (line 637) ... FAILED
[INFO] [stdout] test src/../README.md - (line 582) ... FAILED
[INFO] [stdout] test src/../README.md - (line 617) ... FAILED
[INFO] [stdout] test src/../README.md - (line 383) ... ok
[INFO] [stdout] test src/../README.md - (line 612) ... FAILED
[INFO] [stdout] test src/../README.md - (line 527) ... FAILED
[INFO] [stdout] test src/../README.md - (line 48) ... ok
[INFO] [stdout] test src/../README.md - (line 601) ... FAILED
[INFO] [stdout] test src/../README.md - (line 13) ... ok
[INFO] [stdout] test src/../README.md - (line 419) ... ok
[INFO] [stdout] test src/../README.md - (line 400) ... ok
[INFO] [stdout] 
[INFO] [stdout] failures:
[INFO] [stdout] 
[INFO] [stdout] ---- src/../README.md - (line 408) stdout ----
[INFO] [stdout] error: cannot find macro `error_set` in this scope
[INFO] [stdout]  --> src/../README.md:410:1
[INFO] [stdout]   |
[INFO] [stdout] 5 | error_set! {
[INFO] [stdout]   | ^^^^^^^^^
[INFO] [stdout]   |
[INFO] [stdout] note: `error_set` is imported here, but it is a crate, not a macro
[INFO] [stdout]  --> src/../README.md:408:1
[INFO] [stdout]   |
[INFO] [stdout] 3 | extern crate r#error_set;
[INFO] [stdout]   | ^^^^^^^^^^^^^^^^^^^^^^^^^
[INFO] [stdout] help: consider importing one of these macros
[INFO] [stdout]   |
[INFO] [stdout] 2 + use error_set::error_set;
[INFO] [stdout]   |
[INFO] [stdout] 2 + use error_set_impl::error_set;
[INFO] [stdout]   |
[INFO] [stdout] 
[INFO] [stdout] error: aborting due to 1 previous error
[INFO] [stdout] 
[INFO] [stdout] Couldn't compile the test.
[INFO] [stdout] ---- src/../README.md - (line 374) stdout ----
[INFO] [stdout] error: cannot find macro `error_set` in this scope
[INFO] [stdout]  --> src/../README.md:376:1
[INFO] [stdout]   |
[INFO] [stdout] 5 | error_set! {
[INFO] [stdout]   | ^^^^^^^^^
[INFO] [stdout]   |
[INFO] [stdout] note: `error_set` is imported here, but it is a crate, not a macro
[INFO] [stdout]  --> src/../README.md:374:1
[INFO] [stdout]   |
[INFO] [stdout] 3 | extern crate r#error_set;
[INFO] [stdout]   | ^^^^^^^^^^^^^^^^^^^^^^^^^
[INFO] [stdout] help: consider importing one of these macros
[INFO] [stdout]   |
[INFO] [stdout] 2 + use error_set::error_set;
[INFO] [stdout]   |
[INFO] [stdout] 2 + use error_set_impl::error_set;
[INFO] [stdout]   |
[INFO] [stdout] 
[INFO] [stdout] error: aborting due to 1 previous error
[INFO] [stdout] 
[INFO] [stdout] Couldn't compile the test.
[INFO] [stdout] ---- src/../README.md - (line 392) stdout ----
[INFO] [stdout] error: cannot find macro `error_set` in this scope
[INFO] [stdout]  --> src/../README.md:394:1
[INFO] [stdout]   |
[INFO] [stdout] 5 | error_set! {
[INFO] [stdout]   | ^^^^^^^^^
[INFO] [stdout]   |
[INFO] [stdout] note: `error_set` is imported here, but it is a crate, not a macro
[INFO] [stdout]  --> src/../README.md:392:1
[INFO] [stdout]   |
[INFO] [stdout] 3 | extern crate r#error_set;
[INFO] [stdout]   | ^^^^^^^^^^^^^^^^^^^^^^^^^
[INFO] [stdout] help: consider importing one of these macros
[INFO] [stdout]   |
[INFO] [stdout] 2 + use error_set::error_set;
[INFO] [stdout]   |
[INFO] [stdout] 2 + use error_set_impl::error_set;
[INFO] [stdout]   |
[INFO] [stdout] 
[INFO] [stdout] error: aborting due to 1 previous error
[INFO] [stdout] 
[INFO] [stdout] Couldn't compile the test.
[INFO] [stdout] ---- src/../README.md - (line 482) stdout ----
[INFO] [stdout] error: cannot find macro `error_set` in this scope
[INFO] [stdout]  --> src/../README.md:484:1
[INFO] [stdout]   |
[INFO] [stdout] 5 | error_set! {
[INFO] [stdout]   | ^^^^^^^^^
[INFO] [stdout]   |
[INFO] [stdout] note: `error_set` is imported here, but it is a crate, not a macro
[INFO] [stdout]  --> src/../README.md:482:1
[INFO] [stdout]   |
[INFO] [stdout] 3 | extern crate r#error_set;
[INFO] [stdout]   | ^^^^^^^^^^^^^^^^^^^^^^^^^
[INFO] [stdout] help: consider importing one of these macros
[INFO] [stdout]   |
[INFO] [stdout] 2 + use error_set::error_set;
[INFO] [stdout]   |
[INFO] [stdout] 2 + use error_set_impl::error_set;
[INFO] [stdout]   |
[INFO] [stdout] 
[INFO] [stdout] error: aborting due to 1 previous error
[INFO] [stdout] 
[INFO] [stdout] Couldn't compile the test.
[INFO] [stdout] ---- src/../README.md - (line 342) stdout ----
[INFO] [stdout] error: unexpected token: `...`
[INFO] [stdout]   --> src/../README.md:360:9
[INFO] [stdout]    |
[INFO] [stdout] 21 |         ...
[INFO] [stdout]    |         ^^^
[INFO] [stdout]    |
[INFO] [stdout] help: use `..` for an exclusive range
[INFO] [stdout]    |
[INFO] [stdout] 21 |         ..
[INFO] [stdout]    |
[INFO] [stdout] help: or `..=` for an inclusive range
[INFO] [stdout]    |
[INFO] [stdout] 21 |         ..=
[INFO] [stdout]    |
[INFO] [stdout] 
[INFO] [stdout] error[E0586]: inclusive range with no end
[INFO] [stdout]   --> src/../README.md:360:9
[INFO] [stdout]    |
[INFO] [stdout] 21 |         ...
[INFO] [stdout]    |         ^^^
[INFO] [stdout]    |
[INFO] [stdout]    = note: inclusive ranges must be bounded at the end (`..=b` or `a..=b`)
[INFO] [stdout] help: use `..` instead
[INFO] [stdout]    |
[INFO] [stdout] 21 -         ...
[INFO] [stdout] 21 +         ..
[INFO] [stdout]    |
[INFO] [stdout] 
[INFO] [stdout] error: cannot find macro `error_set` in this scope
[INFO] [stdout]  --> src/../README.md:344:1
[INFO] [stdout]   |
[INFO] [stdout] 5 | error_set! {
[INFO] [stdout]   | ^^^^^^^^^
[INFO] [stdout]   |
[INFO] [stdout] note: `error_set` is imported here, but it is a crate, not a macro
[INFO] [stdout]  --> src/../README.md:342:1
[INFO] [stdout]   |
[INFO] [stdout] 3 | extern crate r#error_set;
[INFO] [stdout]   | ^^^^^^^^^^^^^^^^^^^^^^^^^
[INFO] [stdout] help: consider importing one of these macros
[INFO] [stdout]   |
[INFO] [stdout] 2 + use error_set::error_set;
[INFO] [stdout]   |
[INFO] [stdout] 2 + use error_set_impl::error_set;
[INFO] [stdout]   |
[INFO] [stdout] 
[INFO] [stdout] error[E0412]: cannot find type `JwtVerifier` in this scope
[INFO] [stdout]   --> src/../README.md:351:6
[INFO] [stdout]    |
[INFO] [stdout] 12 | impl JwtVerifier {
[INFO] [stdout]    |      ^^^^^^^^^^^ not found in this scope
[INFO] [stdout] 
[INFO] [stdout] error[E0412]: cannot find type `JwtVerifierCreationError` in this scope
[INFO] [stdout]   --> src/../README.md:352:58
[INFO] [stdout]    |
[INFO] [stdout] 13 |     pub async fn new(project_id: String) -> Result<Self, JwtVerifierCreationError> {
[INFO] [stdout]    |                                                          ^^^^^^^^^^^^^^^^^^^^^^^^ not found in this scope
[INFO] [stdout]    |
[INFO] [stdout] help: you might be missing a type parameter
[INFO] [stdout]    |
[INFO] [stdout] 12 | impl<JwtVerifierCreationError> JwtVerifier {
[INFO] [stdout]    |     ++++++++++++++++++++++++++
[INFO] [stdout] 
[INFO] [stdout] error[E0433]: failed to resolve: use of undeclared type `DecodingKey`
[INFO] [stdout]   --> src/../README.md:357:17
[INFO] [stdout]    |
[INFO] [stdout] 18 |                 DecodingKey::from_rsa_pem(value.as_bytes()).map(|decoding_key| (key, decoding_key))
[INFO] [stdout]    |                 ^^^^^^^^^^^ use of undeclared type `DecodingKey`
[INFO] [stdout] 
[INFO] [stdout] error: aborting due to 6 previous errors
[INFO] [stdout] 
[INFO] [stdout] Some errors have detailed explanations: E0412, E0433, E0586.
[INFO] [stdout] For more information about an error, try `rustc --explain E0412`.
[INFO] [stdout] Couldn't compile the test.
[INFO] [stdout] ---- src/../README.md - (line 258) stdout ----
[INFO] [stdout] error: cannot find macro `error_set` in this scope
[INFO] [stdout]  --> src/../README.md:260:1
[INFO] [stdout]   |
[INFO] [stdout] 5 | error_set! {
[INFO] [stdout]   | ^^^^^^^^^
[INFO] [stdout]   |
[INFO] [stdout] note: `error_set` is imported here, but it is a crate, not a macro
[INFO] [stdout]  --> src/../README.md:258:1
[INFO] [stdout]   |
[INFO] [stdout] 3 | extern crate r#error_set;
[INFO] [stdout]   | ^^^^^^^^^^^^^^^^^^^^^^^^^
[INFO] [stdout] help: consider importing one of these macros
[INFO] [stdout]   |
[INFO] [stdout] 2 + use error_set::error_set;
[INFO] [stdout]   |
[INFO] [stdout] 2 + use error_set_impl::error_set;
[INFO] [stdout]   |
[INFO] [stdout] 
[INFO] [stdout] error: aborting due to 1 previous error
[INFO] [stdout] 
[INFO] [stdout] Couldn't compile the test.
[INFO] [stdout] ---- src/../README.md - (line 459) stdout ----
[INFO] [stdout] error: cannot find macro `error_set` in this scope
[INFO] [stdout]  --> src/../README.md:461:1
[INFO] [stdout]   |
[INFO] [stdout] 5 | error_set! {
[INFO] [stdout]   | ^^^^^^^^^
[INFO] [stdout]   |
[INFO] [stdout] note: `error_set` is imported here, but it is a crate, not a macro
[INFO] [stdout]  --> src/../README.md:459:1
[INFO] [stdout]   |
[INFO] [stdout] 3 | extern crate r#error_set;
[INFO] [stdout]   | ^^^^^^^^^^^^^^^^^^^^^^^^^
[INFO] [stdout] help: consider importing one of these macros
[INFO] [stdout]   |
[INFO] [stdout] 2 + use error_set::error_set;
[INFO] [stdout]   |
[INFO] [stdout] 2 + use error_set_impl::error_set;
[INFO] [stdout]   |
[INFO] [stdout] 
[INFO] [stdout] error: aborting due to 1 previous error
[INFO] [stdout] 
[INFO] [stdout] Couldn't compile the test.
[INFO] [stdout] ---- src/../README.md - (line 433) stdout ----
[INFO] [stdout] error: cannot find macro `error_set` in this scope
[INFO] [stdout]  --> src/../README.md:435:1
[INFO] [stdout]   |
[INFO] [stdout] 5 | error_set! {
[INFO] [stdout]   | ^^^^^^^^^
[INFO] [stdout]   |
[INFO] [stdout] note: `error_set` is imported here, but it is a crate, not a macro
[INFO] [stdout]  --> src/../README.md:433:1
[INFO] [stdout]   |
[INFO] [stdout] 3 | extern crate r#error_set;
[INFO] [stdout]   | ^^^^^^^^^^^^^^^^^^^^^^^^^
[INFO] [stdout] help: consider importing one of these macros
[INFO] [stdout]   |
[INFO] [stdout] 2 + use error_set::error_set;
[INFO] [stdout]   |
[INFO] [stdout] 2 + use error_set_impl::error_set;
[INFO] [stdout]   |
[INFO] [stdout] 
[INFO] [stdout] error: aborting due to 1 previous error
[INFO] [stdout] 
[INFO] [stdout] Couldn't compile the test.
[INFO] [stdout] ---- src/../README.md - (line 504) stdout ----
[INFO] [stdout] error[E0412]: cannot find type `AuthError` in this scope
[INFO] [stdout]  --> src/../README.md:506:12
[INFO] [stdout]   |
[INFO] [stdout] 3 |     let x: AuthError = AuthError::UserDoesNotExist {
[INFO] [stdout]   |            ^^^^^^^^^ not found in this scope
[INFO] [stdout] 
[INFO] [stdout] error[E0412]: cannot find type `LoginError` in this scope
[INFO] [stdout]  --> src/../README.md:511:12
[INFO] [stdout]   |
[INFO] [stdout] 8 |     let y: LoginError = x.into();
[INFO] [stdout]   |            ^^^^^^^^^^ not found in this scope
[INFO] [stdout] 
[INFO] [stdout] error[E0433]: failed to resolve: use of undeclared type `AuthError`
[INFO] [stdout]   --> src/../README.md:513:13
[INFO] [stdout]    |
[INFO] [stdout] 10 |     let x = AuthError::InvalidCredentials;
[INFO] [stdout]    |             ^^^^^^^^^ use of undeclared type `AuthError`
[INFO] [stdout] 
[INFO] [stdout] error[E0433]: failed to resolve: use of undeclared type `AuthError`
[INFO] [stdout]  --> src/../README.md:506:24
[INFO] [stdout]   |
[INFO] [stdout] 3 |     let x: AuthError = AuthError::UserDoesNotExist {
[INFO] [stdout]   |                        ^^^^^^^^^ use of undeclared type `AuthError`
[INFO] [stdout] 
[INFO] [stdout] error: aborting due to 4 previous errors
[INFO] [stdout] 
[INFO] [stdout] Some errors have detailed explanations: E0412, E0433.
[INFO] [stdout] For more information about an error, try `rustc --explain E0412`.
[INFO] [stdout] Couldn't compile the test.
[INFO] [stdout] ---- src/../README.md - (line 548) stdout ----
[INFO] [stdout] error: cannot find macro `error_set` in this scope
[INFO] [stdout]  --> src/../README.md:550:1
[INFO] [stdout]   |
[INFO] [stdout] 5 | error_set! {
[INFO] [stdout]   | ^^^^^^^^^
[INFO] [stdout]   |
[INFO] [stdout] note: `error_set` is imported here, but it is a crate, not a macro
[INFO] [stdout]  --> src/../README.md:548:1
[INFO] [stdout]   |
[INFO] [stdout] 3 | extern crate r#error_set;
[INFO] [stdout]   | ^^^^^^^^^^^^^^^^^^^^^^^^^
[INFO] [stdout] help: consider importing one of these macros
[INFO] [stdout]   |
[INFO] [stdout] 2 + use error_set::error_set;
[INFO] [stdout]   |
[INFO] [stdout] 2 + use error_set_impl::error_set;
[INFO] [stdout]   |
[INFO] [stdout] 
[INFO] [stdout] error: aborting due to 1 previous error
[INFO] [stdout] 
[INFO] [stdout] Couldn't compile the test.
[INFO] [stdout] ---- src/../README.md - (line 447) stdout ----
[INFO] [stdout] error: cannot find macro `error_set` in this scope
[INFO] [stdout]  --> src/../README.md:449:1
[INFO] [stdout]   |
[INFO] [stdout] 5 | error_set! {
[INFO] [stdout]   | ^^^^^^^^^
[INFO] [stdout]   |
[INFO] [stdout] note: `error_set` is imported here, but it is a crate, not a macro
[INFO] [stdout]  --> src/../README.md:447:1
[INFO] [stdout]   |
[INFO] [stdout] 3 | extern crate r#error_set;
[INFO] [stdout]   | ^^^^^^^^^^^^^^^^^^^^^^^^^
[INFO] [stdout] help: consider importing one of these macros
[INFO] [stdout]   |
[INFO] [stdout] 2 + use error_set::error_set;
[INFO] [stdout]   |
[INFO] [stdout] 2 + use error_set_impl::error_set;
[INFO] [stdout]   |
[INFO] [stdout] 
[INFO] [stdout] error: aborting due to 1 previous error
[INFO] [stdout] 
[INFO] [stdout] Couldn't compile the test.
[INFO] [stdout] ---- src/../README.md - (line 297) stdout ----
[INFO] [stdout] error[E0599]: no method named `coerce` found for enum `Result` in the current scope
[INFO] [stdout]   --> src/../README.md:330:74
[INFO] [stdout]    |
[INFO] [stdout] 35 |     let result_download_error: Result<(), DownloadError> = Err(io_error).coerce(); // == .map_err(Into::into);
[INFO] [stdout]    |                                                                          ^^^^^^ method not found in `Result<_, Error>`
[INFO] [stdout]    |
[INFO] [stdout]   ::: /opt/rustwide/workdir/src/lib.rs:31:8
[INFO] [stdout]    |
[INFO] [stdout] 31 |     fn coerce<E2: From<E1>>(self) -> Result<T, E2>;
[INFO] [stdout]    |        ------ the method is available for `Result<_, std::io::Error>` here
[INFO] [stdout]    |
[INFO] [stdout]    = help: items from traits can only be used if the trait is in scope
[INFO] [stdout] help: trait `CoerceResult` which provides `coerce` is implemented but not in scope; perhaps you want to import it
[INFO] [stdout]    |
[INFO] [stdout] 2  + use crate::error_set::CoerceResult;
[INFO] [stdout]    |
[INFO] [stdout] 
[INFO] [stdout] error: aborting due to 1 previous error
[INFO] [stdout] 
[INFO] [stdout] For more information about this error, try `rustc --explain E0599`.
[INFO] [stdout] Couldn't compile the test.
[INFO] [stdout] ---- src/../README.md - (line 565) stdout ----
[INFO] [stdout] error: cannot find macro `error_set` in this scope
[INFO] [stdout]  --> src/../README.md:567:1
[INFO] [stdout]   |
[INFO] [stdout] 5 | error_set! {
[INFO] [stdout]   | ^^^^^^^^^
[INFO] [stdout]   |
[INFO] [stdout] note: `error_set` is imported here, but it is a crate, not a macro
[INFO] [stdout]  --> src/../README.md:565:1
[INFO] [stdout]   |
[INFO] [stdout] 3 | extern crate r#error_set;
[INFO] [stdout]   | ^^^^^^^^^^^^^^^^^^^^^^^^^
[INFO] [stdout] help: consider importing one of these macros
[INFO] [stdout]   |
[INFO] [stdout] 2 + use error_set::error_set;
[INFO] [stdout]   |
[INFO] [stdout] 2 + use error_set_impl::error_set;
[INFO] [stdout]   |
[INFO] [stdout] 
[INFO] [stdout] error: aborting due to 1 previous error
[INFO] [stdout] 
[INFO] [stdout] Couldn't compile the test.
[INFO] [stdout] ---- src/../README.md - (line 637) stdout ----
[INFO] [stdout] error: cannot find macro `error_set` in this scope
[INFO] [stdout]   --> src/../README.md:657:1
[INFO] [stdout]    |
[INFO] [stdout] 23 | error_set! {
[INFO] [stdout]    | ^^^^^^^^^
[INFO] [stdout]    |
[INFO] [stdout] note: `error_set` is imported here, but it is a crate, not a macro
[INFO] [stdout]   --> src/../README.md:638:1
[INFO] [stdout]    |
[INFO] [stdout] 4  | extern crate r#error_set;
[INFO] [stdout]    | ^^^^^^^^^^^^^^^^^^^^^^^^^
[INFO] [stdout] help: consider importing one of these macros
[INFO] [stdout]    |
[INFO] [stdout] 3  + use error_set::error_set;
[INFO] [stdout]    |
[INFO] [stdout] 3  + use error_set_impl::error_set;
[INFO] [stdout]    |
[INFO] [stdout] 
[INFO] [stdout] error: cannot find derive macro `Error` in this scope
[INFO] [stdout]   --> src/../README.md:650:10
[INFO] [stdout]    |
[INFO] [stdout] 16 | #[derive(Error)]
[INFO] [stdout]    |          ^^^^^
[INFO] [stdout] 
[INFO] [stdout] error: cannot find attribute `from` in this scope
[INFO] [stdout]   --> src/../README.md:652:14
[INFO] [stdout]    |
[INFO] [stdout] 18 |     Error1(#[from] Error1),
[INFO] [stdout]    |              ^^^^
[INFO] [stdout] 
[INFO] [stdout] error: cannot find attribute `from` in this scope
[INFO] [stdout]   --> src/../README.md:653:14
[INFO] [stdout]    |
[INFO] [stdout] 19 |     Error2(#[from] Error2),
[INFO] [stdout]    |              ^^^^
[INFO] [stdout] 
[INFO] [stdout] error: cannot find derive macro `Error` in this scope
[INFO] [stdout]   --> src/../README.md:645:10
[INFO] [stdout]    |
[INFO] [stdout] 11 | #[derive(Error)]
[INFO] [stdout]    |          ^^^^^
[INFO] [stdout] 
[INFO] [stdout] error: cannot find derive macro `Error` in this scope
[INFO] [stdout]  --> src/../README.md:640:10
[INFO] [stdout]   |
[INFO] [stdout] 6 | #[derive(Error)]
[INFO] [stdout]   |          ^^^^^
[INFO] [stdout] 
[INFO] [stdout] warning: variant `a` should have an upper camel case name
[INFO] [stdout]  --> src/../README.md:642:5
[INFO] [stdout]   |
[INFO] [stdout] 8 |     a,
[INFO] [stdout]   |     ^ help: convert the identifier to upper camel case: `A`
[INFO] [stdout]   |
[INFO] [stdout]   = note: `#[warn(non_camel_case_types)]` on by default
[INFO] [stdout] 
[INFO] [stdout] warning: variant `b` should have an upper camel case name
[INFO] [stdout]  --> src/../README.md:643:5
[INFO] [stdout]   |
[INFO] [stdout] 9 |     b,
[INFO] [stdout]   |     ^ help: convert the identifier to upper camel case: `B`
[INFO] [stdout] 
[INFO] [stdout] warning: variant `c` should have an upper camel case name
[INFO] [stdout]   --> src/../README.md:647:5
[INFO] [stdout]    |
[INFO] [stdout] 13 |     c,
[INFO] [stdout]    |     ^ help: convert the identifier to upper camel case (notice the capitalization): `C`
[INFO] [stdout] 
[INFO] [stdout] warning: variant `d` should have an upper camel case name
[INFO] [stdout]   --> src/../README.md:648:5
[INFO] [stdout]    |
[INFO] [stdout] 14 |     d,
[INFO] [stdout]    |     ^ help: convert the identifier to upper camel case: `D`
[INFO] [stdout] 
[INFO] [stdout] error: aborting due to 6 previous errors; 4 warnings emitted
[INFO] [stdout] 
[INFO] [stdout] Couldn't compile the test.
[INFO] [stdout] ---- src/../README.md - (line 582) stdout ----
[INFO] [stdout] error: cannot find macro `error_set` in this scope
[INFO] [stdout]  --> src/../README.md:584:1
[INFO] [stdout]   |
[INFO] [stdout] 5 | error_set! {
[INFO] [stdout]   | ^^^^^^^^^
[INFO] [stdout]   |
[INFO] [stdout] note: `error_set` is imported here, but it is a crate, not a macro
[INFO] [stdout]  --> src/../README.md:582:1
[INFO] [stdout]   |
[INFO] [stdout] 3 | extern crate r#error_set;
[INFO] [stdout]   | ^^^^^^^^^^^^^^^^^^^^^^^^^
[INFO] [stdout] help: consider importing one of these macros
[INFO] [stdout]   |
[INFO] [stdout] 2 + use error_set::error_set;
[INFO] [stdout]   |
[INFO] [stdout] 2 + use error_set_impl::error_set;
[INFO] [stdout]   |
[INFO] [stdout] 
[INFO] [stdout] error: aborting due to 1 previous error
[INFO] [stdout] 
[INFO] [stdout] Couldn't compile the test.
[INFO] [stdout] ---- src/../README.md - (line 617) stdout ----
[INFO] [stdout] error[E0433]: failed to resolve: use of undeclared crate or module `tracing`
[INFO] [stdout]  --> src/../README.md:618:36
[INFO] [stdout]   |
[INFO] [stdout] 3 | let val = func().inspect_err(|err| tracing::warn!("`func` failed, here is some extra context like variable values"))?;
[INFO] [stdout]   |                                    ^^^^^^^ use of undeclared crate or module `tracing`
[INFO] [stdout] 
[INFO] [stdout] error[E0433]: failed to resolve: use of undeclared crate or module `tracing`
[INFO] [stdout]  --> src/../README.md:619:36
[INFO] [stdout]   |
[INFO] [stdout] 4 | let val = func().inspect_err(|err| tracing::warn!("{}", err)).ok();
[INFO] [stdout]   |                                    ^^^^^^^ use of undeclared crate or module `tracing`
[INFO] [stdout] 
[INFO] [stdout] error[E0425]: cannot find function `func` in this scope
[INFO] [stdout]  --> src/../README.md:618:11
[INFO] [stdout]   |
[INFO] [stdout] 3 | let val = func().inspect_err(|err| tracing::warn!("`func` failed, here is some extra context like variable values"))?;
[INFO] [stdout]   |           ^^^^ not found in this scope
[INFO] [stdout] 
[INFO] [stdout] error[E0425]: cannot find function `func` in this scope
[INFO] [stdout]  --> src/../README.md:619:11
[INFO] [stdout]   |
[INFO] [stdout] 4 | let val = func().inspect_err(|err| tracing::warn!("{}", err)).ok();
[INFO] [stdout]   |           ^^^^ not found in this scope
[INFO] [stdout] 
[INFO] [stdout] error: aborting due to 4 previous errors
[INFO] [stdout] 
[INFO] [stdout] Some errors have detailed explanations: E0425, E0433.
[INFO] [stdout] For more information about an error, try `rustc --explain E0425`.
[INFO] [stdout] Couldn't compile the test.
[INFO] [stdout] ---- src/../README.md - (line 612) stdout ----
[INFO] [stdout] error[E0425]: cannot find function `func` in this scope
[INFO] [stdout]  --> src/../README.md:613:11
[INFO] [stdout]   |
[INFO] [stdout] 3 | let val = func().warn("`func` failed, here is some extra context like variable values")?;
[INFO] [stdout]   |           ^^^^ not found in this scope
[INFO] [stdout] 
[INFO] [stdout] error[E0425]: cannot find function `func` in this scope
[INFO] [stdout]  --> src/../README.md:614:11
[INFO] [stdout]   |
[INFO] [stdout] 4 | let val = func().consume_warn();
[INFO] [stdout]   |           ^^^^ not found in this scope
[INFO] [stdout] 
[INFO] [stdout] error: aborting due to 2 previous errors
[INFO] [stdout] 
[INFO] [stdout] For more information about this error, try `rustc --explain E0425`.
[INFO] [stdout] Couldn't compile the test.
[INFO] [stdout] ---- src/../README.md - (line 527) stdout ----
[INFO] [stdout] error: cannot find macro `error_set` in this scope
[INFO] [stdout]  --> src/../README.md:529:1
[INFO] [stdout]   |
[INFO] [stdout] 5 | error_set! {
[INFO] [stdout]   | ^^^^^^^^^
[INFO] [stdout]   |
[INFO] [stdout] note: `error_set` is imported here, but it is a crate, not a macro
[INFO] [stdout]  --> src/../README.md:527:1
[INFO] [stdout]   |
[INFO] [stdout] 3 | extern crate r#error_set;
[INFO] [stdout]   | ^^^^^^^^^^^^^^^^^^^^^^^^^
[INFO] [stdout] help: consider importing one of these macros
[INFO] [stdout]   |
[INFO] [stdout] 2 + use error_set::error_set;
[INFO] [stdout]   |
[INFO] [stdout] 2 + use error_set_impl::error_set;
[INFO] [stdout]   |
[INFO] [stdout] 
[INFO] [stdout] error[E0405]: cannot find trait `Display` in this scope
[INFO] [stdout]   --> src/../README.md:536:6
[INFO] [stdout]    |
[INFO] [stdout] 12 | impl Display for X {
[INFO] [stdout]    |      ^^^^^^^ not found in this scope
[INFO] [stdout]    |
[INFO] [stdout] help: consider importing this trait
[INFO] [stdout]    |
[INFO] [stdout] 2  + use std::fmt::Display;
[INFO] [stdout]    |
[INFO] [stdout] 
[INFO] [stdout] error[E0412]: cannot find type `X` in this scope
[INFO] [stdout]   --> src/../README.md:536:18
[INFO] [stdout]    |
[INFO] [stdout] 12 | impl Display for X {
[INFO] [stdout]    |                  ^ not found in this scope
[INFO] [stdout] 
[INFO] [stdout] error[E0404]: expected trait, found derive macro `Debug`
[INFO] [stdout]   --> src/../README.md:542:6
[INFO] [stdout]    |
[INFO] [stdout] 18 | impl Debug for X {
[INFO] [stdout]    |      ^^^^^ not a trait
[INFO] [stdout]    |
[INFO] [stdout] help: consider importing this trait instead
[INFO] [stdout]    |
[INFO] [stdout] 2  + use std::fmt::Debug;
[INFO] [stdout]    |
[INFO] [stdout] 
[INFO] [stdout] error[E0412]: cannot find type `X` in this scope
[INFO] [stdout]   --> src/../README.md:542:16
[INFO] [stdout]    |
[INFO] [stdout] 18 | impl Debug for X {
[INFO] [stdout]    |                ^ not found in this scope
[INFO] [stdout] 
[INFO] [stdout] error: aborting due to 5 previous errors
[INFO] [stdout] 
[INFO] [stdout] Some errors have detailed explanations: E0404, E0405, E0412.
[INFO] [stdout] For more information about an error, try `rustc --explain E0404`.
[INFO] [stdout] Couldn't compile the test.
[INFO] [stdout] ---- src/../README.md - (line 601) stdout ----
[INFO] [stdout] error[E0599]: no method named `error` found for enum `Result` in the current scope
[INFO] [stdout]  --> src/../README.md:604:38
[INFO] [stdout]   |
[INFO] [stdout] 5 | let value: Result<(), &str> = result.error("If `Err`, this message is logged as error via tracing/log/defmt");
[INFO] [stdout]   |                                      ^^^^^
[INFO] [stdout]   |
[INFO] [stdout] help: there is a method `err` with a similar name, but with different arguments
[INFO] [stdout]  --> /rustc/90b35a6239c3d8bdabc530a6a0816f7ff89a0aaf/library/core/src/result.rs:680:5
[INFO] [stdout] 
[INFO] [stdout] error[E0599]: no method named `warn` found for enum `Result` in the current scope
[INFO] [stdout]  --> src/../README.md:605:38
[INFO] [stdout]   |
[INFO] [stdout] 6 | let value: Result<(), &str> = result.warn("If `Err`, this message is logged as warn via tracing/log/defmt");
[INFO] [stdout]   |                                      ^^^^ method not found in `Result<(), &str>`
[INFO] [stdout] 
[INFO] [stdout] error[E0599]: no method named `with_debug` found for enum `Result` in the current scope
[INFO] [stdout]  --> src/../README.md:606:38
[INFO] [stdout]   |
[INFO] [stdout] 7 | let value: Result<(), &str> = result.with_debug(|err| format!("If `Err`, this message is logged as debug via tracing/log/defmt: {}", err));
[INFO] [stdout]   |                                      ^^^^^^^^^^ method not found in `Result<(), &str>`
[INFO] [stdout] 
[INFO] [stdout] error[E0599]: no method named `consume_info` found for enum `Result` in the current scope
[INFO] [stdout]  --> src/../README.md:607:32
[INFO] [stdout]   |
[INFO] [stdout] 8 | let value: Option<()> = result.consume_info(); // If `Err`, the `Err` is logged as info via tracing/log/defmt
[INFO] [stdout]   |                                ^^^^^^^^^^^^
[INFO] [stdout]   |
[INFO] [stdout] help: there is a method `clone_into` with a similar name, but with different arguments
[INFO] [stdout]  --> /rustc/90b35a6239c3d8bdabc530a6a0816f7ff89a0aaf/library/alloc/src/borrow.rs:76:5
[INFO] [stdout] 
[INFO] [stdout] error[E0599]: no method named `consume_with_trace` found for enum `Result` in the current scope
[INFO] [stdout]  --> src/../README.md:608:32
[INFO] [stdout]   |
[INFO] [stdout] 9 | let value: Option<()> = result.consume_with_trace(|err| format!("If `Err`, this message is logged as trace via tracing/log/defmt: {}", er...
[INFO] [stdout]   |                                ^^^^^^^^^^^^^^^^^^ method not found in `Result<(), &str>`
[INFO] [stdout] 
[INFO] [stdout] error: aborting due to 5 previous errors
[INFO] [stdout] 
[INFO] [stdout] For more information about this error, try `rustc --explain E0599`.
[INFO] [stdout] Couldn't compile the test.
[INFO] [stdout] 
[INFO] [stdout] failures:
[INFO] [stdout]     src/../README.md - (line 258)
[INFO] [stdout]     src/../README.md - (line 297)
[INFO] [stdout]     src/../README.md - (line 342)
[INFO] [stdout]     src/../README.md - (line 374)
[INFO] [stdout]     src/../README.md - (line 392)
[INFO] [stdout]     src/../README.md - (line 408)
[INFO] [stdout]     src/../README.md - (line 433)
[INFO] [stdout]     src/../README.md - (line 447)
[INFO] [stdout]     src/../README.md - (line 459)
[INFO] [stdout]     src/../README.md - (line 482)
[INFO] [stdout]     src/../README.md - (line 504)
[INFO] [stdout]     src/../README.md - (line 527)
[INFO] [stdout]     src/../README.md - (line 548)
[INFO] [stdout]     src/../README.md - (line 565)
[INFO] [stdout]     src/../README.md - (line 582)
[INFO] [stdout]     src/../README.md - (line 601)
[INFO] [stdout]     src/../README.md - (line 612)
[INFO] [stdout]     src/../README.md - (line 617)
[INFO] [stdout]     src/../README.md - (line 637)
[INFO] [stdout] 
[INFO] [stdout] test result: FAILED. 5 passed; 19 failed; 0 ignored; 0 measured; 0 filtered out; finished in 0.82s
[INFO] [stdout] 
[INFO] [stderr] error: doctest failed, to rerun pass `--doc`
[INFO] running `Command { std: "docker" "inspect" "3a0f958514c89e57fbf6ba479244dab84cb1c3e12a755fd36be609b34a4a614a", kill_on_drop: false }`
[INFO] running `Command { std: "docker" "rm" "-f" "3a0f958514c89e57fbf6ba479244dab84cb1c3e12a755fd36be609b34a4a614a", kill_on_drop: false }`
[INFO] [stdout] 3a0f958514c89e57fbf6ba479244dab84cb1c3e12a755fd36be609b34a4a614a
