[INFO] fetching crate ernst 0.1.0...
[INFO] testing ernst-0.1.0 against 1.83.0 for beta-1.84.0-4-retry
[INFO] extracting crate ernst 0.1.0 into /workspace/builds/worker-3-tc1/source
[INFO] validating manifest of crates.io crate ernst 0.1.0 on toolchain 1.83.0
[INFO] running `Command { std: CARGO_HOME="/workspace/cargo-home" RUSTUP_HOME="/workspace/rustup-home" "/workspace/cargo-home/bin/cargo" "+1.83.0" "metadata" "--manifest-path" "Cargo.toml" "--no-deps", kill_on_drop: false }`
[INFO] started tweaking crates.io crate ernst 0.1.0
[INFO] finished tweaking crates.io crate ernst 0.1.0
[INFO] tweaked toml for crates.io crate ernst 0.1.0 written to /workspace/builds/worker-3-tc1/source/Cargo.toml
[INFO] crate crates.io crate ernst 0.1.0 already has a lockfile, it will not be regenerated
[INFO] running `Command { std: CARGO_HOME="/workspace/cargo-home" RUSTUP_HOME="/workspace/rustup-home" "/workspace/cargo-home/bin/cargo" "+1.83.0" "fetch" "--manifest-path" "Cargo.toml", kill_on_drop: false }`
[INFO] [stderr]     Updating crates.io index
[INFO] [stderr]  Downloading crates ...
[INFO] [stderr]   Downloaded ftree v1.0.1
[INFO] [stderr]   Downloaded fixedbitset v0.5.1
[INFO] running `Command { std: "docker" "create" "-v" "/var/lib/crater-agent-workspace/builds/worker-3-tc1/target:/opt/rustwide/target:rw,Z" "-v" "/var/lib/crater-agent-workspace/builds/worker-3-tc1/source:/opt/rustwide/workdir:ro,Z" "-v" "/var/lib/crater-agent-workspace/cargo-home:/opt/rustwide/cargo-home:ro,Z" "-v" "/var/lib/crater-agent-workspace/rustup-home:/opt/rustwide/rustup-home:ro,Z" "-e" "SOURCE_DIR=/opt/rustwide/workdir" "-e" "CARGO_TARGET_DIR=/opt/rustwide/target" "-e" "CARGO_HOME=/opt/rustwide/cargo-home" "-e" "RUSTUP_HOME=/opt/rustwide/rustup-home" "-w" "/opt/rustwide/workdir" "-m" "1610612736" "--user" "0:0" "--network" "none" "ghcr.io/rust-lang/crates-build-env/linux@sha256:f3a9d4ad9d972b27faf3965f35b62e55ba32bbce8f20bc8fe909558a86702fde" "/opt/rustwide/cargo-home/bin/cargo" "+1.83.0" "metadata" "--no-deps" "--format-version=1", kill_on_drop: false }`
[INFO] [stdout] 8ecdcff4c2af223cc40b941027a1c1c5ca010636ec43fa2ab8a935ffe1485e1e
[INFO] running `Command { std: "docker" "start" "-a" "8ecdcff4c2af223cc40b941027a1c1c5ca010636ec43fa2ab8a935ffe1485e1e", kill_on_drop: false }`
[INFO] running `Command { std: "docker" "inspect" "8ecdcff4c2af223cc40b941027a1c1c5ca010636ec43fa2ab8a935ffe1485e1e", kill_on_drop: false }`
[INFO] running `Command { std: "docker" "rm" "-f" "8ecdcff4c2af223cc40b941027a1c1c5ca010636ec43fa2ab8a935ffe1485e1e", kill_on_drop: false }`
[INFO] [stdout] 8ecdcff4c2af223cc40b941027a1c1c5ca010636ec43fa2ab8a935ffe1485e1e
[INFO] running `Command { std: "docker" "create" "-v" "/var/lib/crater-agent-workspace/builds/worker-3-tc1/target:/opt/rustwide/target:rw,Z" "-v" "/var/lib/crater-agent-workspace/builds/worker-3-tc1/source:/opt/rustwide/workdir:ro,Z" "-v" "/var/lib/crater-agent-workspace/cargo-home:/opt/rustwide/cargo-home:ro,Z" "-v" "/var/lib/crater-agent-workspace/rustup-home:/opt/rustwide/rustup-home:ro,Z" "-e" "SOURCE_DIR=/opt/rustwide/workdir" "-e" "CARGO_TARGET_DIR=/opt/rustwide/target" "-e" "CARGO_INCREMENTAL=0" "-e" "RUST_BACKTRACE=full" "-e" "RUSTFLAGS=--cap-lints=warn" "-e" "RUSTDOCFLAGS=--cap-lints=warn" "-e" "CARGO_HOME=/opt/rustwide/cargo-home" "-e" "RUSTUP_HOME=/opt/rustwide/rustup-home" "-w" "/opt/rustwide/workdir" "-m" "1610612736" "--user" "0:0" "--network" "none" "ghcr.io/rust-lang/crates-build-env/linux@sha256:f3a9d4ad9d972b27faf3965f35b62e55ba32bbce8f20bc8fe909558a86702fde" "/opt/rustwide/cargo-home/bin/cargo" "+1.83.0" "build" "--frozen" "--message-format=json", kill_on_drop: false }`
[INFO] [stdout] c95f3b3f8e2e2d27c403a0dbbf852f9f747851a18a857ecdb65784a5a0a25fb5
[INFO] running `Command { std: "docker" "start" "-a" "c95f3b3f8e2e2d27c403a0dbbf852f9f747851a18a857ecdb65784a5a0a25fb5", kill_on_drop: false }`
[INFO] [stderr]    Compiling libc v0.2.153
[INFO] [stderr]    Compiling cfg-if v1.0.0
[INFO] [stderr]    Compiling autocfg v1.1.0
[INFO] [stderr]    Compiling version_check v0.9.4
[INFO] [stderr]    Compiling ppv-lite86 v0.2.17
[INFO] [stderr]    Compiling once_cell v1.19.0
[INFO] [stderr]    Compiling equivalent v1.0.1
[INFO] [stderr]    Compiling hashbrown v0.14.3
[INFO] [stderr]    Compiling zerocopy v0.7.32
[INFO] [stderr]    Compiling ftree v1.0.1
[INFO] [stderr]    Compiling fixedbitset v0.5.1
[INFO] [stderr]    Compiling num-traits v0.2.18
[INFO] [stderr]    Compiling ahash v0.8.11
[INFO] [stderr]    Compiling indexmap v2.2.5
[INFO] [stderr]    Compiling getrandom v0.2.12
[INFO] [stderr]    Compiling rand_core v0.6.4
[INFO] [stderr]    Compiling rand_chacha v0.3.1
[INFO] [stderr]    Compiling rand v0.8.5
[INFO] [stderr]    Compiling ordered-float v4.2.0
[INFO] [stderr]    Compiling ernst v0.1.0 (/opt/rustwide/workdir)
[INFO] [stderr]     Finished `dev` profile [unoptimized + debuginfo] target(s) in 2.41s
[INFO] running `Command { std: "docker" "inspect" "c95f3b3f8e2e2d27c403a0dbbf852f9f747851a18a857ecdb65784a5a0a25fb5", kill_on_drop: false }`
[INFO] running `Command { std: "docker" "rm" "-f" "c95f3b3f8e2e2d27c403a0dbbf852f9f747851a18a857ecdb65784a5a0a25fb5", kill_on_drop: false }`
[INFO] [stdout] c95f3b3f8e2e2d27c403a0dbbf852f9f747851a18a857ecdb65784a5a0a25fb5
[INFO] running `Command { std: "docker" "create" "-v" "/var/lib/crater-agent-workspace/builds/worker-3-tc1/target:/opt/rustwide/target:rw,Z" "-v" "/var/lib/crater-agent-workspace/builds/worker-3-tc1/source:/opt/rustwide/workdir:ro,Z" "-v" "/var/lib/crater-agent-workspace/cargo-home:/opt/rustwide/cargo-home:ro,Z" "-v" "/var/lib/crater-agent-workspace/rustup-home:/opt/rustwide/rustup-home:ro,Z" "-e" "SOURCE_DIR=/opt/rustwide/workdir" "-e" "CARGO_TARGET_DIR=/opt/rustwide/target" "-e" "CARGO_INCREMENTAL=0" "-e" "RUST_BACKTRACE=full" "-e" "RUSTFLAGS=--cap-lints=warn" "-e" "RUSTDOCFLAGS=--cap-lints=warn" "-e" "CARGO_HOME=/opt/rustwide/cargo-home" "-e" "RUSTUP_HOME=/opt/rustwide/rustup-home" "-w" "/opt/rustwide/workdir" "-m" "1610612736" "--user" "0:0" "--network" "none" "ghcr.io/rust-lang/crates-build-env/linux@sha256:f3a9d4ad9d972b27faf3965f35b62e55ba32bbce8f20bc8fe909558a86702fde" "/opt/rustwide/cargo-home/bin/cargo" "+1.83.0" "test" "--frozen" "--no-run" "--message-format=json", kill_on_drop: false }`
[INFO] [stdout] 8bec3d10e07f1b3ed2a2c87d02a000311ec6c3cee183fb4f4bc5cf8914abe424
[INFO] running `Command { std: "docker" "start" "-a" "8bec3d10e07f1b3ed2a2c87d02a000311ec6c3cee183fb4f4bc5cf8914abe424", kill_on_drop: false }`
[INFO] [stderr]    Compiling ernst v0.1.0 (/opt/rustwide/workdir)
[INFO] [stderr]     Finished `test` profile [unoptimized + debuginfo] target(s) in 0.72s
[INFO] running `Command { std: "docker" "inspect" "8bec3d10e07f1b3ed2a2c87d02a000311ec6c3cee183fb4f4bc5cf8914abe424", kill_on_drop: false }`
[INFO] running `Command { std: "docker" "rm" "-f" "8bec3d10e07f1b3ed2a2c87d02a000311ec6c3cee183fb4f4bc5cf8914abe424", kill_on_drop: false }`
[INFO] [stdout] 8bec3d10e07f1b3ed2a2c87d02a000311ec6c3cee183fb4f4bc5cf8914abe424
[INFO] running `Command { std: "docker" "create" "-v" "/var/lib/crater-agent-workspace/builds/worker-3-tc1/target:/opt/rustwide/target:rw,Z" "-v" "/var/lib/crater-agent-workspace/builds/worker-3-tc1/source:/opt/rustwide/workdir:ro,Z" "-v" "/var/lib/crater-agent-workspace/cargo-home:/opt/rustwide/cargo-home:ro,Z" "-v" "/var/lib/crater-agent-workspace/rustup-home:/opt/rustwide/rustup-home:ro,Z" "-e" "SOURCE_DIR=/opt/rustwide/workdir" "-e" "CARGO_TARGET_DIR=/opt/rustwide/target" "-e" "CARGO_INCREMENTAL=0" "-e" "RUST_BACKTRACE=full" "-e" "RUSTFLAGS=--cap-lints=warn" "-e" "RUSTDOCFLAGS=--cap-lints=warn" "-e" "CARGO_HOME=/opt/rustwide/cargo-home" "-e" "RUSTUP_HOME=/opt/rustwide/rustup-home" "-w" "/opt/rustwide/workdir" "-m" "1610612736" "--user" "0:0" "--network" "none" "ghcr.io/rust-lang/crates-build-env/linux@sha256:f3a9d4ad9d972b27faf3965f35b62e55ba32bbce8f20bc8fe909558a86702fde" "/opt/rustwide/cargo-home/bin/cargo" "+1.83.0" "test" "--frozen", kill_on_drop: false }`
[INFO] [stdout] 0c67f1baf002579d6b6aafaced41edf9b9eeec4cea131fa75d01b12fbe5fcd89
[INFO] running `Command { std: "docker" "start" "-a" "0c67f1baf002579d6b6aafaced41edf9b9eeec4cea131fa75d01b12fbe5fcd89", kill_on_drop: false }`
[INFO] [stderr]     Finished `test` profile [unoptimized + debuginfo] target(s) in 0.03s
[INFO] [stderr]      Running unittests src/lib.rs (/opt/rustwide/target/debug/deps/ernst-8c36c97194f87f52)
[INFO] [stdout] 
[INFO] [stdout] running 17 tests
[INFO] [stdout] test hamiltonian::tests::test_total_energy ... ok
[INFO] [stdout] test nodelib::logic_gates::tests::test_and ... ok
[INFO] [stdout] test nodelib::logic_gates::tests::test_nand ... ok
[INFO] [stdout] test nodelib::logic_gates::tests::test_copy ... ok
[INFO] [stdout] test nodelib::logic_gates::tests::test_nor ... ok
[INFO] [stdout] test nodelib::logic_gates::tests::test_not ... ok
[INFO] [stdout] test nodelib::logic_gates::tests::test_or ... ok
[INFO] [stdout] test nodelib::logic_gates::tests::test_xnor ... ok
[INFO] [stdout] test solvers::tests::test_compute_all_states_and ... ok
[INFO] [stdout] test nodelib::logic_gates::tests::test_xor ... ok
[INFO] [stdout] test solvers::tests::test_compute_all_states_copy ... ok
[INFO] [stdout] test solvers::tests::test_compute_all_states_copy_and_then_and ... ok
[INFO] [stdout] test solvers::tests::test_compute_all_states_or ... ok
[INFO] [stdout] test solvers::tests::test_compute_all_states_copy_copy_copy ... ok
[INFO] [stdout] test solvers::tests::test_compute_all_states_ternary_or_chain ... ok
[INFO] [stdout] test nodelib::logic_gates::tests::test_ternary_or ... ok
[INFO] [stdout] test solvers::tests::test_simulated_annealing_chained_or ... ok
[INFO] [stdout] 
[INFO] [stdout] test result: ok. 17 passed; 0 failed; 0 ignored; 0 measured; 0 filtered out; finished in 0.05s
[INFO] [stdout] 
[INFO] [stderr]    Doc-tests ernst
[INFO] [stdout] 
[INFO] [stdout] running 7 tests
[INFO] [stdout] test src/spin_network.rs - spin_network::SpinNetwork::run_simulated_annealing (line 167) ... FAILED
[INFO] [stdout] test src/spin_network.rs - spin_network::SpinNetwork::add_input_node (line 51) ... ok
[INFO] [stdout] test src/solvers.rs - solvers::find_all_ground_states (line 38) ... ok
[INFO] [stdout] test src/spin_network.rs - spin_network::SpinNetwork::add_unary_node (line 70) ... ok
[INFO] [stdout] test src/spin_network.rs - spin_network::SpinNetwork::add_binary_node (line 87) ... ok
[INFO] [stdout] test src/spin_network.rs - spin_network::SpinNetwork::find_all_ground_states (line 111) ... ok
[INFO] [stdout] test src/solvers.rs - solvers::simulated_annealing (line 126) ... ok
[INFO] [stdout] 
[INFO] [stdout] failures:
[INFO] [stdout] 
[INFO] [stdout] ---- src/spin_network.rs - spin_network::SpinNetwork::run_simulated_annealing (line 167) stdout ----
[INFO] [stdout] error[E0277]: can't compare `({float}, Vec<bool>)` with `(f32, Vec<bool>, usize)`
[INFO] [stdout]   --> src/spin_network.rs:195:1
[INFO] [stdout]    |
[INFO] [stdout] 31 | assert_eq!(expected_ground_states, actual_ground_states)
[INFO] [stdout]    | ^^^^^^^^^^^^^^^^^^^^^^^^^^^^^^^^^^^^^^^^^^^^^^^^^^^^^^^^ no implementation for `({float}, Vec<bool>) == (f32, Vec<bool>, usize)`
[INFO] [stdout]    |
[INFO] [stdout]    = help: the trait `PartialEq<(f32, Vec<bool>, usize)>` is not implemented for `({float}, Vec<bool>)`, which is required by `Vec<({float}, Vec<bool>)>: PartialEq<Vec<(f32, Vec<bool>, usize)>>`
[INFO] [stdout]    = help: the following other types implement trait `PartialEq<Rhs>`:
[INFO] [stdout]              ()
[INFO] [stdout]              (A, Z, Y, X, W, V, U, T)
[INFO] [stdout]              (B, A, Z, Y, X, W, V, U, T)
[INFO] [stdout]              (C, B, A, Z, Y, X, W, V, U, T)
[INFO] [stdout]              (D, C, B, A, Z, Y, X, W, V, U, T)
[INFO] [stdout]              (E, D, C, B, A, Z, Y, X, W, V, U, T)
[INFO] [stdout]              (T,)
[INFO] [stdout]              (U, T)
[INFO] [stdout]            and 5 others
[INFO] [stdout]    = note: required for `Vec<({float}, Vec<bool>)>` to implement `PartialEq<Vec<(f32, Vec<bool>, usize)>>`
[INFO] [stdout]    = note: this error originates in the macro `assert_eq` (in Nightly builds, run with -Z macro-backtrace for more info)
[INFO] [stdout] 
[INFO] [stdout] error: aborting due to 1 previous error
[INFO] [stdout] 
[INFO] [stdout] For more information about this error, try `rustc --explain E0277`.
[INFO] [stdout] Couldn't compile the test.
[INFO] [stdout] 
[INFO] [stdout] failures:
[INFO] [stdout]     src/spin_network.rs - spin_network::SpinNetwork::run_simulated_annealing (line 167)
[INFO] [stdout] 
[INFO] [stdout] test result: FAILED. 6 passed; 1 failed; 0 ignored; 0 measured; 0 filtered out; finished in 0.39s
[INFO] [stdout] 
[INFO] [stderr] error: doctest failed, to rerun pass `--doc`
[INFO] running `Command { std: "docker" "inspect" "0c67f1baf002579d6b6aafaced41edf9b9eeec4cea131fa75d01b12fbe5fcd89", kill_on_drop: false }`
[INFO] running `Command { std: "docker" "rm" "-f" "0c67f1baf002579d6b6aafaced41edf9b9eeec4cea131fa75d01b12fbe5fcd89", kill_on_drop: false }`
[INFO] [stdout] 0c67f1baf002579d6b6aafaced41edf9b9eeec4cea131fa75d01b12fbe5fcd89
