[INFO] fetching crate epic_manifest_parser_rs 0.1.7...
[INFO] testing epic_manifest_parser_rs-0.1.7 against 1.83.0 for beta-1.84.0-4-retry
[INFO] extracting crate epic_manifest_parser_rs 0.1.7 into /workspace/builds/worker-2-tc1/source
[INFO] validating manifest of crates.io crate epic_manifest_parser_rs 0.1.7 on toolchain 1.83.0
[INFO] running `Command { std: CARGO_HOME="/workspace/cargo-home" RUSTUP_HOME="/workspace/rustup-home" "/workspace/cargo-home/bin/cargo" "+1.83.0" "metadata" "--manifest-path" "Cargo.toml" "--no-deps", kill_on_drop: false }`
[INFO] started tweaking crates.io crate epic_manifest_parser_rs 0.1.7
[INFO] finished tweaking crates.io crate epic_manifest_parser_rs 0.1.7
[INFO] tweaked toml for crates.io crate epic_manifest_parser_rs 0.1.7 written to /workspace/builds/worker-2-tc1/source/Cargo.toml
[INFO] running `Command { std: CARGO_HOME="/workspace/cargo-home" RUSTUP_HOME="/workspace/rustup-home" "/workspace/cargo-home/bin/cargo" "+1.83.0" "generate-lockfile" "--manifest-path" "Cargo.toml", kill_on_drop: false }`
[INFO] [stderr]     Blocking waiting for file lock on package cache
[INFO] [stderr]     Updating crates.io index
[INFO] [stderr]     Blocking waiting for file lock on package cache
[INFO] [stderr]      Locking 21 packages to latest compatible versions
[INFO] running `Command { std: CARGO_HOME="/workspace/cargo-home" RUSTUP_HOME="/workspace/rustup-home" "/workspace/cargo-home/bin/cargo" "+1.83.0" "fetch" "--manifest-path" "Cargo.toml", kill_on_drop: false }`
[INFO] [stderr]     Blocking waiting for file lock on package cache
[INFO] running `Command { std: "docker" "create" "-v" "/var/lib/crater-agent-workspace/builds/worker-2-tc1/target:/opt/rustwide/target:rw,Z" "-v" "/var/lib/crater-agent-workspace/builds/worker-2-tc1/source:/opt/rustwide/workdir:ro,Z" "-v" "/var/lib/crater-agent-workspace/cargo-home:/opt/rustwide/cargo-home:ro,Z" "-v" "/var/lib/crater-agent-workspace/rustup-home:/opt/rustwide/rustup-home:ro,Z" "-e" "SOURCE_DIR=/opt/rustwide/workdir" "-e" "CARGO_TARGET_DIR=/opt/rustwide/target" "-e" "CARGO_HOME=/opt/rustwide/cargo-home" "-e" "RUSTUP_HOME=/opt/rustwide/rustup-home" "-w" "/opt/rustwide/workdir" "-m" "1610612736" "--user" "0:0" "--network" "none" "ghcr.io/rust-lang/crates-build-env/linux@sha256:f3a9d4ad9d972b27faf3965f35b62e55ba32bbce8f20bc8fe909558a86702fde" "/opt/rustwide/cargo-home/bin/cargo" "+1.83.0" "metadata" "--no-deps" "--format-version=1", kill_on_drop: false }`
[INFO] [stdout] d5dd52bc97c957fba19e4d7070e9b4bb97c864851ea7dad23abbd6c3a53a61f4
[INFO] running `Command { std: "docker" "start" "-a" "d5dd52bc97c957fba19e4d7070e9b4bb97c864851ea7dad23abbd6c3a53a61f4", kill_on_drop: false }`
[INFO] running `Command { std: "docker" "inspect" "d5dd52bc97c957fba19e4d7070e9b4bb97c864851ea7dad23abbd6c3a53a61f4", kill_on_drop: false }`
[INFO] running `Command { std: "docker" "rm" "-f" "d5dd52bc97c957fba19e4d7070e9b4bb97c864851ea7dad23abbd6c3a53a61f4", kill_on_drop: false }`
[INFO] [stdout] d5dd52bc97c957fba19e4d7070e9b4bb97c864851ea7dad23abbd6c3a53a61f4
[INFO] running `Command { std: "docker" "create" "-v" "/var/lib/crater-agent-workspace/builds/worker-2-tc1/target:/opt/rustwide/target:rw,Z" "-v" "/var/lib/crater-agent-workspace/builds/worker-2-tc1/source:/opt/rustwide/workdir:ro,Z" "-v" "/var/lib/crater-agent-workspace/cargo-home:/opt/rustwide/cargo-home:ro,Z" "-v" "/var/lib/crater-agent-workspace/rustup-home:/opt/rustwide/rustup-home:ro,Z" "-e" "SOURCE_DIR=/opt/rustwide/workdir" "-e" "CARGO_TARGET_DIR=/opt/rustwide/target" "-e" "CARGO_INCREMENTAL=0" "-e" "RUST_BACKTRACE=full" "-e" "RUSTFLAGS=--cap-lints=warn" "-e" "RUSTDOCFLAGS=--cap-lints=warn" "-e" "CARGO_HOME=/opt/rustwide/cargo-home" "-e" "RUSTUP_HOME=/opt/rustwide/rustup-home" "-w" "/opt/rustwide/workdir" "-m" "1610612736" "--user" "0:0" "--network" "none" "ghcr.io/rust-lang/crates-build-env/linux@sha256:f3a9d4ad9d972b27faf3965f35b62e55ba32bbce8f20bc8fe909558a86702fde" "/opt/rustwide/cargo-home/bin/cargo" "+1.83.0" "build" "--frozen" "--message-format=json", kill_on_drop: false }`
[INFO] [stdout] b5db61e4e0159b5a199ac372003ce998bce329b17ab523d8f3739f22553b09a2
[INFO] running `Command { std: "docker" "start" "-a" "b5db61e4e0159b5a199ac372003ce998bce329b17ab523d8f3739f22553b09a2", kill_on_drop: false }`
[INFO] [stderr]    Compiling version_check v0.9.5
[INFO] [stderr]    Compiling typenum v1.17.0
[INFO] [stderr]    Compiling proc-macro2 v1.0.92
[INFO] [stderr]    Compiling unicode-ident v1.0.14
[INFO] [stderr]    Compiling cfg-if v1.0.0
[INFO] [stderr]    Compiling adler2 v2.0.0
[INFO] [stderr]    Compiling serde v1.0.216
[INFO] [stderr]    Compiling cpufeatures v0.2.16
[INFO] [stderr]    Compiling widestring v1.1.0
[INFO] [stderr]    Compiling crc32fast v1.4.2
[INFO] [stderr]    Compiling miniz_oxide v0.8.0
[INFO] [stderr]    Compiling generic-array v0.14.7
[INFO] [stderr]    Compiling flate2 v1.0.35
[INFO] [stderr]    Compiling quote v1.0.37
[INFO] [stderr]    Compiling syn v2.0.90
[INFO] [stderr]    Compiling block-buffer v0.10.4
[INFO] [stderr]    Compiling crypto-common v0.1.6
[INFO] [stderr]    Compiling digest v0.10.7
[INFO] [stderr]    Compiling sha1 v0.10.6
[INFO] [stderr]    Compiling serde_derive v1.0.216
[INFO] [stderr]    Compiling epic_manifest_parser_rs v0.1.7 (/opt/rustwide/workdir)
[INFO] [stderr]     Finished `dev` profile [unoptimized + debuginfo] target(s) in 12.77s
[INFO] running `Command { std: "docker" "inspect" "b5db61e4e0159b5a199ac372003ce998bce329b17ab523d8f3739f22553b09a2", kill_on_drop: false }`
[INFO] running `Command { std: "docker" "rm" "-f" "b5db61e4e0159b5a199ac372003ce998bce329b17ab523d8f3739f22553b09a2", kill_on_drop: false }`
[INFO] [stdout] b5db61e4e0159b5a199ac372003ce998bce329b17ab523d8f3739f22553b09a2
[INFO] running `Command { std: "docker" "create" "-v" "/var/lib/crater-agent-workspace/builds/worker-2-tc1/target:/opt/rustwide/target:rw,Z" "-v" "/var/lib/crater-agent-workspace/builds/worker-2-tc1/source:/opt/rustwide/workdir:ro,Z" "-v" "/var/lib/crater-agent-workspace/cargo-home:/opt/rustwide/cargo-home:ro,Z" "-v" "/var/lib/crater-agent-workspace/rustup-home:/opt/rustwide/rustup-home:ro,Z" "-e" "SOURCE_DIR=/opt/rustwide/workdir" "-e" "CARGO_TARGET_DIR=/opt/rustwide/target" "-e" "CARGO_INCREMENTAL=0" "-e" "RUST_BACKTRACE=full" "-e" "RUSTFLAGS=--cap-lints=warn" "-e" "RUSTDOCFLAGS=--cap-lints=warn" "-e" "CARGO_HOME=/opt/rustwide/cargo-home" "-e" "RUSTUP_HOME=/opt/rustwide/rustup-home" "-w" "/opt/rustwide/workdir" "-m" "1610612736" "--user" "0:0" "--network" "none" "ghcr.io/rust-lang/crates-build-env/linux@sha256:f3a9d4ad9d972b27faf3965f35b62e55ba32bbce8f20bc8fe909558a86702fde" "/opt/rustwide/cargo-home/bin/cargo" "+1.83.0" "test" "--frozen" "--no-run" "--message-format=json", kill_on_drop: false }`
[INFO] [stdout] 3441cc2c5c2bc53bfbdaa9f8fc6a92e7f4d40de5ca0b8fe9ecd205089ab01aa7
[INFO] running `Command { std: "docker" "start" "-a" "3441cc2c5c2bc53bfbdaa9f8fc6a92e7f4d40de5ca0b8fe9ecd205089ab01aa7", kill_on_drop: false }`
[INFO] [stderr]    Compiling epic_manifest_parser_rs v0.1.7 (/opt/rustwide/workdir)
[INFO] [stderr]     Finished `test` profile [unoptimized + debuginfo] target(s) in 0.75s
[INFO] running `Command { std: "docker" "inspect" "3441cc2c5c2bc53bfbdaa9f8fc6a92e7f4d40de5ca0b8fe9ecd205089ab01aa7", kill_on_drop: false }`
[INFO] running `Command { std: "docker" "rm" "-f" "3441cc2c5c2bc53bfbdaa9f8fc6a92e7f4d40de5ca0b8fe9ecd205089ab01aa7", kill_on_drop: false }`
[INFO] [stdout] 3441cc2c5c2bc53bfbdaa9f8fc6a92e7f4d40de5ca0b8fe9ecd205089ab01aa7
[INFO] running `Command { std: "docker" "create" "-v" "/var/lib/crater-agent-workspace/builds/worker-2-tc1/target:/opt/rustwide/target:rw,Z" "-v" "/var/lib/crater-agent-workspace/builds/worker-2-tc1/source:/opt/rustwide/workdir:ro,Z" "-v" "/var/lib/crater-agent-workspace/cargo-home:/opt/rustwide/cargo-home:ro,Z" "-v" "/var/lib/crater-agent-workspace/rustup-home:/opt/rustwide/rustup-home:ro,Z" "-e" "SOURCE_DIR=/opt/rustwide/workdir" "-e" "CARGO_TARGET_DIR=/opt/rustwide/target" "-e" "CARGO_INCREMENTAL=0" "-e" "RUST_BACKTRACE=full" "-e" "RUSTFLAGS=--cap-lints=warn" "-e" "RUSTDOCFLAGS=--cap-lints=warn" "-e" "CARGO_HOME=/opt/rustwide/cargo-home" "-e" "RUSTUP_HOME=/opt/rustwide/rustup-home" "-w" "/opt/rustwide/workdir" "-m" "1610612736" "--user" "0:0" "--network" "none" "ghcr.io/rust-lang/crates-build-env/linux@sha256:f3a9d4ad9d972b27faf3965f35b62e55ba32bbce8f20bc8fe909558a86702fde" "/opt/rustwide/cargo-home/bin/cargo" "+1.83.0" "test" "--frozen", kill_on_drop: false }`
[INFO] [stdout] e24753693efa133591222480bffcebcdf9619b89dbaa314d26e1e38542e920e2
[INFO] running `Command { std: "docker" "start" "-a" "e24753693efa133591222480bffcebcdf9619b89dbaa314d26e1e38542e920e2", kill_on_drop: false }`
[INFO] [stderr]     Finished `test` profile [unoptimized + debuginfo] target(s) in 0.04s
[INFO] [stderr]      Running unittests src/lib.rs (/opt/rustwide/target/debug/deps/epic_manifest_parser_rs-5fb60f22a0252ad6)
[INFO] [stdout] 
[INFO] [stdout] running 0 tests
[INFO] [stdout] 
[INFO] [stderr]    Doc-tests epic_manifest_parser_rs
[INFO] [stdout] test result: ok. 0 passed; 0 failed; 0 ignored; 0 measured; 0 filtered out; finished in 0.00s
[INFO] [stdout] 
[INFO] [stdout] 
[INFO] [stdout] running 1 test
[INFO] [stdout] test src/reader.rs - reader::ByteReader::read_array (line 66) ... FAILED
[INFO] [stdout] 
[INFO] [stdout] failures:
[INFO] [stdout] 
[INFO] [stdout] ---- src/reader.rs - reader::ByteReader::read_array (line 66) stdout ----
[INFO] [stdout] error[E0412]: cannot find type `ByteReader` in this scope
[INFO] [stdout]  --> src/reader.rs:67:32
[INFO] [stdout]   |
[INFO] [stdout] 3 | fn get_prereq_ids(reader: &mut ByteReader) -> ParseResult<Vec<String>> {
[INFO] [stdout]   |                                ^^^^^^^^^^ not found in this scope
[INFO] [stdout]   |
[INFO] [stdout] help: consider importing this struct
[INFO] [stdout]   |
[INFO] [stdout] 2 + use epic_manifest_parser_rs::reader::ByteReader;
[INFO] [stdout]   |
[INFO] [stdout] 
[INFO] [stdout] error[E0412]: cannot find type `ParseResult` in this scope
[INFO] [stdout]  --> src/reader.rs:67:47
[INFO] [stdout]   |
[INFO] [stdout] 3 | fn get_prereq_ids(reader: &mut ByteReader) -> ParseResult<Vec<String>> {
[INFO] [stdout]   |                                               ^^^^^^^^^^^ not found in this scope
[INFO] [stdout]   |
[INFO] [stdout] help: consider importing this type alias
[INFO] [stdout]   |
[INFO] [stdout] 2 + use epic_manifest_parser_rs::ParseResult;
[INFO] [stdout]   |
[INFO] [stdout] 
[INFO] [stdout] error: aborting due to 2 previous errors
[INFO] [stdout] 
[INFO] [stdout] For more information about this error, try `rustc --explain E0412`.
[INFO] [stdout] Couldn't compile the test.
[INFO] [stdout] 
[INFO] [stdout] failures:
[INFO] [stdout]     src/reader.rs - reader::ByteReader::read_array (line 66)
[INFO] [stdout] 
[INFO] [stderr] error: doctest failed, to rerun pass `--doc`
[INFO] [stdout] test result: FAILED. 0 passed; 1 failed; 0 ignored; 0 measured; 0 filtered out; finished in 0.10s
[INFO] [stdout] 
[INFO] running `Command { std: "docker" "inspect" "e24753693efa133591222480bffcebcdf9619b89dbaa314d26e1e38542e920e2", kill_on_drop: false }`
[INFO] running `Command { std: "docker" "rm" "-f" "e24753693efa133591222480bffcebcdf9619b89dbaa314d26e1e38542e920e2", kill_on_drop: false }`
[INFO] [stdout] e24753693efa133591222480bffcebcdf9619b89dbaa314d26e1e38542e920e2
