[INFO] fetching crate eosio-chain 0.2.3...
[INFO] testing eosio-chain-0.2.3 against 1.83.0 for beta-1.84.0-4-retry
[INFO] extracting crate eosio-chain 0.2.3 into /workspace/builds/worker-7-tc1/source
[INFO] validating manifest of crates.io crate eosio-chain 0.2.3 on toolchain 1.83.0
[INFO] running `Command { std: CARGO_HOME="/workspace/cargo-home" RUSTUP_HOME="/workspace/rustup-home" "/workspace/cargo-home/bin/cargo" "+1.83.0" "metadata" "--manifest-path" "Cargo.toml" "--no-deps", kill_on_drop: false }`
[INFO] started tweaking crates.io crate eosio-chain 0.2.3
[INFO] finished tweaking crates.io crate eosio-chain 0.2.3
[INFO] tweaked toml for crates.io crate eosio-chain 0.2.3 written to /workspace/builds/worker-7-tc1/source/Cargo.toml
[INFO] running `Command { std: CARGO_HOME="/workspace/cargo-home" RUSTUP_HOME="/workspace/rustup-home" "/workspace/cargo-home/bin/cargo" "+1.83.0" "generate-lockfile" "--manifest-path" "Cargo.toml", kill_on_drop: false }`
[INFO] [stderr]     Updating crates.io index
[INFO] [stderr]      Locking 90 packages to latest compatible versions
[INFO] running `Command { std: CARGO_HOME="/workspace/cargo-home" RUSTUP_HOME="/workspace/rustup-home" "/workspace/cargo-home/bin/cargo" "+1.83.0" "fetch" "--manifest-path" "Cargo.toml", kill_on_drop: false }`
[INFO] [stderr]  Downloading crates ...
[INFO] [stderr]   Downloaded eosio-chaintester v0.2.3
[INFO] [stderr]   Downloaded eosio-scale-info-derive v2.1.3
[INFO] [stderr]   Downloaded eosio-scale-info v2.1.3
[INFO] [stderr]   Downloaded eosio-macro v0.2.6
[INFO] [stderr]   Downloaded eosio-codegen v0.2.5
[INFO] running `Command { std: "docker" "create" "-v" "/var/lib/crater-agent-workspace/builds/worker-7-tc1/target:/opt/rustwide/target:rw,Z" "-v" "/var/lib/crater-agent-workspace/builds/worker-7-tc1/source:/opt/rustwide/workdir:ro,Z" "-v" "/var/lib/crater-agent-workspace/cargo-home:/opt/rustwide/cargo-home:ro,Z" "-v" "/var/lib/crater-agent-workspace/rustup-home:/opt/rustwide/rustup-home:ro,Z" "-e" "SOURCE_DIR=/opt/rustwide/workdir" "-e" "CARGO_TARGET_DIR=/opt/rustwide/target" "-e" "CARGO_HOME=/opt/rustwide/cargo-home" "-e" "RUSTUP_HOME=/opt/rustwide/rustup-home" "-w" "/opt/rustwide/workdir" "-m" "1610612736" "--user" "0:0" "--network" "none" "ghcr.io/rust-lang/crates-build-env/linux@sha256:f3a9d4ad9d972b27faf3965f35b62e55ba32bbce8f20bc8fe909558a86702fde" "/opt/rustwide/cargo-home/bin/cargo" "+1.83.0" "metadata" "--no-deps" "--format-version=1", kill_on_drop: false }`
[INFO] [stdout] f54009a57210db2f9ae86f432eb161e92bef705cef07c9ec52366f4d7367b430
[INFO] running `Command { std: "docker" "start" "-a" "f54009a57210db2f9ae86f432eb161e92bef705cef07c9ec52366f4d7367b430", kill_on_drop: false }`
[INFO] running `Command { std: "docker" "inspect" "f54009a57210db2f9ae86f432eb161e92bef705cef07c9ec52366f4d7367b430", kill_on_drop: false }`
[INFO] running `Command { std: "docker" "rm" "-f" "f54009a57210db2f9ae86f432eb161e92bef705cef07c9ec52366f4d7367b430", kill_on_drop: false }`
[INFO] [stdout] f54009a57210db2f9ae86f432eb161e92bef705cef07c9ec52366f4d7367b430
[INFO] running `Command { std: "docker" "create" "-v" "/var/lib/crater-agent-workspace/builds/worker-7-tc1/target:/opt/rustwide/target:rw,Z" "-v" "/var/lib/crater-agent-workspace/builds/worker-7-tc1/source:/opt/rustwide/workdir:ro,Z" "-v" "/var/lib/crater-agent-workspace/cargo-home:/opt/rustwide/cargo-home:ro,Z" "-v" "/var/lib/crater-agent-workspace/rustup-home:/opt/rustwide/rustup-home:ro,Z" "-e" "SOURCE_DIR=/opt/rustwide/workdir" "-e" "CARGO_TARGET_DIR=/opt/rustwide/target" "-e" "CARGO_INCREMENTAL=0" "-e" "RUST_BACKTRACE=full" "-e" "RUSTFLAGS=--cap-lints=warn" "-e" "RUSTDOCFLAGS=--cap-lints=warn" "-e" "CARGO_HOME=/opt/rustwide/cargo-home" "-e" "RUSTUP_HOME=/opt/rustwide/rustup-home" "-w" "/opt/rustwide/workdir" "-m" "1610612736" "--user" "0:0" "--network" "none" "ghcr.io/rust-lang/crates-build-env/linux@sha256:f3a9d4ad9d972b27faf3965f35b62e55ba32bbce8f20bc8fe909558a86702fde" "/opt/rustwide/cargo-home/bin/cargo" "+1.83.0" "build" "--frozen" "--message-format=json", kill_on_drop: false }`
[INFO] [stdout] 8e2758b10e6f973c591a488203685030b32851d74e6e14fb7155716de4465093
[INFO] running `Command { std: "docker" "start" "-a" "8e2758b10e6f973c591a488203685030b32851d74e6e14fb7155716de4465093", kill_on_drop: false }`
[INFO] [stderr]    Compiling proc-macro2 v1.0.92
[INFO] [stderr]    Compiling unicode-ident v1.0.14
[INFO] [stderr]    Compiling libc v0.2.168
[INFO] [stderr]    Compiling hashbrown v0.15.2
[INFO] [stderr]    Compiling equivalent v1.0.1
[INFO] [stderr]    Compiling autocfg v1.4.0
[INFO] [stderr]    Compiling toml_datetime v0.6.8
[INFO] [stderr]    Compiling syn v1.0.109
[INFO] [stderr]    Compiling serde v1.0.216
[INFO] [stderr]    Compiling winnow v0.6.20
[INFO] [stderr]    Compiling memchr v2.7.4
[INFO] [stderr]    Compiling gimli v0.31.1
[INFO] [stderr]    Compiling lazy_static v1.5.0
[INFO] [stderr]    Compiling cfg-if v1.0.0
[INFO] [stderr]    Compiling adler2 v2.0.0
[INFO] [stderr]    Compiling num-traits v0.2.19
[INFO] [stderr]    Compiling indexmap v1.9.3
[INFO] [stderr]    Compiling indexmap v2.7.0
[INFO] [stderr]    Compiling winnow v0.5.40
[INFO] [stderr]    Compiling radium v0.7.0
[INFO] [stderr]    Compiling quote v1.0.37
[INFO] [stderr]    Compiling num_cpus v1.16.0
[INFO] [stderr]    Compiling object v0.36.5
[INFO] [stderr]    Compiling syn v2.0.90
[INFO] [stderr]    Compiling miniz_oxide v0.8.0
[INFO] [stderr]    Compiling rustc-demangle v0.1.24
[INFO] [stderr]    Compiling os_str_bytes v6.6.1
[INFO] [stderr]    Compiling toml_edit v0.22.22
[INFO] [stderr]    Compiling hashbrown v0.12.3
[INFO] [stderr]    Compiling either v1.13.0
[INFO] [stderr]    Compiling once_cell v1.20.2
[INFO] [stderr]    Compiling tap v1.0.1
[INFO] [stderr]    Compiling serde_json v1.0.133
[INFO] [stderr]    Compiling wyz v0.5.1
[INFO] [stderr]    Compiling itertools v0.10.5
[INFO] [stderr]    Compiling toml_edit v0.19.15
[INFO] [stderr]    Compiling clap_lex v0.2.4
[INFO] [stderr]    Compiling addr2line v0.24.2
[INFO] [stderr]    Compiling ordered-float v1.1.1
[INFO] [stderr]    Compiling threadpool v1.8.1
[INFO] [stderr]    Compiling console v0.15.8
[INFO] [stderr]    Compiling proc-macro-crate v3.2.0
[INFO] [stderr]    Compiling atty v0.2.14
[INFO] [stderr]    Compiling textwrap v0.16.1
[INFO] [stderr]    Compiling proc-macro-crate v1.3.1
[INFO] [stderr]    Compiling backtrace v0.3.74
[INFO] [stderr]    Compiling strsim v0.10.0
[INFO] [stderr]    Compiling log v0.4.22
[INFO] [stderr]    Compiling bitflags v1.3.2
[INFO] [stderr]    Compiling ryu v1.0.18
[INFO] [stderr]    Compiling byteorder v1.5.0
[INFO] [stderr]    Compiling funty v2.0.0
[INFO] [stderr]    Compiling arrayvec v0.7.6
[INFO] [stderr]    Compiling byte-slice-cast v1.2.2
[INFO] [stderr]    Compiling itoa v1.0.14
[INFO] [stderr]    Compiling termcolor v1.4.1
[INFO] [stderr]    Compiling integer-encoding v3.0.4
[INFO] [stderr]    Compiling bitvec v1.0.1
[INFO] [stderr]    Compiling clap v3.2.25
[INFO] [stderr]    Compiling thrift v0.16.0
[INFO] [stderr]    Compiling better-panic v0.3.0
[INFO] [stderr]    Compiling eosio-codegen v0.2.5
[INFO] [stderr]    Compiling hex v0.4.3
[INFO] [stderr]    Compiling parity-scale-codec-derive v3.6.12
[INFO] [stderr]    Compiling eosio-scale-info-derive v2.1.3
[INFO] [stderr]    Compiling eosio-macro v0.2.6
[INFO] [stderr]    Compiling serde_derive v1.0.216
[INFO] [stderr]    Compiling impl-trait-for-tuples v0.2.3
[INFO] [stderr]    Compiling derive_more v0.99.18
[INFO] [stderr]    Compiling parity-scale-codec v3.6.12
[INFO] [stderr]    Compiling eosio-scale-info v2.1.3
[INFO] [stderr]    Compiling eosio-chaintester v0.2.3
[INFO] [stderr]    Compiling eosio-chain v0.2.3 (/opt/rustwide/workdir)
[INFO] [stdout] warning: unused imports: `Printable` and `eosio_println`
[INFO] [stdout]  --> src/vmapi/off_chain/eosio.rs:4:2
[INFO] [stdout]   |
[INFO] [stdout] 4 |     eosio_println,
[INFO] [stdout]   |     ^^^^^^^^^^^^^
[INFO] [stdout] 5 |     print::{
[INFO] [stdout] 6 |         Printable,
[INFO] [stdout]   |         ^^^^^^^^^
[INFO] [stdout]   |
[INFO] [stdout]   = note: `#[warn(unused_imports)]` on by default
[INFO] [stdout] 
[INFO] [stdout] 
[INFO] [stdout] warning: function cannot return without recursing
[INFO] [stdout]    --> src/structs.rs:667:5
[INFO] [stdout]     |
[INFO] [stdout] 667 |     fn default() -> Self {
[INFO] [stdout]     |     ^^^^^^^^^^^^^^^^^^^^ cannot return without recursing
[INFO] [stdout] 668 |         ProducerKey{..Default::default()}
[INFO] [stdout]     |                       ------------------ recursive call site
[INFO] [stdout]     |
[INFO] [stdout]     = help: a `loop` may express intention better if this is on purpose
[INFO] [stdout]     = note: `#[warn(unconditional_recursion)]` on by default
[INFO] [stdout] 
[INFO] [stdout] 
[INFO] [stdout] warning: unreachable pattern
[INFO] [stdout]    --> src/structs.rs:753:13
[INFO] [stdout]     |
[INFO] [stdout] 752 |             BlockSigningAuthority::V0(x) => x.size(),
[INFO] [stdout]     |             ---------------------------- matches all the relevant values
[INFO] [stdout] 753 |             _ => {
[INFO] [stdout]     |             ^ no value can reach this
[INFO] [stdout]     |
[INFO] [stdout]     = note: `#[warn(unreachable_patterns)]` on by default
[INFO] [stdout] 
[INFO] [stdout] 
[INFO] [stdout] warning: unreachable pattern
[INFO] [stdout]    --> src/structs.rs:766:13
[INFO] [stdout]     |
[INFO] [stdout] 763 |             BlockSigningAuthority::V0(x) => {
[INFO] [stdout]     |             ---------------------------- matches all the relevant values
[INFO] [stdout] ...
[INFO] [stdout] 766 |             _ => {
[INFO] [stdout]     |             ^ no value can reach this
[INFO] [stdout] 
[INFO] [stdout] 
[INFO] [stderr]     Finished `dev` profile [unoptimized + debuginfo] target(s) in 1m 17s
[INFO] running `Command { std: "docker" "inspect" "8e2758b10e6f973c591a488203685030b32851d74e6e14fb7155716de4465093", kill_on_drop: false }`
[INFO] running `Command { std: "docker" "rm" "-f" "8e2758b10e6f973c591a488203685030b32851d74e6e14fb7155716de4465093", kill_on_drop: false }`
[INFO] [stdout] 8e2758b10e6f973c591a488203685030b32851d74e6e14fb7155716de4465093
[INFO] running `Command { std: "docker" "create" "-v" "/var/lib/crater-agent-workspace/builds/worker-7-tc1/target:/opt/rustwide/target:rw,Z" "-v" "/var/lib/crater-agent-workspace/builds/worker-7-tc1/source:/opt/rustwide/workdir:ro,Z" "-v" "/var/lib/crater-agent-workspace/cargo-home:/opt/rustwide/cargo-home:ro,Z" "-v" "/var/lib/crater-agent-workspace/rustup-home:/opt/rustwide/rustup-home:ro,Z" "-e" "SOURCE_DIR=/opt/rustwide/workdir" "-e" "CARGO_TARGET_DIR=/opt/rustwide/target" "-e" "CARGO_INCREMENTAL=0" "-e" "RUST_BACKTRACE=full" "-e" "RUSTFLAGS=--cap-lints=warn" "-e" "RUSTDOCFLAGS=--cap-lints=warn" "-e" "CARGO_HOME=/opt/rustwide/cargo-home" "-e" "RUSTUP_HOME=/opt/rustwide/rustup-home" "-w" "/opt/rustwide/workdir" "-m" "1610612736" "--user" "0:0" "--network" "none" "ghcr.io/rust-lang/crates-build-env/linux@sha256:f3a9d4ad9d972b27faf3965f35b62e55ba32bbce8f20bc8fe909558a86702fde" "/opt/rustwide/cargo-home/bin/cargo" "+1.83.0" "test" "--frozen" "--no-run" "--message-format=json", kill_on_drop: false }`
[INFO] [stdout] 1db039ec460b44bffe865e3235879411d757195c3ef6e03d13852d9e647599ed
[INFO] running `Command { std: "docker" "start" "-a" "1db039ec460b44bffe865e3235879411d757195c3ef6e03d13852d9e647599ed", kill_on_drop: false }`
[INFO] [stderr]    Compiling eosio-chain v0.2.3 (/opt/rustwide/workdir)
[INFO] [stdout] warning: unused imports: `Printable` and `eosio_println`
[INFO] [stdout]  --> src/vmapi/off_chain/eosio.rs:4:2
[INFO] [stdout]   |
[INFO] [stdout] 4 |     eosio_println,
[INFO] [stdout]   |     ^^^^^^^^^^^^^
[INFO] [stdout] 5 |     print::{
[INFO] [stdout] 6 |         Printable,
[INFO] [stdout]   |         ^^^^^^^^^
[INFO] [stdout]   |
[INFO] [stdout]   = note: `#[warn(unused_imports)]` on by default
[INFO] [stdout] 
[INFO] [stdout] 
[INFO] [stdout] warning: function cannot return without recursing
[INFO] [stdout]    --> src/structs.rs:667:5
[INFO] [stdout]     |
[INFO] [stdout] 667 |     fn default() -> Self {
[INFO] [stdout]     |     ^^^^^^^^^^^^^^^^^^^^ cannot return without recursing
[INFO] [stdout] 668 |         ProducerKey{..Default::default()}
[INFO] [stdout]     |                       ------------------ recursive call site
[INFO] [stdout]     |
[INFO] [stdout]     = help: a `loop` may express intention better if this is on purpose
[INFO] [stdout]     = note: `#[warn(unconditional_recursion)]` on by default
[INFO] [stdout] 
[INFO] [stdout] 
[INFO] [stdout] warning: unreachable pattern
[INFO] [stdout]    --> src/structs.rs:753:13
[INFO] [stdout]     |
[INFO] [stdout] 752 |             BlockSigningAuthority::V0(x) => x.size(),
[INFO] [stdout]     |             ---------------------------- matches all the relevant values
[INFO] [stdout] 753 |             _ => {
[INFO] [stdout]     |             ^ no value can reach this
[INFO] [stdout]     |
[INFO] [stdout]     = note: `#[warn(unreachable_patterns)]` on by default
[INFO] [stdout] 
[INFO] [stdout] 
[INFO] [stdout] warning: unreachable pattern
[INFO] [stdout]    --> src/structs.rs:766:13
[INFO] [stdout]     |
[INFO] [stdout] 763 |             BlockSigningAuthority::V0(x) => {
[INFO] [stdout]     |             ---------------------------- matches all the relevant values
[INFO] [stdout] ...
[INFO] [stdout] 766 |             _ => {
[INFO] [stdout]     |             ^ no value can reach this
[INFO] [stdout] 
[INFO] [stdout] 
[INFO] [stdout] warning: unused imports: `Printable` and `eosio_println`
[INFO] [stdout]  --> src/vmapi/off_chain/eosio.rs:4:2
[INFO] [stdout]   |
[INFO] [stdout] 4 |     eosio_println,
[INFO] [stdout]   |     ^^^^^^^^^^^^^
[INFO] [stdout] 5 |     print::{
[INFO] [stdout] 6 |         Printable,
[INFO] [stdout]   |         ^^^^^^^^^
[INFO] [stdout]   |
[INFO] [stdout]   = note: `#[warn(unused_imports)]` on by default
[INFO] [stdout] 
[INFO] [stdout] 
[INFO] [stdout] warning: function cannot return without recursing
[INFO] [stdout]    --> src/structs.rs:667:5
[INFO] [stdout]     |
[INFO] [stdout] 667 |     fn default() -> Self {
[INFO] [stdout]     |     ^^^^^^^^^^^^^^^^^^^^ cannot return without recursing
[INFO] [stdout] 668 |         ProducerKey{..Default::default()}
[INFO] [stdout]     |                       ------------------ recursive call site
[INFO] [stdout]     |
[INFO] [stdout]     = help: a `loop` may express intention better if this is on purpose
[INFO] [stdout]     = note: `#[warn(unconditional_recursion)]` on by default
[INFO] [stdout] 
[INFO] [stdout] 
[INFO] [stdout] warning: unreachable pattern
[INFO] [stdout]    --> src/structs.rs:753:13
[INFO] [stdout]     |
[INFO] [stdout] 752 |             BlockSigningAuthority::V0(x) => x.size(),
[INFO] [stdout]     |             ---------------------------- matches all the relevant values
[INFO] [stdout] 753 |             _ => {
[INFO] [stdout]     |             ^ no value can reach this
[INFO] [stdout]     |
[INFO] [stdout]     = note: `#[warn(unreachable_patterns)]` on by default
[INFO] [stdout] 
[INFO] [stdout] 
[INFO] [stdout] warning: unreachable pattern
[INFO] [stdout]    --> src/structs.rs:766:13
[INFO] [stdout]     |
[INFO] [stdout] 763 |             BlockSigningAuthority::V0(x) => {
[INFO] [stdout]     |             ---------------------------- matches all the relevant values
[INFO] [stdout] ...
[INFO] [stdout] 766 |             _ => {
[INFO] [stdout]     |             ^ no value can reach this
[INFO] [stdout] 
[INFO] [stdout] 
[INFO] [stderr]     Finished `test` profile [unoptimized + debuginfo] target(s) in 1.29s
[INFO] running `Command { std: "docker" "inspect" "1db039ec460b44bffe865e3235879411d757195c3ef6e03d13852d9e647599ed", kill_on_drop: false }`
[INFO] running `Command { std: "docker" "rm" "-f" "1db039ec460b44bffe865e3235879411d757195c3ef6e03d13852d9e647599ed", kill_on_drop: false }`
[INFO] [stdout] 1db039ec460b44bffe865e3235879411d757195c3ef6e03d13852d9e647599ed
[INFO] running `Command { std: "docker" "create" "-v" "/var/lib/crater-agent-workspace/builds/worker-7-tc1/target:/opt/rustwide/target:rw,Z" "-v" "/var/lib/crater-agent-workspace/builds/worker-7-tc1/source:/opt/rustwide/workdir:ro,Z" "-v" "/var/lib/crater-agent-workspace/cargo-home:/opt/rustwide/cargo-home:ro,Z" "-v" "/var/lib/crater-agent-workspace/rustup-home:/opt/rustwide/rustup-home:ro,Z" "-e" "SOURCE_DIR=/opt/rustwide/workdir" "-e" "CARGO_TARGET_DIR=/opt/rustwide/target" "-e" "CARGO_INCREMENTAL=0" "-e" "RUST_BACKTRACE=full" "-e" "RUSTFLAGS=--cap-lints=warn" "-e" "RUSTDOCFLAGS=--cap-lints=warn" "-e" "CARGO_HOME=/opt/rustwide/cargo-home" "-e" "RUSTUP_HOME=/opt/rustwide/rustup-home" "-w" "/opt/rustwide/workdir" "-m" "1610612736" "--user" "0:0" "--network" "none" "ghcr.io/rust-lang/crates-build-env/linux@sha256:f3a9d4ad9d972b27faf3965f35b62e55ba32bbce8f20bc8fe909558a86702fde" "/opt/rustwide/cargo-home/bin/cargo" "+1.83.0" "test" "--frozen", kill_on_drop: false }`
[INFO] [stdout] e0270f639a390a0e19b5c682d9b40bd3c3aed479fbebc05ee31650797f2f05fb
[INFO] running `Command { std: "docker" "start" "-a" "e0270f639a390a0e19b5c682d9b40bd3c3aed479fbebc05ee31650797f2f05fb", kill_on_drop: false }`
[INFO] [stderr] warning: unused imports: `Printable` and `eosio_println`
[INFO] [stderr]  --> src/vmapi/off_chain/eosio.rs:4:2
[INFO] [stderr]   |
[INFO] [stderr] 4 |     eosio_println,
[INFO] [stderr]   |     ^^^^^^^^^^^^^
[INFO] [stderr] 5 |     print::{
[INFO] [stderr] 6 |         Printable,
[INFO] [stderr]   |         ^^^^^^^^^
[INFO] [stderr]   |
[INFO] [stderr]   = note: `#[warn(unused_imports)]` on by default
[INFO] [stderr] 
[INFO] [stderr] warning: function cannot return without recursing
[INFO] [stderr]    --> src/structs.rs:667:5
[INFO] [stderr]     |
[INFO] [stderr] 667 |     fn default() -> Self {
[INFO] [stderr]     |     ^^^^^^^^^^^^^^^^^^^^ cannot return without recursing
[INFO] [stderr] 668 |         ProducerKey{..Default::default()}
[INFO] [stderr]     |                       ------------------ recursive call site
[INFO] [stderr]     |
[INFO] [stderr]     = help: a `loop` may express intention better if this is on purpose
[INFO] [stderr]     = note: `#[warn(unconditional_recursion)]` on by default
[INFO] [stderr] 
[INFO] [stderr] warning: unreachable pattern
[INFO] [stderr]    --> src/structs.rs:753:13
[INFO] [stderr]     |
[INFO] [stderr] 752 |             BlockSigningAuthority::V0(x) => x.size(),
[INFO] [stderr]     |             ---------------------------- matches all the relevant values
[INFO] [stderr] 753 |             _ => {
[INFO] [stderr]     |             ^ no value can reach this
[INFO] [stderr]     |
[INFO] [stderr]     = note: `#[warn(unreachable_patterns)]` on by default
[INFO] [stderr] 
[INFO] [stderr] warning: unreachable pattern
[INFO] [stderr]    --> src/structs.rs:766:13
[INFO] [stderr]     |
[INFO] [stderr] 763 |             BlockSigningAuthority::V0(x) => {
[INFO] [stderr]     |             ---------------------------- matches all the relevant values
[INFO] [stderr] ...
[INFO] [stderr] 766 |             _ => {
[INFO] [stderr]     |             ^ no value can reach this
[INFO] [stderr] 
[INFO] [stderr] warning: `eosio-chain` (lib) generated 4 warnings (run `cargo fix --lib -p eosio-chain` to apply 1 suggestion)
[INFO] [stderr] warning: `eosio-chain` (lib test) generated 4 warnings (4 duplicates)
[INFO] [stderr]     Finished `test` profile [unoptimized + debuginfo] target(s) in 0.09s
[INFO] [stderr]      Running unittests src/lib.rs (/opt/rustwide/target/debug/deps/eosio_chain-cbe701f297f47295)
[INFO] [stdout] 
[INFO] [stdout] running 0 tests
[INFO] [stderr]    Doc-tests eosio_chain
[INFO] [stdout] 
[INFO] [stdout] test result: ok. 0 passed; 0 failed; 0 ignored; 0 measured; 0 filtered out; finished in 0.00s
[INFO] [stdout] 
[INFO] [stdout] 
[INFO] [stdout] running 1 test
[INFO] [stdout] test src/db.rs - db::TableI64<T>::end (line 406) ... FAILED
[INFO] [stdout] 
[INFO] [stdout] failures:
[INFO] [stdout] 
[INFO] [stdout] ---- src/db.rs - db::TableI64<T>::end (line 406) stdout ----
[INFO] [stdout] error[E0425]: cannot find value `db` in this scope
[INFO] [stdout]  --> src/db.rs:407:14
[INFO] [stdout]   |
[INFO] [stdout] 3 | let mut it = db.end();
[INFO] [stdout]   |              ^^ not found in this scope
[INFO] [stdout] 
[INFO] [stdout] error[E0425]: cannot find value `db` in this scope
[INFO] [stdout]  --> src/db.rs:409:10
[INFO] [stdout]   |
[INFO] [stdout] 5 |     it = db.previous();
[INFO] [stdout]   |          ^^ not found in this scope
[INFO] [stdout] 
[INFO] [stdout] error: aborting due to 2 previous errors
[INFO] [stdout] 
[INFO] [stdout] For more information about this error, try `rustc --explain E0425`.
[INFO] [stdout] Couldn't compile the test.
[INFO] [stdout] 
[INFO] [stdout] failures:
[INFO] [stdout]     src/db.rs - db::TableI64<T>::end (line 406)
[INFO] [stdout] 
[INFO] [stdout] test result: FAILED. 0 passed; 1 failed; 0 ignored; 0 measured; 0 filtered out; finished in 0.13s
[INFO] [stdout] 
[INFO] [stderr] error: doctest failed, to rerun pass `--doc`
[INFO] running `Command { std: "docker" "inspect" "e0270f639a390a0e19b5c682d9b40bd3c3aed479fbebc05ee31650797f2f05fb", kill_on_drop: false }`
[INFO] running `Command { std: "docker" "rm" "-f" "e0270f639a390a0e19b5c682d9b40bd3c3aed479fbebc05ee31650797f2f05fb", kill_on_drop: false }`
[INFO] [stdout] e0270f639a390a0e19b5c682d9b40bd3c3aed479fbebc05ee31650797f2f05fb
