[INFO] fetching crate env-vars-to-json 0.1.6...
[INFO] testing env-vars-to-json-0.1.6 against 1.83.0 for beta-1.84.0-4-retry
[INFO] extracting crate env-vars-to-json 0.1.6 into /workspace/builds/worker-1-tc1/source
[INFO] validating manifest of crates.io crate env-vars-to-json 0.1.6 on toolchain 1.83.0
[INFO] running `Command { std: CARGO_HOME="/workspace/cargo-home" RUSTUP_HOME="/workspace/rustup-home" "/workspace/cargo-home/bin/cargo" "+1.83.0" "metadata" "--manifest-path" "Cargo.toml" "--no-deps", kill_on_drop: false }`
[INFO] started tweaking crates.io crate env-vars-to-json 0.1.6
[INFO] finished tweaking crates.io crate env-vars-to-json 0.1.6
[INFO] tweaked toml for crates.io crate env-vars-to-json 0.1.6 written to /workspace/builds/worker-1-tc1/source/Cargo.toml
[INFO] running `Command { std: CARGO_HOME="/workspace/cargo-home" RUSTUP_HOME="/workspace/rustup-home" "/workspace/cargo-home/bin/cargo" "+1.83.0" "generate-lockfile" "--manifest-path" "Cargo.toml", kill_on_drop: false }`
[INFO] [stderr]     Updating crates.io index
[INFO] [stderr]      Locking 41 packages to latest compatible versions
[INFO] [stderr]       Adding rstest v0.17.0 (available: v0.23.0)
[INFO] [stderr]       Adding thiserror v1.0.69 (available: v2.0.7)
[INFO] running `Command { std: CARGO_HOME="/workspace/cargo-home" RUSTUP_HOME="/workspace/rustup-home" "/workspace/cargo-home/bin/cargo" "+1.83.0" "fetch" "--manifest-path" "Cargo.toml", kill_on_drop: false }`
[INFO] running `Command { std: "docker" "create" "-v" "/var/lib/crater-agent-workspace/builds/worker-1-tc1/target:/opt/rustwide/target:rw,Z" "-v" "/var/lib/crater-agent-workspace/builds/worker-1-tc1/source:/opt/rustwide/workdir:ro,Z" "-v" "/var/lib/crater-agent-workspace/cargo-home:/opt/rustwide/cargo-home:ro,Z" "-v" "/var/lib/crater-agent-workspace/rustup-home:/opt/rustwide/rustup-home:ro,Z" "-e" "SOURCE_DIR=/opt/rustwide/workdir" "-e" "CARGO_TARGET_DIR=/opt/rustwide/target" "-e" "CARGO_HOME=/opt/rustwide/cargo-home" "-e" "RUSTUP_HOME=/opt/rustwide/rustup-home" "-w" "/opt/rustwide/workdir" "-m" "1610612736" "--user" "0:0" "--network" "none" "ghcr.io/rust-lang/crates-build-env/linux@sha256:f3a9d4ad9d972b27faf3965f35b62e55ba32bbce8f20bc8fe909558a86702fde" "/opt/rustwide/cargo-home/bin/cargo" "+1.83.0" "metadata" "--no-deps" "--format-version=1", kill_on_drop: false }`
[INFO] [stdout] fb6b12b4419c9452c02d2a8945788d7e6164cbeaff2304df60b611b8d0647fa1
[INFO] running `Command { std: "docker" "start" "-a" "fb6b12b4419c9452c02d2a8945788d7e6164cbeaff2304df60b611b8d0647fa1", kill_on_drop: false }`
[INFO] running `Command { std: "docker" "inspect" "fb6b12b4419c9452c02d2a8945788d7e6164cbeaff2304df60b611b8d0647fa1", kill_on_drop: false }`
[INFO] running `Command { std: "docker" "rm" "-f" "fb6b12b4419c9452c02d2a8945788d7e6164cbeaff2304df60b611b8d0647fa1", kill_on_drop: false }`
[INFO] [stdout] fb6b12b4419c9452c02d2a8945788d7e6164cbeaff2304df60b611b8d0647fa1
[INFO] running `Command { std: "docker" "create" "-v" "/var/lib/crater-agent-workspace/builds/worker-1-tc1/target:/opt/rustwide/target:rw,Z" "-v" "/var/lib/crater-agent-workspace/builds/worker-1-tc1/source:/opt/rustwide/workdir:ro,Z" "-v" "/var/lib/crater-agent-workspace/cargo-home:/opt/rustwide/cargo-home:ro,Z" "-v" "/var/lib/crater-agent-workspace/rustup-home:/opt/rustwide/rustup-home:ro,Z" "-e" "SOURCE_DIR=/opt/rustwide/workdir" "-e" "CARGO_TARGET_DIR=/opt/rustwide/target" "-e" "CARGO_INCREMENTAL=0" "-e" "RUST_BACKTRACE=full" "-e" "RUSTFLAGS=--cap-lints=warn" "-e" "RUSTDOCFLAGS=--cap-lints=warn" "-e" "CARGO_HOME=/opt/rustwide/cargo-home" "-e" "RUSTUP_HOME=/opt/rustwide/rustup-home" "-w" "/opt/rustwide/workdir" "-m" "1610612736" "--user" "0:0" "--network" "none" "ghcr.io/rust-lang/crates-build-env/linux@sha256:f3a9d4ad9d972b27faf3965f35b62e55ba32bbce8f20bc8fe909558a86702fde" "/opt/rustwide/cargo-home/bin/cargo" "+1.83.0" "build" "--frozen" "--message-format=json", kill_on_drop: false }`
[INFO] [stdout] 140d98395b0828b8c32c106f9826346ba57b5f3ec702466adf3591e2ae0c9cb4
[INFO] running `Command { std: "docker" "start" "-a" "140d98395b0828b8c32c106f9826346ba57b5f3ec702466adf3591e2ae0c9cb4", kill_on_drop: false }`
[INFO] [stderr]    Compiling serde v1.0.216
[INFO] [stderr]    Compiling syn v2.0.90
[INFO] [stderr]    Compiling memchr v2.7.4
[INFO] [stderr]    Compiling thiserror-impl v1.0.69
[INFO] [stderr]    Compiling thiserror v1.0.69
[INFO] [stderr]    Compiling serde_json v1.0.133
[INFO] [stderr]    Compiling env-vars-to-json v0.1.6 (/opt/rustwide/workdir)
[INFO] [stderr]     Finished `dev` profile [unoptimized + debuginfo] target(s) in 7.57s
[INFO] running `Command { std: "docker" "inspect" "140d98395b0828b8c32c106f9826346ba57b5f3ec702466adf3591e2ae0c9cb4", kill_on_drop: false }`
[INFO] running `Command { std: "docker" "rm" "-f" "140d98395b0828b8c32c106f9826346ba57b5f3ec702466adf3591e2ae0c9cb4", kill_on_drop: false }`
[INFO] [stdout] 140d98395b0828b8c32c106f9826346ba57b5f3ec702466adf3591e2ae0c9cb4
[INFO] running `Command { std: "docker" "create" "-v" "/var/lib/crater-agent-workspace/builds/worker-1-tc1/target:/opt/rustwide/target:rw,Z" "-v" "/var/lib/crater-agent-workspace/builds/worker-1-tc1/source:/opt/rustwide/workdir:ro,Z" "-v" "/var/lib/crater-agent-workspace/cargo-home:/opt/rustwide/cargo-home:ro,Z" "-v" "/var/lib/crater-agent-workspace/rustup-home:/opt/rustwide/rustup-home:ro,Z" "-e" "SOURCE_DIR=/opt/rustwide/workdir" "-e" "CARGO_TARGET_DIR=/opt/rustwide/target" "-e" "CARGO_INCREMENTAL=0" "-e" "RUST_BACKTRACE=full" "-e" "RUSTFLAGS=--cap-lints=warn" "-e" "RUSTDOCFLAGS=--cap-lints=warn" "-e" "CARGO_HOME=/opt/rustwide/cargo-home" "-e" "RUSTUP_HOME=/opt/rustwide/rustup-home" "-w" "/opt/rustwide/workdir" "-m" "1610612736" "--user" "0:0" "--network" "none" "ghcr.io/rust-lang/crates-build-env/linux@sha256:f3a9d4ad9d972b27faf3965f35b62e55ba32bbce8f20bc8fe909558a86702fde" "/opt/rustwide/cargo-home/bin/cargo" "+1.83.0" "test" "--frozen" "--no-run" "--message-format=json", kill_on_drop: false }`
[INFO] [stdout] 83370f3fc1fe89dc9d3407dfe241e05d73460f3095d3e185a9b259f5b09c61fc
[INFO] running `Command { std: "docker" "start" "-a" "83370f3fc1fe89dc9d3407dfe241e05d73460f3095d3e185a9b259f5b09c61fc", kill_on_drop: false }`
[INFO] [stderr]    Compiling syn v2.0.90
[INFO] [stderr]    Compiling semver v1.0.24
[INFO] [stderr]    Compiling futures-sink v0.3.31
[INFO] [stderr]    Compiling futures-core v0.3.31
[INFO] [stderr]    Compiling futures-io v0.3.31
[INFO] [stderr]    Compiling syn v1.0.109
[INFO] [stderr]    Compiling cfg-if v1.0.0
[INFO] [stderr]    Compiling unsafe-libyaml v0.2.11
[INFO] [stderr]    Compiling futures-timer v3.0.3
[INFO] [stderr]    Compiling futures-channel v0.3.31
[INFO] [stderr]    Compiling rustc_version v0.4.1
[INFO] [stderr]    Compiling rstest_macros v0.17.0
[INFO] [stderr]    Compiling futures-macro v0.3.31
[INFO] [stderr]    Compiling serde_derive v1.0.216
[INFO] [stderr]    Compiling thiserror-impl v1.0.69
[INFO] [stderr]    Compiling futures-util v0.3.31
[INFO] [stderr]    Compiling thiserror v1.0.69
[INFO] [stderr]    Compiling serde v1.0.216
[INFO] [stderr]    Compiling futures-executor v0.3.31
[INFO] [stderr]    Compiling futures v0.3.31
[INFO] [stderr]    Compiling rstest v0.17.0
[INFO] [stderr]    Compiling serde_json v1.0.133
[INFO] [stderr]    Compiling serde_yaml v0.9.34+deprecated
[INFO] [stderr]    Compiling env-vars-to-json v0.1.6 (/opt/rustwide/workdir)
[INFO] [stderr]     Finished `test` profile [unoptimized + debuginfo] target(s) in 15.89s
[INFO] running `Command { std: "docker" "inspect" "83370f3fc1fe89dc9d3407dfe241e05d73460f3095d3e185a9b259f5b09c61fc", kill_on_drop: false }`
[INFO] running `Command { std: "docker" "rm" "-f" "83370f3fc1fe89dc9d3407dfe241e05d73460f3095d3e185a9b259f5b09c61fc", kill_on_drop: false }`
[INFO] [stdout] 83370f3fc1fe89dc9d3407dfe241e05d73460f3095d3e185a9b259f5b09c61fc
[INFO] running `Command { std: "docker" "create" "-v" "/var/lib/crater-agent-workspace/builds/worker-1-tc1/target:/opt/rustwide/target:rw,Z" "-v" "/var/lib/crater-agent-workspace/builds/worker-1-tc1/source:/opt/rustwide/workdir:ro,Z" "-v" "/var/lib/crater-agent-workspace/cargo-home:/opt/rustwide/cargo-home:ro,Z" "-v" "/var/lib/crater-agent-workspace/rustup-home:/opt/rustwide/rustup-home:ro,Z" "-e" "SOURCE_DIR=/opt/rustwide/workdir" "-e" "CARGO_TARGET_DIR=/opt/rustwide/target" "-e" "CARGO_INCREMENTAL=0" "-e" "RUST_BACKTRACE=full" "-e" "RUSTFLAGS=--cap-lints=warn" "-e" "RUSTDOCFLAGS=--cap-lints=warn" "-e" "CARGO_HOME=/opt/rustwide/cargo-home" "-e" "RUSTUP_HOME=/opt/rustwide/rustup-home" "-w" "/opt/rustwide/workdir" "-m" "1610612736" "--user" "0:0" "--network" "none" "ghcr.io/rust-lang/crates-build-env/linux@sha256:f3a9d4ad9d972b27faf3965f35b62e55ba32bbce8f20bc8fe909558a86702fde" "/opt/rustwide/cargo-home/bin/cargo" "+1.83.0" "test" "--frozen", kill_on_drop: false }`
[INFO] [stdout] b696b0510b5ac253cd295eedb7e765968dc2bc10aea9de8f94e7e01543111800
[INFO] running `Command { std: "docker" "start" "-a" "b696b0510b5ac253cd295eedb7e765968dc2bc10aea9de8f94e7e01543111800", kill_on_drop: false }`
[INFO] [stderr]     Finished `test` profile [unoptimized + debuginfo] target(s) in 0.05s
[INFO] [stderr]      Running unittests src/lib.rs (/opt/rustwide/target/debug/deps/env_vars_to_json-11e0c40930d05665)
[INFO] [stdout] 
[INFO] [stdout] running 11 tests
[INFO] [stdout] test tests::test_parse_from_env::case_1 ... ok
[INFO] [stdout] test tests::test_parse_iter::case_3 ... ok
[INFO] [stdout] test tests::test_parse_iter::case_1 ... ok
[INFO] [stdout] test tests::test_parse_iter_with_defeault_json::case_1 ... ok
[INFO] [stdout] test tests::test_parse_iter::case_2 ... ok
[INFO] [stdout] test tests::test_parse_iter_with_defeault_json::case_3 ... ok
[INFO] [stdout] test tests::test_parse_iter::case_4 ... ok
[INFO] [stdout] test tests::test_parse_iter_with_defeault_json::case_4 ... ok
[INFO] [stdout] test tests::test_parse_iter_with_defeault_json::case_2 ... ok
[INFO] [stdout] test tests::test_parse_iter_with_defeault_json::case_5 ... ok
[INFO] [stdout] test tests::test_parse_iter::case_5 ... ok
[INFO] [stdout] 
[INFO] [stdout] test result: ok. 11 passed; 0 failed; 0 ignored; 0 measured; 0 filtered out; finished in 0.01s
[INFO] [stdout] 
[INFO] [stderr]    Doc-tests env_vars_to_json
[INFO] [stdout] 
[INFO] [stdout] running 2 tests
[INFO] [stdout] test src/../README.md - (line 31) - compile ... ok
[INFO] [stdout] test src/../README.md - (line 62) - compile ... FAILED
[INFO] [stdout] 
[INFO] [stdout] failures:
[INFO] [stdout] 
[INFO] [stdout] ---- src/../README.md - (line 62) stdout ----
[INFO] [stdout] error[E0599]: no method named `with_include` found for struct `Parser` in the current scope
[INFO] [stdout]   --> src/../README.md:70:6
[INFO] [stdout]    |
[INFO] [stdout] 8  |   let json = Parser::default()
[INFO] [stdout]    |  ____________-
[INFO] [stdout] 9  | |     .with_prefix("PREFIX")
[INFO] [stdout] 10 | |     .with_separator("__")
[INFO] [stdout] 11 | |     .with_include(&[".*STRUCT.*"])
[INFO] [stdout]    | |     -^^^^^^^^^^^^ method not found in `Parser`
[INFO] [stdout]    | |_____|
[INFO] [stdout]    |
[INFO] [stdout] 
[INFO] [stdout] error: aborting due to 1 previous error
[INFO] [stdout] 
[INFO] [stdout] For more information about this error, try `rustc --explain E0599`.
[INFO] [stdout] Couldn't compile the test.
[INFO] [stdout] 
[INFO] [stdout] failures:
[INFO] [stdout]     src/../README.md - (line 62)
[INFO] [stdout] 
[INFO] [stdout] test result: FAILED. 1 passed; 1 failed; 0 ignored; 0 measured; 0 filtered out; finished in 0.16s
[INFO] [stdout] 
[INFO] [stderr] error: doctest failed, to rerun pass `--doc`
[INFO] running `Command { std: "docker" "inspect" "b696b0510b5ac253cd295eedb7e765968dc2bc10aea9de8f94e7e01543111800", kill_on_drop: false }`
[INFO] running `Command { std: "docker" "rm" "-f" "b696b0510b5ac253cd295eedb7e765968dc2bc10aea9de8f94e7e01543111800", kill_on_drop: false }`
[INFO] [stdout] b696b0510b5ac253cd295eedb7e765968dc2bc10aea9de8f94e7e01543111800
