[INFO] fetching crate enum_unwrapper 0.1.2...
[INFO] testing enum_unwrapper-0.1.2 against 1.83.0 for beta-1.84.0-4-retry
[INFO] extracting crate enum_unwrapper 0.1.2 into /workspace/builds/worker-1-tc1/source
[INFO] validating manifest of crates.io crate enum_unwrapper 0.1.2 on toolchain 1.83.0
[INFO] running `Command { std: CARGO_HOME="/workspace/cargo-home" RUSTUP_HOME="/workspace/rustup-home" "/workspace/cargo-home/bin/cargo" "+1.83.0" "metadata" "--manifest-path" "Cargo.toml" "--no-deps", kill_on_drop: false }`
[INFO] started tweaking crates.io crate enum_unwrapper 0.1.2
[INFO] finished tweaking crates.io crate enum_unwrapper 0.1.2
[INFO] tweaked toml for crates.io crate enum_unwrapper 0.1.2 written to /workspace/builds/worker-1-tc1/source/Cargo.toml
[INFO] running `Command { std: CARGO_HOME="/workspace/cargo-home" RUSTUP_HOME="/workspace/rustup-home" "/workspace/cargo-home/bin/cargo" "+1.83.0" "generate-lockfile" "--manifest-path" "Cargo.toml", kill_on_drop: false }`
[INFO] [stderr]     Updating crates.io index
[INFO] [stderr]      Locking 4 packages to latest compatible versions
[INFO] running `Command { std: CARGO_HOME="/workspace/cargo-home" RUSTUP_HOME="/workspace/rustup-home" "/workspace/cargo-home/bin/cargo" "+1.83.0" "fetch" "--manifest-path" "Cargo.toml", kill_on_drop: false }`
[INFO] [stderr] warning: `proc_macro` is deprecated in favor of `proc-macro` and will not work in the 2024 edition
[INFO] [stderr] (in the `enum_unwrapper` library target)
[INFO] running `Command { std: "docker" "create" "-v" "/var/lib/crater-agent-workspace/builds/worker-1-tc1/target:/opt/rustwide/target:rw,Z" "-v" "/var/lib/crater-agent-workspace/builds/worker-1-tc1/source:/opt/rustwide/workdir:ro,Z" "-v" "/var/lib/crater-agent-workspace/cargo-home:/opt/rustwide/cargo-home:ro,Z" "-v" "/var/lib/crater-agent-workspace/rustup-home:/opt/rustwide/rustup-home:ro,Z" "-e" "SOURCE_DIR=/opt/rustwide/workdir" "-e" "CARGO_TARGET_DIR=/opt/rustwide/target" "-e" "CARGO_HOME=/opt/rustwide/cargo-home" "-e" "RUSTUP_HOME=/opt/rustwide/rustup-home" "-w" "/opt/rustwide/workdir" "-m" "1610612736" "--user" "0:0" "--network" "none" "ghcr.io/rust-lang/crates-build-env/linux@sha256:f3a9d4ad9d972b27faf3965f35b62e55ba32bbce8f20bc8fe909558a86702fde" "/opt/rustwide/cargo-home/bin/cargo" "+1.83.0" "metadata" "--no-deps" "--format-version=1", kill_on_drop: false }`
[INFO] [stdout] 635038df755f6ede066b148f104047f82e3d1cf0f1606924075a3933d315576d
[INFO] running `Command { std: "docker" "start" "-a" "635038df755f6ede066b148f104047f82e3d1cf0f1606924075a3933d315576d", kill_on_drop: false }`
[INFO] running `Command { std: "docker" "inspect" "635038df755f6ede066b148f104047f82e3d1cf0f1606924075a3933d315576d", kill_on_drop: false }`
[INFO] running `Command { std: "docker" "rm" "-f" "635038df755f6ede066b148f104047f82e3d1cf0f1606924075a3933d315576d", kill_on_drop: false }`
[INFO] [stdout] 635038df755f6ede066b148f104047f82e3d1cf0f1606924075a3933d315576d
[INFO] running `Command { std: "docker" "create" "-v" "/var/lib/crater-agent-workspace/builds/worker-1-tc1/target:/opt/rustwide/target:rw,Z" "-v" "/var/lib/crater-agent-workspace/builds/worker-1-tc1/source:/opt/rustwide/workdir:ro,Z" "-v" "/var/lib/crater-agent-workspace/cargo-home:/opt/rustwide/cargo-home:ro,Z" "-v" "/var/lib/crater-agent-workspace/rustup-home:/opt/rustwide/rustup-home:ro,Z" "-e" "SOURCE_DIR=/opt/rustwide/workdir" "-e" "CARGO_TARGET_DIR=/opt/rustwide/target" "-e" "CARGO_INCREMENTAL=0" "-e" "RUST_BACKTRACE=full" "-e" "RUSTFLAGS=--cap-lints=warn" "-e" "RUSTDOCFLAGS=--cap-lints=warn" "-e" "CARGO_HOME=/opt/rustwide/cargo-home" "-e" "RUSTUP_HOME=/opt/rustwide/rustup-home" "-w" "/opt/rustwide/workdir" "-m" "1610612736" "--user" "0:0" "--network" "none" "ghcr.io/rust-lang/crates-build-env/linux@sha256:f3a9d4ad9d972b27faf3965f35b62e55ba32bbce8f20bc8fe909558a86702fde" "/opt/rustwide/cargo-home/bin/cargo" "+1.83.0" "build" "--frozen" "--message-format=json", kill_on_drop: false }`
[INFO] [stdout] 375cfa4e8d797e119e6356927fb01b1377b91aaf500876be5b7730d7b3978bcf
[INFO] running `Command { std: "docker" "start" "-a" "375cfa4e8d797e119e6356927fb01b1377b91aaf500876be5b7730d7b3978bcf", kill_on_drop: false }`
[INFO] [stderr] warning: `proc_macro` is deprecated in favor of `proc-macro` and will not work in the 2024 edition
[INFO] [stderr] (in the `enum_unwrapper` library target)
[INFO] [stderr]    Compiling proc-macro2 v1.0.92
[INFO] [stderr]    Compiling unicode-ident v1.0.14
[INFO] [stderr]    Compiling quote v1.0.37
[INFO] [stderr]    Compiling syn v2.0.90
[INFO] [stderr]    Compiling enum_unwrapper v0.1.2 (/opt/rustwide/workdir)
[INFO] [stderr]     Finished `dev` profile [unoptimized + debuginfo] target(s) in 5.59s
[INFO] running `Command { std: "docker" "inspect" "375cfa4e8d797e119e6356927fb01b1377b91aaf500876be5b7730d7b3978bcf", kill_on_drop: false }`
[INFO] running `Command { std: "docker" "rm" "-f" "375cfa4e8d797e119e6356927fb01b1377b91aaf500876be5b7730d7b3978bcf", kill_on_drop: false }`
[INFO] [stdout] 375cfa4e8d797e119e6356927fb01b1377b91aaf500876be5b7730d7b3978bcf
[INFO] running `Command { std: "docker" "create" "-v" "/var/lib/crater-agent-workspace/builds/worker-1-tc1/target:/opt/rustwide/target:rw,Z" "-v" "/var/lib/crater-agent-workspace/builds/worker-1-tc1/source:/opt/rustwide/workdir:ro,Z" "-v" "/var/lib/crater-agent-workspace/cargo-home:/opt/rustwide/cargo-home:ro,Z" "-v" "/var/lib/crater-agent-workspace/rustup-home:/opt/rustwide/rustup-home:ro,Z" "-e" "SOURCE_DIR=/opt/rustwide/workdir" "-e" "CARGO_TARGET_DIR=/opt/rustwide/target" "-e" "CARGO_INCREMENTAL=0" "-e" "RUST_BACKTRACE=full" "-e" "RUSTFLAGS=--cap-lints=warn" "-e" "RUSTDOCFLAGS=--cap-lints=warn" "-e" "CARGO_HOME=/opt/rustwide/cargo-home" "-e" "RUSTUP_HOME=/opt/rustwide/rustup-home" "-w" "/opt/rustwide/workdir" "-m" "1610612736" "--user" "0:0" "--network" "none" "ghcr.io/rust-lang/crates-build-env/linux@sha256:f3a9d4ad9d972b27faf3965f35b62e55ba32bbce8f20bc8fe909558a86702fde" "/opt/rustwide/cargo-home/bin/cargo" "+1.83.0" "test" "--frozen" "--no-run" "--message-format=json", kill_on_drop: false }`
[INFO] [stdout] 2fc040b460d13ee8f927e8da8907d8907a23ac689a394181a83ae71312249037
[INFO] running `Command { std: "docker" "start" "-a" "2fc040b460d13ee8f927e8da8907d8907a23ac689a394181a83ae71312249037", kill_on_drop: false }`
[INFO] [stderr] warning: `proc_macro` is deprecated in favor of `proc-macro` and will not work in the 2024 edition
[INFO] [stderr] (in the `enum_unwrapper` library target)
[INFO] [stderr]    Compiling enum_unwrapper v0.1.2 (/opt/rustwide/workdir)
[INFO] [stderr]     Finished `test` profile [unoptimized + debuginfo] target(s) in 0.70s
[INFO] running `Command { std: "docker" "inspect" "2fc040b460d13ee8f927e8da8907d8907a23ac689a394181a83ae71312249037", kill_on_drop: false }`
[INFO] running `Command { std: "docker" "rm" "-f" "2fc040b460d13ee8f927e8da8907d8907a23ac689a394181a83ae71312249037", kill_on_drop: false }`
[INFO] [stdout] 2fc040b460d13ee8f927e8da8907d8907a23ac689a394181a83ae71312249037
[INFO] running `Command { std: "docker" "create" "-v" "/var/lib/crater-agent-workspace/builds/worker-1-tc1/target:/opt/rustwide/target:rw,Z" "-v" "/var/lib/crater-agent-workspace/builds/worker-1-tc1/source:/opt/rustwide/workdir:ro,Z" "-v" "/var/lib/crater-agent-workspace/cargo-home:/opt/rustwide/cargo-home:ro,Z" "-v" "/var/lib/crater-agent-workspace/rustup-home:/opt/rustwide/rustup-home:ro,Z" "-e" "SOURCE_DIR=/opt/rustwide/workdir" "-e" "CARGO_TARGET_DIR=/opt/rustwide/target" "-e" "CARGO_INCREMENTAL=0" "-e" "RUST_BACKTRACE=full" "-e" "RUSTFLAGS=--cap-lints=warn" "-e" "RUSTDOCFLAGS=--cap-lints=warn" "-e" "CARGO_HOME=/opt/rustwide/cargo-home" "-e" "RUSTUP_HOME=/opt/rustwide/rustup-home" "-w" "/opt/rustwide/workdir" "-m" "1610612736" "--user" "0:0" "--network" "none" "ghcr.io/rust-lang/crates-build-env/linux@sha256:f3a9d4ad9d972b27faf3965f35b62e55ba32bbce8f20bc8fe909558a86702fde" "/opt/rustwide/cargo-home/bin/cargo" "+1.83.0" "test" "--frozen", kill_on_drop: false }`
[INFO] [stdout] fb6dd250580fc45643d4d7bb2b056ee00fb8f8b4f7d96a0cfd9b42f286111279
[INFO] running `Command { std: "docker" "start" "-a" "fb6dd250580fc45643d4d7bb2b056ee00fb8f8b4f7d96a0cfd9b42f286111279", kill_on_drop: false }`
[INFO] [stderr] warning: `proc_macro` is deprecated in favor of `proc-macro` and will not work in the 2024 edition
[INFO] [stderr] (in the `enum_unwrapper` library target)
[INFO] [stderr]     Finished `test` profile [unoptimized + debuginfo] target(s) in 0.02s
[INFO] [stderr]      Running unittests src/lib.rs (/opt/rustwide/target/debug/deps/enum_unwrapper-4a3f1453c065ac9f)
[INFO] [stdout] 
[INFO] [stdout] running 0 tests
[INFO] [stdout] 
[INFO] [stdout] test result: ok. 0 passed; 0 failed; 0 ignored; 0 measured; 0 filtered out; finished in 0.00s
[INFO] [stdout] 
[INFO] [stderr]    Doc-tests enum_unwrapper
[INFO] [stdout] 
[INFO] [stdout] running 3 tests
[INFO] [stdout] test src/lib.rs - unique_try_froms (line 50) - compile ... FAILED
[INFO] [stdout] test src/lib.rs - unique_try_froms (line 46) - compile ... FAILED
[INFO] [stdout] test src/lib.rs - unique_try_froms (line 28) - compile ... FAILED
[INFO] [stdout] 
[INFO] [stdout] failures:
[INFO] [stdout] 
[INFO] [stdout] ---- src/lib.rs - unique_try_froms (line 50) stdout ----
[INFO] [stdout] error: expected one of `.`, `;`, `?`, `}`, or an operator, found `,`
[INFO] [stdout]  --> src/lib.rs:51:16
[INFO] [stdout]   |
[INFO] [stdout] 3 | Variant([u8;2]),
[INFO] [stdout]   |                ^ expected one of `.`, `;`, `?`, `}`, or an operator
[INFO] [stdout] 
[INFO] [stdout] error: aborting due to 1 previous error
[INFO] [stdout] 
[INFO] [stdout] Couldn't compile the test.
[INFO] [stdout] ---- src/lib.rs - unique_try_froms (line 46) stdout ----
[INFO] [stdout] error: expected one of `.`, `;`, `?`, `}`, or an operator, found `,`
[INFO] [stdout]  --> src/lib.rs:47:15
[INFO] [stdout]   |
[INFO] [stdout] 3 | Variant(u8,u8),
[INFO] [stdout]   |               ^ expected one of `.`, `;`, `?`, `}`, or an operator
[INFO] [stdout] 
[INFO] [stdout] error: aborting due to 1 previous error
[INFO] [stdout] 
[INFO] [stdout] Couldn't compile the test.
[INFO] [stdout] ---- src/lib.rs - unique_try_froms (line 28) stdout ----
[INFO] [stdout] error: cannot find attribute `unique_try_froms` in this scope
[INFO] [stdout]  --> src/lib.rs:29:3
[INFO] [stdout]   |
[INFO] [stdout] 2 | #[unique_try_froms()]
[INFO] [stdout]   |   ^^^^^^^^^^^^^^^^
[INFO] [stdout]   |
[INFO] [stdout] help: consider importing this attribute macro
[INFO] [stdout]   |
[INFO] [stdout] 2 + use enum_unwrapper::unique_try_froms;
[INFO] [stdout]   |
[INFO] [stdout] 
[INFO] [stdout] error[E0277]: the trait bound `u8: TryFrom<NumberHolder>` is not satisfied
[INFO] [stdout]  --> src/lib.rs:36:17
[INFO] [stdout]   |
[INFO] [stdout] 9 |    assert_eq!(4,u8::try_from(small_number).unwrap());
[INFO] [stdout]   |                 ^^ the trait `From<NumberHolder>` is not implemented for `u8`, which is required by `u8: TryFrom<NumberHolder>`
[INFO] [stdout]   |
[INFO] [stdout]   = help: the following other types implement trait `From<T>`:
[INFO] [stdout]             `u8` implements `From<Char>`
[INFO] [stdout]             `u8` implements `From<bool>`
[INFO] [stdout]   = note: required for `NumberHolder` to implement `Into<u8>`
[INFO] [stdout]   = note: required for `u8` to implement `TryFrom<NumberHolder>`
[INFO] [stdout] 
[INFO] [stdout] error[E0277]: the trait bound `u16: TryFrom<NumberHolder>` is not satisfied
[INFO] [stdout]   --> src/lib.rs:38:19
[INFO] [stdout]    |
[INFO] [stdout] 11 |    assert_eq!(444,u16::try_from(big_number).unwrap());
[INFO] [stdout]    |                   ^^^ the trait `From<NumberHolder>` is not implemented for `u16`, which is required by `u16: TryFrom<NumberHolder>`
[INFO] [stdout]    |
[INFO] [stdout]    = help: the following other types implement trait `From<T>`:
[INFO] [stdout]              `u16` implements `From<Char>`
[INFO] [stdout]              `u16` implements `From<bool>`
[INFO] [stdout]              `u16` implements `From<u8>`
[INFO] [stdout]    = note: required for `NumberHolder` to implement `Into<u16>`
[INFO] [stdout]    = note: required for `u16` to implement `TryFrom<NumberHolder>`
[INFO] [stdout] 
[INFO] [stdout] error[E0277]: the trait bound `u8: From<NumberHolder>` is not satisfied
[INFO] [stdout]  --> src/lib.rs:36:17
[INFO] [stdout]   |
[INFO] [stdout] 9 |    assert_eq!(4,u8::try_from(small_number).unwrap());
[INFO] [stdout]   |                 ^^^^^^^^^^^^^^^^^^^^^^^^^^ the trait `From<NumberHolder>` is not implemented for `u8`, which is required by `u8: TryFrom<NumberHolder>`
[INFO] [stdout]   |
[INFO] [stdout]   = help: the following other types implement trait `From<T>`:
[INFO] [stdout]             `u8` implements `From<Char>`
[INFO] [stdout]             `u8` implements `From<bool>`
[INFO] [stdout]   = note: required for `NumberHolder` to implement `Into<u8>`
[INFO] [stdout]   = note: required for `u8` to implement `TryFrom<NumberHolder>`
[INFO] [stdout] 
[INFO] [stdout] error[E0277]: the trait bound `u16: From<NumberHolder>` is not satisfied
[INFO] [stdout]   --> src/lib.rs:38:19
[INFO] [stdout]    |
[INFO] [stdout] 11 |    assert_eq!(444,u16::try_from(big_number).unwrap());
[INFO] [stdout]    |                   ^^^^^^^^^^^^^^^^^^^^^^^^^ the trait `From<NumberHolder>` is not implemented for `u16`, which is required by `u16: TryFrom<NumberHolder>`
[INFO] [stdout]    |
[INFO] [stdout]    = help: the following other types implement trait `From<T>`:
[INFO] [stdout]              `u16` implements `From<Char>`
[INFO] [stdout]              `u16` implements `From<bool>`
[INFO] [stdout]              `u16` implements `From<u8>`
[INFO] [stdout]    = note: required for `NumberHolder` to implement `Into<u16>`
[INFO] [stdout]    = note: required for `u16` to implement `TryFrom<NumberHolder>`
[INFO] [stdout] 
[INFO] [stdout] error: aborting due to 5 previous errors
[INFO] [stdout] 
[INFO] [stdout] For more information about this error, try `rustc --explain E0277`.
[INFO] [stdout] Couldn't compile the test.
[INFO] [stdout] 
[INFO] [stdout] failures:
[INFO] [stdout]     src/lib.rs - unique_try_froms (line 28)
[INFO] [stdout]     src/lib.rs - unique_try_froms (line 46)
[INFO] [stdout]     src/lib.rs - unique_try_froms (line 50)
[INFO] [stdout] 
[INFO] [stdout] test result: FAILED. 0 passed; 3 failed; 0 ignored; 0 measured; 0 filtered out; finished in 0.08s
[INFO] [stdout] 
[INFO] [stderr] error: doctest failed, to rerun pass `--doc`
[INFO] running `Command { std: "docker" "inspect" "fb6dd250580fc45643d4d7bb2b056ee00fb8f8b4f7d96a0cfd9b42f286111279", kill_on_drop: false }`
[INFO] running `Command { std: "docker" "rm" "-f" "fb6dd250580fc45643d4d7bb2b056ee00fb8f8b4f7d96a0cfd9b42f286111279", kill_on_drop: false }`
[INFO] [stdout] fb6dd250580fc45643d4d7bb2b056ee00fb8f8b4f7d96a0cfd9b42f286111279
