[INFO] fetching crate enum_macros 0.0.3...
[INFO] testing enum_macros-0.0.3 against beta-2024-12-08 for beta-1.84.0-4-retry
[INFO] extracting crate enum_macros 0.0.3 into /workspace/builds/worker-5-tc2/source
[INFO] validating manifest of crates.io crate enum_macros 0.0.3 on toolchain beta-2024-12-08
[INFO] running `Command { std: CARGO_HOME="/workspace/cargo-home" RUSTUP_HOME="/workspace/rustup-home" "/workspace/cargo-home/bin/cargo" "+beta-2024-12-08" "metadata" "--manifest-path" "Cargo.toml" "--no-deps", kill_on_drop: false }`
[INFO] started tweaking crates.io crate enum_macros 0.0.3
[INFO] removed 0 missing tests
[INFO] finished tweaking crates.io crate enum_macros 0.0.3
[INFO] tweaked toml for crates.io crate enum_macros 0.0.3 written to /workspace/builds/worker-5-tc2/source/Cargo.toml
[INFO] running `Command { std: CARGO_HOME="/workspace/cargo-home" RUSTUP_HOME="/workspace/rustup-home" "/workspace/cargo-home/bin/cargo" "+beta-2024-12-08" "generate-lockfile" "--manifest-path" "Cargo.toml", kill_on_drop: false }`
[INFO] [stderr]     Updating crates.io index
[INFO] [stderr]      Locking 33 packages to latest compatible versions
[INFO] running `Command { std: CARGO_HOME="/workspace/cargo-home" RUSTUP_HOME="/workspace/rustup-home" "/workspace/cargo-home/bin/cargo" "+beta-2024-12-08" "fetch" "--manifest-path" "Cargo.toml", kill_on_drop: false }`
[INFO] [stderr]     Blocking waiting for file lock on package cache
[INFO] [stderr]     Blocking waiting for file lock on package cache
[INFO] running `Command { std: "docker" "create" "-v" "/var/lib/crater-agent-workspace/builds/worker-5-tc2/target:/opt/rustwide/target:rw,Z" "-v" "/var/lib/crater-agent-workspace/builds/worker-5-tc2/source:/opt/rustwide/workdir:ro,Z" "-v" "/var/lib/crater-agent-workspace/cargo-home:/opt/rustwide/cargo-home:ro,Z" "-v" "/var/lib/crater-agent-workspace/rustup-home:/opt/rustwide/rustup-home:ro,Z" "-e" "SOURCE_DIR=/opt/rustwide/workdir" "-e" "CARGO_TARGET_DIR=/opt/rustwide/target" "-e" "CARGO_HOME=/opt/rustwide/cargo-home" "-e" "RUSTUP_HOME=/opt/rustwide/rustup-home" "-w" "/opt/rustwide/workdir" "-m" "1610612736" "--user" "0:0" "--network" "none" "ghcr.io/rust-lang/crates-build-env/linux@sha256:f3a9d4ad9d972b27faf3965f35b62e55ba32bbce8f20bc8fe909558a86702fde" "/opt/rustwide/cargo-home/bin/cargo" "+beta-2024-12-08" "metadata" "--no-deps" "--format-version=1", kill_on_drop: false }`
[INFO] [stdout] 9d5a7c265ebc93b56cafc80c6647a9c815ec9c69a0d0972116136674ec1bd9e2
[INFO] running `Command { std: "docker" "start" "-a" "9d5a7c265ebc93b56cafc80c6647a9c815ec9c69a0d0972116136674ec1bd9e2", kill_on_drop: false }`
[INFO] running `Command { std: "docker" "inspect" "9d5a7c265ebc93b56cafc80c6647a9c815ec9c69a0d0972116136674ec1bd9e2", kill_on_drop: false }`
[INFO] running `Command { std: "docker" "rm" "-f" "9d5a7c265ebc93b56cafc80c6647a9c815ec9c69a0d0972116136674ec1bd9e2", kill_on_drop: false }`
[INFO] [stdout] 9d5a7c265ebc93b56cafc80c6647a9c815ec9c69a0d0972116136674ec1bd9e2
[INFO] running `Command { std: "docker" "create" "-v" "/var/lib/crater-agent-workspace/builds/worker-5-tc2/target:/opt/rustwide/target:rw,Z" "-v" "/var/lib/crater-agent-workspace/builds/worker-5-tc2/source:/opt/rustwide/workdir:ro,Z" "-v" "/var/lib/crater-agent-workspace/cargo-home:/opt/rustwide/cargo-home:ro,Z" "-v" "/var/lib/crater-agent-workspace/rustup-home:/opt/rustwide/rustup-home:ro,Z" "-e" "SOURCE_DIR=/opt/rustwide/workdir" "-e" "CARGO_TARGET_DIR=/opt/rustwide/target" "-e" "CARGO_INCREMENTAL=0" "-e" "RUST_BACKTRACE=full" "-e" "RUSTFLAGS=--cap-lints=warn" "-e" "RUSTDOCFLAGS=--cap-lints=warn" "-e" "CARGO_HOME=/opt/rustwide/cargo-home" "-e" "RUSTUP_HOME=/opt/rustwide/rustup-home" "-w" "/opt/rustwide/workdir" "-m" "1610612736" "--user" "0:0" "--network" "none" "ghcr.io/rust-lang/crates-build-env/linux@sha256:f3a9d4ad9d972b27faf3965f35b62e55ba32bbce8f20bc8fe909558a86702fde" "/opt/rustwide/cargo-home/bin/cargo" "+beta-2024-12-08" "build" "--frozen" "--message-format=json", kill_on_drop: false }`
[INFO] [stdout] 6ec9d51f76ae4a9f2f7736f30d5967cfa1fae29c4b8c5cb47318002188e1d07a
[INFO] running `Command { std: "docker" "start" "-a" "6ec9d51f76ae4a9f2f7736f30d5967cfa1fae29c4b8c5cb47318002188e1d07a", kill_on_drop: false }`
[INFO] [stderr]    Compiling proc-macro2 v1.0.92
[INFO] [stderr]    Compiling unicode-ident v1.0.14
[INFO] [stderr]    Compiling quote v1.0.37
[INFO] [stderr]    Compiling syn v2.0.90
[INFO] [stderr]    Compiling enum_macros v0.0.3 (/opt/rustwide/workdir)
[INFO] [stderr]     Finished `dev` profile [unoptimized + debuginfo] target(s) in 7.47s
[INFO] running `Command { std: "docker" "inspect" "6ec9d51f76ae4a9f2f7736f30d5967cfa1fae29c4b8c5cb47318002188e1d07a", kill_on_drop: false }`
[INFO] running `Command { std: "docker" "rm" "-f" "6ec9d51f76ae4a9f2f7736f30d5967cfa1fae29c4b8c5cb47318002188e1d07a", kill_on_drop: false }`
[INFO] [stdout] 6ec9d51f76ae4a9f2f7736f30d5967cfa1fae29c4b8c5cb47318002188e1d07a
[INFO] running `Command { std: "docker" "create" "-v" "/var/lib/crater-agent-workspace/builds/worker-5-tc2/target:/opt/rustwide/target:rw,Z" "-v" "/var/lib/crater-agent-workspace/builds/worker-5-tc2/source:/opt/rustwide/workdir:ro,Z" "-v" "/var/lib/crater-agent-workspace/cargo-home:/opt/rustwide/cargo-home:ro,Z" "-v" "/var/lib/crater-agent-workspace/rustup-home:/opt/rustwide/rustup-home:ro,Z" "-e" "SOURCE_DIR=/opt/rustwide/workdir" "-e" "CARGO_TARGET_DIR=/opt/rustwide/target" "-e" "CARGO_INCREMENTAL=0" "-e" "RUST_BACKTRACE=full" "-e" "RUSTFLAGS=--cap-lints=warn" "-e" "RUSTDOCFLAGS=--cap-lints=warn" "-e" "CARGO_HOME=/opt/rustwide/cargo-home" "-e" "RUSTUP_HOME=/opt/rustwide/rustup-home" "-w" "/opt/rustwide/workdir" "-m" "1610612736" "--user" "0:0" "--network" "none" "ghcr.io/rust-lang/crates-build-env/linux@sha256:f3a9d4ad9d972b27faf3965f35b62e55ba32bbce8f20bc8fe909558a86702fde" "/opt/rustwide/cargo-home/bin/cargo" "+beta-2024-12-08" "test" "--frozen" "--no-run" "--message-format=json", kill_on_drop: false }`
[INFO] [stdout] a33143da98f3290190c0fb09da9511daa623080f73c2e047ef69b98efa476f65
[INFO] running `Command { std: "docker" "start" "-a" "a33143da98f3290190c0fb09da9511daa623080f73c2e047ef69b98efa476f65", kill_on_drop: false }`
[INFO] [stderr]    Compiling serde v1.0.216
[INFO] [stderr]    Compiling unicode-ident v1.0.14
[INFO] [stderr]    Compiling equivalent v1.0.1
[INFO] [stderr]    Compiling hashbrown v0.15.2
[INFO] [stderr]    Compiling serde_json v1.0.133
[INFO] [stderr]    Compiling target-triple v0.1.3
[INFO] [stderr]    Compiling winnow v0.6.20
[INFO] [stderr]    Compiling ryu v1.0.18
[INFO] [stderr]    Compiling memchr v2.7.4
[INFO] [stderr]    Compiling itoa v1.0.14
[INFO] [stderr]    Compiling glob v0.3.1
[INFO] [stderr]    Compiling termcolor v1.4.1
[INFO] [stderr]    Compiling proc-macro2 v1.0.92
[INFO] [stderr]    Compiling quote v1.0.37
[INFO] [stderr]    Compiling syn v2.0.90
[INFO] [stderr]    Compiling indexmap v2.7.0
[INFO] [stderr]    Compiling toml_datetime v0.6.8
[INFO] [stderr]    Compiling serde_spanned v0.6.8
[INFO] [stderr]    Compiling toml_edit v0.22.22
[INFO] [stderr]    Compiling serde_derive v1.0.216
[INFO] [stderr]    Compiling enum_macros v0.0.3 (/opt/rustwide/workdir)
[INFO] [stderr]    Compiling toml v0.8.19
[INFO] [stderr]    Compiling trybuild v1.0.101
[INFO] [stderr]     Finished `test` profile [unoptimized + debuginfo] target(s) in 23.18s
[INFO] running `Command { std: "docker" "inspect" "a33143da98f3290190c0fb09da9511daa623080f73c2e047ef69b98efa476f65", kill_on_drop: false }`
[INFO] running `Command { std: "docker" "rm" "-f" "a33143da98f3290190c0fb09da9511daa623080f73c2e047ef69b98efa476f65", kill_on_drop: false }`
[INFO] [stdout] a33143da98f3290190c0fb09da9511daa623080f73c2e047ef69b98efa476f65
[INFO] running `Command { std: "docker" "create" "-v" "/var/lib/crater-agent-workspace/builds/worker-5-tc2/target:/opt/rustwide/target:rw,Z" "-v" "/var/lib/crater-agent-workspace/builds/worker-5-tc2/source:/opt/rustwide/workdir:ro,Z" "-v" "/var/lib/crater-agent-workspace/cargo-home:/opt/rustwide/cargo-home:ro,Z" "-v" "/var/lib/crater-agent-workspace/rustup-home:/opt/rustwide/rustup-home:ro,Z" "-e" "SOURCE_DIR=/opt/rustwide/workdir" "-e" "CARGO_TARGET_DIR=/opt/rustwide/target" "-e" "CARGO_INCREMENTAL=0" "-e" "RUST_BACKTRACE=full" "-e" "RUSTFLAGS=--cap-lints=warn" "-e" "RUSTDOCFLAGS=--cap-lints=warn" "-e" "CARGO_HOME=/opt/rustwide/cargo-home" "-e" "RUSTUP_HOME=/opt/rustwide/rustup-home" "-w" "/opt/rustwide/workdir" "-m" "1610612736" "--user" "0:0" "--network" "none" "ghcr.io/rust-lang/crates-build-env/linux@sha256:f3a9d4ad9d972b27faf3965f35b62e55ba32bbce8f20bc8fe909558a86702fde" "/opt/rustwide/cargo-home/bin/cargo" "+beta-2024-12-08" "test" "--frozen", kill_on_drop: false }`
[INFO] [stdout] 5817d9d4f6d708eddb213f1bee739dc75ee81ed28c9964861737837b8ff52892
[INFO] running `Command { std: "docker" "start" "-a" "5817d9d4f6d708eddb213f1bee739dc75ee81ed28c9964861737837b8ff52892", kill_on_drop: false }`
[INFO] [stderr]     Finished `test` profile [unoptimized + debuginfo] target(s) in 0.04s
[INFO] [stderr]      Running unittests src/lib.rs (/opt/rustwide/target/debug/deps/enum_macros-e37c92d7e76b72ea)
[INFO] [stdout] 
[INFO] [stdout] running 0 tests
[INFO] [stdout] 
[INFO] [stdout] test result: ok. 0 passed; 0 failed; 0 ignored; 0 measured; 0 filtered out; finished in 0.00s
[INFO] [stdout] 
[INFO] [stderr]      Running tests/main.rs (/opt/rustwide/target/debug/deps/main-3ac6f6b7d386d883)
[INFO] [stdout] 
[INFO] [stdout] running 1 test
[INFO] [stderr]    Compiling proc-macro2 v1.0.92
[INFO] [stderr]    Compiling unicode-ident v1.0.14
[INFO] [stderr]    Compiling quote v1.0.37
[INFO] [stderr]    Compiling syn v2.0.90
[INFO] [stderr]    Compiling enum_macros v0.0.3 (/opt/rustwide/workdir)
[INFO] [stderr]    Compiling enum_macros-tests v0.0.0 (/opt/rustwide/target/tests/trybuild/enum_macros)
[INFO] [stderr]     Finished `dev` profile [unoptimized + debuginfo] target(s) in 12.03s
[INFO] [stderr] 
[INFO] [stderr] 
[INFO] [stderr] test tests/custom_discriminant/pass/block_discriminant.rs [should pass] ... ok
[INFO] [stderr] test tests/custom_discriminant/pass/const_as_discriminant.rs [should pass] ... ok
[INFO] [stderr] test tests/custom_discriminant/pass/empty.rs [should pass] ... ok
[INFO] [stderr] test tests/custom_discriminant/pass/extra_parens.rs [should pass] ... ok
[INFO] [stderr] test tests/custom_discriminant/pass/function_call_discriminant.rs [should pass] ... ok
[INFO] [stderr] test tests/custom_discriminant/pass/generic_discriminant_type.rs [should pass] ... ok
[INFO] [stderr] test tests/custom_discriminant/pass/macro_discriminant.rs [should pass] ... ok
[INFO] [stderr] test tests/custom_discriminant/pass/no_data.rs [should pass] ... ok
[INFO] [stderr] test tests/custom_discriminant/pass/path_discriminant.rs [should pass] ... ok
[INFO] [stderr] test tests/custom_discriminant/pass/ptr_discriminant.rs [should pass] ... ok
[INFO] [stderr] test tests/custom_discriminant/pass/shorthand_array_discriminant.rs [should pass] ... ok
[INFO] [stderr] test tests/custom_discriminant/pass/with_data.rs [should pass] ... ok
[INFO] [stderr] test tests/custom_discriminant/pass/with_data_generics_bounds_and_more.rs [should pass] ... ok
[INFO] [stderr] test tests/marker_type/pass/arg_derive.rs [should pass] ... ok
[INFO] [stderr] test tests/marker_type/pass/copy_clone_after_attribute.rs [should pass] ... ok
[INFO] [stderr] test tests/marker_type/pass/no_default_required.rs [should pass] ... ok
[INFO] [stderr] test tests/marker_type/pass/require_copy.rs [should pass] ... ok
[INFO] [stderr] test tests/marker_type/pass/strip_generics_from_marker.rs [should pass] ... ok
[INFO] [stderr] test tests/next_variant/pass/multiple.rs [should pass] ... ok
[INFO] [stderr] test tests/next_variant/pass/no_variants.rs [should pass] ... ok
[INFO] [stderr] test tests/next_variant/pass/once.rs [should pass] ... ok
[INFO] [stderr] test tests/unwrap_variant/pass/basic.rs [should pass] ... ok
[INFO] [stderr] test tests/unwrap_variant/pass/complex_type.rs [should pass] ... ok
[INFO] [stderr] test tests/unwrap_variant/pass/generic_type.rs [should pass] ... ok
[INFO] [stderr] test tests/unwrap_variant/pass/one_field_only.rs [should pass] ... ok
[INFO] [stderr] test tests/unwrap_variant/pass/single_variant.rs [should pass] ... ok
[INFO] [stderr] test tests/unwrap_variant/pass/tuple_variant.rs [should pass] ... ok
[INFO] [stderr] test tests/variant_amount/pass/empty.rs [should pass] ... ok
[INFO] [stderr] test tests/variant_amount/pass/nonempty.rs [should pass] ... ok
[INFO] [stderr] test tests/custom_discriminant/fail/fn_pointer_discriminant.rs [should fail to compile] ... ok
[INFO] [stderr] test tests/custom_discriminant/fail/lifetime_in_discriminant_type.rs [should fail to compile] ... ok
[INFO] [stderr] test tests/custom_discriminant/fail/missing_default.rs [should fail to compile] ... ok
[INFO] [stderr] test tests/custom_discriminant/fail/missing_discriminant.rs [should fail to compile] ... ok
[INFO] [stderr] test tests/custom_discriminant/fail/missing_type.rs [should fail to compile] ... ok
[INFO] [stderr] test tests/custom_discriminant/fail/not_enum.rs [should fail to compile] ... ok
[INFO] [stderr] test tests/custom_discriminant/fail/static_as_discriminant.rs [should fail to compile] ... error
[INFO] [stderr] Expected test case to fail to compile, but it succeeded.
[INFO] [stderr] 
[INFO] [stderr] test tests/custom_discriminant/fail/strange_discriminant_types.rs [should fail to compile] ... ok
[INFO] [stderr] test tests/custom_discriminant/fail/type_mismatch.rs [should fail to compile] ... ok
[INFO] [stderr] test tests/marker_type/fail/duplicate_derives.rs [should fail to compile] ... mismatch
[INFO] [stderr] 
[INFO] [stderr] EXPECTED:
[INFO] [stderr] ┈┈┈┈┈┈┈┈┈┈┈┈┈┈┈┈┈┈┈┈┈┈┈┈┈┈┈┈┈┈┈┈┈┈┈┈┈┈┈┈┈┈┈┈┈┈┈┈┈┈┈┈┈┈┈┈┈┈┈┈
[INFO] [stderr] error[E0119]: conflicting implementations of trait `Clone` for type `ComplexMarker`
[INFO] [stderr]  --> tests/marker_type/fail/duplicate_derives.rs:4:22
[INFO] [stderr]   |
[INFO] [stderr] 4 | #[marker_type(derive(Clone, Copy, Debug, Hash, PartialEq, Eq))]
[INFO] [stderr]   | ---------------------^^^^^-------------------------------------
[INFO] [stderr]   | |                    |
[INFO] [stderr]   | |                    conflicting implementation for `ComplexMarker`
[INFO] [stderr]   | first implementation here
[INFO] [stderr]   |
[INFO] [stderr]   = note: this error originates in the derive macro `Clone` (in Nightly builds, run with -Z macro-backtrace for more info)
[INFO] [stderr] 
[INFO] [stderr] error[E0119]: conflicting implementations of trait `Copy` for type `ComplexMarker`
[INFO] [stderr]  --> tests/marker_type/fail/duplicate_derives.rs:4:29
[INFO] [stderr]   |
[INFO] [stderr] 4 | #[marker_type(derive(Clone, Copy, Debug, Hash, PartialEq, Eq))]
[INFO] [stderr]   | ----------------------------^^^^-------------------------------
[INFO] [stderr]   | |                           |
[INFO] [stderr]   | |                           conflicting implementation for `ComplexMarker`
[INFO] [stderr]   | first implementation here
[INFO] [stderr]   |
[INFO] [stderr]   = note: this error originates in the derive macro `Copy` (in Nightly builds, run with -Z macro-backtrace for more info)
[INFO] [stderr] 
[INFO] [stderr] error[E0119]: conflicting implementations of trait `Debug` for type `ComplexMarker`
[INFO] [stderr]  --> tests/marker_type/fail/duplicate_derives.rs:4:35
[INFO] [stderr]   |
[INFO] [stderr] 4 | #[marker_type(derive(Clone, Copy, Debug, Hash, PartialEq, Eq))]
[INFO] [stderr]   | ----------------------------------^^^^^------------------------
[INFO] [stderr]   | |                                 |
[INFO] [stderr]   | |                                 conflicting implementation for `ComplexMarker`
[INFO] [stderr]   | first implementation here
[INFO] [stderr]   |
[INFO] [stderr]   = note: this error originates in the derive macro `Debug` (in Nightly builds, run with -Z macro-backtrace for more info)
[INFO] [stderr] 
[INFO] [stderr] error[E0119]: conflicting implementations of trait `Hash` for type `ComplexMarker`
[INFO] [stderr]  --> tests/marker_type/fail/duplicate_derives.rs:4:42
[INFO] [stderr]   |
[INFO] [stderr] 4 | #[marker_type(derive(Clone, Copy, Debug, Hash, PartialEq, Eq))]
[INFO] [stderr]   | -----------------------------------------^^^^------------------
[INFO] [stderr]   | |                                        |
[INFO] [stderr]   | |                                        conflicting implementation for `ComplexMarker`
[INFO] [stderr]   | first implementation here
[INFO] [stderr]   |
[INFO] [stderr]   = note: this error originates in the derive macro `Hash` (in Nightly builds, run with -Z macro-backtrace for more info)
[INFO] [stderr] 
[INFO] [stderr] error[E0119]: conflicting implementations of trait `StructuralPartialEq` for type `ComplexMarker`
[INFO] [stderr]  --> tests/marker_type/fail/duplicate_derives.rs:4:48
[INFO] [stderr]   |
[INFO] [stderr] 4 | #[marker_type(derive(Clone, Copy, Debug, Hash, PartialEq, Eq))]
[INFO] [stderr]   | -----------------------------------------------^^^^^^^^^-------
[INFO] [stderr]   | |                                              |
[INFO] [stderr]   | |                                              conflicting implementation for `ComplexMarker`
[INFO] [stderr]   | first implementation here
[INFO] [stderr]   |
[INFO] [stderr]   = note: this error originates in the derive macro `PartialEq` (in Nightly builds, run with -Z macro-backtrace for more info)
[INFO] [stderr] 
[INFO] [stderr] error[E0119]: conflicting implementations of trait `PartialEq` for type `ComplexMarker`
[INFO] [stderr]  --> tests/marker_type/fail/duplicate_derives.rs:4:48
[INFO] [stderr]   |
[INFO] [stderr] 4 | #[marker_type(derive(Clone, Copy, Debug, Hash, PartialEq, Eq))]
[INFO] [stderr]   | -----------------------------------------------^^^^^^^^^-------
[INFO] [stderr]   | |                                              |
[INFO] [stderr]   | |                                              conflicting implementation for `ComplexMarker`
[INFO] [stderr]   | first implementation here
[INFO] [stderr]   |
[INFO] [stderr]   = note: this error originates in the derive macro `PartialEq` (in Nightly builds, run with -Z macro-backtrace for more info)
[INFO] [stderr] 
[INFO] [stderr] error[E0119]: conflicting implementations of trait `Eq` for type `ComplexMarker`
[INFO] [stderr]  --> tests/marker_type/fail/duplicate_derives.rs:4:59
[INFO] [stderr]   |
[INFO] [stderr] 4 | #[marker_type(derive(Clone, Copy, Debug, Hash, PartialEq, Eq))]
[INFO] [stderr]   | ----------------------------------------------------------^^---
[INFO] [stderr]   | |                                                         |
[INFO] [stderr]   | |                                                         conflicting implementation for `ComplexMarker`
[INFO] [stderr]   | first implementation here
[INFO] [stderr]   |
[INFO] [stderr]   = note: this error originates in the derive macro `Eq` (in Nightly builds, run with -Z macro-backtrace for more info)
[INFO] [stderr] 
[INFO] [stderr] error[E0507]: cannot move out of `*self` which is behind a shared reference
[INFO] [stderr]  --> tests/marker_type/fail/duplicate_derives.rs:4:22
[INFO] [stderr]   |
[INFO] [stderr] 4 | #[marker_type(derive(Clone, Copy, Debug, Hash, PartialEq, Eq))]
[INFO] [stderr]   |                      ^^^^^ move occurs because `*self` has type `ComplexMarker`, which does not implement the `Copy` trait
[INFO] [stderr]   |
[INFO] [stderr] note: if `ComplexMarker` implemented `Clone`, you could clone the value
[INFO] [stderr]  --> tests/marker_type/fail/duplicate_derives.rs:5:1
[INFO] [stderr]   |
[INFO] [stderr] 4 |   #[marker_type(derive(Clone, Copy, Debug, Hash, PartialEq, Eq))]
[INFO] [stderr]   |                        ----- you could clone this value
[INFO] [stderr] 5 | / enum Complex {
[INFO] [stderr] 6 | |     A(bool),
[INFO] [stderr] 7 | |     B { val: u8 },
[INFO] [stderr] 8 | | }
[INFO] [stderr]   | |_^ consider implementing `Clone` for this type
[INFO] [stderr]   = note: this error originates in the derive macro `Clone` (in Nightly builds, run with -Z macro-backtrace for more info)
[INFO] [stderr] 
[INFO] [stderr] error[E0507]: cannot move out of `*self` which is behind a shared reference
[INFO] [stderr]  --> tests/marker_type/fail/duplicate_derives.rs:4:1
[INFO] [stderr]   |
[INFO] [stderr] 4 | #[marker_type(derive(Clone, Copy, Debug, Hash, PartialEq, Eq))]
[INFO] [stderr]   | ^^^^^^^^^^^^^^^^^^^^^^^^^^^^^^^^^^^^^^^^^^^^^^^^^^^^^^^^^^^^^^^ move occurs because `*self` has type `ComplexMarker`, which does not implement the `Copy` trait
[INFO] [stderr]   |
[INFO] [stderr] note: if `ComplexMarker` implemented `Clone`, you could clone the value
[INFO] [stderr]  --> tests/marker_type/fail/duplicate_derives.rs:5:1
[INFO] [stderr]   |
[INFO] [stderr] 4 |   #[marker_type(derive(Clone, Copy, Debug, Hash, PartialEq, Eq))]
[INFO] [stderr]   |   --------------------------------------------------------------- you could clone this value
[INFO] [stderr] 5 | / enum Complex {
[INFO] [stderr] 6 | |     A(bool),
[INFO] [stderr] 7 | |     B { val: u8 },
[INFO] [stderr] 8 | | }
[INFO] [stderr]   | |_^ consider implementing `Clone` for this type
[INFO] [stderr]   = note: this error originates in the derive macro `Clone` (in Nightly builds, run with -Z macro-backtrace for more info)
[INFO] [stderr] ┈┈┈┈┈┈┈┈┈┈┈┈┈┈┈┈┈┈┈┈┈┈┈┈┈┈┈┈┈┈┈┈┈┈┈┈┈┈┈┈┈┈┈┈┈┈┈┈┈┈┈┈┈┈┈┈┈┈┈┈
[INFO] [stderr] 
[INFO] [stderr] ACTUAL OUTPUT:
[INFO] [stderr] ┈┈┈┈┈┈┈┈┈┈┈┈┈┈┈┈┈┈┈┈┈┈┈┈┈┈┈┈┈┈┈┈┈┈┈┈┈┈┈┈┈┈┈┈┈┈┈┈┈┈┈┈┈┈┈┈┈┈┈┈
[INFO] [stderr] error[E0119]: conflicting implementations of trait `Clone` for type `ComplexMarker`
[INFO] [stderr]  --> tests/marker_type/fail/duplicate_derives.rs:4:22
[INFO] [stderr]   |
[INFO] [stderr] 4 | #[marker_type(derive(Clone, Copy, Debug, Hash, PartialEq, Eq))]
[INFO] [stderr]   | ---------------------^^^^^-------------------------------------
[INFO] [stderr]   | |                    |
[INFO] [stderr]   | |                    conflicting implementation for `ComplexMarker`
[INFO] [stderr]   | first implementation here
[INFO] [stderr]   |
[INFO] [stderr]   = note: this error originates in the derive macro `Clone` (in Nightly builds, run with -Z macro-backtrace for more info)
[INFO] [stderr] 
[INFO] [stderr] error[E0119]: conflicting implementations of trait `Copy` for type `ComplexMarker`
[INFO] [stderr]  --> tests/marker_type/fail/duplicate_derives.rs:4:29
[INFO] [stderr]   |
[INFO] [stderr] 4 | #[marker_type(derive(Clone, Copy, Debug, Hash, PartialEq, Eq))]
[INFO] [stderr]   | ----------------------------^^^^-------------------------------
[INFO] [stderr]   | |                           |
[INFO] [stderr]   | |                           conflicting implementation for `ComplexMarker`
[INFO] [stderr]   | first implementation here
[INFO] [stderr]   |
[INFO] [stderr]   = note: this error originates in the derive macro `Copy` (in Nightly builds, run with -Z macro-backtrace for more info)
[INFO] [stderr] 
[INFO] [stderr] error[E0119]: conflicting implementations of trait `Debug` for type `ComplexMarker`
[INFO] [stderr]  --> tests/marker_type/fail/duplicate_derives.rs:4:35
[INFO] [stderr]   |
[INFO] [stderr] 4 | #[marker_type(derive(Clone, Copy, Debug, Hash, PartialEq, Eq))]
[INFO] [stderr]   | ----------------------------------^^^^^------------------------
[INFO] [stderr]   | |                                 |
[INFO] [stderr]   | |                                 conflicting implementation for `ComplexMarker`
[INFO] [stderr]   | first implementation here
[INFO] [stderr]   |
[INFO] [stderr]   = note: this error originates in the derive macro `Debug` (in Nightly builds, run with -Z macro-backtrace for more info)
[INFO] [stderr] 
[INFO] [stderr] error[E0119]: conflicting implementations of trait `Hash` for type `ComplexMarker`
[INFO] [stderr]  --> tests/marker_type/fail/duplicate_derives.rs:4:42
[INFO] [stderr]   |
[INFO] [stderr] 4 | #[marker_type(derive(Clone, Copy, Debug, Hash, PartialEq, Eq))]
[INFO] [stderr]   | -----------------------------------------^^^^------------------
[INFO] [stderr]   | |                                        |
[INFO] [stderr]   | |                                        conflicting implementation for `ComplexMarker`
[INFO] [stderr]   | first implementation here
[INFO] [stderr]   |
[INFO] [stderr]   = note: this error originates in the derive macro `Hash` (in Nightly builds, run with -Z macro-backtrace for more info)
[INFO] [stderr] 
[INFO] [stderr] error[E0119]: conflicting implementations of trait `StructuralPartialEq` for type `ComplexMarker`
[INFO] [stderr]  --> tests/marker_type/fail/duplicate_derives.rs:4:48
[INFO] [stderr]   |
[INFO] [stderr] 4 | #[marker_type(derive(Clone, Copy, Debug, Hash, PartialEq, Eq))]
[INFO] [stderr]   | -----------------------------------------------^^^^^^^^^-------
[INFO] [stderr]   | |                                              |
[INFO] [stderr]   | |                                              conflicting implementation for `ComplexMarker`
[INFO] [stderr]   | first implementation here
[INFO] [stderr]   |
[INFO] [stderr]   = note: this error originates in the derive macro `PartialEq` (in Nightly builds, run with -Z macro-backtrace for more info)
[INFO] [stderr] 
[INFO] [stderr] error[E0119]: conflicting implementations of trait `PartialEq` for type `ComplexMarker`
[INFO] [stderr]  --> tests/marker_type/fail/duplicate_derives.rs:4:48
[INFO] [stderr]   |
[INFO] [stderr] 4 | #[marker_type(derive(Clone, Copy, Debug, Hash, PartialEq, Eq))]
[INFO] [stderr]   | -----------------------------------------------^^^^^^^^^-------
[INFO] [stderr]   | |                                              |
[INFO] [stderr]   | |                                              conflicting implementation for `ComplexMarker`
[INFO] [stderr]   | first implementation here
[INFO] [stderr]   |
[INFO] [stderr]   = note: this error originates in the derive macro `PartialEq` (in Nightly builds, run with -Z macro-backtrace for more info)
[INFO] [stderr] 
[INFO] [stderr] error[E0119]: conflicting implementations of trait `Eq` for type `ComplexMarker`
[INFO] [stderr]  --> tests/marker_type/fail/duplicate_derives.rs:4:59
[INFO] [stderr]   |
[INFO] [stderr] 4 | #[marker_type(derive(Clone, Copy, Debug, Hash, PartialEq, Eq))]
[INFO] [stderr]   | ----------------------------------------------------------^^---
[INFO] [stderr]   | |                                                         |
[INFO] [stderr]   | |                                                         conflicting implementation for `ComplexMarker`
[INFO] [stderr]   | first implementation here
[INFO] [stderr]   |
[INFO] [stderr]   = note: this error originates in the derive macro `Eq` (in Nightly builds, run with -Z macro-backtrace for more info)
[INFO] [stderr] ┈┈┈┈┈┈┈┈┈┈┈┈┈┈┈┈┈┈┈┈┈┈┈┈┈┈┈┈┈┈┈┈┈┈┈┈┈┈┈┈┈┈┈┈┈┈┈┈┈┈┈┈┈┈┈┈┈┈┈┈
[INFO] [stderr] note: If the actual output is the correct output you can bless it by rerunning
[INFO] [stderr]       your test with the environment variable TRYBUILD=overwrite
[INFO] [stderr] 
[INFO] [stderr] test tests/marker_type/fail/invalid_marker_generics.rs [should fail to compile] ... mismatch
[INFO] [stderr] 
[INFO] [stderr] EXPECTED:
[INFO] [stderr] ┈┈┈┈┈┈┈┈┈┈┈┈┈┈┈┈┈┈┈┈┈┈┈┈┈┈┈┈┈┈┈┈┈┈┈┈┈┈┈┈┈┈┈┈┈┈┈┈┈┈┈┈┈┈┈┈┈┈┈┈
[INFO] [stderr] error[E0107]: enum takes 0 generic arguments but 1 generic argument was supplied
[INFO] [stderr]  --> tests/marker_type/fail/invalid_marker_generics.rs:9:13
[INFO] [stderr]   |
[INFO] [stderr] 9 | struct F<T>(ComplexMarker<T>);
[INFO] [stderr]   |             ^^^^^^^^^^^^^--- help: remove these generics
[INFO] [stderr]   |             |
[INFO] [stderr]   |             expected 0 generic arguments
[INFO] [stderr]   |
[INFO] [stderr] note: enum defined here, with 0 generic parameters
[INFO] [stderr]  --> tests/marker_type/fail/invalid_marker_generics.rs:3:1
[INFO] [stderr]   |
[INFO] [stderr] 3 | #[marker_type]
[INFO] [stderr]   | ^^^^^^^^^^^^^^
[INFO] [stderr]   = note: this error originates in the attribute macro `marker_type` (in Nightly builds, run with -Z macro-backtrace for more info)
[INFO] [stderr] ┈┈┈┈┈┈┈┈┈┈┈┈┈┈┈┈┈┈┈┈┈┈┈┈┈┈┈┈┈┈┈┈┈┈┈┈┈┈┈┈┈┈┈┈┈┈┈┈┈┈┈┈┈┈┈┈┈┈┈┈
[INFO] [stderr] 
[INFO] [stderr] ACTUAL OUTPUT:
[INFO] [stderr] ┈┈┈┈┈┈┈┈┈┈┈┈┈┈┈┈┈┈┈┈┈┈┈┈┈┈┈┈┈┈┈┈┈┈┈┈┈┈┈┈┈┈┈┈┈┈┈┈┈┈┈┈┈┈┈┈┈┈┈┈
[INFO] [stderr] error[E0107]: enum takes 0 generic arguments but 1 generic argument was supplied
[INFO] [stderr]  --> tests/marker_type/fail/invalid_marker_generics.rs:9:13
[INFO] [stderr]   |
[INFO] [stderr] 9 | struct F<T>(ComplexMarker<T>);
[INFO] [stderr]   |             ^^^^^^^^^^^^^--- help: remove the unnecessary generics
[INFO] [stderr]   |             |
[INFO] [stderr]   |             expected 0 generic arguments
[INFO] [stderr]   |
[INFO] [stderr] note: enum defined here, with 0 generic parameters
[INFO] [stderr]  --> tests/marker_type/fail/invalid_marker_generics.rs:3:1
[INFO] [stderr]   |
[INFO] [stderr] 3 | #[marker_type]
[INFO] [stderr]   | ^^^^^^^^^^^^^^
[INFO] [stderr]   = note: this error originates in the attribute macro `marker_type` (in Nightly builds, run with -Z macro-backtrace for more info)
[INFO] [stderr] ┈┈┈┈┈┈┈┈┈┈┈┈┈┈┈┈┈┈┈┈┈┈┈┈┈┈┈┈┈┈┈┈┈┈┈┈┈┈┈┈┈┈┈┈┈┈┈┈┈┈┈┈┈┈┈┈┈┈┈┈
[INFO] [stderr] note: If the actual output is the correct output you can bless it by rerunning
[INFO] [stderr]       your test with the environment variable TRYBUILD=overwrite
[INFO] [stderr] 
[INFO] [stderr] test tests/marker_type/fail/not_enum.rs [should fail to compile] ... ok
[INFO] [stderr] test tests/next_variant/fail/missing_default.rs [should fail to compile] ... ok
[INFO] [stderr] test tests/next_variant/fail/not_enum.rs [should fail to compile] ... ok
[INFO] [stderr] test tests/unwrap_variant/fail/not_enum.rs [should fail to compile] ... ok
[INFO] [stderr] test tests/unwrap_variant/fail/repeated_attribute.rs [should fail to compile] ... ok
[INFO] [stderr] test tests/unwrap_variant/fail/unknown_attribute.rs [should fail to compile] ... ok
[INFO] [stderr] test tests/unwrap_variant/fail/unwrap_mut_on_immutable.rs [should fail to compile] ... ok
[INFO] [stderr] test tests/unwrap_variant/fail/wrong_call.rs [should fail to compile] ... ok
[INFO] [stderr] test tests/unwrap_variant/fail/wrong_method_name.rs [should fail to compile] ... ok
[INFO] [stderr] test tests/unwrap_variant/fail/wrong_variants.rs [should fail to compile] ... ok
[INFO] [stderr] test tests/variant_amount/fail/not_enum.rs [should fail to compile] ... ok
[INFO] [stderr] test tests/other/macro_combinations.rs [should pass] ... ok
[INFO] [stderr] 
[INFO] [stderr] 
[INFO] [stdout] test ui ... FAILED
[INFO] [stdout] 
[INFO] [stdout] failures:
[INFO] [stdout] 
[INFO] [stdout] ---- ui stdout ----
[INFO] [stdout] thread 'ui' panicked at /opt/rustwide/cargo-home/registry/src/index.crates.io-6f17d22bba15001f/trybuild-1.0.101/src/run.rs:101:13:
[INFO] [stdout] 3 of 52 tests failed
[INFO] [stdout] stack backtrace:
[INFO] [stdout]    0:     0x61dba6a7786a - std::backtrace_rs::backtrace::libunwind::trace::h8810477743020387
[INFO] [stdout]                                at /rustc/202008a1b8de96d2e5b6bc02d379db03a877d34d/library/std/src/../../backtrace/src/backtrace/libunwind.rs:116:5
[INFO] [stdout]    1:     0x61dba6a7786a - std::backtrace_rs::backtrace::trace_unsynchronized::h3aa55355dd6c54a6
[INFO] [stdout]                                at /rustc/202008a1b8de96d2e5b6bc02d379db03a877d34d/library/std/src/../../backtrace/src/backtrace/mod.rs:66:5
[INFO] [stdout]    2:     0x61dba6a7786a - std::sys::backtrace::_print_fmt::h8588b0f62410823f
[INFO] [stdout]                                at /rustc/202008a1b8de96d2e5b6bc02d379db03a877d34d/library/std/src/sys/backtrace.rs:66:9
[INFO] [stdout]    3:     0x61dba6a7786a - <std::sys::backtrace::BacktraceLock::print::DisplayBacktrace as core::fmt::Display>::fmt::h98c26ac25ffe89bb
[INFO] [stdout]                                at /rustc/202008a1b8de96d2e5b6bc02d379db03a877d34d/library/std/src/sys/backtrace.rs:39:26
[INFO] [stdout]    4:     0x61dba6aa0ba3 - core::fmt::rt::Argument::fmt::hf95377f4aebd453b
[INFO] [stdout]                                at /rustc/202008a1b8de96d2e5b6bc02d379db03a877d34d/library/core/src/fmt/rt.rs:177:76
[INFO] [stdout]    5:     0x61dba6aa0ba3 - core::fmt::write::h0dd5f6e2238c7982
[INFO] [stdout]                                at /rustc/202008a1b8de96d2e5b6bc02d379db03a877d34d/library/core/src/fmt/mod.rs:1189:21
[INFO] [stdout]    6:     0x61dba6a73f13 - std::io::Write::write_fmt::h03bb0ca26e6faf8c
[INFO] [stdout]                                at /rustc/202008a1b8de96d2e5b6bc02d379db03a877d34d/library/std/src/io/mod.rs:1884:15
[INFO] [stdout]    7:     0x61dba6a776b2 - std::sys::backtrace::BacktraceLock::print::h5c19c1c038ee186d
[INFO] [stdout]                                at /rustc/202008a1b8de96d2e5b6bc02d379db03a877d34d/library/std/src/sys/backtrace.rs:42:9
[INFO] [stdout]    8:     0x61dba6a792ed - std::panicking::default_hook::{{closure}}::h77172f079a1fcb13
[INFO] [stdout]                                at /rustc/202008a1b8de96d2e5b6bc02d379db03a877d34d/library/std/src/panicking.rs:268:22
[INFO] [stdout]    9:     0x61dba6a790f7 - std::panicking::default_hook::he5f8e3b203ccddba
[INFO] [stdout]                                at /rustc/202008a1b8de96d2e5b6bc02d379db03a877d34d/library/std/src/panicking.rs:292:9
[INFO] [stdout]   10:     0x61dba6a3fa47 - <alloc::boxed::Box<F,A> as core::ops::function::Fn<Args>>::call::h7a3c7b4a1ae77f2f
[INFO] [stdout]                                at /rustc/202008a1b8de96d2e5b6bc02d379db03a877d34d/library/alloc/src/boxed.rs:1986:9
[INFO] [stdout]   11:     0x61dba6a3fa47 - test::test_main::{{closure}}::hf0d3b69ae9b353d1
[INFO] [stdout]                                at /rustc/202008a1b8de96d2e5b6bc02d379db03a877d34d/library/test/src/lib.rs:134:21
[INFO] [stdout]   12:     0x61dba6a79998 - <alloc::boxed::Box<F,A> as core::ops::function::Fn<Args>>::call::h6332e82e7b189abd
[INFO] [stdout]                                at /rustc/202008a1b8de96d2e5b6bc02d379db03a877d34d/library/alloc/src/boxed.rs:1986:9
[INFO] [stdout]   13:     0x61dba6a79998 - std::panicking::rust_panic_with_hook::h53863d4e9018df39
[INFO] [stdout]                                at /rustc/202008a1b8de96d2e5b6bc02d379db03a877d34d/library/std/src/panicking.rs:809:13
[INFO] [stdout]   14:     0x61dba6a7975a - std::panicking::begin_panic_handler::{{closure}}::h67280e6fa0757873
[INFO] [stdout]                                at /rustc/202008a1b8de96d2e5b6bc02d379db03a877d34d/library/std/src/panicking.rs:674:13
[INFO] [stdout]   15:     0x61dba6a77d49 - std::sys::backtrace::__rust_end_short_backtrace::h1dac3f54d6fbbeb2
[INFO] [stdout]                                at /rustc/202008a1b8de96d2e5b6bc02d379db03a877d34d/library/std/src/sys/backtrace.rs:170:18
[INFO] [stdout]   16:     0x61dba6a793ec - rust_begin_unwind
[INFO] [stdout]                                at /rustc/202008a1b8de96d2e5b6bc02d379db03a877d34d/library/std/src/panicking.rs:665:5
[INFO] [stdout]   17:     0x61dba674e260 - core::panicking::panic_fmt::h6792bd1b2bf01041
[INFO] [stdout]                                at /rustc/202008a1b8de96d2e5b6bc02d379db03a877d34d/library/core/src/panicking.rs:76:14
[INFO] [stdout]   18:     0x61dba67a209f - trybuild::run::<impl trybuild::Runner>::run::h2f6adba39c09671b
[INFO] [stdout]                                at /opt/rustwide/cargo-home/registry/src/index.crates.io-6f17d22bba15001f/trybuild-1.0.101/src/run.rs:101:13
[INFO] [stdout]   19:     0x61dba67a75b8 - <trybuild::TestCases as core::ops::drop::Drop>::drop::hd0e97c0d988daf17
[INFO] [stdout]                                at /opt/rustwide/cargo-home/registry/src/index.crates.io-6f17d22bba15001f/trybuild-1.0.101/src/lib.rs:340:13
[INFO] [stdout]   20:     0x61dba674ed87 - core::ptr::drop_in_place<trybuild::TestCases>::he5d9aa364cf3e258
[INFO] [stdout]                                at /rustc/202008a1b8de96d2e5b6bc02d379db03a877d34d/library/core/src/ptr/mod.rs:521:1
[INFO] [stdout]   21:     0x61dba674f643 - main::ui::hb79c7b2d67e3f541
[INFO] [stdout]                                at /opt/rustwide/workdir/tests/main.rs:7:1
[INFO] [stdout]   22:     0x61dba674f5a7 - main::ui::{{closure}}::hc027e60b56505f8f
[INFO] [stdout]                                at /opt/rustwide/workdir/tests/main.rs:2:8
[INFO] [stdout]   23:     0x61dba674ed26 - core::ops::function::FnOnce::call_once::h4bdb6cd41c046833
[INFO] [stdout]                                at /rustc/202008a1b8de96d2e5b6bc02d379db03a877d34d/library/core/src/ops/function.rs:250:5
[INFO] [stdout]   24:     0x61dba6a4456b - core::ops::function::FnOnce::call_once::h871bf86719ec9aa4
[INFO] [stdout]                                at /rustc/202008a1b8de96d2e5b6bc02d379db03a877d34d/library/core/src/ops/function.rs:250:5
[INFO] [stdout]   25:     0x61dba6a4456b - test::__rust_begin_short_backtrace::h2167df1e2b7d76fd
[INFO] [stdout]                                at /rustc/202008a1b8de96d2e5b6bc02d379db03a877d34d/library/test/src/lib.rs:632:18
[INFO] [stdout]   26:     0x61dba6a43f58 - test::run_test_in_process::{{closure}}::h15d92f75a3adfb79
[INFO] [stdout]                                at /rustc/202008a1b8de96d2e5b6bc02d379db03a877d34d/library/test/src/lib.rs:655:60
[INFO] [stdout]   27:     0x61dba6a43f58 - <core::panic::unwind_safe::AssertUnwindSafe<F> as core::ops::function::FnOnce<()>>::call_once::hb6c8955835a8dbbb
[INFO] [stdout]                                at /rustc/202008a1b8de96d2e5b6bc02d379db03a877d34d/library/core/src/panic/unwind_safe.rs:272:9
[INFO] [stdout]   28:     0x61dba6a43f58 - std::panicking::try::do_call::hc79d0fc888a0bd30
[INFO] [stdout]                                at /rustc/202008a1b8de96d2e5b6bc02d379db03a877d34d/library/std/src/panicking.rs:557:40
[INFO] [stdout]   29:     0x61dba6a43f58 - std::panicking::try::hb8a7878e3a8589d6
[INFO] [stdout]                                at /rustc/202008a1b8de96d2e5b6bc02d379db03a877d34d/library/std/src/panicking.rs:520:19
[INFO] [stdout]   30:     0x61dba6a43f58 - std::panic::catch_unwind::hb8e4600ff0ff5cfa
[INFO] [stdout]                                at /rustc/202008a1b8de96d2e5b6bc02d379db03a877d34d/library/std/src/panic.rs:358:14
[INFO] [stdout]   31:     0x61dba6a43f58 - test::run_test_in_process::hc2900b0b18688dd6
[INFO] [stdout]                                at /rustc/202008a1b8de96d2e5b6bc02d379db03a877d34d/library/test/src/lib.rs:655:27
[INFO] [stdout]   32:     0x61dba6a43f58 - test::run_test::{{closure}}::hac2a9cb07be3d48d
[INFO] [stdout]                                at /rustc/202008a1b8de96d2e5b6bc02d379db03a877d34d/library/test/src/lib.rs:576:43
[INFO] [stdout]   33:     0x61dba6a079fa - test::run_test::{{closure}}::h4a5b729e66a38cd8
[INFO] [stdout]                                at /rustc/202008a1b8de96d2e5b6bc02d379db03a877d34d/library/test/src/lib.rs:606:41
[INFO] [stdout]   34:     0x61dba6a079fa - std::sys::backtrace::__rust_begin_short_backtrace::h0496fb742492f573
[INFO] [stdout]                                at /rustc/202008a1b8de96d2e5b6bc02d379db03a877d34d/library/std/src/sys/backtrace.rs:154:18
[INFO] [stdout]   35:     0x61dba6a0b374 - std::thread::Builder::spawn_unchecked_::{{closure}}::{{closure}}::hbb6d257c550a54bd
[INFO] [stdout]                                at /rustc/202008a1b8de96d2e5b6bc02d379db03a877d34d/library/std/src/thread/mod.rs:561:17
[INFO] [stdout]   36:     0x61dba6a0b374 - <core::panic::unwind_safe::AssertUnwindSafe<F> as core::ops::function::FnOnce<()>>::call_once::h46696fe4a6832328
[INFO] [stdout]                                at /rustc/202008a1b8de96d2e5b6bc02d379db03a877d34d/library/core/src/panic/unwind_safe.rs:272:9
[INFO] [stdout]   37:     0x61dba6a0b374 - std::panicking::try::do_call::h2625a51b667bfb64
[INFO] [stdout]                                at /rustc/202008a1b8de96d2e5b6bc02d379db03a877d34d/library/std/src/panicking.rs:557:40
[INFO] [stdout]   38:     0x61dba6a0b374 - std::panicking::try::hb956a59a1973aa4c
[INFO] [stdout]                                at /rustc/202008a1b8de96d2e5b6bc02d379db03a877d34d/library/std/src/panicking.rs:520:19
[INFO] [stdout]   39:     0x61dba6a0b374 - std::panic::catch_unwind::h64f3b9d1067ef6a0
[INFO] [stdout]                                at /rustc/202008a1b8de96d2e5b6bc02d379db03a877d34d/library/std/src/panic.rs:358:14
[INFO] [stdout]   40:     0x61dba6a0b374 - std::thread::Builder::spawn_unchecked_::{{closure}}::h42b2841295b6c0b2
[INFO] [stdout]                                at /rustc/202008a1b8de96d2e5b6bc02d379db03a877d34d/library/std/src/thread/mod.rs:559:30
[INFO] [stdout]   41:     0x61dba6a0b374 - core::ops::function::FnOnce::call_once{{vtable.shim}}::h6127de71b8124639
[INFO] [stdout]                                at /rustc/202008a1b8de96d2e5b6bc02d379db03a877d34d/library/core/src/ops/function.rs:250:5
[INFO] [stdout]   42:     0x61dba6a7e8ab - <alloc::boxed::Box<F,A> as core::ops::function::FnOnce<Args>>::call_once::h42f0ba71002a1b2c
[INFO] [stdout]                                at /rustc/202008a1b8de96d2e5b6bc02d379db03a877d34d/library/alloc/src/boxed.rs:1972:9
[INFO] [stdout]   43:     0x61dba6a7e8ab - <alloc::boxed::Box<F,A> as core::ops::function::FnOnce<Args>>::call_once::had9e47d7a3dcecb8
[INFO] [stdout]                                at /rustc/202008a1b8de96d2e5b6bc02d379db03a877d34d/library/alloc/src/boxed.rs:1972:9
[INFO] [stdout]   44:     0x61dba6a7e8ab - std::sys::pal::unix::thread::Thread::new::thread_start::h48cf765408f6f5f2
[INFO] [stdout]                                at /rustc/202008a1b8de96d2e5b6bc02d379db03a877d34d/library/std/src/sys/pal/unix/thread.rs:105:17
[INFO] [stdout]   45:     0x7f652c3f3ac3 - <unknown>
[INFO] [stdout]   46:     0x7f652c484a04 - clone
[INFO] [stdout]   47:                0x0 - <unknown>
[INFO] [stdout] 
[INFO] [stdout] 
[INFO] [stdout] failures:
[INFO] [stdout]     ui
[INFO] [stdout] 
[INFO] [stdout] test result: FAILED. 0 passed; 1 failed; 0 ignored; 0 measured; 0 filtered out; finished in 32.72s
[INFO] [stdout] 
[INFO] [stderr] error: test failed, to rerun pass `--test main`
[INFO] running `Command { std: "docker" "inspect" "5817d9d4f6d708eddb213f1bee739dc75ee81ed28c9964861737837b8ff52892", kill_on_drop: false }`
[INFO] running `Command { std: "docker" "rm" "-f" "5817d9d4f6d708eddb213f1bee739dc75ee81ed28c9964861737837b8ff52892", kill_on_drop: false }`
[INFO] [stdout] 5817d9d4f6d708eddb213f1bee739dc75ee81ed28c9964861737837b8ff52892
