[INFO] fetching crate enum-filter 0.1.0...
[INFO] testing enum-filter-0.1.0 against 1.83.0 for beta-1.84.0-4-retry
[INFO] extracting crate enum-filter 0.1.0 into /workspace/builds/worker-7-tc1/source
[INFO] validating manifest of crates.io crate enum-filter 0.1.0 on toolchain 1.83.0
[INFO] running `Command { std: CARGO_HOME="/workspace/cargo-home" RUSTUP_HOME="/workspace/rustup-home" "/workspace/cargo-home/bin/cargo" "+1.83.0" "metadata" "--manifest-path" "Cargo.toml" "--no-deps", kill_on_drop: false }`
[INFO] started tweaking crates.io crate enum-filter 0.1.0
[INFO] finished tweaking crates.io crate enum-filter 0.1.0
[INFO] tweaked toml for crates.io crate enum-filter 0.1.0 written to /workspace/builds/worker-7-tc1/source/Cargo.toml
[INFO] crate crates.io crate enum-filter 0.1.0 already has a lockfile, it will not be regenerated
[INFO] running `Command { std: CARGO_HOME="/workspace/cargo-home" RUSTUP_HOME="/workspace/rustup-home" "/workspace/cargo-home/bin/cargo" "+1.83.0" "fetch" "--manifest-path" "Cargo.toml", kill_on_drop: false }`
[INFO] running `Command { std: "docker" "create" "-v" "/var/lib/crater-agent-workspace/builds/worker-7-tc1/target:/opt/rustwide/target:rw,Z" "-v" "/var/lib/crater-agent-workspace/builds/worker-7-tc1/source:/opt/rustwide/workdir:ro,Z" "-v" "/var/lib/crater-agent-workspace/cargo-home:/opt/rustwide/cargo-home:ro,Z" "-v" "/var/lib/crater-agent-workspace/rustup-home:/opt/rustwide/rustup-home:ro,Z" "-e" "SOURCE_DIR=/opt/rustwide/workdir" "-e" "CARGO_TARGET_DIR=/opt/rustwide/target" "-e" "CARGO_HOME=/opt/rustwide/cargo-home" "-e" "RUSTUP_HOME=/opt/rustwide/rustup-home" "-w" "/opt/rustwide/workdir" "-m" "1610612736" "--user" "0:0" "--network" "none" "ghcr.io/rust-lang/crates-build-env/linux@sha256:f3a9d4ad9d972b27faf3965f35b62e55ba32bbce8f20bc8fe909558a86702fde" "/opt/rustwide/cargo-home/bin/cargo" "+1.83.0" "metadata" "--no-deps" "--format-version=1", kill_on_drop: false }`
[INFO] [stdout] 97c817128b81eca7f38a70566f36e052b486804ed939eb74c877248320ddf869
[INFO] running `Command { std: "docker" "start" "-a" "97c817128b81eca7f38a70566f36e052b486804ed939eb74c877248320ddf869", kill_on_drop: false }`
[INFO] running `Command { std: "docker" "inspect" "97c817128b81eca7f38a70566f36e052b486804ed939eb74c877248320ddf869", kill_on_drop: false }`
[INFO] running `Command { std: "docker" "rm" "-f" "97c817128b81eca7f38a70566f36e052b486804ed939eb74c877248320ddf869", kill_on_drop: false }`
[INFO] [stdout] 97c817128b81eca7f38a70566f36e052b486804ed939eb74c877248320ddf869
[INFO] running `Command { std: "docker" "create" "-v" "/var/lib/crater-agent-workspace/builds/worker-7-tc1/target:/opt/rustwide/target:rw,Z" "-v" "/var/lib/crater-agent-workspace/builds/worker-7-tc1/source:/opt/rustwide/workdir:ro,Z" "-v" "/var/lib/crater-agent-workspace/cargo-home:/opt/rustwide/cargo-home:ro,Z" "-v" "/var/lib/crater-agent-workspace/rustup-home:/opt/rustwide/rustup-home:ro,Z" "-e" "SOURCE_DIR=/opt/rustwide/workdir" "-e" "CARGO_TARGET_DIR=/opt/rustwide/target" "-e" "CARGO_INCREMENTAL=0" "-e" "RUST_BACKTRACE=full" "-e" "RUSTFLAGS=--cap-lints=warn" "-e" "RUSTDOCFLAGS=--cap-lints=warn" "-e" "CARGO_HOME=/opt/rustwide/cargo-home" "-e" "RUSTUP_HOME=/opt/rustwide/rustup-home" "-w" "/opt/rustwide/workdir" "-m" "1610612736" "--user" "0:0" "--network" "none" "ghcr.io/rust-lang/crates-build-env/linux@sha256:f3a9d4ad9d972b27faf3965f35b62e55ba32bbce8f20bc8fe909558a86702fde" "/opt/rustwide/cargo-home/bin/cargo" "+1.83.0" "build" "--frozen" "--message-format=json", kill_on_drop: false }`
[INFO] [stdout] 2e18d37bf15c9d8b40855e1300c5004a6307c6dfd595484aed237c13fe4106e7
[INFO] running `Command { std: "docker" "start" "-a" "2e18d37bf15c9d8b40855e1300c5004a6307c6dfd595484aed237c13fe4106e7", kill_on_drop: false }`
[INFO] [stderr]    Compiling proc-macro2 v1.0.63
[INFO] [stderr]    Compiling unicode-ident v1.0.9
[INFO] [stderr]    Compiling quote v1.0.29
[INFO] [stderr]    Compiling unicode-segmentation v1.10.1
[INFO] [stderr]    Compiling convert_case v0.6.0
[INFO] [stderr]    Compiling syn v2.0.22
[INFO] [stderr]    Compiling enum-filter v0.1.0 (/opt/rustwide/workdir)
[INFO] [stderr]     Finished `dev` profile [unoptimized + debuginfo] target(s) in 9.13s
[INFO] running `Command { std: "docker" "inspect" "2e18d37bf15c9d8b40855e1300c5004a6307c6dfd595484aed237c13fe4106e7", kill_on_drop: false }`
[INFO] running `Command { std: "docker" "rm" "-f" "2e18d37bf15c9d8b40855e1300c5004a6307c6dfd595484aed237c13fe4106e7", kill_on_drop: false }`
[INFO] [stdout] 2e18d37bf15c9d8b40855e1300c5004a6307c6dfd595484aed237c13fe4106e7
[INFO] running `Command { std: "docker" "create" "-v" "/var/lib/crater-agent-workspace/builds/worker-7-tc1/target:/opt/rustwide/target:rw,Z" "-v" "/var/lib/crater-agent-workspace/builds/worker-7-tc1/source:/opt/rustwide/workdir:ro,Z" "-v" "/var/lib/crater-agent-workspace/cargo-home:/opt/rustwide/cargo-home:ro,Z" "-v" "/var/lib/crater-agent-workspace/rustup-home:/opt/rustwide/rustup-home:ro,Z" "-e" "SOURCE_DIR=/opt/rustwide/workdir" "-e" "CARGO_TARGET_DIR=/opt/rustwide/target" "-e" "CARGO_INCREMENTAL=0" "-e" "RUST_BACKTRACE=full" "-e" "RUSTFLAGS=--cap-lints=warn" "-e" "RUSTDOCFLAGS=--cap-lints=warn" "-e" "CARGO_HOME=/opt/rustwide/cargo-home" "-e" "RUSTUP_HOME=/opt/rustwide/rustup-home" "-w" "/opt/rustwide/workdir" "-m" "1610612736" "--user" "0:0" "--network" "none" "ghcr.io/rust-lang/crates-build-env/linux@sha256:f3a9d4ad9d972b27faf3965f35b62e55ba32bbce8f20bc8fe909558a86702fde" "/opt/rustwide/cargo-home/bin/cargo" "+1.83.0" "test" "--frozen" "--no-run" "--message-format=json", kill_on_drop: false }`
[INFO] [stdout] 1bb9113eb8b4b5006241c5987217d28d3b5d30075bbd43733d2204ccc13c59b0
[INFO] running `Command { std: "docker" "start" "-a" "1bb9113eb8b4b5006241c5987217d28d3b5d30075bbd43733d2204ccc13c59b0", kill_on_drop: false }`
[INFO] [stderr]    Compiling proc-macro2 v1.0.63
[INFO] [stderr]    Compiling unicode-ident v1.0.9
[INFO] [stderr]    Compiling unicode-segmentation v1.10.1
[INFO] [stderr]    Compiling quote v1.0.29
[INFO] [stderr]    Compiling convert_case v0.6.0
[INFO] [stderr]    Compiling syn v2.0.22
[INFO] [stderr]    Compiling enum-filter v0.1.0 (/opt/rustwide/workdir)
[INFO] [stderr]     Finished `test` profile [unoptimized + debuginfo] target(s) in 10.50s
[INFO] running `Command { std: "docker" "inspect" "1bb9113eb8b4b5006241c5987217d28d3b5d30075bbd43733d2204ccc13c59b0", kill_on_drop: false }`
[INFO] running `Command { std: "docker" "rm" "-f" "1bb9113eb8b4b5006241c5987217d28d3b5d30075bbd43733d2204ccc13c59b0", kill_on_drop: false }`
[INFO] [stdout] 1bb9113eb8b4b5006241c5987217d28d3b5d30075bbd43733d2204ccc13c59b0
[INFO] running `Command { std: "docker" "create" "-v" "/var/lib/crater-agent-workspace/builds/worker-7-tc1/target:/opt/rustwide/target:rw,Z" "-v" "/var/lib/crater-agent-workspace/builds/worker-7-tc1/source:/opt/rustwide/workdir:ro,Z" "-v" "/var/lib/crater-agent-workspace/cargo-home:/opt/rustwide/cargo-home:ro,Z" "-v" "/var/lib/crater-agent-workspace/rustup-home:/opt/rustwide/rustup-home:ro,Z" "-e" "SOURCE_DIR=/opt/rustwide/workdir" "-e" "CARGO_TARGET_DIR=/opt/rustwide/target" "-e" "CARGO_INCREMENTAL=0" "-e" "RUST_BACKTRACE=full" "-e" "RUSTFLAGS=--cap-lints=warn" "-e" "RUSTDOCFLAGS=--cap-lints=warn" "-e" "CARGO_HOME=/opt/rustwide/cargo-home" "-e" "RUSTUP_HOME=/opt/rustwide/rustup-home" "-w" "/opt/rustwide/workdir" "-m" "1610612736" "--user" "0:0" "--network" "none" "ghcr.io/rust-lang/crates-build-env/linux@sha256:f3a9d4ad9d972b27faf3965f35b62e55ba32bbce8f20bc8fe909558a86702fde" "/opt/rustwide/cargo-home/bin/cargo" "+1.83.0" "test" "--frozen", kill_on_drop: false }`
[INFO] [stdout] f2609e92a88810111ea3d03d562fa52d3a5d184a982ba088da89b7150f376fbe
[INFO] running `Command { std: "docker" "start" "-a" "f2609e92a88810111ea3d03d562fa52d3a5d184a982ba088da89b7150f376fbe", kill_on_drop: false }`
[INFO] [stderr]     Finished `test` profile [unoptimized + debuginfo] target(s) in 0.03s
[INFO] [stderr]      Running unittests src/lib.rs (/opt/rustwide/target/debug/deps/enum_filter-ad078a0bf4c98cbc)
[INFO] [stdout] 
[INFO] [stdout] running 0 tests
[INFO] [stdout] 
[INFO] [stdout] test result: ok. 0 passed; 0 failed; 0 ignored; 0 measured; 0 filtered out; finished in 0.00s
[INFO] [stdout] 
[INFO] [stderr]    Doc-tests enum_filter
[INFO] [stdout] 
[INFO] [stdout] running 1 test
[INFO] [stdout] test src/lib.rs - (line 5) ... FAILED
[INFO] [stdout] 
[INFO] [stdout] failures:
[INFO] [stdout] 
[INFO] [stdout] ---- src/lib.rs - (line 5) stdout ----
[INFO] [stdout] error: cannot find attribute `enum_filter` in this scope
[INFO] [stdout]  --> src/lib.rs:7:3
[INFO] [stdout]   |
[INFO] [stdout] 4 | #[enum_filter]
[INFO] [stdout]   |   ^^^^^^^^^^^
[INFO] [stdout]   |
[INFO] [stdout] note: `enum_filter` is imported here, but it is a crate, not an attribute
[INFO] [stdout]  --> src/lib.rs:6:1
[INFO] [stdout]   |
[INFO] [stdout] 3 | extern crate r#enum_filter;
[INFO] [stdout]   | ^^^^^^^^^^^^^^^^^^^^^^^^^^^
[INFO] [stdout] help: consider importing this attribute macro
[INFO] [stdout]   |
[INFO] [stdout] 2 + use enum_filter::enum_filter;
[INFO] [stdout]   |
[INFO] [stdout] 
[INFO] [stdout] error[E0599]: no method named `filter_variant1` found for struct `std::slice::Iter` in the current scope
[INFO] [stdout]   --> src/lib.rs:20:25
[INFO] [stdout]    |
[INFO] [stdout] 17 |         test_vec.iter().filter_variant1().collect::<Vec<_>>(),
[INFO] [stdout]    |                         ^^^^^^^^^^^^^^^
[INFO] [stdout]    |
[INFO] [stdout] help: there is a method `filter_map` with a similar name, but with different arguments
[INFO] [stdout]   --> /rustc/90b35a6239c3d8bdabc530a6a0816f7ff89a0aaf/library/core/src/iter/traits/iterator.rs:926:5
[INFO] [stdout] 
[INFO] [stdout] error[E0599]: no method named `filter_variant2` found for struct `std::slice::IterMut` in the current scope
[INFO] [stdout]   --> src/lib.rs:24:29
[INFO] [stdout]    |
[INFO] [stdout] 21 |         test_vec.iter_mut().filter_variant2().collect::<Vec<_>>(),
[INFO] [stdout]    |                             ^^^^^^^^^^^^^^^
[INFO] [stdout]    |
[INFO] [stdout] help: there is a method `filter_map` with a similar name, but with different arguments
[INFO] [stdout]   --> /rustc/90b35a6239c3d8bdabc530a6a0816f7ff89a0aaf/library/core/src/iter/traits/iterator.rs:926:5
[INFO] [stdout] 
[INFO] [stdout] error[E0599]: no method named `filter_variant3` found for struct `std::vec::IntoIter` in the current scope
[INFO] [stdout]   --> src/lib.rs:30:14
[INFO] [stdout]    |
[INFO] [stdout] 25 | /         test_vec
[INFO] [stdout] 26 | |             .into_iter()
[INFO] [stdout] 27 | |             .filter_variant3()
[INFO] [stdout]    | |_____________-^^^^^^^^^^^^^^^
[INFO] [stdout]    |
[INFO] [stdout] help: there is a method `filter_map` with a similar name, but with different arguments
[INFO] [stdout]   --> /rustc/90b35a6239c3d8bdabc530a6a0816f7ff89a0aaf/library/core/src/iter/traits/iterator.rs:926:5
[INFO] [stdout] 
[INFO] [stdout] error: aborting due to 4 previous errors
[INFO] [stdout] 
[INFO] [stdout] For more information about this error, try `rustc --explain E0599`.
[INFO] [stdout] Couldn't compile the test.
[INFO] [stdout] 
[INFO] [stdout] failures:
[INFO] [stdout]     src/lib.rs - (line 5)
[INFO] [stdout] 
[INFO] [stdout] test result: FAILED. 0 passed; 1 failed; 0 ignored; 0 measured; 0 filtered out; finished in 0.17s
[INFO] [stdout] 
[INFO] [stderr] error: doctest failed, to rerun pass `--doc`
[INFO] running `Command { std: "docker" "inspect" "f2609e92a88810111ea3d03d562fa52d3a5d184a982ba088da89b7150f376fbe", kill_on_drop: false }`
[INFO] running `Command { std: "docker" "rm" "-f" "f2609e92a88810111ea3d03d562fa52d3a5d184a982ba088da89b7150f376fbe", kill_on_drop: false }`
[INFO] [stdout] f2609e92a88810111ea3d03d562fa52d3a5d184a982ba088da89b7150f376fbe
