[INFO] fetching crate enum-derived 0.8.2...
[INFO] testing enum-derived-0.8.2 against beta-2024-12-08 for beta-1.84.0-4-retry
[INFO] extracting crate enum-derived 0.8.2 into /workspace/builds/worker-1-tc2/source
[INFO] validating manifest of crates.io crate enum-derived 0.8.2 on toolchain beta-2024-12-08
[INFO] running `Command { std: CARGO_HOME="/workspace/cargo-home" RUSTUP_HOME="/workspace/rustup-home" "/workspace/cargo-home/bin/cargo" "+beta-2024-12-08" "metadata" "--manifest-path" "Cargo.toml" "--no-deps", kill_on_drop: false }`
[INFO] started tweaking crates.io crate enum-derived 0.8.2
[INFO] finished tweaking crates.io crate enum-derived 0.8.2
[INFO] tweaked toml for crates.io crate enum-derived 0.8.2 written to /workspace/builds/worker-1-tc2/source/Cargo.toml
[INFO] crate crates.io crate enum-derived 0.8.2 already has a lockfile, it will not be regenerated
[INFO] running `Command { std: CARGO_HOME="/workspace/cargo-home" RUSTUP_HOME="/workspace/rustup-home" "/workspace/cargo-home/bin/cargo" "+beta-2024-12-08" "fetch" "--manifest-path" "Cargo.toml", kill_on_drop: false }`
[INFO] running `Command { std: "docker" "create" "-v" "/var/lib/crater-agent-workspace/builds/worker-1-tc2/target:/opt/rustwide/target:rw,Z" "-v" "/var/lib/crater-agent-workspace/builds/worker-1-tc2/source:/opt/rustwide/workdir:ro,Z" "-v" "/var/lib/crater-agent-workspace/cargo-home:/opt/rustwide/cargo-home:ro,Z" "-v" "/var/lib/crater-agent-workspace/rustup-home:/opt/rustwide/rustup-home:ro,Z" "-e" "SOURCE_DIR=/opt/rustwide/workdir" "-e" "CARGO_TARGET_DIR=/opt/rustwide/target" "-e" "CARGO_HOME=/opt/rustwide/cargo-home" "-e" "RUSTUP_HOME=/opt/rustwide/rustup-home" "-w" "/opt/rustwide/workdir" "-m" "1610612736" "--user" "0:0" "--network" "none" "ghcr.io/rust-lang/crates-build-env/linux@sha256:f3a9d4ad9d972b27faf3965f35b62e55ba32bbce8f20bc8fe909558a86702fde" "/opt/rustwide/cargo-home/bin/cargo" "+beta-2024-12-08" "metadata" "--no-deps" "--format-version=1", kill_on_drop: false }`
[INFO] [stdout] aa7bf127a0d1e0f1f28a986834fe183e39015a839440f4cb033e5fa7ff447681
[INFO] running `Command { std: "docker" "start" "-a" "aa7bf127a0d1e0f1f28a986834fe183e39015a839440f4cb033e5fa7ff447681", kill_on_drop: false }`
[INFO] running `Command { std: "docker" "inspect" "aa7bf127a0d1e0f1f28a986834fe183e39015a839440f4cb033e5fa7ff447681", kill_on_drop: false }`
[INFO] running `Command { std: "docker" "rm" "-f" "aa7bf127a0d1e0f1f28a986834fe183e39015a839440f4cb033e5fa7ff447681", kill_on_drop: false }`
[INFO] [stdout] aa7bf127a0d1e0f1f28a986834fe183e39015a839440f4cb033e5fa7ff447681
[INFO] running `Command { std: "docker" "create" "-v" "/var/lib/crater-agent-workspace/builds/worker-1-tc2/target:/opt/rustwide/target:rw,Z" "-v" "/var/lib/crater-agent-workspace/builds/worker-1-tc2/source:/opt/rustwide/workdir:ro,Z" "-v" "/var/lib/crater-agent-workspace/cargo-home:/opt/rustwide/cargo-home:ro,Z" "-v" "/var/lib/crater-agent-workspace/rustup-home:/opt/rustwide/rustup-home:ro,Z" "-e" "SOURCE_DIR=/opt/rustwide/workdir" "-e" "CARGO_TARGET_DIR=/opt/rustwide/target" "-e" "CARGO_INCREMENTAL=0" "-e" "RUST_BACKTRACE=full" "-e" "RUSTFLAGS=--cap-lints=warn" "-e" "RUSTDOCFLAGS=--cap-lints=warn" "-e" "CARGO_HOME=/opt/rustwide/cargo-home" "-e" "RUSTUP_HOME=/opt/rustwide/rustup-home" "-w" "/opt/rustwide/workdir" "-m" "1610612736" "--user" "0:0" "--network" "none" "ghcr.io/rust-lang/crates-build-env/linux@sha256:f3a9d4ad9d972b27faf3965f35b62e55ba32bbce8f20bc8fe909558a86702fde" "/opt/rustwide/cargo-home/bin/cargo" "+beta-2024-12-08" "build" "--frozen" "--message-format=json", kill_on_drop: false }`
[INFO] [stdout] 3eed76bd611c5b972644e3c49dc505d5c90eaa93f983b9b8f49f33c0b1a7ea0b
[INFO] running `Command { std: "docker" "start" "-a" "3eed76bd611c5b972644e3c49dc505d5c90eaa93f983b9b8f49f33c0b1a7ea0b", kill_on_drop: false }`
[INFO] [stderr]    Compiling libc v0.2.139
[INFO] [stderr]    Compiling proc-macro2 v1.0.51
[INFO] [stderr]    Compiling unicode-ident v1.0.8
[INFO] [stderr]    Compiling quote v1.0.23
[INFO] [stderr]    Compiling cfg-if v1.0.0
[INFO] [stderr]    Compiling syn v1.0.109
[INFO] [stderr]    Compiling ppv-lite86 v0.2.17
[INFO] [stderr]    Compiling getrandom v0.2.8
[INFO] [stderr]    Compiling rand_core v0.6.4
[INFO] [stderr]    Compiling rand_chacha v0.3.1
[INFO] [stderr]    Compiling rand v0.8.5
[INFO] [stderr]    Compiling enum-derived-macro v0.2.0
[INFO] [stderr]    Compiling enum-derived v0.8.2 (/opt/rustwide/workdir)
[INFO] [stderr]     Finished `dev` profile [unoptimized + debuginfo] target(s) in 5.96s
[INFO] running `Command { std: "docker" "inspect" "3eed76bd611c5b972644e3c49dc505d5c90eaa93f983b9b8f49f33c0b1a7ea0b", kill_on_drop: false }`
[INFO] running `Command { std: "docker" "rm" "-f" "3eed76bd611c5b972644e3c49dc505d5c90eaa93f983b9b8f49f33c0b1a7ea0b", kill_on_drop: false }`
[INFO] [stdout] 3eed76bd611c5b972644e3c49dc505d5c90eaa93f983b9b8f49f33c0b1a7ea0b
[INFO] running `Command { std: "docker" "create" "-v" "/var/lib/crater-agent-workspace/builds/worker-1-tc2/target:/opt/rustwide/target:rw,Z" "-v" "/var/lib/crater-agent-workspace/builds/worker-1-tc2/source:/opt/rustwide/workdir:ro,Z" "-v" "/var/lib/crater-agent-workspace/cargo-home:/opt/rustwide/cargo-home:ro,Z" "-v" "/var/lib/crater-agent-workspace/rustup-home:/opt/rustwide/rustup-home:ro,Z" "-e" "SOURCE_DIR=/opt/rustwide/workdir" "-e" "CARGO_TARGET_DIR=/opt/rustwide/target" "-e" "CARGO_INCREMENTAL=0" "-e" "RUST_BACKTRACE=full" "-e" "RUSTFLAGS=--cap-lints=warn" "-e" "RUSTDOCFLAGS=--cap-lints=warn" "-e" "CARGO_HOME=/opt/rustwide/cargo-home" "-e" "RUSTUP_HOME=/opt/rustwide/rustup-home" "-w" "/opt/rustwide/workdir" "-m" "1610612736" "--user" "0:0" "--network" "none" "ghcr.io/rust-lang/crates-build-env/linux@sha256:f3a9d4ad9d972b27faf3965f35b62e55ba32bbce8f20bc8fe909558a86702fde" "/opt/rustwide/cargo-home/bin/cargo" "+beta-2024-12-08" "test" "--frozen" "--no-run" "--message-format=json", kill_on_drop: false }`
[INFO] [stdout] 9678e4b9406c6604d710fcb4e0ca61feb1b2f406fa223ebe633aedad46c9b60a
[INFO] running `Command { std: "docker" "start" "-a" "9678e4b9406c6604d710fcb4e0ca61feb1b2f406fa223ebe633aedad46c9b60a", kill_on_drop: false }`
[INFO] [stderr]    Compiling serde v1.0.152
[INFO] [stderr]    Compiling serde_json v1.0.94
[INFO] [stderr]    Compiling serde_derive v1.0.152
[INFO] [stderr]    Compiling itoa v1.0.6
[INFO] [stderr]    Compiling ryu v1.0.13
[INFO] [stderr]    Compiling trybuild v1.0.79
[INFO] [stderr]    Compiling dissimilar v1.0.6
[INFO] [stderr]    Compiling once_cell v1.17.1
[INFO] [stderr]    Compiling termcolor v1.2.0
[INFO] [stderr]    Compiling glob v0.3.1
[INFO] [stderr]    Compiling basic-toml v0.1.2
[INFO] [stderr]    Compiling enum-derived v0.8.2 (/opt/rustwide/workdir)
[INFO] [stderr]     Finished `test` profile [unoptimized + debuginfo] target(s) in 10.26s
[INFO] running `Command { std: "docker" "inspect" "9678e4b9406c6604d710fcb4e0ca61feb1b2f406fa223ebe633aedad46c9b60a", kill_on_drop: false }`
[INFO] running `Command { std: "docker" "rm" "-f" "9678e4b9406c6604d710fcb4e0ca61feb1b2f406fa223ebe633aedad46c9b60a", kill_on_drop: false }`
[INFO] [stdout] 9678e4b9406c6604d710fcb4e0ca61feb1b2f406fa223ebe633aedad46c9b60a
[INFO] running `Command { std: "docker" "create" "-v" "/var/lib/crater-agent-workspace/builds/worker-1-tc2/target:/opt/rustwide/target:rw,Z" "-v" "/var/lib/crater-agent-workspace/builds/worker-1-tc2/source:/opt/rustwide/workdir:ro,Z" "-v" "/var/lib/crater-agent-workspace/cargo-home:/opt/rustwide/cargo-home:ro,Z" "-v" "/var/lib/crater-agent-workspace/rustup-home:/opt/rustwide/rustup-home:ro,Z" "-e" "SOURCE_DIR=/opt/rustwide/workdir" "-e" "CARGO_TARGET_DIR=/opt/rustwide/target" "-e" "CARGO_INCREMENTAL=0" "-e" "RUST_BACKTRACE=full" "-e" "RUSTFLAGS=--cap-lints=warn" "-e" "RUSTDOCFLAGS=--cap-lints=warn" "-e" "CARGO_HOME=/opt/rustwide/cargo-home" "-e" "RUSTUP_HOME=/opt/rustwide/rustup-home" "-w" "/opt/rustwide/workdir" "-m" "1610612736" "--user" "0:0" "--network" "none" "ghcr.io/rust-lang/crates-build-env/linux@sha256:f3a9d4ad9d972b27faf3965f35b62e55ba32bbce8f20bc8fe909558a86702fde" "/opt/rustwide/cargo-home/bin/cargo" "+beta-2024-12-08" "test" "--frozen", kill_on_drop: false }`
[INFO] [stdout] 1dea2ae8a6d637430e5793a1dfe8c4e158747c00d43a519ebbc1c1a252e2f59d
[INFO] running `Command { std: "docker" "start" "-a" "1dea2ae8a6d637430e5793a1dfe8c4e158747c00d43a519ebbc1c1a252e2f59d", kill_on_drop: false }`
[INFO] [stderr]     Finished `test` profile [unoptimized + debuginfo] target(s) in 0.04s
[INFO] [stderr]      Running unittests src/lib.rs (/opt/rustwide/target/debug/deps/enum_derived-26fa81858f9c0e05)
[INFO] [stdout] 
[INFO] [stdout] running 0 tests
[INFO] [stdout] 
[INFO] [stdout] test result: ok. 0 passed; 0 failed; 0 ignored; 0 measured; 0 filtered out; finished in 0.00s
[INFO] [stdout] 
[INFO] [stderr]      Running tests/rand-progress.rs (/opt/rustwide/target/debug/deps/rand_progress-c23d2a495d9474f1)
[INFO] [stdout] 
[INFO] [stdout] running 1 test
[INFO] [stderr]    Compiling libc v0.2.139
[INFO] [stderr]    Compiling proc-macro2 v1.0.51
[INFO] [stderr]    Compiling unicode-ident v1.0.8
[INFO] [stderr]    Compiling quote v1.0.23
[INFO] [stderr]    Compiling cfg-if v1.0.0
[INFO] [stderr]    Compiling syn v1.0.109
[INFO] [stderr]    Compiling ppv-lite86 v0.2.17
[INFO] [stderr]    Compiling getrandom v0.2.8
[INFO] [stderr]    Compiling rand_core v0.6.4
[INFO] [stderr]    Compiling rand_chacha v0.3.1
[INFO] [stderr]    Compiling rand v0.8.5
[INFO] [stderr]    Compiling enum-derived-macro v0.2.0
[INFO] [stderr]    Compiling enum-derived v0.8.2 (/opt/rustwide/workdir)
[INFO] [stderr]    Compiling enum-derived-tests v0.0.0 (/opt/rustwide/target/tests/trybuild/enum-derived)
[INFO] [stderr]     Finished `dev` profile [unoptimized + debuginfo] target(s) in 6.76s
[INFO] [stderr] 
[INFO] [stderr] 
[INFO] [stderr] test tests/rand/01-builds.rs [should pass] ... ok
[INFO] [stderr] test tests/rand/02-rand_function_exists.rs [should pass] ... ok
[INFO] [stderr] test tests/rand/03-returns_every_variant.rs [should pass] ... ok
[INFO] [stderr] test tests/rand/04-hygiene.rs [should pass] ... ok
[INFO] [stderr] test tests/rand/06-fail-for-empty-enum.rs [should fail to compile] ... ok
[INFO] [stderr] test tests/rand/07-fail-for-tuple-enum.rs [should fail to compile] ... mismatch
[INFO] [stderr] 
[INFO] [stderr] EXPECTED:
[INFO] [stderr] ┈┈┈┈┈┈┈┈┈┈┈┈┈┈┈┈┈┈┈┈┈┈┈┈┈┈┈┈┈┈┈┈┈┈┈┈┈┈┈┈┈┈┈┈┈┈┈┈┈┈┈┈┈┈┈┈┈┈┈┈
[INFO] [stderr] error[E0277]: the trait bound `Standard: Distribution<Vec<u8>>` is not satisfied
[INFO] [stderr]  --> tests/rand/07-fail-for-tuple-enum.rs:3:10
[INFO] [stderr]   |
[INFO] [stderr] 3 | #[derive(Rand)]
[INFO] [stderr]   |          ^^^^ the trait `Distribution<Vec<u8>>` is not implemented for `Standard`
[INFO] [stderr]   |
[INFO] [stderr]   = help: the following other types implement trait `Distribution<T>`:
[INFO] [stderr]             <Standard as Distribution<()>>
[INFO] [stderr]             <Standard as Distribution<(A, B)>>
[INFO] [stderr]             <Standard as Distribution<(A, B, C)>>
[INFO] [stderr]             <Standard as Distribution<(A, B, C, D)>>
[INFO] [stderr]             <Standard as Distribution<(A, B, C, D, E)>>
[INFO] [stderr]             <Standard as Distribution<(A, B, C, D, E, F)>>
[INFO] [stderr]             <Standard as Distribution<(A, B, C, D, E, F, G)>>
[INFO] [stderr]             <Standard as Distribution<(A, B, C, D, E, F, G, H)>>
[INFO] [stderr]           and $N others
[INFO] [stderr]   = note: required for `Vec<u8>` to implement `Rand`
[INFO] [stderr]   = note: this error originates in the derive macro `Rand` (in Nightly builds, run with -Z macro-backtrace for more info)
[INFO] [stderr] 
[INFO] [stderr] error[E0277]: the trait bound `Standard: Distribution<String>` is not satisfied
[INFO] [stderr]  --> tests/rand/07-fail-for-tuple-enum.rs:3:10
[INFO] [stderr]   |
[INFO] [stderr] 3 | #[derive(Rand)]
[INFO] [stderr]   |          ^^^^ the trait `Distribution<String>` is not implemented for `Standard`
[INFO] [stderr]   |
[INFO] [stderr]   = help: the following other types implement trait `Distribution<T>`:
[INFO] [stderr]             <Standard as Distribution<()>>
[INFO] [stderr]             <Standard as Distribution<(A, B)>>
[INFO] [stderr]             <Standard as Distribution<(A, B, C)>>
[INFO] [stderr]             <Standard as Distribution<(A, B, C, D)>>
[INFO] [stderr]             <Standard as Distribution<(A, B, C, D, E)>>
[INFO] [stderr]             <Standard as Distribution<(A, B, C, D, E, F)>>
[INFO] [stderr]             <Standard as Distribution<(A, B, C, D, E, F, G)>>
[INFO] [stderr]             <Standard as Distribution<(A, B, C, D, E, F, G, H)>>
[INFO] [stderr]           and $N others
[INFO] [stderr]   = note: required for `String` to implement `Rand`
[INFO] [stderr]   = note: this error originates in the derive macro `Rand` (in Nightly builds, run with -Z macro-backtrace for more info)
[INFO] [stderr] ┈┈┈┈┈┈┈┈┈┈┈┈┈┈┈┈┈┈┈┈┈┈┈┈┈┈┈┈┈┈┈┈┈┈┈┈┈┈┈┈┈┈┈┈┈┈┈┈┈┈┈┈┈┈┈┈┈┈┈┈
[INFO] [stderr] 
[INFO] [stderr] ACTUAL OUTPUT:
[INFO] [stderr] ┈┈┈┈┈┈┈┈┈┈┈┈┈┈┈┈┈┈┈┈┈┈┈┈┈┈┈┈┈┈┈┈┈┈┈┈┈┈┈┈┈┈┈┈┈┈┈┈┈┈┈┈┈┈┈┈┈┈┈┈
[INFO] [stderr] error[E0277]: the trait bound `Standard: Distribution<Vec<u8>>` is not satisfied
[INFO] [stderr]  --> tests/rand/07-fail-for-tuple-enum.rs:5:11
[INFO] [stderr]   |
[INFO] [stderr] 5 |     Email(Vec<u8>),
[INFO] [stderr]   |           ^^^^^^^ the trait `Distribution<Vec<u8>>` is not implemented for `Standard`
[INFO] [stderr]   |
[INFO] [stderr]   = help: the following other types implement trait `Distribution<T>`:
[INFO] [stderr]             `Standard` implements `Distribution<()>`
[INFO] [stderr]             `Standard` implements `Distribution<(A, B)>`
[INFO] [stderr]             `Standard` implements `Distribution<(A, B, C)>`
[INFO] [stderr]             `Standard` implements `Distribution<(A, B, C, D)>`
[INFO] [stderr]             `Standard` implements `Distribution<(A, B, C, D, E)>`
[INFO] [stderr]             `Standard` implements `Distribution<(A, B, C, D, E, F)>`
[INFO] [stderr]             `Standard` implements `Distribution<(A, B, C, D, E, F, G)>`
[INFO] [stderr]             `Standard` implements `Distribution<(A, B, C, D, E, F, G, H)>`
[INFO] [stderr]           and $N others
[INFO] [stderr]   = note: required for `Vec<u8>` to implement `Rand`
[INFO] [stderr] 
[INFO] [stderr] error[E0277]: the trait bound `Standard: Distribution<String>` is not satisfied
[INFO] [stderr]  --> tests/rand/07-fail-for-tuple-enum.rs:6:12
[INFO] [stderr]   |
[INFO] [stderr] 6 |     Letter(String),
[INFO] [stderr]   |            ^^^^^^ the trait `Distribution<String>` is not implemented for `Standard`
[INFO] [stderr]   |
[INFO] [stderr]   = help: the following other types implement trait `Distribution<T>`:
[INFO] [stderr]             `Standard` implements `Distribution<()>`
[INFO] [stderr]             `Standard` implements `Distribution<(A, B)>`
[INFO] [stderr]             `Standard` implements `Distribution<(A, B, C)>`
[INFO] [stderr]             `Standard` implements `Distribution<(A, B, C, D)>`
[INFO] [stderr]             `Standard` implements `Distribution<(A, B, C, D, E)>`
[INFO] [stderr]             `Standard` implements `Distribution<(A, B, C, D, E, F)>`
[INFO] [stderr]             `Standard` implements `Distribution<(A, B, C, D, E, F, G)>`
[INFO] [stderr]             `Standard` implements `Distribution<(A, B, C, D, E, F, G, H)>`
[INFO] [stderr]           and $N others
[INFO] [stderr]   = note: required for `String` to implement `Rand`
[INFO] [stderr] ┈┈┈┈┈┈┈┈┈┈┈┈┈┈┈┈┈┈┈┈┈┈┈┈┈┈┈┈┈┈┈┈┈┈┈┈┈┈┈┈┈┈┈┈┈┈┈┈┈┈┈┈┈┈┈┈┈┈┈┈
[INFO] [stderr] note: If the actual output is the correct output you can bless it by rerunning
[INFO] [stderr]       your test with the environment variable TRYBUILD=overwrite
[INFO] [stderr] 
[INFO] [stderr] test tests/rand/08-fail-for-struct-enum.rs [should fail to compile] ... mismatch
[INFO] [stderr] 
[INFO] [stderr] EXPECTED:
[INFO] [stderr] ┈┈┈┈┈┈┈┈┈┈┈┈┈┈┈┈┈┈┈┈┈┈┈┈┈┈┈┈┈┈┈┈┈┈┈┈┈┈┈┈┈┈┈┈┈┈┈┈┈┈┈┈┈┈┈┈┈┈┈┈
[INFO] [stderr] error[E0277]: the trait bound `Standard: Distribution<String>` is not satisfied
[INFO] [stderr]  --> tests/rand/08-fail-for-struct-enum.rs:3:10
[INFO] [stderr]   |
[INFO] [stderr] 3 | #[derive(Rand)]
[INFO] [stderr]   |          ^^^^ the trait `Distribution<String>` is not implemented for `Standard`
[INFO] [stderr]   |
[INFO] [stderr]   = help: the following other types implement trait `Distribution<T>`:
[INFO] [stderr]             <Standard as Distribution<()>>
[INFO] [stderr]             <Standard as Distribution<(A, B)>>
[INFO] [stderr]             <Standard as Distribution<(A, B, C)>>
[INFO] [stderr]             <Standard as Distribution<(A, B, C, D)>>
[INFO] [stderr]             <Standard as Distribution<(A, B, C, D, E)>>
[INFO] [stderr]             <Standard as Distribution<(A, B, C, D, E, F)>>
[INFO] [stderr]             <Standard as Distribution<(A, B, C, D, E, F, G)>>
[INFO] [stderr]             <Standard as Distribution<(A, B, C, D, E, F, G, H)>>
[INFO] [stderr]           and $N others
[INFO] [stderr]   = note: required for `String` to implement `Rand`
[INFO] [stderr]   = note: this error originates in the derive macro `Rand` (in Nightly builds, run with -Z macro-backtrace for more info)
[INFO] [stderr] ┈┈┈┈┈┈┈┈┈┈┈┈┈┈┈┈┈┈┈┈┈┈┈┈┈┈┈┈┈┈┈┈┈┈┈┈┈┈┈┈┈┈┈┈┈┈┈┈┈┈┈┈┈┈┈┈┈┈┈┈
[INFO] [stderr] 
[INFO] [stderr] ACTUAL OUTPUT:
[INFO] [stderr] ┈┈┈┈┈┈┈┈┈┈┈┈┈┈┈┈┈┈┈┈┈┈┈┈┈┈┈┈┈┈┈┈┈┈┈┈┈┈┈┈┈┈┈┈┈┈┈┈┈┈┈┈┈┈┈┈┈┈┈┈
[INFO] [stderr] error[E0277]: the trait bound `Standard: Distribution<String>` is not satisfied
[INFO] [stderr]  --> tests/rand/08-fail-for-struct-enum.rs:7:19
[INFO] [stderr]   |
[INFO] [stderr] 7 |         contents: String
[INFO] [stderr]   |                   ^^^^^^ the trait `Distribution<String>` is not implemented for `Standard`
[INFO] [stderr]   |
[INFO] [stderr]   = help: the following other types implement trait `Distribution<T>`:
[INFO] [stderr]             `Standard` implements `Distribution<()>`
[INFO] [stderr]             `Standard` implements `Distribution<(A, B)>`
[INFO] [stderr]             `Standard` implements `Distribution<(A, B, C)>`
[INFO] [stderr]             `Standard` implements `Distribution<(A, B, C, D)>`
[INFO] [stderr]             `Standard` implements `Distribution<(A, B, C, D, E)>`
[INFO] [stderr]             `Standard` implements `Distribution<(A, B, C, D, E, F)>`
[INFO] [stderr]             `Standard` implements `Distribution<(A, B, C, D, E, F, G)>`
[INFO] [stderr]             `Standard` implements `Distribution<(A, B, C, D, E, F, G, H)>`
[INFO] [stderr]           and $N others
[INFO] [stderr]   = note: required for `String` to implement `Rand`
[INFO] [stderr] ┈┈┈┈┈┈┈┈┈┈┈┈┈┈┈┈┈┈┈┈┈┈┈┈┈┈┈┈┈┈┈┈┈┈┈┈┈┈┈┈┈┈┈┈┈┈┈┈┈┈┈┈┈┈┈┈┈┈┈┈
[INFO] [stderr] note: If the actual output is the correct output you can bless it by rerunning
[INFO] [stderr]       your test with the environment variable TRYBUILD=overwrite
[INFO] [stderr] 
[INFO] [stderr] test tests/rand/09-tuple-enum-with-random-values.rs [should pass] ... ok
[INFO] [stderr] test tests/rand/10-struct-enum-success.rs [should pass] ... ok
[INFO] [stderr] test tests/rand/11-custom-rand-function.rs [should pass] ... ok
[INFO] [stderr] test tests/rand/12-custom-weights.rs [should pass] ... ok
[INFO] [stderr] test tests/rand/13-recursive-rand.rs [should pass] ... ok
[INFO] [stderr] test tests/rand/14-rand-trait-not-imported.rs [should fail to compile] ... mismatch
[INFO] [stderr] 
[INFO] [stderr] EXPECTED:
[INFO] [stderr] ┈┈┈┈┈┈┈┈┈┈┈┈┈┈┈┈┈┈┈┈┈┈┈┈┈┈┈┈┈┈┈┈┈┈┈┈┈┈┈┈┈┈┈┈┈┈┈┈┈┈┈┈┈┈┈┈┈┈┈┈
[INFO] [stderr] error[E0599]: no variant or associated item named `rand` found for enum `Sample` in the current scope
[INFO] [stderr]  --> tests/rand/14-rand-trait-not-imported.rs:9:22
[INFO] [stderr]   |
[INFO] [stderr] 2 | pub enum Sample {
[INFO] [stderr]   | --------------- variant or associated item `rand` not found for this enum
[INFO] [stderr] ...
[INFO] [stderr] 9 |     let _s = Sample::rand();
[INFO] [stderr]   |                      ^^^^ variant or associated item not found in `Sample`
[INFO] [stderr]   |
[INFO] [stderr]   = help: items from traits can only be used if the trait is in scope
[INFO] [stderr] help: the following trait is implemented but not in scope; perhaps add a `use` for it:
[INFO] [stderr]   |
[INFO] [stderr] 1 | use enum_derived::Rand;
[INFO] [stderr]   |
[INFO] [stderr] ┈┈┈┈┈┈┈┈┈┈┈┈┈┈┈┈┈┈┈┈┈┈┈┈┈┈┈┈┈┈┈┈┈┈┈┈┈┈┈┈┈┈┈┈┈┈┈┈┈┈┈┈┈┈┈┈┈┈┈┈
[INFO] [stderr] 
[INFO] [stderr] ACTUAL OUTPUT:
[INFO] [stderr] ┈┈┈┈┈┈┈┈┈┈┈┈┈┈┈┈┈┈┈┈┈┈┈┈┈┈┈┈┈┈┈┈┈┈┈┈┈┈┈┈┈┈┈┈┈┈┈┈┈┈┈┈┈┈┈┈┈┈┈┈
[INFO] [stderr] error[E0599]: no variant or associated item named `rand` found for enum `Sample` in the current scope
[INFO] [stderr]  --> tests/rand/14-rand-trait-not-imported.rs:9:22
[INFO] [stderr]   |
[INFO] [stderr] 2 | pub enum Sample {
[INFO] [stderr]   | --------------- variant or associated item `rand` not found for this enum
[INFO] [stderr] ...
[INFO] [stderr] 9 |     let _s = Sample::rand();
[INFO] [stderr]   |                      ^^^^ variant or associated item not found in `Sample`
[INFO] [stderr]   |
[INFO] [stderr]   = help: items from traits can only be used if the trait is in scope
[INFO] [stderr] help: trait `Rand` which provides `rand` is implemented but not in scope; perhaps you want to import it
[INFO] [stderr]   |
[INFO] [stderr] 1 + use enum_derived::Rand;
[INFO] [stderr]   |
[INFO] [stderr] ┈┈┈┈┈┈┈┈┈┈┈┈┈┈┈┈┈┈┈┈┈┈┈┈┈┈┈┈┈┈┈┈┈┈┈┈┈┈┈┈┈┈┈┈┈┈┈┈┈┈┈┈┈┈┈┈┈┈┈┈
[INFO] [stderr] note: If the actual output is the correct output you can bless it by rerunning
[INFO] [stderr]       your test with the environment variable TRYBUILD=overwrite
[INFO] [stderr] 
[INFO] [stderr] test tests/rand/15-struct-in-enum.rs [should pass] ... ok
[INFO] [stderr] test tests/rand/16-works-for-struct-with-named-fields.rs [should pass] ... ok
[INFO] [stderr] test tests/rand/17-works-for-struct-with-unnamed-fields.rs [should pass] ... ok
[INFO] [stderr] test tests/rand/18-works-for-unit-structs.rs [should pass] ... ok
[INFO] [stderr] test tests/rand/19-custom-rand-for-struct-with-named-fields.rs [should pass] ... ok
[INFO] [stderr] test tests/rand/20-custom-rand-for-struct-with-unnamed-fields.rs [should pass] ... ok
[INFO] [stderr] test tests/rand/21-custom-rand-for-enum-with-named-fields-field-level.rs [should pass] ... ok
[INFO] [stderr] 
[INFO] [stderr] 
[INFO] [stdout] test tests ... FAILED
[INFO] [stdout] 
[INFO] [stdout] failures:
[INFO] [stdout] 
[INFO] [stdout] ---- tests stdout ----
[INFO] [stdout] thread 'tests' panicked at /opt/rustwide/cargo-home/registry/src/index.crates.io-6f17d22bba15001f/trybuild-1.0.79/src/run.rs:101:13:
[INFO] [stdout] 3 of 20 tests failed
[INFO] [stdout] stack backtrace:
[INFO] [stdout]    0:     0x5e7c9b6ae2ca - std::backtrace_rs::backtrace::libunwind::trace::h8810477743020387
[INFO] [stdout]                                at /rustc/202008a1b8de96d2e5b6bc02d379db03a877d34d/library/std/src/../../backtrace/src/backtrace/libunwind.rs:116:5
[INFO] [stdout]    1:     0x5e7c9b6ae2ca - std::backtrace_rs::backtrace::trace_unsynchronized::h3aa55355dd6c54a6
[INFO] [stdout]                                at /rustc/202008a1b8de96d2e5b6bc02d379db03a877d34d/library/std/src/../../backtrace/src/backtrace/mod.rs:66:5
[INFO] [stdout]    2:     0x5e7c9b6ae2ca - std::sys::backtrace::_print_fmt::h8588b0f62410823f
[INFO] [stdout]                                at /rustc/202008a1b8de96d2e5b6bc02d379db03a877d34d/library/std/src/sys/backtrace.rs:66:9
[INFO] [stdout]    3:     0x5e7c9b6ae2ca - <std::sys::backtrace::BacktraceLock::print::DisplayBacktrace as core::fmt::Display>::fmt::h98c26ac25ffe89bb
[INFO] [stdout]                                at /rustc/202008a1b8de96d2e5b6bc02d379db03a877d34d/library/std/src/sys/backtrace.rs:39:26
[INFO] [stdout]    4:     0x5e7c9b6d6863 - core::fmt::rt::Argument::fmt::hf95377f4aebd453b
[INFO] [stdout]                                at /rustc/202008a1b8de96d2e5b6bc02d379db03a877d34d/library/core/src/fmt/rt.rs:177:76
[INFO] [stdout]    5:     0x5e7c9b6d6863 - core::fmt::write::h0dd5f6e2238c7982
[INFO] [stdout]                                at /rustc/202008a1b8de96d2e5b6bc02d379db03a877d34d/library/core/src/fmt/mod.rs:1189:21
[INFO] [stdout]    6:     0x5e7c9b6aa973 - std::io::Write::write_fmt::h03bb0ca26e6faf8c
[INFO] [stdout]                                at /rustc/202008a1b8de96d2e5b6bc02d379db03a877d34d/library/std/src/io/mod.rs:1884:15
[INFO] [stdout]    7:     0x5e7c9b6ae112 - std::sys::backtrace::BacktraceLock::print::h5c19c1c038ee186d
[INFO] [stdout]                                at /rustc/202008a1b8de96d2e5b6bc02d379db03a877d34d/library/std/src/sys/backtrace.rs:42:9
[INFO] [stdout]    8:     0x5e7c9b6af74d - std::panicking::default_hook::{{closure}}::h77172f079a1fcb13
[INFO] [stdout]                                at /rustc/202008a1b8de96d2e5b6bc02d379db03a877d34d/library/std/src/panicking.rs:268:22
[INFO] [stdout]    9:     0x5e7c9b6af557 - std::panicking::default_hook::he5f8e3b203ccddba
[INFO] [stdout]                                at /rustc/202008a1b8de96d2e5b6bc02d379db03a877d34d/library/std/src/panicking.rs:292:9
[INFO] [stdout]   10:     0x5e7c9b676dd7 - <alloc::boxed::Box<F,A> as core::ops::function::Fn<Args>>::call::h7a3c7b4a1ae77f2f
[INFO] [stdout]                                at /rustc/202008a1b8de96d2e5b6bc02d379db03a877d34d/library/alloc/src/boxed.rs:1986:9
[INFO] [stdout]   11:     0x5e7c9b676dd7 - test::test_main::{{closure}}::hf0d3b69ae9b353d1
[INFO] [stdout]                                at /rustc/202008a1b8de96d2e5b6bc02d379db03a877d34d/library/test/src/lib.rs:134:21
[INFO] [stdout]   12:     0x5e7c9b6afdf8 - <alloc::boxed::Box<F,A> as core::ops::function::Fn<Args>>::call::h6332e82e7b189abd
[INFO] [stdout]                                at /rustc/202008a1b8de96d2e5b6bc02d379db03a877d34d/library/alloc/src/boxed.rs:1986:9
[INFO] [stdout]   13:     0x5e7c9b6afdf8 - std::panicking::rust_panic_with_hook::h53863d4e9018df39
[INFO] [stdout]                                at /rustc/202008a1b8de96d2e5b6bc02d379db03a877d34d/library/std/src/panicking.rs:809:13
[INFO] [stdout]   14:     0x5e7c9b6afbba - std::panicking::begin_panic_handler::{{closure}}::h67280e6fa0757873
[INFO] [stdout]                                at /rustc/202008a1b8de96d2e5b6bc02d379db03a877d34d/library/std/src/panicking.rs:674:13
[INFO] [stdout]   15:     0x5e7c9b6ae7a9 - std::sys::backtrace::__rust_end_short_backtrace::h1dac3f54d6fbbeb2
[INFO] [stdout]                                at /rustc/202008a1b8de96d2e5b6bc02d379db03a877d34d/library/std/src/sys/backtrace.rs:170:18
[INFO] [stdout]   16:     0x5e7c9b6af84c - rust_begin_unwind
[INFO] [stdout]                                at /rustc/202008a1b8de96d2e5b6bc02d379db03a877d34d/library/std/src/panicking.rs:665:5
[INFO] [stdout]   17:     0x5e7c9b44ecf0 - core::panicking::panic_fmt::h6792bd1b2bf01041
[INFO] [stdout]                                at /rustc/202008a1b8de96d2e5b6bc02d379db03a877d34d/library/core/src/panicking.rs:76:14
[INFO] [stdout]   18:     0x5e7c9b4ae8d4 - trybuild::run::<impl trybuild::Runner>::run::h16bc8d22ac9a459e
[INFO] [stdout]                                at /opt/rustwide/cargo-home/registry/src/index.crates.io-6f17d22bba15001f/trybuild-1.0.79/src/run.rs:101:13
[INFO] [stdout]   19:     0x5e7c9b4b3f28 - <trybuild::TestCases as core::ops::drop::Drop>::drop::hbaa61fef4de9ff45
[INFO] [stdout]                                at /opt/rustwide/cargo-home/registry/src/index.crates.io-6f17d22bba15001f/trybuild-1.0.79/src/lib.rs:314:13
[INFO] [stdout]   20:     0x5e7c9b44f7d7 - core::ptr::drop_in_place<trybuild::TestCases>::hbb138de1b6ba4739
[INFO] [stdout]                                at /rustc/202008a1b8de96d2e5b6bc02d379db03a877d34d/library/core/src/ptr/mod.rs:521:1
[INFO] [stdout]   21:     0x5e7c9b45022e - rand_progress::tests::hea8d7a231906525e
[INFO] [stdout]                                at /opt/rustwide/workdir/tests/rand-progress.rs:24:1
[INFO] [stdout]   22:     0x5e7c9b44fff7 - rand_progress::tests::{{closure}}::h6931a5d5f24921d5
[INFO] [stdout]                                at /opt/rustwide/workdir/tests/rand-progress.rs:2:11
[INFO] [stdout]   23:     0x5e7c9b44f786 - core::ops::function::FnOnce::call_once::h832d57d6780c25b0
[INFO] [stdout]                                at /rustc/202008a1b8de96d2e5b6bc02d379db03a877d34d/library/core/src/ops/function.rs:250:5
[INFO] [stdout]   24:     0x5e7c9b67b8fb - core::ops::function::FnOnce::call_once::h871bf86719ec9aa4
[INFO] [stdout]                                at /rustc/202008a1b8de96d2e5b6bc02d379db03a877d34d/library/core/src/ops/function.rs:250:5
[INFO] [stdout]   25:     0x5e7c9b67b8fb - test::__rust_begin_short_backtrace::h2167df1e2b7d76fd
[INFO] [stdout]                                at /rustc/202008a1b8de96d2e5b6bc02d379db03a877d34d/library/test/src/lib.rs:632:18
[INFO] [stdout]   26:     0x5e7c9b67b2e8 - test::run_test_in_process::{{closure}}::h15d92f75a3adfb79
[INFO] [stdout]                                at /rustc/202008a1b8de96d2e5b6bc02d379db03a877d34d/library/test/src/lib.rs:655:60
[INFO] [stdout]   27:     0x5e7c9b67b2e8 - <core::panic::unwind_safe::AssertUnwindSafe<F> as core::ops::function::FnOnce<()>>::call_once::hb6c8955835a8dbbb
[INFO] [stdout]                                at /rustc/202008a1b8de96d2e5b6bc02d379db03a877d34d/library/core/src/panic/unwind_safe.rs:272:9
[INFO] [stdout]   28:     0x5e7c9b67b2e8 - std::panicking::try::do_call::hc79d0fc888a0bd30
[INFO] [stdout]                                at /rustc/202008a1b8de96d2e5b6bc02d379db03a877d34d/library/std/src/panicking.rs:557:40
[INFO] [stdout]   29:     0x5e7c9b67b2e8 - std::panicking::try::hb8a7878e3a8589d6
[INFO] [stdout]                                at /rustc/202008a1b8de96d2e5b6bc02d379db03a877d34d/library/std/src/panicking.rs:520:19
[INFO] [stdout]   30:     0x5e7c9b67b2e8 - std::panic::catch_unwind::hb8e4600ff0ff5cfa
[INFO] [stdout]                                at /rustc/202008a1b8de96d2e5b6bc02d379db03a877d34d/library/std/src/panic.rs:358:14
[INFO] [stdout]   31:     0x5e7c9b67b2e8 - test::run_test_in_process::hc2900b0b18688dd6
[INFO] [stdout]                                at /rustc/202008a1b8de96d2e5b6bc02d379db03a877d34d/library/test/src/lib.rs:655:27
[INFO] [stdout]   32:     0x5e7c9b67b2e8 - test::run_test::{{closure}}::hac2a9cb07be3d48d
[INFO] [stdout]                                at /rustc/202008a1b8de96d2e5b6bc02d379db03a877d34d/library/test/src/lib.rs:576:43
[INFO] [stdout]   33:     0x5e7c9b63ed8a - test::run_test::{{closure}}::h4a5b729e66a38cd8
[INFO] [stdout]                                at /rustc/202008a1b8de96d2e5b6bc02d379db03a877d34d/library/test/src/lib.rs:606:41
[INFO] [stdout]   34:     0x5e7c9b63ed8a - std::sys::backtrace::__rust_begin_short_backtrace::h0496fb742492f573
[INFO] [stdout]                                at /rustc/202008a1b8de96d2e5b6bc02d379db03a877d34d/library/std/src/sys/backtrace.rs:154:18
[INFO] [stdout]   35:     0x5e7c9b642704 - std::thread::Builder::spawn_unchecked_::{{closure}}::{{closure}}::hbb6d257c550a54bd
[INFO] [stdout]                                at /rustc/202008a1b8de96d2e5b6bc02d379db03a877d34d/library/std/src/thread/mod.rs:561:17
[INFO] [stdout]   36:     0x5e7c9b642704 - <core::panic::unwind_safe::AssertUnwindSafe<F> as core::ops::function::FnOnce<()>>::call_once::h46696fe4a6832328
[INFO] [stdout]                                at /rustc/202008a1b8de96d2e5b6bc02d379db03a877d34d/library/core/src/panic/unwind_safe.rs:272:9
[INFO] [stdout]   37:     0x5e7c9b642704 - std::panicking::try::do_call::h2625a51b667bfb64
[INFO] [stdout]                                at /rustc/202008a1b8de96d2e5b6bc02d379db03a877d34d/library/std/src/panicking.rs:557:40
[INFO] [stdout]   38:     0x5e7c9b642704 - std::panicking::try::hb956a59a1973aa4c
[INFO] [stdout]                                at /rustc/202008a1b8de96d2e5b6bc02d379db03a877d34d/library/std/src/panicking.rs:520:19
[INFO] [stdout]   39:     0x5e7c9b642704 - std::panic::catch_unwind::h64f3b9d1067ef6a0
[INFO] [stdout]                                at /rustc/202008a1b8de96d2e5b6bc02d379db03a877d34d/library/std/src/panic.rs:358:14
[INFO] [stdout]   40:     0x5e7c9b642704 - std::thread::Builder::spawn_unchecked_::{{closure}}::h42b2841295b6c0b2
[INFO] [stdout]                                at /rustc/202008a1b8de96d2e5b6bc02d379db03a877d34d/library/std/src/thread/mod.rs:559:30
[INFO] [stdout]   41:     0x5e7c9b642704 - core::ops::function::FnOnce::call_once{{vtable.shim}}::h6127de71b8124639
[INFO] [stdout]                                at /rustc/202008a1b8de96d2e5b6bc02d379db03a877d34d/library/core/src/ops/function.rs:250:5
[INFO] [stdout]   42:     0x5e7c9b6b4d0b - <alloc::boxed::Box<F,A> as core::ops::function::FnOnce<Args>>::call_once::h42f0ba71002a1b2c
[INFO] [stdout]                                at /rustc/202008a1b8de96d2e5b6bc02d379db03a877d34d/library/alloc/src/boxed.rs:1972:9
[INFO] [stdout]   43:     0x5e7c9b6b4d0b - <alloc::boxed::Box<F,A> as core::ops::function::FnOnce<Args>>::call_once::had9e47d7a3dcecb8
[INFO] [stdout]                                at /rustc/202008a1b8de96d2e5b6bc02d379db03a877d34d/library/alloc/src/boxed.rs:1972:9
[INFO] [stdout]   44:     0x5e7c9b6b4d0b - std::sys::pal::unix::thread::Thread::new::thread_start::h48cf765408f6f5f2
[INFO] [stdout]                                at /rustc/202008a1b8de96d2e5b6bc02d379db03a877d34d/library/std/src/sys/pal/unix/thread.rs:105:17
[INFO] [stdout]   45:     0x7efcee166ac3 - <unknown>
[INFO] [stdout]   46:     0x7efcee1f7a04 - clone
[INFO] [stdout]   47:                0x0 - <unknown>
[INFO] [stdout] 
[INFO] [stdout] 
[INFO] [stdout] failures:
[INFO] [stdout]     tests
[INFO] [stdout] 
[INFO] [stdout] test result: FAILED. 0 passed; 1 failed; 0 ignored; 0 measured; 0 filtered out; finished in 16.97s
[INFO] [stdout] 
[INFO] [stderr] error: test failed, to rerun pass `--test rand-progress`
[INFO] running `Command { std: "docker" "inspect" "1dea2ae8a6d637430e5793a1dfe8c4e158747c00d43a519ebbc1c1a252e2f59d", kill_on_drop: false }`
[INFO] running `Command { std: "docker" "rm" "-f" "1dea2ae8a6d637430e5793a1dfe8c4e158747c00d43a519ebbc1c1a252e2f59d", kill_on_drop: false }`
[INFO] [stdout] 1dea2ae8a6d637430e5793a1dfe8c4e158747c00d43a519ebbc1c1a252e2f59d
