[INFO] fetching crate entrypoint_macros 0.2.0...
[INFO] testing entrypoint_macros-0.2.0 against beta-2024-12-08 for beta-1.84.0-4-retry
[INFO] extracting crate entrypoint_macros 0.2.0 into /workspace/builds/worker-0-tc2/source
[INFO] validating manifest of crates.io crate entrypoint_macros 0.2.0 on toolchain beta-2024-12-08
[INFO] running `Command { std: CARGO_HOME="/workspace/cargo-home" RUSTUP_HOME="/workspace/rustup-home" "/workspace/cargo-home/bin/cargo" "+beta-2024-12-08" "metadata" "--manifest-path" "Cargo.toml" "--no-deps", kill_on_drop: false }`
[INFO] started tweaking crates.io crate entrypoint_macros 0.2.0
[INFO] finished tweaking crates.io crate entrypoint_macros 0.2.0
[INFO] tweaked toml for crates.io crate entrypoint_macros 0.2.0 written to /workspace/builds/worker-0-tc2/source/Cargo.toml
[INFO] running `Command { std: CARGO_HOME="/workspace/cargo-home" RUSTUP_HOME="/workspace/rustup-home" "/workspace/cargo-home/bin/cargo" "+beta-2024-12-08" "generate-lockfile" "--manifest-path" "Cargo.toml", kill_on_drop: false }`
[INFO] [stderr]     Updating crates.io index
[INFO] [stderr]      Locking 4 packages to latest compatible versions
[INFO] running `Command { std: CARGO_HOME="/workspace/cargo-home" RUSTUP_HOME="/workspace/rustup-home" "/workspace/cargo-home/bin/cargo" "+beta-2024-12-08" "fetch" "--manifest-path" "Cargo.toml", kill_on_drop: false }`
[INFO] [stderr]     Blocking waiting for file lock on package cache
[INFO] [stderr]     Blocking waiting for file lock on package cache
[INFO] running `Command { std: "docker" "create" "-v" "/var/lib/crater-agent-workspace/builds/worker-0-tc2/target:/opt/rustwide/target:rw,Z" "-v" "/var/lib/crater-agent-workspace/builds/worker-0-tc2/source:/opt/rustwide/workdir:ro,Z" "-v" "/var/lib/crater-agent-workspace/cargo-home:/opt/rustwide/cargo-home:ro,Z" "-v" "/var/lib/crater-agent-workspace/rustup-home:/opt/rustwide/rustup-home:ro,Z" "-e" "SOURCE_DIR=/opt/rustwide/workdir" "-e" "CARGO_TARGET_DIR=/opt/rustwide/target" "-e" "CARGO_HOME=/opt/rustwide/cargo-home" "-e" "RUSTUP_HOME=/opt/rustwide/rustup-home" "-w" "/opt/rustwide/workdir" "-m" "1610612736" "--user" "0:0" "--network" "none" "ghcr.io/rust-lang/crates-build-env/linux@sha256:f3a9d4ad9d972b27faf3965f35b62e55ba32bbce8f20bc8fe909558a86702fde" "/opt/rustwide/cargo-home/bin/cargo" "+beta-2024-12-08" "metadata" "--no-deps" "--format-version=1", kill_on_drop: false }`
[INFO] [stdout] 1db9fe94b7ab4f6efd8fcb30db2fbaba50eee9ad50fd19be99acb110baa5fad8
[INFO] running `Command { std: "docker" "start" "-a" "1db9fe94b7ab4f6efd8fcb30db2fbaba50eee9ad50fd19be99acb110baa5fad8", kill_on_drop: false }`
[INFO] running `Command { std: "docker" "inspect" "1db9fe94b7ab4f6efd8fcb30db2fbaba50eee9ad50fd19be99acb110baa5fad8", kill_on_drop: false }`
[INFO] running `Command { std: "docker" "rm" "-f" "1db9fe94b7ab4f6efd8fcb30db2fbaba50eee9ad50fd19be99acb110baa5fad8", kill_on_drop: false }`
[INFO] [stdout] 1db9fe94b7ab4f6efd8fcb30db2fbaba50eee9ad50fd19be99acb110baa5fad8
[INFO] running `Command { std: "docker" "create" "-v" "/var/lib/crater-agent-workspace/builds/worker-0-tc2/target:/opt/rustwide/target:rw,Z" "-v" "/var/lib/crater-agent-workspace/builds/worker-0-tc2/source:/opt/rustwide/workdir:ro,Z" "-v" "/var/lib/crater-agent-workspace/cargo-home:/opt/rustwide/cargo-home:ro,Z" "-v" "/var/lib/crater-agent-workspace/rustup-home:/opt/rustwide/rustup-home:ro,Z" "-e" "SOURCE_DIR=/opt/rustwide/workdir" "-e" "CARGO_TARGET_DIR=/opt/rustwide/target" "-e" "CARGO_INCREMENTAL=0" "-e" "RUST_BACKTRACE=full" "-e" "RUSTFLAGS=--cap-lints=warn" "-e" "RUSTDOCFLAGS=--cap-lints=warn" "-e" "CARGO_HOME=/opt/rustwide/cargo-home" "-e" "RUSTUP_HOME=/opt/rustwide/rustup-home" "-w" "/opt/rustwide/workdir" "-m" "1610612736" "--user" "0:0" "--network" "none" "ghcr.io/rust-lang/crates-build-env/linux@sha256:f3a9d4ad9d972b27faf3965f35b62e55ba32bbce8f20bc8fe909558a86702fde" "/opt/rustwide/cargo-home/bin/cargo" "+beta-2024-12-08" "build" "--frozen" "--message-format=json", kill_on_drop: false }`
[INFO] [stdout] af459af57477eec8fa8908aee04c9a3576b4922b894ef1b81ec620124cbf1476
[INFO] running `Command { std: "docker" "start" "-a" "af459af57477eec8fa8908aee04c9a3576b4922b894ef1b81ec620124cbf1476", kill_on_drop: false }`
[INFO] [stderr]    Compiling proc-macro2 v1.0.92
[INFO] [stderr]    Compiling unicode-ident v1.0.14
[INFO] [stderr]    Compiling quote v1.0.37
[INFO] [stderr]    Compiling syn v2.0.90
[INFO] [stderr]    Compiling entrypoint_macros v0.2.0 (/opt/rustwide/workdir)
[INFO] [stderr]     Finished `dev` profile [unoptimized + debuginfo] target(s) in 8.73s
[INFO] running `Command { std: "docker" "inspect" "af459af57477eec8fa8908aee04c9a3576b4922b894ef1b81ec620124cbf1476", kill_on_drop: false }`
[INFO] running `Command { std: "docker" "rm" "-f" "af459af57477eec8fa8908aee04c9a3576b4922b894ef1b81ec620124cbf1476", kill_on_drop: false }`
[INFO] [stdout] af459af57477eec8fa8908aee04c9a3576b4922b894ef1b81ec620124cbf1476
[INFO] running `Command { std: "docker" "create" "-v" "/var/lib/crater-agent-workspace/builds/worker-0-tc2/target:/opt/rustwide/target:rw,Z" "-v" "/var/lib/crater-agent-workspace/builds/worker-0-tc2/source:/opt/rustwide/workdir:ro,Z" "-v" "/var/lib/crater-agent-workspace/cargo-home:/opt/rustwide/cargo-home:ro,Z" "-v" "/var/lib/crater-agent-workspace/rustup-home:/opt/rustwide/rustup-home:ro,Z" "-e" "SOURCE_DIR=/opt/rustwide/workdir" "-e" "CARGO_TARGET_DIR=/opt/rustwide/target" "-e" "CARGO_INCREMENTAL=0" "-e" "RUST_BACKTRACE=full" "-e" "RUSTFLAGS=--cap-lints=warn" "-e" "RUSTDOCFLAGS=--cap-lints=warn" "-e" "CARGO_HOME=/opt/rustwide/cargo-home" "-e" "RUSTUP_HOME=/opt/rustwide/rustup-home" "-w" "/opt/rustwide/workdir" "-m" "1610612736" "--user" "0:0" "--network" "none" "ghcr.io/rust-lang/crates-build-env/linux@sha256:f3a9d4ad9d972b27faf3965f35b62e55ba32bbce8f20bc8fe909558a86702fde" "/opt/rustwide/cargo-home/bin/cargo" "+beta-2024-12-08" "test" "--frozen" "--no-run" "--message-format=json", kill_on_drop: false }`
[INFO] [stdout] 64ede4117dedd49634b5905cf7fd32bfcf84eaace2729fadaf7dd78345c95490
[INFO] running `Command { std: "docker" "start" "-a" "64ede4117dedd49634b5905cf7fd32bfcf84eaace2729fadaf7dd78345c95490", kill_on_drop: false }`
[INFO] [stderr]    Compiling entrypoint_macros v0.2.0 (/opt/rustwide/workdir)
[INFO] [stderr]     Finished `test` profile [unoptimized + debuginfo] target(s) in 1.10s
[INFO] running `Command { std: "docker" "inspect" "64ede4117dedd49634b5905cf7fd32bfcf84eaace2729fadaf7dd78345c95490", kill_on_drop: false }`
[INFO] running `Command { std: "docker" "rm" "-f" "64ede4117dedd49634b5905cf7fd32bfcf84eaace2729fadaf7dd78345c95490", kill_on_drop: false }`
[INFO] [stdout] 64ede4117dedd49634b5905cf7fd32bfcf84eaace2729fadaf7dd78345c95490
[INFO] running `Command { std: "docker" "create" "-v" "/var/lib/crater-agent-workspace/builds/worker-0-tc2/target:/opt/rustwide/target:rw,Z" "-v" "/var/lib/crater-agent-workspace/builds/worker-0-tc2/source:/opt/rustwide/workdir:ro,Z" "-v" "/var/lib/crater-agent-workspace/cargo-home:/opt/rustwide/cargo-home:ro,Z" "-v" "/var/lib/crater-agent-workspace/rustup-home:/opt/rustwide/rustup-home:ro,Z" "-e" "SOURCE_DIR=/opt/rustwide/workdir" "-e" "CARGO_TARGET_DIR=/opt/rustwide/target" "-e" "CARGO_INCREMENTAL=0" "-e" "RUST_BACKTRACE=full" "-e" "RUSTFLAGS=--cap-lints=warn" "-e" "RUSTDOCFLAGS=--cap-lints=warn" "-e" "CARGO_HOME=/opt/rustwide/cargo-home" "-e" "RUSTUP_HOME=/opt/rustwide/rustup-home" "-w" "/opt/rustwide/workdir" "-m" "1610612736" "--user" "0:0" "--network" "none" "ghcr.io/rust-lang/crates-build-env/linux@sha256:f3a9d4ad9d972b27faf3965f35b62e55ba32bbce8f20bc8fe909558a86702fde" "/opt/rustwide/cargo-home/bin/cargo" "+beta-2024-12-08" "test" "--frozen", kill_on_drop: false }`
[INFO] [stdout] 1213af90bca7f7f60e5693c8c4ecdd574dd878ebd8555d97a8e85f6b40c17542
[INFO] running `Command { std: "docker" "start" "-a" "1213af90bca7f7f60e5693c8c4ecdd574dd878ebd8555d97a8e85f6b40c17542", kill_on_drop: false }`
[INFO] [stderr]     Finished `test` profile [unoptimized + debuginfo] target(s) in 0.02s
[INFO] [stderr]      Running unittests src/lib.rs (/opt/rustwide/target/debug/deps/entrypoint_macros-4bc9a03bfa961bfe)
[INFO] [stdout] 
[INFO] [stdout] running 0 tests
[INFO] [stdout] 
[INFO] [stdout] test result: ok. 0 passed; 0 failed; 0 ignored; 0 measured; 0 filtered out; finished in 0.00s
[INFO] [stdout] 
[INFO] [stderr]    Doc-tests entrypoint_macros
[INFO] [stdout] 
[INFO] [stdout] running 4 tests
[INFO] [stdout] test src/lib.rs - derive_logger (line 72) ... FAILED
[INFO] [stdout] test src/lib.rs - entrypoint (line 166) ... FAILED
[INFO] [stdout] test src/lib.rs - (line 6) ... FAILED
[INFO] [stdout] test src/lib.rs - derive_dotenv_parser (line 33) ... FAILED
[INFO] [stdout] 
[INFO] [stdout] failures:
[INFO] [stdout] 
[INFO] [stdout] ---- src/lib.rs - derive_logger (line 72) stdout ----
[INFO] [stdout] error[E0433]: failed to resolve: use of undeclared crate or module `entrypoint`
[INFO] [stdout]  --> src/lib.rs:73:5
[INFO] [stdout]   |
[INFO] [stdout] 3 | use entrypoint::prelude::*;
[INFO] [stdout]   |     ^^^^^^^^^^ use of undeclared crate or module `entrypoint`
[INFO] [stdout] 
[INFO] [stdout] error[E0433]: failed to resolve: use of undeclared crate or module `clap`
[INFO] [stdout]  --> src/lib.rs:74:10
[INFO] [stdout]   |
[INFO] [stdout] 4 | #[derive(clap::Parser, LoggerDefault)]
[INFO] [stdout]   |          ^^^^ use of undeclared crate or module `clap`
[INFO] [stdout] 
[INFO] [stdout] error: cannot find derive macro `LoggerDefault` in this scope
[INFO] [stdout]  --> src/lib.rs:74:24
[INFO] [stdout]   |
[INFO] [stdout] 4 | #[derive(clap::Parser, LoggerDefault)]
[INFO] [stdout]   |                        ^^^^^^^^^^^^^
[INFO] [stdout]   |
[INFO] [stdout] help: consider importing this derive macro
[INFO] [stdout]   |
[INFO] [stdout] 2 + use entrypoint_macros::LoggerDefault;
[INFO] [stdout]   |
[INFO] [stdout] 
[INFO] [stdout] error: cannot find attribute `log_format` in this scope
[INFO] [stdout]  --> src/lib.rs:75:3
[INFO] [stdout]   |
[INFO] [stdout] 5 | #[log_format(json)]
[INFO] [stdout]   |   ^^^^^^^^^^
[INFO] [stdout] 
[INFO] [stdout] error: cannot find attribute `log_level` in this scope
[INFO] [stdout]  --> src/lib.rs:76:3
[INFO] [stdout]   |
[INFO] [stdout] 6 | #[log_level(entrypoint::tracing_subscriber::filter::LevelFilter::DEBUG)]
[INFO] [stdout]   |   ^^^^^^^^^
[INFO] [stdout] 
[INFO] [stdout] error: cannot find attribute `log_writer` in this scope
[INFO] [stdout]  --> src/lib.rs:77:3
[INFO] [stdout]   |
[INFO] [stdout] 7 | #[log_writer(std::io::stderr)]
[INFO] [stdout]   |   ^^^^^^^^^^
[INFO] [stdout] 
[INFO] [stdout] error: aborting due to 6 previous errors
[INFO] [stdout] 
[INFO] [stdout] For more information about this error, try `rustc --explain E0433`.
[INFO] [stdout] Couldn't compile the test.
[INFO] [stdout] ---- src/lib.rs - entrypoint (line 166) stdout ----
[INFO] [stdout] error[E0433]: failed to resolve: use of undeclared crate or module `entrypoint`
[INFO] [stdout]  --> src/lib.rs:167:5
[INFO] [stdout]   |
[INFO] [stdout] 2 | use entrypoint::prelude::*;
[INFO] [stdout]   |     ^^^^^^^^^^ use of undeclared crate or module `entrypoint`
[INFO] [stdout] 
[INFO] [stdout] error[E0433]: failed to resolve: use of undeclared crate or module `entrypoint`
[INFO] [stdout]  --> src/lib.rs:172:3
[INFO] [stdout]   |
[INFO] [stdout] 7 | #[entrypoint::entrypoint]
[INFO] [stdout]   |   ^^^^^^^^^^ use of undeclared crate or module `entrypoint`
[INFO] [stdout] 
[INFO] [stdout] error[E0433]: failed to resolve: use of undeclared crate or module `clap`
[INFO] [stdout]  --> src/lib.rs:168:10
[INFO] [stdout]   |
[INFO] [stdout] 3 | #[derive(clap::Parser, DotEnvDefault, LoggerDefault, Debug)]
[INFO] [stdout]   |          ^^^^ use of undeclared crate or module `clap`
[INFO] [stdout] 
[INFO] [stdout] error: cannot find macro `info` in this scope
[INFO] [stdout]  --> src/lib.rs:174:5
[INFO] [stdout]   |
[INFO] [stdout] 9 |     info!("this is my main function!");
[INFO] [stdout]   |     ^^^^
[INFO] [stdout] 
[INFO] [stdout] error: cannot find derive macro `DotEnvDefault` in this scope
[INFO] [stdout]  --> src/lib.rs:168:24
[INFO] [stdout]   |
[INFO] [stdout] 3 | #[derive(clap::Parser, DotEnvDefault, LoggerDefault, Debug)]
[INFO] [stdout]   |                        ^^^^^^^^^^^^^
[INFO] [stdout]   |
[INFO] [stdout] help: consider importing this derive macro
[INFO] [stdout]   |
[INFO] [stdout] 2 + use entrypoint_macros::DotEnvDefault;
[INFO] [stdout]   |
[INFO] [stdout] 
[INFO] [stdout] error: cannot find derive macro `LoggerDefault` in this scope
[INFO] [stdout]  --> src/lib.rs:168:39
[INFO] [stdout]   |
[INFO] [stdout] 3 | #[derive(clap::Parser, DotEnvDefault, LoggerDefault, Debug)]
[INFO] [stdout]   |                                       ^^^^^^^^^^^^^
[INFO] [stdout]   |
[INFO] [stdout] help: consider importing this derive macro
[INFO] [stdout]   |
[INFO] [stdout] 2 + use entrypoint_macros::LoggerDefault;
[INFO] [stdout]   |
[INFO] [stdout] 
[INFO] [stdout] error[E0433]: failed to resolve: use of undeclared crate or module `entrypoint`
[INFO] [stdout]  --> src/lib.rs:173:24
[INFO] [stdout]   |
[INFO] [stdout] 8 | fn main(args: Args) -> entrypoint::anyhow::Result<()> {
[INFO] [stdout]   |                        ^^^^^^^^^^ use of undeclared crate or module `entrypoint`
[INFO] [stdout] 
[INFO] [stdout] error: aborting due to 7 previous errors
[INFO] [stdout] 
[INFO] [stdout] For more information about this error, try `rustc --explain E0433`.
[INFO] [stdout] Couldn't compile the test.
[INFO] [stdout] ---- src/lib.rs - (line 6) stdout ----
[INFO] [stdout] error[E0433]: failed to resolve: use of undeclared crate or module `entrypoint`
[INFO] [stdout]  --> src/lib.rs:7:5
[INFO] [stdout]   |
[INFO] [stdout] 2 | use entrypoint::prelude::*;
[INFO] [stdout]   |     ^^^^^^^^^^ use of undeclared crate or module `entrypoint`
[INFO] [stdout] 
[INFO] [stdout] error[E0433]: failed to resolve: use of undeclared crate or module `entrypoint`
[INFO] [stdout]  --> src/lib.rs:13:3
[INFO] [stdout]   |
[INFO] [stdout] 8 | #[entrypoint::entrypoint]
[INFO] [stdout]   |   ^^^^^^^^^^ use of undeclared crate or module `entrypoint`
[INFO] [stdout] 
[INFO] [stdout] error[E0433]: failed to resolve: use of undeclared crate or module `clap`
[INFO] [stdout]  --> src/lib.rs:9:10
[INFO] [stdout]   |
[INFO] [stdout] 4 | #[derive(clap::Parser, DotEnvDefault, LoggerDefault, Debug)]
[INFO] [stdout]   |          ^^^^ use of undeclared crate or module `clap`
[INFO] [stdout] 
[INFO] [stdout] error: cannot find macro `info` in this scope
[INFO] [stdout]   --> src/lib.rs:15:5
[INFO] [stdout]    |
[INFO] [stdout] 10 |     info!("entrypoint input args: {:#?}", args);
[INFO] [stdout]    |     ^^^^
[INFO] [stdout] 
[INFO] [stdout] error: cannot find derive macro `DotEnvDefault` in this scope
[INFO] [stdout]  --> src/lib.rs:9:24
[INFO] [stdout]   |
[INFO] [stdout] 4 | #[derive(clap::Parser, DotEnvDefault, LoggerDefault, Debug)]
[INFO] [stdout]   |                        ^^^^^^^^^^^^^
[INFO] [stdout]   |
[INFO] [stdout] help: consider importing this derive macro
[INFO] [stdout]   |
[INFO] [stdout] 2 + use entrypoint_macros::DotEnvDefault;
[INFO] [stdout]   |
[INFO] [stdout] 
[INFO] [stdout] error: cannot find derive macro `LoggerDefault` in this scope
[INFO] [stdout]  --> src/lib.rs:9:39
[INFO] [stdout]   |
[INFO] [stdout] 4 | #[derive(clap::Parser, DotEnvDefault, LoggerDefault, Debug)]
[INFO] [stdout]   |                                       ^^^^^^^^^^^^^
[INFO] [stdout]   |
[INFO] [stdout] help: consider importing this derive macro
[INFO] [stdout]   |
[INFO] [stdout] 2 + use entrypoint_macros::LoggerDefault;
[INFO] [stdout]   |
[INFO] [stdout] 
[INFO] [stdout] error[E0433]: failed to resolve: use of undeclared crate or module `entrypoint`
[INFO] [stdout]  --> src/lib.rs:14:24
[INFO] [stdout]   |
[INFO] [stdout] 9 | fn main(args: Args) -> entrypoint::anyhow::Result<()> {
[INFO] [stdout]   |                        ^^^^^^^^^^ use of undeclared crate or module `entrypoint`
[INFO] [stdout] 
[INFO] [stdout] error: aborting due to 7 previous errors
[INFO] [stdout] 
[INFO] [stdout] For more information about this error, try `rustc --explain E0433`.
[INFO] [stdout] Couldn't compile the test.
[INFO] [stdout] ---- src/lib.rs - derive_dotenv_parser (line 33) stdout ----
[INFO] [stdout] error[E0433]: failed to resolve: use of undeclared crate or module `entrypoint`
[INFO] [stdout]  --> src/lib.rs:34:5
[INFO] [stdout]   |
[INFO] [stdout] 3 | use entrypoint::prelude::*;
[INFO] [stdout]   |     ^^^^^^^^^^ use of undeclared crate or module `entrypoint`
[INFO] [stdout] 
[INFO] [stdout] error[E0433]: failed to resolve: use of undeclared crate or module `clap`
[INFO] [stdout]  --> src/lib.rs:35:10
[INFO] [stdout]   |
[INFO] [stdout] 4 | #[derive(clap::Parser, DotEnvDefault)]
[INFO] [stdout]   |          ^^^^ use of undeclared crate or module `clap`
[INFO] [stdout] 
[INFO] [stdout] error: cannot find derive macro `DotEnvDefault` in this scope
[INFO] [stdout]  --> src/lib.rs:35:24
[INFO] [stdout]   |
[INFO] [stdout] 4 | #[derive(clap::Parser, DotEnvDefault)]
[INFO] [stdout]   |                        ^^^^^^^^^^^^^
[INFO] [stdout]   |
[INFO] [stdout] help: consider importing this derive macro
[INFO] [stdout]   |
[INFO] [stdout] 2 + use entrypoint_macros::DotEnvDefault;
[INFO] [stdout]   |
[INFO] [stdout] 
[INFO] [stdout] error[E0599]: no function or associated item named `parse` found for struct `_doctest_main_src_lib_rs_33_0::Args` in the current scope
[INFO] [stdout]  --> src/lib.rs:39:18
[INFO] [stdout]   |
[INFO] [stdout] 5 | struct Args {}
[INFO] [stdout]   | ----------- function or associated item `parse` not found for this struct
[INFO] [stdout] ...
[INFO] [stdout] 8 | assert_eq!(Args::parse().additional_dotenv_files(), None);
[INFO] [stdout]   |                  ^^^^^ function or associated item not found in `Args`
[INFO] [stdout]   |
[INFO] [stdout]   = help: items from traits can only be used if the trait is implemented and in scope
[INFO] [stdout]   = note: the following traits define an item `parse`, perhaps you need to implement one of them:
[INFO] [stdout]           candidate #1: `syn::parse::Parse`
[INFO] [stdout]           candidate #2: `syn::parse::Parser`
[INFO] [stdout]           candidate #3: `syn::parse_quote::ParseQuote`
[INFO] [stdout] 
[INFO] [stdout] error: aborting due to 4 previous errors
[INFO] [stdout] 
[INFO] [stdout] Some errors have detailed explanations: E0433, E0599.
[INFO] [stdout] For more information about an error, try `rustc --explain E0433`.
[INFO] [stdout] Couldn't compile the test.
[INFO] [stdout] 
[INFO] [stdout] failures:
[INFO] [stdout]     src/lib.rs - (line 6)
[INFO] [stdout]     src/lib.rs - derive_dotenv_parser (line 33)
[INFO] [stdout]     src/lib.rs - derive_logger (line 72)
[INFO] [stdout]     src/lib.rs - entrypoint (line 166)
[INFO] [stdout] 
[INFO] [stdout] test result: FAILED. 0 passed; 4 failed; 0 ignored; 0 measured; 0 filtered out; finished in 0.33s
[INFO] [stdout] 
[INFO] [stderr] error: doctest failed, to rerun pass `--doc`
[INFO] running `Command { std: "docker" "inspect" "1213af90bca7f7f60e5693c8c4ecdd574dd878ebd8555d97a8e85f6b40c17542", kill_on_drop: false }`
[INFO] running `Command { std: "docker" "rm" "-f" "1213af90bca7f7f60e5693c8c4ecdd574dd878ebd8555d97a8e85f6b40c17542", kill_on_drop: false }`
[INFO] [stdout] 1213af90bca7f7f60e5693c8c4ecdd574dd878ebd8555d97a8e85f6b40c17542
