[INFO] fetching crate entromatica 2.3.0...
[INFO] testing entromatica-2.3.0 against beta-2024-12-08 for beta-1.84.0-4-retry
[INFO] extracting crate entromatica 2.3.0 into /workspace/builds/worker-7-tc2/source
[INFO] validating manifest of crates.io crate entromatica 2.3.0 on toolchain beta-2024-12-08
[INFO] running `Command { std: CARGO_HOME="/workspace/cargo-home" RUSTUP_HOME="/workspace/rustup-home" "/workspace/cargo-home/bin/cargo" "+beta-2024-12-08" "metadata" "--manifest-path" "Cargo.toml" "--no-deps", kill_on_drop: false }`
[INFO] started tweaking crates.io crate entromatica 2.3.0
[INFO] finished tweaking crates.io crate entromatica 2.3.0
[INFO] tweaked toml for crates.io crate entromatica 2.3.0 written to /workspace/builds/worker-7-tc2/source/Cargo.toml
[INFO] running `Command { std: CARGO_HOME="/workspace/cargo-home" RUSTUP_HOME="/workspace/rustup-home" "/workspace/cargo-home/bin/cargo" "+beta-2024-12-08" "generate-lockfile" "--manifest-path" "Cargo.toml", kill_on_drop: false }`
[INFO] [stderr]     Updating crates.io index
[INFO] [stderr]      Locking 59 packages to latest compatible versions
[INFO] [stderr]       Adding derive_more v0.99.18 (available: v1.0.0)
[INFO] [stderr]       Adding hashbrown v0.13.2 (available: v0.15.2)
[INFO] [stderr]       Adding itertools v0.10.5 (available: v0.13.0)
[INFO] [stderr]       Adding ndarray v0.15.6 (available: v0.16.1)
[INFO] [stderr]       Adding thiserror v1.0.69 (available: v2.0.7)
[INFO] running `Command { std: CARGO_HOME="/workspace/cargo-home" RUSTUP_HOME="/workspace/rustup-home" "/workspace/cargo-home/bin/cargo" "+beta-2024-12-08" "fetch" "--manifest-path" "Cargo.toml", kill_on_drop: false }`
[INFO] running `Command { std: "docker" "create" "-v" "/var/lib/crater-agent-workspace/builds/worker-7-tc2/target:/opt/rustwide/target:rw,Z" "-v" "/var/lib/crater-agent-workspace/builds/worker-7-tc2/source:/opt/rustwide/workdir:ro,Z" "-v" "/var/lib/crater-agent-workspace/cargo-home:/opt/rustwide/cargo-home:ro,Z" "-v" "/var/lib/crater-agent-workspace/rustup-home:/opt/rustwide/rustup-home:ro,Z" "-e" "SOURCE_DIR=/opt/rustwide/workdir" "-e" "CARGO_TARGET_DIR=/opt/rustwide/target" "-e" "CARGO_HOME=/opt/rustwide/cargo-home" "-e" "RUSTUP_HOME=/opt/rustwide/rustup-home" "-w" "/opt/rustwide/workdir" "-m" "1610612736" "--user" "0:0" "--network" "none" "ghcr.io/rust-lang/crates-build-env/linux@sha256:f3a9d4ad9d972b27faf3965f35b62e55ba32bbce8f20bc8fe909558a86702fde" "/opt/rustwide/cargo-home/bin/cargo" "+beta-2024-12-08" "metadata" "--no-deps" "--format-version=1", kill_on_drop: false }`
[INFO] [stdout] 2cc00a7dab23cb6048f725caae9c6d4e1e37400f88e6c4ff0f322a6583560534
[INFO] running `Command { std: "docker" "start" "-a" "2cc00a7dab23cb6048f725caae9c6d4e1e37400f88e6c4ff0f322a6583560534", kill_on_drop: false }`
[INFO] running `Command { std: "docker" "inspect" "2cc00a7dab23cb6048f725caae9c6d4e1e37400f88e6c4ff0f322a6583560534", kill_on_drop: false }`
[INFO] running `Command { std: "docker" "rm" "-f" "2cc00a7dab23cb6048f725caae9c6d4e1e37400f88e6c4ff0f322a6583560534", kill_on_drop: false }`
[INFO] [stdout] 2cc00a7dab23cb6048f725caae9c6d4e1e37400f88e6c4ff0f322a6583560534
[INFO] running `Command { std: "docker" "create" "-v" "/var/lib/crater-agent-workspace/builds/worker-7-tc2/target:/opt/rustwide/target:rw,Z" "-v" "/var/lib/crater-agent-workspace/builds/worker-7-tc2/source:/opt/rustwide/workdir:ro,Z" "-v" "/var/lib/crater-agent-workspace/cargo-home:/opt/rustwide/cargo-home:ro,Z" "-v" "/var/lib/crater-agent-workspace/rustup-home:/opt/rustwide/rustup-home:ro,Z" "-e" "SOURCE_DIR=/opt/rustwide/workdir" "-e" "CARGO_TARGET_DIR=/opt/rustwide/target" "-e" "CARGO_INCREMENTAL=0" "-e" "RUST_BACKTRACE=full" "-e" "RUSTFLAGS=--cap-lints=warn" "-e" "RUSTDOCFLAGS=--cap-lints=warn" "-e" "CARGO_HOME=/opt/rustwide/cargo-home" "-e" "RUSTUP_HOME=/opt/rustwide/rustup-home" "-w" "/opt/rustwide/workdir" "-m" "1610612736" "--user" "0:0" "--network" "none" "ghcr.io/rust-lang/crates-build-env/linux@sha256:f3a9d4ad9d972b27faf3965f35b62e55ba32bbce8f20bc8fe909558a86702fde" "/opt/rustwide/cargo-home/bin/cargo" "+beta-2024-12-08" "build" "--frozen" "--message-format=json", kill_on_drop: false }`
[INFO] [stdout] 1840ef550ac551d59b75dfdfd9eab1d934da337fe9ca36ccaf4ef0f0761de8cd
[INFO] running `Command { std: "docker" "start" "-a" "1840ef550ac551d59b75dfdfd9eab1d934da337fe9ca36ccaf4ef0f0761de8cd", kill_on_drop: false }`
[INFO] [stderr]    Compiling proc-macro2 v1.0.92
[INFO] [stderr]    Compiling unicode-ident v1.0.14
[INFO] [stderr]    Compiling autocfg v1.4.0
[INFO] [stderr]    Compiling crossbeam-utils v0.8.20
[INFO] [stderr]    Compiling rayon-core v1.12.1
[INFO] [stderr]    Compiling version_check v0.9.5
[INFO] [stderr]    Compiling libc v0.2.168
[INFO] [stderr]    Compiling either v1.13.0
[INFO] [stderr]    Compiling cfg-if v1.0.0
[INFO] [stderr]    Compiling serde v1.0.216
[INFO] [stderr]    Compiling gimli v0.31.1
[INFO] [stderr]    Compiling ahash v0.8.11
[INFO] [stderr]    Compiling hashbrown v0.15.2
[INFO] [stderr]    Compiling equivalent v1.0.1
[INFO] [stderr]    Compiling thiserror v1.0.69
[INFO] [stderr]    Compiling num-traits v0.2.19
[INFO] [stderr]    Compiling matrixmultiply v0.3.9
[INFO] [stderr]    Compiling zerocopy v0.7.35
[INFO] [stderr]    Compiling once_cell v1.20.2
[INFO] [stderr]    Compiling memchr v2.7.4
[INFO] [stderr]    Compiling quote v1.0.37
[INFO] [stderr]    Compiling crossbeam-epoch v0.9.18
[INFO] [stderr]    Compiling syn v2.0.90
[INFO] [stderr]    Compiling adler2 v2.0.0
[INFO] [stderr]    Compiling rawpointer v0.2.1
[INFO] [stderr]    Compiling crossbeam-deque v0.8.5
[INFO] [stderr]    Compiling miniz_oxide v0.8.0
[INFO] [stderr]    Compiling indexmap v2.7.0
[INFO] [stderr]    Compiling object v0.36.5
[INFO] [stderr]    Compiling num-integer v0.1.46
[INFO] [stderr]    Compiling num-complex v0.4.6
[INFO] [stderr]    Compiling rayon v1.10.0
[INFO] [stderr]    Compiling convert_case v0.4.0
[INFO] [stderr]    Compiling rustc-demangle v0.1.24
[INFO] [stderr]    Compiling fixedbitset v0.4.2
[INFO] [stderr]    Compiling petgraph v0.6.5
[INFO] [stderr]    Compiling ndarray v0.15.6
[INFO] [stderr]    Compiling addr2line v0.24.2
[INFO] [stderr]    Compiling itertools v0.10.5
[INFO] [stderr]    Compiling serde_derive v1.0.216
[INFO] [stderr]    Compiling thiserror-impl v1.0.69
[INFO] [stderr]    Compiling derive_more v0.99.18
[INFO] [stderr]    Compiling backtrace v0.3.74
[INFO] [stderr]    Compiling hashbrown v0.13.2
[INFO] [stderr]    Compiling entromatica v2.3.0 (/opt/rustwide/workdir)
[INFO] [stderr]     Finished `dev` profile [unoptimized + debuginfo] target(s) in 50.97s
[INFO] running `Command { std: "docker" "inspect" "1840ef550ac551d59b75dfdfd9eab1d934da337fe9ca36ccaf4ef0f0761de8cd", kill_on_drop: false }`
[INFO] running `Command { std: "docker" "rm" "-f" "1840ef550ac551d59b75dfdfd9eab1d934da337fe9ca36ccaf4ef0f0761de8cd", kill_on_drop: false }`
[INFO] [stdout] 1840ef550ac551d59b75dfdfd9eab1d934da337fe9ca36ccaf4ef0f0761de8cd
[INFO] running `Command { std: "docker" "create" "-v" "/var/lib/crater-agent-workspace/builds/worker-7-tc2/target:/opt/rustwide/target:rw,Z" "-v" "/var/lib/crater-agent-workspace/builds/worker-7-tc2/source:/opt/rustwide/workdir:ro,Z" "-v" "/var/lib/crater-agent-workspace/cargo-home:/opt/rustwide/cargo-home:ro,Z" "-v" "/var/lib/crater-agent-workspace/rustup-home:/opt/rustwide/rustup-home:ro,Z" "-e" "SOURCE_DIR=/opt/rustwide/workdir" "-e" "CARGO_TARGET_DIR=/opt/rustwide/target" "-e" "CARGO_INCREMENTAL=0" "-e" "RUST_BACKTRACE=full" "-e" "RUSTFLAGS=--cap-lints=warn" "-e" "RUSTDOCFLAGS=--cap-lints=warn" "-e" "CARGO_HOME=/opt/rustwide/cargo-home" "-e" "RUSTUP_HOME=/opt/rustwide/rustup-home" "-w" "/opt/rustwide/workdir" "-m" "1610612736" "--user" "0:0" "--network" "none" "ghcr.io/rust-lang/crates-build-env/linux@sha256:f3a9d4ad9d972b27faf3965f35b62e55ba32bbce8f20bc8fe909558a86702fde" "/opt/rustwide/cargo-home/bin/cargo" "+beta-2024-12-08" "test" "--frozen" "--no-run" "--message-format=json", kill_on_drop: false }`
[INFO] [stdout] 99fa77c9d5d2e49049600ede6fb6ff01ddf4b26d1c4f9eed5535763738401d6c
[INFO] running `Command { std: "docker" "start" "-a" "99fa77c9d5d2e49049600ede6fb6ff01ddf4b26d1c4f9eed5535763738401d6c", kill_on_drop: false }`
[INFO] [stderr]    Compiling memchr v2.7.4
[INFO] [stderr]    Compiling serde_json v1.0.133
[INFO] [stderr]    Compiling itoa v1.0.14
[INFO] [stderr]    Compiling ryu v1.0.18
[INFO] [stderr]    Compiling object v0.36.5
[INFO] [stderr]    Compiling backtrace v0.3.74
[INFO] [stderr]    Compiling entromatica v2.3.0 (/opt/rustwide/workdir)
[INFO] [stderr]     Finished `test` profile [unoptimized + debuginfo] target(s) in 14.40s
[INFO] running `Command { std: "docker" "inspect" "99fa77c9d5d2e49049600ede6fb6ff01ddf4b26d1c4f9eed5535763738401d6c", kill_on_drop: false }`
[INFO] running `Command { std: "docker" "rm" "-f" "99fa77c9d5d2e49049600ede6fb6ff01ddf4b26d1c4f9eed5535763738401d6c", kill_on_drop: false }`
[INFO] [stdout] 99fa77c9d5d2e49049600ede6fb6ff01ddf4b26d1c4f9eed5535763738401d6c
[INFO] running `Command { std: "docker" "create" "-v" "/var/lib/crater-agent-workspace/builds/worker-7-tc2/target:/opt/rustwide/target:rw,Z" "-v" "/var/lib/crater-agent-workspace/builds/worker-7-tc2/source:/opt/rustwide/workdir:ro,Z" "-v" "/var/lib/crater-agent-workspace/cargo-home:/opt/rustwide/cargo-home:ro,Z" "-v" "/var/lib/crater-agent-workspace/rustup-home:/opt/rustwide/rustup-home:ro,Z" "-e" "SOURCE_DIR=/opt/rustwide/workdir" "-e" "CARGO_TARGET_DIR=/opt/rustwide/target" "-e" "CARGO_INCREMENTAL=0" "-e" "RUST_BACKTRACE=full" "-e" "RUSTFLAGS=--cap-lints=warn" "-e" "RUSTDOCFLAGS=--cap-lints=warn" "-e" "CARGO_HOME=/opt/rustwide/cargo-home" "-e" "RUSTUP_HOME=/opt/rustwide/rustup-home" "-w" "/opt/rustwide/workdir" "-m" "1610612736" "--user" "0:0" "--network" "none" "ghcr.io/rust-lang/crates-build-env/linux@sha256:f3a9d4ad9d972b27faf3965f35b62e55ba32bbce8f20bc8fe909558a86702fde" "/opt/rustwide/cargo-home/bin/cargo" "+beta-2024-12-08" "test" "--frozen", kill_on_drop: false }`
[INFO] [stdout] 9e26305fdb6c99e826320b1656d345ea5c66dfdab6ec5804f78c82d96de31109
[INFO] running `Command { std: "docker" "start" "-a" "9e26305fdb6c99e826320b1656d345ea5c66dfdab6ec5804f78c82d96de31109", kill_on_drop: false }`
[INFO] [stderr]     Finished `test` profile [unoptimized + debuginfo] target(s) in 0.09s
[INFO] [stderr]      Running unittests src/lib.rs (/opt/rustwide/target/debug/deps/entromatica-19f79857d7786496)
[INFO] [stdout] 
[INFO] [stdout] running 7 tests
[INFO] [stdout] test simulation::tests::random_walk ... ok
[INFO] [stdout] test models::rules::tests::random_walk_return ... ok
[INFO] [stdout] test simulation::tests::random_walk_with_initial_distribution ... ok
[INFO] [stdout] test models::rules::tests::random_walk ... ok
[INFO] [stdout] test simulation::tests::uniform_distribution_is_steady ... ok
[INFO] [stdout] test simulation::tests::full_traversal ... FAILED
[INFO] [stdout] test simulation::tests::stationary_distribution ... ok
[INFO] [stdout] 
[INFO] [stdout] failures:
[INFO] [stdout] 
[INFO] [stdout] ---- simulation::tests::full_traversal stdout ----
[INFO] [stdout] [src/simulation.rs:750:9] &simulation = Simulation {
[INFO] [stdout]     state_transition_graph: Graph {
[INFO] [stdout]         Ty: "Directed",
[INFO] [stdout]         node_count: 5,
[INFO] [stdout]         edge_count: 10,
[INFO] [stdout]         edges: (0, 1), (0, 2), (2, 0), (2, 3), (1, 4), (1, 0), (3, 2), (3, 4), (4, 3), (4, 1),
[INFO] [stdout]         node weights: {
[INFO] [stdout]             0: 14709398186846620400,
[INFO] [stdout]             1: 1742378985846435984,
[INFO] [stdout]             2: 15565210526001683492,
[INFO] [stdout]             3: 568126464209439262,
[INFO] [stdout]             4: 16336925911988107921,
[INFO] [stdout]         },
[INFO] [stdout]         edge weights: {
[INFO] [stdout]             0: (
[INFO] [stdout]                 10991714804030258498,
[INFO] [stdout]                 0.5,
[INFO] [stdout]             ),
[INFO] [stdout]             1: (
[INFO] [stdout]                 11562206701934007651,
[INFO] [stdout]                 0.5,
[INFO] [stdout]             ),
[INFO] [stdout]             2: (
[INFO] [stdout]                 10991714804030258498,
[INFO] [stdout]                 0.5,
[INFO] [stdout]             ),
[INFO] [stdout]             3: (
[INFO] [stdout]                 11562206701934007651,
[INFO] [stdout]                 0.5,
[INFO] [stdout]             ),
[INFO] [stdout]             4: (
[INFO] [stdout]                 10991714804030258498,
[INFO] [stdout]                 0.5,
[INFO] [stdout]             ),
[INFO] [stdout]             5: (
[INFO] [stdout]                 11562206701934007651,
[INFO] [stdout]                 0.5,
[INFO] [stdout]             ),
[INFO] [stdout]             6: (
[INFO] [stdout]                 10991714804030258498,
[INFO] [stdout]                 0.5,
[INFO] [stdout]             ),
[INFO] [stdout]             7: (
[INFO] [stdout]                 11562206701934007651,
[INFO] [stdout]                 0.5,
[INFO] [stdout]             ),
[INFO] [stdout]             8: (
[INFO] [stdout]                 10991714804030258498,
[INFO] [stdout]                 0.5,
[INFO] [stdout]             ),
[INFO] [stdout]             9: (
[INFO] [stdout]                 11562206701934007651,
[INFO] [stdout]                 0.5,
[INFO] [stdout]             ),
[INFO] [stdout]         },
[INFO] [stdout]     },
[INFO] [stdout]     probabilities: {
[INFO] [stdout]         0: {
[INFO] [stdout]             14709398186846620400: 1.0,
[INFO] [stdout]         },
[INFO] [stdout]         2: {
[INFO] [stdout]             14709398186846620400: 0.5,
[INFO] [stdout]             568126464209439262: 0.25,
[INFO] [stdout]             16336925911988107921: 0.25,
[INFO] [stdout]         },
[INFO] [stdout]         3: {
[INFO] [stdout]             16336925911988107921: 0.125,
[INFO] [stdout]             1742378985846435984: 0.375,
[INFO] [stdout]             15565210526001683492: 0.375,
[INFO] [stdout]             568126464209439262: 0.125,
[INFO] [stdout]         },
[INFO] [stdout]         1: {
[INFO] [stdout]             1742378985846435984: 0.5,
[INFO] [stdout]             15565210526001683492: 0.5,
[INFO] [stdout]         },
[INFO] [stdout]     },
[INFO] [stdout]     known_states: {
[INFO] [stdout]         16336925911988107921: 2,
[INFO] [stdout]         14709398186846620400: 0,
[INFO] [stdout]         1742378985846435984: 1,
[INFO] [stdout]         15565210526001683492: 4,
[INFO] [stdout]         568126464209439262: 3,
[INFO] [stdout]     },
[INFO] [stdout]     known_transitions: {
[INFO] [stdout]         10991714804030258498: "forward",
[INFO] [stdout]         11562206701934007651: "backward",
[INFO] [stdout]     },
[INFO] [stdout] }
[INFO] [stdout] digraph {
[INFO] [stdout]     0 [ label = "0\l" ]
[INFO] [stdout]     1 [ label = "1\l" ]
[INFO] [stdout]     2 [ label = "4\l" ]
[INFO] [stdout]     3 [ label = "3\l" ]
[INFO] [stdout]     4 [ label = "2\l" ]
[INFO] [stdout]     0 -> 1 [ label = "(\l    \"forward\",\l    0.5,\l)\l" ]
[INFO] [stdout]     0 -> 2 [ label = "(\l    \"backward\",\l    0.5,\l)\l" ]
[INFO] [stdout]     2 -> 0 [ label = "(\l    \"forward\",\l    0.5,\l)\l" ]
[INFO] [stdout]     2 -> 3 [ label = "(\l    \"backward\",\l    0.5,\l)\l" ]
[INFO] [stdout]     1 -> 4 [ label = "(\l    \"forward\",\l    0.5,\l)\l" ]
[INFO] [stdout]     1 -> 0 [ label = "(\l    \"backward\",\l    0.5,\l)\l" ]
[INFO] [stdout]     3 -> 2 [ label = "(\l    \"forward\",\l    0.5,\l)\l" ]
[INFO] [stdout]     3 -> 4 [ label = "(\l    \"backward\",\l    0.5,\l)\l" ]
[INFO] [stdout]     4 -> 3 [ label = "(\l    \"forward\",\l    0.5,\l)\l" ]
[INFO] [stdout]     4 -> 1 [ label = "(\l    \"backward\",\l    0.5,\l)\l" ]
[INFO] [stdout] }
[INFO] [stdout] 
[INFO] [stdout] [src/simulation.rs:770:9] &transition_rate_matrix = [[0.0, 0.0, 0.5, 0.0, 0.5],
[INFO] [stdout]  [0.0, 0.0, 0.5, 0.5, 0.0],
[INFO] [stdout]  [0.5, 0.5, 0.0, 0.0, 0.0],
[INFO] [stdout]  [0.0, 0.5, 0.0, 0.0, 0.5],
[INFO] [stdout]  [0.5, 0.0, 0.0, 0.5, 0.0]], shape=[5, 5], strides=[5, 1], layout=Cc (0x5), const ndim=2
[INFO] [stdout] [src/simulation.rs:771:9] &ordering = [
[INFO] [stdout]     2,
[INFO] [stdout]     0,
[INFO] [stdout]     1,
[INFO] [stdout]     4,
[INFO] [stdout]     3,
[INFO] [stdout] ]
[INFO] [stdout] thread 'simulation::tests::full_traversal' panicked at src/simulation.rs:782:9:
[INFO] [stdout] assertion `left == right` failed
[INFO] [stdout]   left: Some(0.0)
[INFO] [stdout]  right: Some(0.5)
[INFO] [stdout] stack backtrace:
[INFO] [stdout]    0:     0x57181279a93a - std::backtrace_rs::backtrace::libunwind::trace::h8810477743020387
[INFO] [stdout]                                at /rustc/202008a1b8de96d2e5b6bc02d379db03a877d34d/library/std/src/../../backtrace/src/backtrace/libunwind.rs:116:5
[INFO] [stdout]    1:     0x57181279a93a - std::backtrace_rs::backtrace::trace_unsynchronized::h3aa55355dd6c54a6
[INFO] [stdout]                                at /rustc/202008a1b8de96d2e5b6bc02d379db03a877d34d/library/std/src/../../backtrace/src/backtrace/mod.rs:66:5
[INFO] [stdout]    2:     0x57181279a93a - std::sys::backtrace::_print_fmt::h8588b0f62410823f
[INFO] [stdout]                                at /rustc/202008a1b8de96d2e5b6bc02d379db03a877d34d/library/std/src/sys/backtrace.rs:66:9
[INFO] [stdout]    3:     0x57181279a93a - <std::sys::backtrace::BacktraceLock::print::DisplayBacktrace as core::fmt::Display>::fmt::h98c26ac25ffe89bb
[INFO] [stdout]                                at /rustc/202008a1b8de96d2e5b6bc02d379db03a877d34d/library/std/src/sys/backtrace.rs:39:26
[INFO] [stdout]    4:     0x5718127c16b3 - core::fmt::rt::Argument::fmt::hf95377f4aebd453b
[INFO] [stdout]                                at /rustc/202008a1b8de96d2e5b6bc02d379db03a877d34d/library/core/src/fmt/rt.rs:177:76
[INFO] [stdout]    5:     0x5718127c16b3 - core::fmt::write::h0dd5f6e2238c7982
[INFO] [stdout]                                at /rustc/202008a1b8de96d2e5b6bc02d379db03a877d34d/library/core/src/fmt/mod.rs:1189:21
[INFO] [stdout]    6:     0x571812797a63 - std::io::Write::write_fmt::h03bb0ca26e6faf8c
[INFO] [stdout]                                at /rustc/202008a1b8de96d2e5b6bc02d379db03a877d34d/library/std/src/io/mod.rs:1884:15
[INFO] [stdout]    7:     0x57181279a782 - std::sys::backtrace::BacktraceLock::print::h5c19c1c038ee186d
[INFO] [stdout]                                at /rustc/202008a1b8de96d2e5b6bc02d379db03a877d34d/library/std/src/sys/backtrace.rs:42:9
[INFO] [stdout]    8:     0x57181279bdbd - std::panicking::default_hook::{{closure}}::h77172f079a1fcb13
[INFO] [stdout]                                at /rustc/202008a1b8de96d2e5b6bc02d379db03a877d34d/library/std/src/panicking.rs:268:22
[INFO] [stdout]    9:     0x57181279bbc7 - std::panicking::default_hook::he5f8e3b203ccddba
[INFO] [stdout]                                at /rustc/202008a1b8de96d2e5b6bc02d379db03a877d34d/library/std/src/panicking.rs:292:9
[INFO] [stdout]   10:     0x5718126deaf7 - <alloc::boxed::Box<F,A> as core::ops::function::Fn<Args>>::call::h7a3c7b4a1ae77f2f
[INFO] [stdout]                                at /rustc/202008a1b8de96d2e5b6bc02d379db03a877d34d/library/alloc/src/boxed.rs:1986:9
[INFO] [stdout]   11:     0x5718126deaf7 - test::test_main::{{closure}}::hf0d3b69ae9b353d1
[INFO] [stdout]                                at /rustc/202008a1b8de96d2e5b6bc02d379db03a877d34d/library/test/src/lib.rs:134:21
[INFO] [stdout]   12:     0x57181279c468 - <alloc::boxed::Box<F,A> as core::ops::function::Fn<Args>>::call::h6332e82e7b189abd
[INFO] [stdout]                                at /rustc/202008a1b8de96d2e5b6bc02d379db03a877d34d/library/alloc/src/boxed.rs:1986:9
[INFO] [stdout]   13:     0x57181279c468 - std::panicking::rust_panic_with_hook::h53863d4e9018df39
[INFO] [stdout]                                at /rustc/202008a1b8de96d2e5b6bc02d379db03a877d34d/library/std/src/panicking.rs:809:13
[INFO] [stdout]   14:     0x57181279c22a - std::panicking::begin_panic_handler::{{closure}}::h67280e6fa0757873
[INFO] [stdout]                                at /rustc/202008a1b8de96d2e5b6bc02d379db03a877d34d/library/std/src/panicking.rs:674:13
[INFO] [stdout]   15:     0x57181279ae19 - std::sys::backtrace::__rust_end_short_backtrace::h1dac3f54d6fbbeb2
[INFO] [stdout]                                at /rustc/202008a1b8de96d2e5b6bc02d379db03a877d34d/library/std/src/sys/backtrace.rs:170:18
[INFO] [stdout]   16:     0x57181279bebc - rust_begin_unwind
[INFO] [stdout]                                at /rustc/202008a1b8de96d2e5b6bc02d379db03a877d34d/library/std/src/panicking.rs:665:5
[INFO] [stdout]   17:     0x5718125dd060 - core::panicking::panic_fmt::h6792bd1b2bf01041
[INFO] [stdout]                                at /rustc/202008a1b8de96d2e5b6bc02d379db03a877d34d/library/core/src/panicking.rs:76:14
[INFO] [stdout]   18:     0x5718125dd42b - core::panicking::assert_failed_inner::hf2c17e6d30928787
[INFO] [stdout]   19:     0x571812653ebd - core::panicking::assert_failed::hc54d1e6e7e49d715
[INFO] [stdout]                                at /rustc/202008a1b8de96d2e5b6bc02d379db03a877d34d/library/core/src/panicking.rs:373:5
[INFO] [stdout]   20:     0x57181261466d - entromatica::simulation::tests::full_traversal::h8b4fd2e4d75007d2
[INFO] [stdout]                                at /opt/rustwide/workdir/src/simulation.rs:782:9
[INFO] [stdout]   21:     0x571812613477 - entromatica::simulation::tests::full_traversal::{{closure}}::h4bf1295325aa68b4
[INFO] [stdout]                                at /opt/rustwide/workdir/src/simulation.rs:719:24
[INFO] [stdout]   22:     0x5718126498a6 - core::ops::function::FnOnce::call_once::h127a07c5d277587d
[INFO] [stdout]                                at /rustc/202008a1b8de96d2e5b6bc02d379db03a877d34d/library/core/src/ops/function.rs:250:5
[INFO] [stdout]   23:     0x5718126e361b - core::ops::function::FnOnce::call_once::h871bf86719ec9aa4
[INFO] [stdout]                                at /rustc/202008a1b8de96d2e5b6bc02d379db03a877d34d/library/core/src/ops/function.rs:250:5
[INFO] [stdout]   24:     0x5718126e361b - test::__rust_begin_short_backtrace::h2167df1e2b7d76fd
[INFO] [stdout]                                at /rustc/202008a1b8de96d2e5b6bc02d379db03a877d34d/library/test/src/lib.rs:632:18
[INFO] [stdout]   25:     0x5718126e3008 - test::run_test_in_process::{{closure}}::h15d92f75a3adfb79
[INFO] [stdout]                                at /rustc/202008a1b8de96d2e5b6bc02d379db03a877d34d/library/test/src/lib.rs:655:60
[INFO] [stdout]   26:     0x5718126e3008 - <core::panic::unwind_safe::AssertUnwindSafe<F> as core::ops::function::FnOnce<()>>::call_once::hb6c8955835a8dbbb
[INFO] [stdout]                                at /rustc/202008a1b8de96d2e5b6bc02d379db03a877d34d/library/core/src/panic/unwind_safe.rs:272:9
[INFO] [stdout]   27:     0x5718126e3008 - std::panicking::try::do_call::hc79d0fc888a0bd30
[INFO] [stdout]                                at /rustc/202008a1b8de96d2e5b6bc02d379db03a877d34d/library/std/src/panicking.rs:557:40
[INFO] [stdout]   28:     0x5718126e3008 - std::panicking::try::hb8a7878e3a8589d6
[INFO] [stdout]                                at /rustc/202008a1b8de96d2e5b6bc02d379db03a877d34d/library/std/src/panicking.rs:520:19
[INFO] [stdout]   29:     0x5718126e3008 - std::panic::catch_unwind::hb8e4600ff0ff5cfa
[INFO] [stdout]                                at /rustc/202008a1b8de96d2e5b6bc02d379db03a877d34d/library/std/src/panic.rs:358:14
[INFO] [stdout]   30:     0x5718126e3008 - test::run_test_in_process::hc2900b0b18688dd6
[INFO] [stdout]                                at /rustc/202008a1b8de96d2e5b6bc02d379db03a877d34d/library/test/src/lib.rs:655:27
[INFO] [stdout]   31:     0x5718126e3008 - test::run_test::{{closure}}::hac2a9cb07be3d48d
[INFO] [stdout]                                at /rustc/202008a1b8de96d2e5b6bc02d379db03a877d34d/library/test/src/lib.rs:576:43
[INFO] [stdout]   32:     0x5718126a6aaa - test::run_test::{{closure}}::h4a5b729e66a38cd8
[INFO] [stdout]                                at /rustc/202008a1b8de96d2e5b6bc02d379db03a877d34d/library/test/src/lib.rs:606:41
[INFO] [stdout]   33:     0x5718126a6aaa - std::sys::backtrace::__rust_begin_short_backtrace::h0496fb742492f573
[INFO] [stdout]                                at /rustc/202008a1b8de96d2e5b6bc02d379db03a877d34d/library/std/src/sys/backtrace.rs:154:18
[INFO] [stdout]   34:     0x5718126aa424 - std::thread::Builder::spawn_unchecked_::{{closure}}::{{closure}}::hbb6d257c550a54bd
[INFO] [stdout]                                at /rustc/202008a1b8de96d2e5b6bc02d379db03a877d34d/library/std/src/thread/mod.rs:561:17
[INFO] [stdout]   35:     0x5718126aa424 - <core::panic::unwind_safe::AssertUnwindSafe<F> as core::ops::function::FnOnce<()>>::call_once::h46696fe4a6832328
[INFO] [stdout]                                at /rustc/202008a1b8de96d2e5b6bc02d379db03a877d34d/library/core/src/panic/unwind_safe.rs:272:9
[INFO] [stdout]   36:     0x5718126aa424 - std::panicking::try::do_call::h2625a51b667bfb64
[INFO] [stdout]                                at /rustc/202008a1b8de96d2e5b6bc02d379db03a877d34d/library/std/src/panicking.rs:557:40
[INFO] [stdout]   37:     0x5718126aa424 - std::panicking::try::hb956a59a1973aa4c
[INFO] [stdout]                                at /rustc/202008a1b8de96d2e5b6bc02d379db03a877d34d/library/std/src/panicking.rs:520:19
[INFO] [stdout]   38:     0x5718126aa424 - std::panic::catch_unwind::h64f3b9d1067ef6a0
[INFO] [stdout]                                at /rustc/202008a1b8de96d2e5b6bc02d379db03a877d34d/library/std/src/panic.rs:358:14
[INFO] [stdout]   39:     0x5718126aa424 - std::thread::Builder::spawn_unchecked_::{{closure}}::h42b2841295b6c0b2
[INFO] [stdout]                                at /rustc/202008a1b8de96d2e5b6bc02d379db03a877d34d/library/std/src/thread/mod.rs:559:30
[INFO] [stdout]   40:     0x5718126aa424 - core::ops::function::FnOnce::call_once{{vtable.shim}}::h6127de71b8124639
[INFO] [stdout]                                at /rustc/202008a1b8de96d2e5b6bc02d379db03a877d34d/library/core/src/ops/function.rs:250:5
[INFO] [stdout]   41:     0x5718127a04ab - <alloc::boxed::Box<F,A> as core::ops::function::FnOnce<Args>>::call_once::h42f0ba71002a1b2c
[INFO] [stdout]                                at /rustc/202008a1b8de96d2e5b6bc02d379db03a877d34d/library/alloc/src/boxed.rs:1972:9
[INFO] [stdout]   42:     0x5718127a04ab - <alloc::boxed::Box<F,A> as core::ops::function::FnOnce<Args>>::call_once::had9e47d7a3dcecb8
[INFO] [stdout]                                at /rustc/202008a1b8de96d2e5b6bc02d379db03a877d34d/library/alloc/src/boxed.rs:1972:9
[INFO] [stdout]   43:     0x5718127a04ab - std::sys::pal::unix::thread::Thread::new::thread_start::h48cf765408f6f5f2
[INFO] [stdout]                                at /rustc/202008a1b8de96d2e5b6bc02d379db03a877d34d/library/std/src/sys/pal/unix/thread.rs:105:17
[INFO] [stdout]   44:     0x77f8e9d27ac3 - <unknown>
[INFO] [stdout]   45:     0x77f8e9db8a04 - clone
[INFO] [stdout]   46:                0x0 - <unknown>
[INFO] [stdout] 
[INFO] [stdout] 
[INFO] [stdout] failures:
[INFO] [stdout]     simulation::tests::full_traversal
[INFO] [stdout] 
[INFO] [stdout] test result: FAILED. 6 passed; 1 failed; 0 ignored; 0 measured; 0 filtered out; finished in 0.17s
[INFO] [stdout] 
[INFO] [stderr] error: test failed, to rerun pass `--lib`
[INFO] running `Command { std: "docker" "inspect" "9e26305fdb6c99e826320b1656d345ea5c66dfdab6ec5804f78c82d96de31109", kill_on_drop: false }`
[INFO] running `Command { std: "docker" "rm" "-f" "9e26305fdb6c99e826320b1656d345ea5c66dfdab6ec5804f78c82d96de31109", kill_on_drop: false }`
[INFO] [stdout] 9e26305fdb6c99e826320b1656d345ea5c66dfdab6ec5804f78c82d96de31109
