[INFO] fetching crate enigma-cipher 0.1.1...
[INFO] testing enigma-cipher-0.1.1 against 1.83.0 for beta-1.84.0-4-retry
[INFO] extracting crate enigma-cipher 0.1.1 into /workspace/builds/worker-2-tc1/source
[INFO] validating manifest of crates.io crate enigma-cipher 0.1.1 on toolchain 1.83.0
[INFO] running `Command { std: CARGO_HOME="/workspace/cargo-home" RUSTUP_HOME="/workspace/rustup-home" "/workspace/cargo-home/bin/cargo" "+1.83.0" "metadata" "--manifest-path" "Cargo.toml" "--no-deps", kill_on_drop: false }`
[INFO] removed /workspace/builds/worker-2-tc1/source/.cargo/config.toml
[INFO] started tweaking crates.io crate enigma-cipher 0.1.1
[INFO] finished tweaking crates.io crate enigma-cipher 0.1.1
[INFO] tweaked toml for crates.io crate enigma-cipher 0.1.1 written to /workspace/builds/worker-2-tc1/source/Cargo.toml
[INFO] running `Command { std: CARGO_HOME="/workspace/cargo-home" RUSTUP_HOME="/workspace/rustup-home" "/workspace/cargo-home/bin/cargo" "+1.83.0" "generate-lockfile" "--manifest-path" "Cargo.toml", kill_on_drop: false }`
[INFO] [stderr]     Updating crates.io index
[INFO] [stderr]      Locking 9 packages to latest compatible versions
[INFO] running `Command { std: CARGO_HOME="/workspace/cargo-home" RUSTUP_HOME="/workspace/rustup-home" "/workspace/cargo-home/bin/cargo" "+1.83.0" "fetch" "--manifest-path" "Cargo.toml", kill_on_drop: false }`
[INFO] running `Command { std: "docker" "create" "-v" "/var/lib/crater-agent-workspace/builds/worker-2-tc1/target:/opt/rustwide/target:rw,Z" "-v" "/var/lib/crater-agent-workspace/builds/worker-2-tc1/source:/opt/rustwide/workdir:ro,Z" "-v" "/var/lib/crater-agent-workspace/cargo-home:/opt/rustwide/cargo-home:ro,Z" "-v" "/var/lib/crater-agent-workspace/rustup-home:/opt/rustwide/rustup-home:ro,Z" "-e" "SOURCE_DIR=/opt/rustwide/workdir" "-e" "CARGO_TARGET_DIR=/opt/rustwide/target" "-e" "CARGO_HOME=/opt/rustwide/cargo-home" "-e" "RUSTUP_HOME=/opt/rustwide/rustup-home" "-w" "/opt/rustwide/workdir" "-m" "1610612736" "--user" "0:0" "--network" "none" "ghcr.io/rust-lang/crates-build-env/linux@sha256:f3a9d4ad9d972b27faf3965f35b62e55ba32bbce8f20bc8fe909558a86702fde" "/opt/rustwide/cargo-home/bin/cargo" "+1.83.0" "metadata" "--no-deps" "--format-version=1", kill_on_drop: false }`
[INFO] [stdout] ea9f11f9d11982400f91f99fa1c4e38a7fae2f22524dc41016cfa9576f438fbb
[INFO] running `Command { std: "docker" "start" "-a" "ea9f11f9d11982400f91f99fa1c4e38a7fae2f22524dc41016cfa9576f438fbb", kill_on_drop: false }`
[INFO] running `Command { std: "docker" "inspect" "ea9f11f9d11982400f91f99fa1c4e38a7fae2f22524dc41016cfa9576f438fbb", kill_on_drop: false }`
[INFO] running `Command { std: "docker" "rm" "-f" "ea9f11f9d11982400f91f99fa1c4e38a7fae2f22524dc41016cfa9576f438fbb", kill_on_drop: false }`
[INFO] [stdout] ea9f11f9d11982400f91f99fa1c4e38a7fae2f22524dc41016cfa9576f438fbb
[INFO] running `Command { std: "docker" "create" "-v" "/var/lib/crater-agent-workspace/builds/worker-2-tc1/target:/opt/rustwide/target:rw,Z" "-v" "/var/lib/crater-agent-workspace/builds/worker-2-tc1/source:/opt/rustwide/workdir:ro,Z" "-v" "/var/lib/crater-agent-workspace/cargo-home:/opt/rustwide/cargo-home:ro,Z" "-v" "/var/lib/crater-agent-workspace/rustup-home:/opt/rustwide/rustup-home:ro,Z" "-e" "SOURCE_DIR=/opt/rustwide/workdir" "-e" "CARGO_TARGET_DIR=/opt/rustwide/target" "-e" "CARGO_INCREMENTAL=0" "-e" "RUST_BACKTRACE=full" "-e" "RUSTFLAGS=--cap-lints=warn" "-e" "RUSTDOCFLAGS=--cap-lints=warn" "-e" "CARGO_HOME=/opt/rustwide/cargo-home" "-e" "RUSTUP_HOME=/opt/rustwide/rustup-home" "-w" "/opt/rustwide/workdir" "-m" "1610612736" "--user" "0:0" "--network" "none" "ghcr.io/rust-lang/crates-build-env/linux@sha256:f3a9d4ad9d972b27faf3965f35b62e55ba32bbce8f20bc8fe909558a86702fde" "/opt/rustwide/cargo-home/bin/cargo" "+1.83.0" "build" "--frozen" "--message-format=json", kill_on_drop: false }`
[INFO] [stdout] d5cf4db08b92815920302d0588691878ba2574ce11ad9f199690046046914c67
[INFO] running `Command { std: "docker" "start" "-a" "d5cf4db08b92815920302d0588691878ba2574ce11ad9f199690046046914c67", kill_on_drop: false }`
[INFO] [stderr]    Compiling proc-macro2 v1.0.92
[INFO] [stderr]    Compiling unicode-ident v1.0.14
[INFO] [stderr]    Compiling rustversion v1.0.18
[INFO] [stderr]    Compiling anyhow v1.0.94
[INFO] [stderr]    Compiling heck v0.5.0
[INFO] [stderr]    Compiling strum v0.26.3
[INFO] [stderr]    Compiling quote v1.0.37
[INFO] [stderr]    Compiling syn v2.0.90
[INFO] [stderr]    Compiling strum_macros v0.26.4
[INFO] [stderr]    Compiling enigma-cipher v0.1.1 (/opt/rustwide/workdir)
[INFO] [stderr]     Finished `dev` profile [unoptimized + debuginfo] target(s) in 10.90s
[INFO] running `Command { std: "docker" "inspect" "d5cf4db08b92815920302d0588691878ba2574ce11ad9f199690046046914c67", kill_on_drop: false }`
[INFO] running `Command { std: "docker" "rm" "-f" "d5cf4db08b92815920302d0588691878ba2574ce11ad9f199690046046914c67", kill_on_drop: false }`
[INFO] [stdout] d5cf4db08b92815920302d0588691878ba2574ce11ad9f199690046046914c67
[INFO] running `Command { std: "docker" "create" "-v" "/var/lib/crater-agent-workspace/builds/worker-2-tc1/target:/opt/rustwide/target:rw,Z" "-v" "/var/lib/crater-agent-workspace/builds/worker-2-tc1/source:/opt/rustwide/workdir:ro,Z" "-v" "/var/lib/crater-agent-workspace/cargo-home:/opt/rustwide/cargo-home:ro,Z" "-v" "/var/lib/crater-agent-workspace/rustup-home:/opt/rustwide/rustup-home:ro,Z" "-e" "SOURCE_DIR=/opt/rustwide/workdir" "-e" "CARGO_TARGET_DIR=/opt/rustwide/target" "-e" "CARGO_INCREMENTAL=0" "-e" "RUST_BACKTRACE=full" "-e" "RUSTFLAGS=--cap-lints=warn" "-e" "RUSTDOCFLAGS=--cap-lints=warn" "-e" "CARGO_HOME=/opt/rustwide/cargo-home" "-e" "RUSTUP_HOME=/opt/rustwide/rustup-home" "-w" "/opt/rustwide/workdir" "-m" "1610612736" "--user" "0:0" "--network" "none" "ghcr.io/rust-lang/crates-build-env/linux@sha256:f3a9d4ad9d972b27faf3965f35b62e55ba32bbce8f20bc8fe909558a86702fde" "/opt/rustwide/cargo-home/bin/cargo" "+1.83.0" "test" "--frozen" "--no-run" "--message-format=json", kill_on_drop: false }`
[INFO] [stdout] 8cea15e990dff193bfbae2e9ed919fb307abce93da255f419ea29f19870e815e
[INFO] running `Command { std: "docker" "start" "-a" "8cea15e990dff193bfbae2e9ed919fb307abce93da255f419ea29f19870e815e", kill_on_drop: false }`
[INFO] [stderr]    Compiling enigma-cipher v0.1.1 (/opt/rustwide/workdir)
[INFO] [stderr]     Finished `test` profile [unoptimized + debuginfo] target(s) in 0.77s
[INFO] running `Command { std: "docker" "inspect" "8cea15e990dff193bfbae2e9ed919fb307abce93da255f419ea29f19870e815e", kill_on_drop: false }`
[INFO] running `Command { std: "docker" "rm" "-f" "8cea15e990dff193bfbae2e9ed919fb307abce93da255f419ea29f19870e815e", kill_on_drop: false }`
[INFO] [stdout] 8cea15e990dff193bfbae2e9ed919fb307abce93da255f419ea29f19870e815e
[INFO] running `Command { std: "docker" "create" "-v" "/var/lib/crater-agent-workspace/builds/worker-2-tc1/target:/opt/rustwide/target:rw,Z" "-v" "/var/lib/crater-agent-workspace/builds/worker-2-tc1/source:/opt/rustwide/workdir:ro,Z" "-v" "/var/lib/crater-agent-workspace/cargo-home:/opt/rustwide/cargo-home:ro,Z" "-v" "/var/lib/crater-agent-workspace/rustup-home:/opt/rustwide/rustup-home:ro,Z" "-e" "SOURCE_DIR=/opt/rustwide/workdir" "-e" "CARGO_TARGET_DIR=/opt/rustwide/target" "-e" "CARGO_INCREMENTAL=0" "-e" "RUST_BACKTRACE=full" "-e" "RUSTFLAGS=--cap-lints=warn" "-e" "RUSTDOCFLAGS=--cap-lints=warn" "-e" "CARGO_HOME=/opt/rustwide/cargo-home" "-e" "RUSTUP_HOME=/opt/rustwide/rustup-home" "-w" "/opt/rustwide/workdir" "-m" "1610612736" "--user" "0:0" "--network" "none" "ghcr.io/rust-lang/crates-build-env/linux@sha256:f3a9d4ad9d972b27faf3965f35b62e55ba32bbce8f20bc8fe909558a86702fde" "/opt/rustwide/cargo-home/bin/cargo" "+1.83.0" "test" "--frozen", kill_on_drop: false }`
[INFO] [stdout] 55f6d461232fab65e5061b047a845aa359b113bd88a25b71617f6ca0157ce219
[INFO] running `Command { std: "docker" "start" "-a" "55f6d461232fab65e5061b047a845aa359b113bd88a25b71617f6ca0157ce219", kill_on_drop: false }`
[INFO] [stderr]     Finished `test` profile [unoptimized + debuginfo] target(s) in 0.04s
[INFO] [stderr]      Running unittests src/lib.rs (/opt/rustwide/target/debug/deps/enigma_cipher-35690b7f2a0e94bd)
[INFO] [stdout] 
[INFO] [stderr]    Doc-tests enigma_cipher
[INFO] [stdout] running 0 tests
[INFO] [stdout] 
[INFO] [stdout] test result: ok. 0 passed; 0 failed; 0 ignored; 0 measured; 0 filtered out; finished in 0.00s
[INFO] [stdout] 
[INFO] [stdout] 
[INFO] [stdout] running 2 tests
[INFO] [stdout] test src/lib.rs - EnigmaMachine::decode (line 43) ... FAILED
[INFO] [stderr] error: doctest failed, to rerun pass `--doc`
[INFO] [stdout] test src/lib.rs - EnigmaMachine::encode (line 205) ... FAILED
[INFO] [stdout] 
[INFO] [stdout] failures:
[INFO] [stdout] 
[INFO] [stdout] ---- src/lib.rs - EnigmaMachine::decode (line 43) stdout ----
[INFO] [stdout] error[E0425]: cannot find value `text` in this scope
[INFO] [stdout]  --> src/lib.rs:44:12
[INFO] [stdout]   |
[INFO] [stdout] 3 | assert_eq!(text, machine.decode(machine.decode(text)));
[INFO] [stdout]   |            ^^^^ not found in this scope
[INFO] [stdout] 
[INFO] [stdout] error[E0425]: cannot find value `machine` in this scope
[INFO] [stdout]  --> src/lib.rs:44:18
[INFO] [stdout]   |
[INFO] [stdout] 3 | assert_eq!(text, machine.decode(machine.decode(text)));
[INFO] [stdout]   |                  ^^^^^^^ not found in this scope
[INFO] [stdout] 
[INFO] [stdout] error[E0425]: cannot find value `machine` in this scope
[INFO] [stdout]  --> src/lib.rs:44:33
[INFO] [stdout]   |
[INFO] [stdout] 3 | assert_eq!(text, machine.decode(machine.decode(text)));
[INFO] [stdout]   |                                 ^^^^^^^ not found in this scope
[INFO] [stdout] 
[INFO] [stdout] error[E0425]: cannot find value `text` in this scope
[INFO] [stdout]  --> src/lib.rs:44:48
[INFO] [stdout]   |
[INFO] [stdout] 3 | assert_eq!(text, machine.decode(machine.decode(text)));
[INFO] [stdout]   |                                                ^^^^ not found in this scope
[INFO] [stdout] 
[INFO] [stdout] error[E0425]: cannot find value `text` in this scope
[INFO] [stdout]  --> src/lib.rs:45:12
[INFO] [stdout]   |
[INFO] [stdout] 4 | assert_eq!(text, machine.encode(machine.encode(text)));
[INFO] [stdout]   |            ^^^^ not found in this scope
[INFO] [stdout] 
[INFO] [stdout] error[E0425]: cannot find value `machine` in this scope
[INFO] [stdout]  --> src/lib.rs:45:18
[INFO] [stdout]   |
[INFO] [stdout] 4 | assert_eq!(text, machine.encode(machine.encode(text)));
[INFO] [stdout]   |                  ^^^^^^^ not found in this scope
[INFO] [stdout] 
[INFO] [stdout] error[E0425]: cannot find value `machine` in this scope
[INFO] [stdout]  --> src/lib.rs:45:33
[INFO] [stdout]   |
[INFO] [stdout] 4 | assert_eq!(text, machine.encode(machine.encode(text)));
[INFO] [stdout]   |                                 ^^^^^^^ not found in this scope
[INFO] [stdout] 
[INFO] [stdout] error[E0425]: cannot find value `text` in this scope
[INFO] [stdout]  --> src/lib.rs:45:48
[INFO] [stdout]   |
[INFO] [stdout] 4 | assert_eq!(text, machine.encode(machine.encode(text)));
[INFO] [stdout]   |                                                ^^^^ not found in this scope
[INFO] [stdout] 
[INFO] [stdout] error[E0425]: cannot find value `text` in this scope
[INFO] [stdout]  --> src/lib.rs:46:12
[INFO] [stdout]   |
[INFO] [stdout] 5 | assert_eq!(text, machine.decode(machine.encode(text)));
[INFO] [stdout]   |            ^^^^ not found in this scope
[INFO] [stdout] 
[INFO] [stdout] error[E0425]: cannot find value `machine` in this scope
[INFO] [stdout]  --> src/lib.rs:46:18
[INFO] [stdout]   |
[INFO] [stdout] 5 | assert_eq!(text, machine.decode(machine.encode(text)));
[INFO] [stdout]   |                  ^^^^^^^ not found in this scope
[INFO] [stdout] 
[INFO] [stdout] error[E0425]: cannot find value `machine` in this scope
[INFO] [stdout]  --> src/lib.rs:46:33
[INFO] [stdout]   |
[INFO] [stdout] 5 | assert_eq!(text, machine.decode(machine.encode(text)));
[INFO] [stdout]   |                                 ^^^^^^^ not found in this scope
[INFO] [stdout] 
[INFO] [stdout] error[E0425]: cannot find value `text` in this scope
[INFO] [stdout]  --> src/lib.rs:46:48
[INFO] [stdout]   |
[INFO] [stdout] 5 | assert_eq!(text, machine.decode(machine.encode(text)));
[INFO] [stdout]   |                                                ^^^^ not found in this scope
[INFO] [stdout] 
[INFO] [stdout] error[E0425]: cannot find value `text` in this scope
[INFO] [stdout]  --> src/lib.rs:47:12
[INFO] [stdout]   |
[INFO] [stdout] 6 | assert_eq!(text, machine.encode(machine.decode(text)));
[INFO] [stdout]   |            ^^^^ not found in this scope
[INFO] [stdout] 
[INFO] [stdout] error[E0425]: cannot find value `machine` in this scope
[INFO] [stdout]  --> src/lib.rs:47:18
[INFO] [stdout]   |
[INFO] [stdout] 6 | assert_eq!(text, machine.encode(machine.decode(text)));
[INFO] [stdout]   |                  ^^^^^^^ not found in this scope
[INFO] [stdout] 
[INFO] [stdout] error[E0425]: cannot find value `machine` in this scope
[INFO] [stdout]  --> src/lib.rs:47:33
[INFO] [stdout]   |
[INFO] [stdout] 6 | assert_eq!(text, machine.encode(machine.decode(text)));
[INFO] [stdout]   |                                 ^^^^^^^ not found in this scope
[INFO] [stdout] 
[INFO] [stdout] error[E0425]: cannot find value `text` in this scope
[INFO] [stdout]  --> src/lib.rs:47:48
[INFO] [stdout]   |
[INFO] [stdout] 6 | assert_eq!(text, machine.encode(machine.decode(text)));
[INFO] [stdout]   |                                                ^^^^ not found in this scope
[INFO] [stdout] 
[INFO] [stdout] error: aborting due to 16 previous errors
[INFO] [stdout] 
[INFO] [stdout] For more information about this error, try `rustc --explain E0425`.
[INFO] [stdout] Couldn't compile the test.
[INFO] [stdout] ---- src/lib.rs - EnigmaMachine::encode (line 205) stdout ----
[INFO] [stdout] error[E0425]: cannot find value `text` in this scope
[INFO] [stdout]  --> src/lib.rs:206:12
[INFO] [stdout]   |
[INFO] [stdout] 3 | assert_eq!(text, machine.decode(machine.decode(text)));
[INFO] [stdout]   |            ^^^^ not found in this scope
[INFO] [stdout] 
[INFO] [stdout] error[E0425]: cannot find value `machine` in this scope
[INFO] [stdout]  --> src/lib.rs:206:18
[INFO] [stdout]   |
[INFO] [stdout] 3 | assert_eq!(text, machine.decode(machine.decode(text)));
[INFO] [stdout]   |                  ^^^^^^^ not found in this scope
[INFO] [stdout] 
[INFO] [stdout] error[E0425]: cannot find value `machine` in this scope
[INFO] [stdout]  --> src/lib.rs:206:33
[INFO] [stdout]   |
[INFO] [stdout] 3 | assert_eq!(text, machine.decode(machine.decode(text)));
[INFO] [stdout]   |                                 ^^^^^^^ not found in this scope
[INFO] [stdout] 
[INFO] [stdout] error[E0425]: cannot find value `text` in this scope
[INFO] [stdout]  --> src/lib.rs:206:48
[INFO] [stdout]   |
[INFO] [stdout] 3 | assert_eq!(text, machine.decode(machine.decode(text)));
[INFO] [stdout]   |                                                ^^^^ not found in this scope
[INFO] [stdout] 
[INFO] [stdout] error[E0425]: cannot find value `text` in this scope
[INFO] [stdout]  --> src/lib.rs:207:12
[INFO] [stdout]   |
[INFO] [stdout] 4 | assert_eq!(text, machine.encode(machine.encode(text)));
[INFO] [stdout]   |            ^^^^ not found in this scope
[INFO] [stdout] 
[INFO] [stdout] error[E0425]: cannot find value `machine` in this scope
[INFO] [stdout]  --> src/lib.rs:207:18
[INFO] [stdout]   |
[INFO] [stdout] 4 | assert_eq!(text, machine.encode(machine.encode(text)));
[INFO] [stdout]   |                  ^^^^^^^ not found in this scope
[INFO] [stdout] 
[INFO] [stdout] error[E0425]: cannot find value `machine` in this scope
[INFO] [stdout]  --> src/lib.rs:207:33
[INFO] [stdout]   |
[INFO] [stdout] 4 | assert_eq!(text, machine.encode(machine.encode(text)));
[INFO] [stdout]   |                                 ^^^^^^^ not found in this scope
[INFO] [stdout] 
[INFO] [stdout] error[E0425]: cannot find value `text` in this scope
[INFO] [stdout]  --> src/lib.rs:207:48
[INFO] [stdout]   |
[INFO] [stdout] 4 | assert_eq!(text, machine.encode(machine.encode(text)));
[INFO] [stdout]   |                                                ^^^^ not found in this scope
[INFO] [stdout] 
[INFO] [stdout] error[E0425]: cannot find value `text` in this scope
[INFO] [stdout]  --> src/lib.rs:208:12
[INFO] [stdout]   |
[INFO] [stdout] 5 | assert_eq!(text, machine.decode(machine.encode(text)));
[INFO] [stdout]   |            ^^^^ not found in this scope
[INFO] [stdout] 
[INFO] [stdout] error[E0425]: cannot find value `machine` in this scope
[INFO] [stdout]  --> src/lib.rs:208:18
[INFO] [stdout]   |
[INFO] [stdout] 5 | assert_eq!(text, machine.decode(machine.encode(text)));
[INFO] [stdout]   |                  ^^^^^^^ not found in this scope
[INFO] [stdout] 
[INFO] [stdout] error[E0425]: cannot find value `machine` in this scope
[INFO] [stdout]  --> src/lib.rs:208:33
[INFO] [stdout]   |
[INFO] [stdout] 5 | assert_eq!(text, machine.decode(machine.encode(text)));
[INFO] [stdout]   |                                 ^^^^^^^ not found in this scope
[INFO] [stdout] 
[INFO] [stdout] error[E0425]: cannot find value `text` in this scope
[INFO] [stdout]  --> src/lib.rs:208:48
[INFO] [stdout]   |
[INFO] [stdout] 5 | assert_eq!(text, machine.decode(machine.encode(text)));
[INFO] [stdout]   |                                                ^^^^ not found in this scope
[INFO] [stdout] 
[INFO] [stdout] error[E0425]: cannot find value `text` in this scope
[INFO] [stdout]  --> src/lib.rs:209:12
[INFO] [stdout]   |
[INFO] [stdout] 6 | assert_eq!(text, machine.encode(machine.decode(text)));
[INFO] [stdout]   |            ^^^^ not found in this scope
[INFO] [stdout] 
[INFO] [stdout] error[E0425]: cannot find value `machine` in this scope
[INFO] [stdout]  --> src/lib.rs:209:18
[INFO] [stdout]   |
[INFO] [stdout] 6 | assert_eq!(text, machine.encode(machine.decode(text)));
[INFO] [stdout]   |                  ^^^^^^^ not found in this scope
[INFO] [stdout] 
[INFO] [stdout] error[E0425]: cannot find value `machine` in this scope
[INFO] [stdout]  --> src/lib.rs:209:33
[INFO] [stdout]   |
[INFO] [stdout] 6 | assert_eq!(text, machine.encode(machine.decode(text)));
[INFO] [stdout]   |                                 ^^^^^^^ not found in this scope
[INFO] [stdout] 
[INFO] [stdout] error[E0425]: cannot find value `text` in this scope
[INFO] [stdout]  --> src/lib.rs:209:48
[INFO] [stdout]   |
[INFO] [stdout] 6 | assert_eq!(text, machine.encode(machine.decode(text)));
[INFO] [stdout]   |                                                ^^^^ not found in this scope
[INFO] [stdout] 
[INFO] [stdout] error: aborting due to 16 previous errors
[INFO] [stdout] 
[INFO] [stdout] For more information about this error, try `rustc --explain E0425`.
[INFO] [stdout] Couldn't compile the test.
[INFO] [stdout] 
[INFO] [stdout] failures:
[INFO] [stdout]     src/lib.rs - EnigmaMachine::decode (line 43)
[INFO] [stdout]     src/lib.rs - EnigmaMachine::encode (line 205)
[INFO] [stdout] 
[INFO] [stdout] test result: FAILED. 0 passed; 2 failed; 0 ignored; 0 measured; 0 filtered out; finished in 0.25s
[INFO] [stdout] 
[INFO] running `Command { std: "docker" "inspect" "55f6d461232fab65e5061b047a845aa359b113bd88a25b71617f6ca0157ce219", kill_on_drop: false }`
[INFO] running `Command { std: "docker" "rm" "-f" "55f6d461232fab65e5061b047a845aa359b113bd88a25b71617f6ca0157ce219", kill_on_drop: false }`
[INFO] [stdout] 55f6d461232fab65e5061b047a845aa359b113bd88a25b71617f6ca0157ce219
