[INFO] fetching crate engagespot 0.1.0...
[INFO] testing engagespot-0.1.0 against beta-2024-12-08 for beta-1.84.0-4-retry
[INFO] extracting crate engagespot 0.1.0 into /workspace/builds/worker-6-tc2/source
[INFO] validating manifest of crates.io crate engagespot 0.1.0 on toolchain beta-2024-12-08
[INFO] running `Command { std: CARGO_HOME="/workspace/cargo-home" RUSTUP_HOME="/workspace/rustup-home" "/workspace/cargo-home/bin/cargo" "+beta-2024-12-08" "metadata" "--manifest-path" "Cargo.toml" "--no-deps", kill_on_drop: false }`
[INFO] started tweaking crates.io crate engagespot 0.1.0
[INFO] removed 0 missing examples
[INFO] finished tweaking crates.io crate engagespot 0.1.0
[INFO] tweaked toml for crates.io crate engagespot 0.1.0 written to /workspace/builds/worker-6-tc2/source/Cargo.toml
[INFO] crate crates.io crate engagespot 0.1.0 already has a lockfile, it will not be regenerated
[INFO] running `Command { std: CARGO_HOME="/workspace/cargo-home" RUSTUP_HOME="/workspace/rustup-home" "/workspace/cargo-home/bin/cargo" "+beta-2024-12-08" "fetch" "--manifest-path" "Cargo.toml", kill_on_drop: false }`
[INFO] running `Command { std: "docker" "create" "-v" "/var/lib/crater-agent-workspace/builds/worker-6-tc2/target:/opt/rustwide/target:rw,Z" "-v" "/var/lib/crater-agent-workspace/builds/worker-6-tc2/source:/opt/rustwide/workdir:ro,Z" "-v" "/var/lib/crater-agent-workspace/cargo-home:/opt/rustwide/cargo-home:ro,Z" "-v" "/var/lib/crater-agent-workspace/rustup-home:/opt/rustwide/rustup-home:ro,Z" "-e" "SOURCE_DIR=/opt/rustwide/workdir" "-e" "CARGO_TARGET_DIR=/opt/rustwide/target" "-e" "CARGO_HOME=/opt/rustwide/cargo-home" "-e" "RUSTUP_HOME=/opt/rustwide/rustup-home" "-w" "/opt/rustwide/workdir" "-m" "1610612736" "--user" "0:0" "--network" "none" "ghcr.io/rust-lang/crates-build-env/linux@sha256:f3a9d4ad9d972b27faf3965f35b62e55ba32bbce8f20bc8fe909558a86702fde" "/opt/rustwide/cargo-home/bin/cargo" "+beta-2024-12-08" "metadata" "--no-deps" "--format-version=1", kill_on_drop: false }`
[INFO] [stdout] de43ccc432af3b1637e9bdbe3ce422e4086c7beb2dd8f21318015e5d0aaa9686
[INFO] running `Command { std: "docker" "start" "-a" "de43ccc432af3b1637e9bdbe3ce422e4086c7beb2dd8f21318015e5d0aaa9686", kill_on_drop: false }`
[INFO] running `Command { std: "docker" "inspect" "de43ccc432af3b1637e9bdbe3ce422e4086c7beb2dd8f21318015e5d0aaa9686", kill_on_drop: false }`
[INFO] running `Command { std: "docker" "rm" "-f" "de43ccc432af3b1637e9bdbe3ce422e4086c7beb2dd8f21318015e5d0aaa9686", kill_on_drop: false }`
[INFO] [stdout] de43ccc432af3b1637e9bdbe3ce422e4086c7beb2dd8f21318015e5d0aaa9686
[INFO] running `Command { std: "docker" "create" "-v" "/var/lib/crater-agent-workspace/builds/worker-6-tc2/target:/opt/rustwide/target:rw,Z" "-v" "/var/lib/crater-agent-workspace/builds/worker-6-tc2/source:/opt/rustwide/workdir:ro,Z" "-v" "/var/lib/crater-agent-workspace/cargo-home:/opt/rustwide/cargo-home:ro,Z" "-v" "/var/lib/crater-agent-workspace/rustup-home:/opt/rustwide/rustup-home:ro,Z" "-e" "SOURCE_DIR=/opt/rustwide/workdir" "-e" "CARGO_TARGET_DIR=/opt/rustwide/target" "-e" "CARGO_INCREMENTAL=0" "-e" "RUST_BACKTRACE=full" "-e" "RUSTFLAGS=--cap-lints=warn" "-e" "RUSTDOCFLAGS=--cap-lints=warn" "-e" "CARGO_HOME=/opt/rustwide/cargo-home" "-e" "RUSTUP_HOME=/opt/rustwide/rustup-home" "-w" "/opt/rustwide/workdir" "-m" "1610612736" "--user" "0:0" "--network" "none" "ghcr.io/rust-lang/crates-build-env/linux@sha256:f3a9d4ad9d972b27faf3965f35b62e55ba32bbce8f20bc8fe909558a86702fde" "/opt/rustwide/cargo-home/bin/cargo" "+beta-2024-12-08" "build" "--frozen" "--message-format=json", kill_on_drop: false }`
[INFO] [stdout] 1e9db660b0c6c4e7c9cef1c7e22d923287e63938b8bb22732fad2d53b9e33751
[INFO] running `Command { std: "docker" "start" "-a" "1e9db660b0c6c4e7c9cef1c7e22d923287e63938b8bb22732fad2d53b9e33751", kill_on_drop: false }`
[INFO] [stderr]    Compiling autocfg v1.1.0
[INFO] [stderr]    Compiling cfg-if v1.0.0
[INFO] [stderr]    Compiling proc-macro2 v1.0.51
[INFO] [stderr]    Compiling libc v0.2.139
[INFO] [stderr]    Compiling unicode-ident v1.0.6
[INFO] [stderr]    Compiling quote v1.0.23
[INFO] [stderr]    Compiling log v0.4.17
[INFO] [stderr]    Compiling syn v1.0.107
[INFO] [stderr]    Compiling once_cell v1.17.0
[INFO] [stderr]    Compiling pin-project-lite v0.2.9
[INFO] [stderr]    Compiling pkg-config v0.3.26
[INFO] [stderr]    Compiling cc v1.0.79
[INFO] [stderr]    Compiling memchr v2.5.0
[INFO] [stderr]    Compiling futures-core v0.3.26
[INFO] [stderr]    Compiling bytes v1.4.0
[INFO] [stderr]    Compiling itoa v1.0.5
[INFO] [stderr]    Compiling futures-task v0.3.26
[INFO] [stderr]    Compiling serde_derive v1.0.152
[INFO] [stderr]    Compiling openssl v0.10.45
[INFO] [stderr]    Compiling foreign-types-shared v0.1.1
[INFO] [stderr]    Compiling futures-util v0.3.26
[INFO] [stderr]    Compiling tracing-core v0.1.30
[INFO] [stderr]    Compiling fnv v1.0.7
[INFO] [stderr]    Compiling foreign-types v0.3.2
[INFO] [stderr]    Compiling serde v1.0.152
[INFO] [stderr]    Compiling tinyvec_macros v0.1.1
[INFO] [stderr]    Compiling pin-utils v0.1.0
[INFO] [stderr]    Compiling futures-channel v0.3.26
[INFO] [stderr]    Compiling tokio v1.25.0
[INFO] [stderr]    Compiling indexmap v1.9.2
[INFO] [stderr]    Compiling slab v0.4.7
[INFO] [stderr]    Compiling native-tls v0.2.11
[INFO] [stderr]    Compiling hashbrown v0.12.3
[INFO] [stderr]    Compiling bitflags v1.3.2
[INFO] [stderr]    Compiling httparse v1.8.0
[INFO] [stderr]    Compiling futures-sink v0.3.26
[INFO] [stderr]    Compiling tinyvec v1.6.0
[INFO] [stderr]    Compiling try-lock v0.2.4
[INFO] [stderr]    Compiling openssl-probe v0.1.5
[INFO] [stderr]    Compiling percent-encoding v2.2.0
[INFO] [stderr]    Compiling tracing v0.1.37
[INFO] [stderr]    Compiling mio v0.8.5
[INFO] [stderr]    Compiling socket2 v0.4.7
[INFO] [stderr]    Compiling http v0.2.8
[INFO] [stderr]    Compiling form_urlencoded v1.1.0
[INFO] [stderr]    Compiling unicode-normalization v0.1.22
[INFO] [stderr]    Compiling want v0.3.0
[INFO] [stderr]    Compiling unicode-bidi v0.3.10
[INFO] [stderr]    Compiling serde_json v1.0.93
[INFO] [stderr]    Compiling ryu v1.0.12
[INFO] [stderr]    Compiling httpdate v1.0.2
[INFO] [stderr]    Compiling tower-service v0.3.2
[INFO] [stderr]    Compiling encoding_rs v0.8.32
[INFO] [stderr]    Compiling ipnet v2.7.1
[INFO] [stderr]    Compiling base64 v0.21.0
[INFO] [stderr]    Compiling mime v0.3.16
[INFO] [stderr]    Compiling idna v0.3.0
[INFO] [stderr]    Compiling openssl-sys v0.9.80
[INFO] [stderr]    Compiling http-body v0.4.5
[INFO] [stderr]    Compiling url v2.3.1
[INFO] [stderr]    Compiling openssl-macros v0.1.0
[INFO] [stderr]    Compiling tokio-util v0.7.6
[INFO] [stderr]    Compiling h2 v0.3.15
[INFO] [stderr]    Compiling tokio-native-tls v0.3.1
[INFO] [stderr]    Compiling hyper v0.14.24
[INFO] [stderr]    Compiling hyper-tls v0.5.0
[INFO] [stderr]    Compiling serde_urlencoded v0.7.1
[INFO] [stderr]    Compiling reqwest v0.11.14
[INFO] [stderr]    Compiling engagespot v0.1.0 (/opt/rustwide/workdir)
[INFO] [stdout] warning: trait `WithData` is never used
[INFO] [stdout]   --> src/notification.rs:27:7
[INFO] [stdout]    |
[INFO] [stdout] 27 | trait WithData<T: Serialize> {
[INFO] [stdout]    |       ^^^^^^^^
[INFO] [stdout]    |
[INFO] [stdout]    = note: `#[warn(dead_code)]` on by default
[INFO] [stdout] 
[INFO] [stdout] 
[INFO] [stderr]     Finished `dev` profile [unoptimized + debuginfo] target(s) in 19.92s
[INFO] running `Command { std: "docker" "inspect" "1e9db660b0c6c4e7c9cef1c7e22d923287e63938b8bb22732fad2d53b9e33751", kill_on_drop: false }`
[INFO] running `Command { std: "docker" "rm" "-f" "1e9db660b0c6c4e7c9cef1c7e22d923287e63938b8bb22732fad2d53b9e33751", kill_on_drop: false }`
[INFO] [stdout] 1e9db660b0c6c4e7c9cef1c7e22d923287e63938b8bb22732fad2d53b9e33751
[INFO] running `Command { std: "docker" "create" "-v" "/var/lib/crater-agent-workspace/builds/worker-6-tc2/target:/opt/rustwide/target:rw,Z" "-v" "/var/lib/crater-agent-workspace/builds/worker-6-tc2/source:/opt/rustwide/workdir:ro,Z" "-v" "/var/lib/crater-agent-workspace/cargo-home:/opt/rustwide/cargo-home:ro,Z" "-v" "/var/lib/crater-agent-workspace/rustup-home:/opt/rustwide/rustup-home:ro,Z" "-e" "SOURCE_DIR=/opt/rustwide/workdir" "-e" "CARGO_TARGET_DIR=/opt/rustwide/target" "-e" "CARGO_INCREMENTAL=0" "-e" "RUST_BACKTRACE=full" "-e" "RUSTFLAGS=--cap-lints=warn" "-e" "RUSTDOCFLAGS=--cap-lints=warn" "-e" "CARGO_HOME=/opt/rustwide/cargo-home" "-e" "RUSTUP_HOME=/opt/rustwide/rustup-home" "-w" "/opt/rustwide/workdir" "-m" "1610612736" "--user" "0:0" "--network" "none" "ghcr.io/rust-lang/crates-build-env/linux@sha256:f3a9d4ad9d972b27faf3965f35b62e55ba32bbce8f20bc8fe909558a86702fde" "/opt/rustwide/cargo-home/bin/cargo" "+beta-2024-12-08" "test" "--frozen" "--no-run" "--message-format=json", kill_on_drop: false }`
[INFO] [stdout] 030b847cad8a514f097e00d065dee71382d00418a6d686c0812eb8319e17edec
[INFO] running `Command { std: "docker" "start" "-a" "030b847cad8a514f097e00d065dee71382d00418a6d686c0812eb8319e17edec", kill_on_drop: false }`
[INFO] [stderr]    Compiling tokio v1.25.0
[INFO] [stderr]    Compiling tokio-macros v1.8.2
[INFO] [stderr]    Compiling dotenv v0.15.0
[INFO] [stderr]    Compiling tokio-util v0.7.6
[INFO] [stderr]    Compiling tokio-native-tls v0.3.1
[INFO] [stderr]    Compiling h2 v0.3.15
[INFO] [stderr]    Compiling hyper v0.14.24
[INFO] [stderr]    Compiling hyper-tls v0.5.0
[INFO] [stderr]    Compiling reqwest v0.11.14
[INFO] [stderr]    Compiling engagespot v0.1.0 (/opt/rustwide/workdir)
[INFO] [stdout] warning: trait `WithData` is never used
[INFO] [stdout]   --> src/notification.rs:27:7
[INFO] [stdout]    |
[INFO] [stdout] 27 | trait WithData<T: Serialize> {
[INFO] [stdout]    |       ^^^^^^^^
[INFO] [stdout]    |
[INFO] [stdout]    = note: `#[warn(dead_code)]` on by default
[INFO] [stdout] 
[INFO] [stdout] 
[INFO] [stdout] warning: trait `WithData` is never used
[INFO] [stdout]   --> src/notification.rs:27:7
[INFO] [stdout]    |
[INFO] [stdout] 27 | trait WithData<T: Serialize> {
[INFO] [stdout]    |       ^^^^^^^^
[INFO] [stdout]    |
[INFO] [stdout]    = note: `#[warn(dead_code)]` on by default
[INFO] [stdout] 
[INFO] [stdout] 
[INFO] [stderr]     Finished `test` profile [unoptimized + debuginfo] target(s) in 17.83s
[INFO] running `Command { std: "docker" "inspect" "030b847cad8a514f097e00d065dee71382d00418a6d686c0812eb8319e17edec", kill_on_drop: false }`
[INFO] running `Command { std: "docker" "rm" "-f" "030b847cad8a514f097e00d065dee71382d00418a6d686c0812eb8319e17edec", kill_on_drop: false }`
[INFO] [stdout] 030b847cad8a514f097e00d065dee71382d00418a6d686c0812eb8319e17edec
[INFO] running `Command { std: "docker" "create" "-v" "/var/lib/crater-agent-workspace/builds/worker-6-tc2/target:/opt/rustwide/target:rw,Z" "-v" "/var/lib/crater-agent-workspace/builds/worker-6-tc2/source:/opt/rustwide/workdir:ro,Z" "-v" "/var/lib/crater-agent-workspace/cargo-home:/opt/rustwide/cargo-home:ro,Z" "-v" "/var/lib/crater-agent-workspace/rustup-home:/opt/rustwide/rustup-home:ro,Z" "-e" "SOURCE_DIR=/opt/rustwide/workdir" "-e" "CARGO_TARGET_DIR=/opt/rustwide/target" "-e" "CARGO_INCREMENTAL=0" "-e" "RUST_BACKTRACE=full" "-e" "RUSTFLAGS=--cap-lints=warn" "-e" "RUSTDOCFLAGS=--cap-lints=warn" "-e" "CARGO_HOME=/opt/rustwide/cargo-home" "-e" "RUSTUP_HOME=/opt/rustwide/rustup-home" "-w" "/opt/rustwide/workdir" "-m" "1610612736" "--user" "0:0" "--network" "none" "ghcr.io/rust-lang/crates-build-env/linux@sha256:f3a9d4ad9d972b27faf3965f35b62e55ba32bbce8f20bc8fe909558a86702fde" "/opt/rustwide/cargo-home/bin/cargo" "+beta-2024-12-08" "test" "--frozen", kill_on_drop: false }`
[INFO] [stdout] d4878a77a2b54851e9a737c725f950c117bb1408346144f365e3260d1dd22bb2
[INFO] running `Command { std: "docker" "start" "-a" "d4878a77a2b54851e9a737c725f950c117bb1408346144f365e3260d1dd22bb2", kill_on_drop: false }`
[INFO] [stderr] warning: trait `WithData` is never used
[INFO] [stderr]   --> src/notification.rs:27:7
[INFO] [stderr]    |
[INFO] [stderr] 27 | trait WithData<T: Serialize> {
[INFO] [stderr]    |       ^^^^^^^^
[INFO] [stderr]    |
[INFO] [stderr]    = note: `#[warn(dead_code)]` on by default
[INFO] [stderr] 
[INFO] [stderr] warning: `engagespot` (lib) generated 1 warning
[INFO] [stderr] warning: `engagespot` (lib test) generated 1 warning (1 duplicate)
[INFO] [stderr]     Finished `test` profile [unoptimized + debuginfo] target(s) in 0.12s
[INFO] [stderr]      Running unittests src/lib.rs (/opt/rustwide/target/debug/deps/engagespot-9b400cd2e790a4b5)
[INFO] [stdout] 
[INFO] [stdout] running 3 tests
[INFO] [stdout] test client::tests::builder_methods ... ok
[INFO] [stdout] test client::tests::builder_init ... ok
[INFO] [stdout] test client::tests::engagespot_init ... ok
[INFO] [stdout] 
[INFO] [stdout] test result: ok. 3 passed; 0 failed; 0 ignored; 0 measured; 0 filtered out; finished in 0.13s
[INFO] [stdout] 
[INFO] [stderr]    Doc-tests engagespot
[INFO] [stdout] 
[INFO] [stdout] running 9 tests
[INFO] [stdout] test src/client.rs - client::Engagespot::send (line 101) ... FAILED
[INFO] [stdout] test src/notification_item.rs - notification_item::NotificationItem::new (line 19) ... ok
[INFO] [stdout] test src/notification.rs - notification::NotificationBuilder<'a,()>::new (line 35) ... ok
[INFO] [stdout] test src/notification.rs - notification::NotificationBuilder<'a,T>::new_with_data (line 52) ... ok
[INFO] [stdout] test src/notification_item.rs - notification_item::NotificationItem::with_args (line 37) ... ok
[INFO] [stdout] test src/client.rs - client::Engagespot::create_or_update_user_attrs (line 126) ... ok
[INFO] [stdout] test src/lib.rs - (line 15) ... ok
[INFO] [stdout] test src/client.rs - client::Engagespot::new (line 89) ... ok
[INFO] [stdout] test src/client.rs - client::EngagespotBuilder::new (line 54) ... ok
[INFO] [stdout] 
[INFO] [stdout] failures:
[INFO] [stdout] 
[INFO] [stdout] ---- src/client.rs - client::Engagespot::send (line 101) stdout ----
[INFO] [stdout] error: linking with `cc` failed: exit status: 1
[INFO] [stdout]   |
[INFO] [stdout]   = note: LC_ALL="C" PATH="/opt/rustwide/rustup-home/toolchains/beta-2024-12-08-x86_64-unknown-linux-gnu/lib/rustlib/x86_64-unknown-linux-gnu/bin:/opt/rustwide/cargo-home/bin:/usr/local/sbin:/usr/local/bin:/usr/sbin:/usr/bin:/sbin:/bin" VSLANG="1033" "cc" "-m64" "/tmp/rustcD2Bom0/symbols.o" "/tmp/rustdoctestaqya4t/rust_out.rust_out.9242fac72db2cd11-cgu.0.rcgu.o" "/tmp/rustdoctestaqya4t/rust_out.2hl2tb9xdtge7mguxzn2q1kvi.rcgu.o" "-Wl,--as-needed" "-Wl,-Bstatic" "/opt/rustwide/target/debug/deps/libengagespot-1c46642f1717c2df.rlib" "/opt/rustwide/target/debug/deps/libreqwest-2473f3ccc911b82c.rlib" "/opt/rustwide/target/debug/deps/libhyper_tls-ce746d544ccc2e07.rlib" "/opt/rustwide/target/debug/deps/libserde_urlencoded-6b3a443bfde587d4.rlib" "/opt/rustwide/target/debug/deps/libbase64-a25f4c710a824bfc.rlib" "/opt/rustwide/target/debug/deps/libipnet-20aff45b9d3dfe37.rlib" "/opt/rustwide/target/debug/deps/libtokio_native_tls-ceaf8c62f4e1d890.rlib" "/opt/rustwide/target/debug/deps/libmime-d5b83fc07afe1071.rlib" "/opt/rustwide/target/debug/deps/libencoding_rs-5af8b7ccb0651590.rlib" "/opt/rustwide/target/debug/deps/libserde_json-2455db6cd5c05ba9.rlib" "/opt/rustwide/target/debug/deps/libryu-f1ac1cda2d3cac1e.rlib" "/opt/rustwide/target/debug/deps/libserde-218d11aade11e1dc.rlib" "/opt/rustwide/target/debug/deps/libnative_tls-f11b04f7bd71d05c.rlib" "/opt/rustwide/target/debug/deps/libopenssl_probe-ed1174850529d944.rlib" "/opt/rustwide/target/debug/deps/libopenssl-46119f9133ea5adb.rlib" "/opt/rustwide/target/debug/deps/libbitflags-85e13ed1e0c6d910.rlib" "/opt/rustwide/target/debug/deps/libforeign_types-2619a4331d8b6eb7.rlib" "/opt/rustwide/target/debug/deps/libforeign_types_shared-c35523625cfd8702.rlib" "/opt/rustwide/target/debug/deps/libopenssl_sys-66f658f0fcda4530.rlib" "/opt/rustwide/target/debug/deps/libhyper-270f88f9bbf561dd.rlib" "/opt/rustwide/target/debug/deps/libwant-4bdbba43023cc4c5.rlib" "/opt/rustwide/target/debug/deps/libtry_lock-aacdce536283039a.rlib" "/opt/rustwide/target/debug/deps/libhttparse-2dbc320ca65411a3.rlib" "/opt/rustwide/target/debug/deps/libh2-d827b8acfaa6b4d5.rlib" "/opt/rustwide/target/debug/deps/libindexmap-d71c326424e9d2fa.rlib" "/opt/rustwide/target/debug/deps/libhashbrown-e273ba0f8cdcbe5b.rlib" "/opt/rustwide/target/debug/deps/libslab-ce952e4d8ebf26c9.rlib" "/opt/rustwide/target/debug/deps/libtokio_util-d1946587ba3c028b.rlib" "/opt/rustwide/target/debug/deps/libfutures_sink-fef82777d5ece870.rlib" "/opt/rustwide/target/debug/deps/libtower_service-7daacb91dc19d256.rlib" "/opt/rustwide/target/debug/deps/libtracing-0c8439246bfef88d.rlib" "/opt/rustwide/target/debug/deps/libtracing_core-86846a4bbb48b1dc.rlib" "/opt/rustwide/target/debug/deps/libonce_cell-502ede8b1a29d699.rlib" "/opt/rustwide/target/debug/deps/libfutures_channel-43019aaadcb4d5c5.rlib" "/opt/rustwide/target/debug/deps/libfutures_util-5da29f5f19563652.rlib" "/opt/rustwide/target/debug/deps/libfutures_task-d464308226493042.rlib" "/opt/rustwide/target/debug/deps/libpin_utils-e8360a4d12f71807.rlib" "/opt/rustwide/target/debug/deps/libtokio-494be4e751f17feb.rlib" "/opt/rustwide/target/debug/deps/libsocket2-830364a7bcefe377.rlib" "/opt/rustwide/target/debug/deps/libmemchr-33d05ae5bba76030.rlib" "/opt/rustwide/target/debug/deps/libmio-8b3384bd9003fb6d.rlib" "/opt/rustwide/target/debug/deps/liblibc-c55557f7f88b1291.rlib" "/opt/rustwide/target/debug/deps/libhttp_body-40f251beb2d6844f.rlib" "/opt/rustwide/target/debug/deps/libpin_project_lite-2bf93d566738d750.rlib" "/opt/rustwide/target/debug/deps/liblog-d15fdd76cb1d7294.rlib" "/opt/rustwide/target/debug/deps/libcfg_if-a3e7e701fcd1f47b.rlib" "/opt/rustwide/target/debug/deps/libfutures_core-1ba38e78e2d329a1.rlib" "/opt/rustwide/target/debug/deps/liburl-c240b5b914912d04.rlib" "/opt/rustwide/target/debug/deps/libidna-a5093c2609feb717.rlib" "/opt/rustwide/target/debug/deps/libunicode_normalization-913bd4447c6bf186.rlib" "/opt/rustwide/target/debug/deps/libtinyvec-dcbbce603bc23510.rlib" "/opt/rustwide/target/debug/deps/libtinyvec_macros-333661e3b238a9a3.rlib" "/opt/rustwide/target/debug/deps/libunicode_bidi-33264acdb098a02c.rlib" "/opt/rustwide/target/debug/deps/libform_urlencoded-235d018212c9e680.rlib" "/opt/rustwide/target/debug/deps/libpercent_encoding-e756c5d84088c93d.rlib" "/opt/rustwide/target/debug/deps/libhttp-d6f078927f1024a5.rlib" "/opt/rustwide/target/debug/deps/libitoa-0907925ccea3b058.rlib" "/opt/rustwide/target/debug/deps/libbytes-8217216c646d0e94.rlib" "/opt/rustwide/target/debug/deps/libfnv-953831fe314029b4.rlib" "/opt/rustwide/rustup-home/toolchains/beta-2024-12-08-x86_64-unknown-linux-gnu/lib/rustlib/x86_64-unknown-linux-gnu/lib/libstd-02dc84f49135b6b8.rlib" "/opt/rustwide/rustup-home/toolchains/beta-2024-12-08-x86_64-unknown-linux-gnu/lib/rustlib/x86_64-unknown-linux-gnu/lib/libpanic_unwind-a8f45b397fae3f81.rlib" "/opt/rustwide/rustup-home/toolchains/beta-2024-12-08-x86_64-unknown-linux-gnu/lib/rustlib/x86_64-unknown-linux-gnu/lib/libobject-089607133c180609.rlib" "/opt/rustwide/rustup-home/toolchains/beta-2024-12-08-x86_64-unknown-linux-gnu/lib/rustlib/x86_64-unknown-linux-gnu/lib/libmemchr-fc89f091bcd86cbb.rlib" "/opt/rustwide/rustup-home/toolchains/beta-2024-12-08-x86_64-unknown-linux-gnu/lib/rustlib/x86_64-unknown-linux-gnu/lib/libaddr2line-5a60949f01c7340c.rlib" "/opt/rustwide/rustup-home/toolchains/beta-2024-12-08-x86_64-unknown-linux-gnu/lib/rustlib/x86_64-unknown-linux-gnu/lib/libgimli-d29e6a55ca253c8c.rlib" "/opt/rustwide/rustup-home/toolchains/beta-2024-12-08-x86_64-unknown-linux-gnu/lib/rustlib/x86_64-unknown-linux-gnu/lib/librustc_demangle-273c078d5f65de7a.rlib" "/opt/rustwide/rustup-home/toolchains/beta-2024-12-08-x86_64-unknown-linux-gnu/lib/rustlib/x86_64-unknown-linux-gnu/lib/libstd_detect-413c950ffbdd4454.rlib" "/opt/rustwide/rustup-home/toolchains/beta-2024-12-08-x86_64-unknown-linux-gnu/lib/rustlib/x86_64-unknown-linux-gnu/lib/libhashbrown-1853c0976a1d88a6.rlib" "/opt/rustwide/rustup-home/toolchains/beta-2024-12-08-x86_64-unknown-linux-gnu/lib/rustlib/x86_64-unknown-linux-gnu/lib/librustc_std_workspace_alloc-ccb3384ddacb0f9e.rlib" "/opt/rustwide/rustup-home/toolchains/beta-2024-12-08-x86_64-unknown-linux-gnu/lib/rustlib/x86_64-unknown-linux-gnu/lib/libminiz_oxide-0b901dfb0ca849e0.rlib" "/opt/rustwide/rustup-home/toolchains/beta-2024-12-08-x86_64-unknown-linux-gnu/lib/rustlib/x86_64-unknown-linux-gnu/lib/libadler-eebeb8d7c64543ad.rlib" "/opt/rustwide/rustup-home/toolchains/beta-2024-12-08-x86_64-unknown-linux-gnu/lib/rustlib/x86_64-unknown-linux-gnu/lib/libunwind-4723ef81d6079867.rlib" "/opt/rustwide/rustup-home/toolchains/beta-2024-12-08-x86_64-unknown-linux-gnu/lib/rustlib/x86_64-unknown-linux-gnu/lib/libcfg_if-54442f8b422f5a54.rlib" "/opt/rustwide/rustup-home/toolchains/beta-2024-12-08-x86_64-unknown-linux-gnu/lib/rustlib/x86_64-unknown-linux-gnu/lib/liblibc-e0bbe034b5282553.rlib" "/opt/rustwide/rustup-home/toolchains/beta-2024-12-08-x86_64-unknown-linux-gnu/lib/rustlib/x86_64-unknown-linux-gnu/lib/liballoc-d0febb68c1c37b90.rlib" "/opt/rustwide/rustup-home/toolchains/beta-2024-12-08-x86_64-unknown-linux-gnu/lib/rustlib/x86_64-unknown-linux-gnu/lib/librustc_std_workspace_core-4cf833632aafa84c.rlib" "/opt/rustwide/rustup-home/toolchains/beta-2024-12-08-x86_64-unknown-linux-gnu/lib/rustlib/x86_64-unknown-linux-gnu/lib/libcore-65c2c6d2d6ae570b.rlib" "/opt/rustwide/rustup-home/toolchains/beta-2024-12-08-x86_64-unknown-linux-gnu/lib/rustlib/x86_64-unknown-linux-gnu/lib/libcompiler_builtins-97929cee0dcfe424.rlib" "-Wl,-Bdynamic" "-lssl" "-lcrypto" "-lgcc_s" "-lutil" "-lrt" "-lpthread" "-lm" "-ldl" "-lc" "-Wl,--eh-frame-hdr" "-Wl,-z,noexecstack" "-L" "/opt/rustwide/rustup-home/toolchains/beta-2024-12-08-x86_64-unknown-linux-gnu/lib/rustlib/x86_64-unknown-linux-gnu/lib" "-o" "/tmp/rustdoctestaqya4t/rust_out" "-Wl,--gc-sections" "-pie" "-Wl,-z,relro,-z,now" "-nodefaultlibs"
[INFO] [stdout]   = note: collect2: fatal error: ld terminated with signal 9 [Killed]
[INFO] [stdout]           compilation terminated.
[INFO] [stdout]           
[INFO] [stdout] 
[INFO] [stdout] error: aborting due to 1 previous error
[INFO] [stdout] 
[INFO] [stdout] Couldn't compile the test.
[INFO] [stdout] 
[INFO] [stdout] failures:
[INFO] [stdout]     src/client.rs - client::Engagespot::send (line 101)
[INFO] [stdout] 
[INFO] [stdout] test result: FAILED. 8 passed; 1 failed; 0 ignored; 0 measured; 0 filtered out; finished in 8.93s
[INFO] [stdout] 
[INFO] [stderr] error: doctest failed, to rerun pass `--doc`
[INFO] running `Command { std: "docker" "inspect" "d4878a77a2b54851e9a737c725f950c117bb1408346144f365e3260d1dd22bb2", kill_on_drop: false }`
[INFO] running `Command { std: "docker" "rm" "-f" "d4878a77a2b54851e9a737c725f950c117bb1408346144f365e3260d1dd22bb2", kill_on_drop: false }`
[INFO] [stdout] d4878a77a2b54851e9a737c725f950c117bb1408346144f365e3260d1dd22bb2
