[INFO] fetching crate embedded_redis_client 0.1.0...
[INFO] testing embedded_redis_client-0.1.0 against 1.83.0 for beta-1.84.0-4-retry
[INFO] extracting crate embedded_redis_client 0.1.0 into /workspace/builds/worker-5-tc1/source
[INFO] validating manifest of crates.io crate embedded_redis_client 0.1.0 on toolchain 1.83.0
[INFO] running `Command { std: CARGO_HOME="/workspace/cargo-home" RUSTUP_HOME="/workspace/rustup-home" "/workspace/cargo-home/bin/cargo" "+1.83.0" "metadata" "--manifest-path" "Cargo.toml" "--no-deps", kill_on_drop: false }`
[INFO] started tweaking crates.io crate embedded_redis_client 0.1.0
[INFO] finished tweaking crates.io crate embedded_redis_client 0.1.0
[INFO] tweaked toml for crates.io crate embedded_redis_client 0.1.0 written to /workspace/builds/worker-5-tc1/source/Cargo.toml
[INFO] running `Command { std: CARGO_HOME="/workspace/cargo-home" RUSTUP_HOME="/workspace/rustup-home" "/workspace/cargo-home/bin/cargo" "+1.83.0" "generate-lockfile" "--manifest-path" "Cargo.toml", kill_on_drop: false }`
[INFO] [stderr]     Updating crates.io index
[INFO] [stderr]      Locking 139 packages to latest compatible versions
[INFO] [stderr]       Adding redis v0.19.0 (available: v0.27.6)
[INFO] [stderr]       Adding strum v0.20.0 (available: v0.26.3)
[INFO] [stderr]       Adding strum_macros v0.20.1 (available: v0.26.4)
[INFO] [stderr]       Adding uuid v0.8.2 (available: v1.11.0)
[INFO] running `Command { std: CARGO_HOME="/workspace/cargo-home" RUSTUP_HOME="/workspace/rustup-home" "/workspace/cargo-home/bin/cargo" "+1.83.0" "fetch" "--manifest-path" "Cargo.toml", kill_on_drop: false }`
[INFO] [stderr]  Downloading crates ...
[INFO] [stderr]   Downloaded redis v0.19.0
[INFO] running `Command { std: "docker" "create" "-v" "/var/lib/crater-agent-workspace/builds/worker-5-tc1/target:/opt/rustwide/target:rw,Z" "-v" "/var/lib/crater-agent-workspace/builds/worker-5-tc1/source:/opt/rustwide/workdir:ro,Z" "-v" "/var/lib/crater-agent-workspace/cargo-home:/opt/rustwide/cargo-home:ro,Z" "-v" "/var/lib/crater-agent-workspace/rustup-home:/opt/rustwide/rustup-home:ro,Z" "-e" "SOURCE_DIR=/opt/rustwide/workdir" "-e" "CARGO_TARGET_DIR=/opt/rustwide/target" "-e" "CARGO_HOME=/opt/rustwide/cargo-home" "-e" "RUSTUP_HOME=/opt/rustwide/rustup-home" "-w" "/opt/rustwide/workdir" "-m" "1610612736" "--user" "0:0" "--network" "none" "ghcr.io/rust-lang/crates-build-env/linux@sha256:f3a9d4ad9d972b27faf3965f35b62e55ba32bbce8f20bc8fe909558a86702fde" "/opt/rustwide/cargo-home/bin/cargo" "+1.83.0" "metadata" "--no-deps" "--format-version=1", kill_on_drop: false }`
[INFO] [stdout] 466fe036c0ba714a6f83fbba3c7fdd0543fc2d0c6d2c5417276fd68543bd93c7
[INFO] running `Command { std: "docker" "start" "-a" "466fe036c0ba714a6f83fbba3c7fdd0543fc2d0c6d2c5417276fd68543bd93c7", kill_on_drop: false }`
[INFO] running `Command { std: "docker" "inspect" "466fe036c0ba714a6f83fbba3c7fdd0543fc2d0c6d2c5417276fd68543bd93c7", kill_on_drop: false }`
[INFO] running `Command { std: "docker" "rm" "-f" "466fe036c0ba714a6f83fbba3c7fdd0543fc2d0c6d2c5417276fd68543bd93c7", kill_on_drop: false }`
[INFO] [stdout] 466fe036c0ba714a6f83fbba3c7fdd0543fc2d0c6d2c5417276fd68543bd93c7
[INFO] running `Command { std: "docker" "create" "-v" "/var/lib/crater-agent-workspace/builds/worker-5-tc1/target:/opt/rustwide/target:rw,Z" "-v" "/var/lib/crater-agent-workspace/builds/worker-5-tc1/source:/opt/rustwide/workdir:ro,Z" "-v" "/var/lib/crater-agent-workspace/cargo-home:/opt/rustwide/cargo-home:ro,Z" "-v" "/var/lib/crater-agent-workspace/rustup-home:/opt/rustwide/rustup-home:ro,Z" "-e" "SOURCE_DIR=/opt/rustwide/workdir" "-e" "CARGO_TARGET_DIR=/opt/rustwide/target" "-e" "CARGO_INCREMENTAL=0" "-e" "RUST_BACKTRACE=full" "-e" "RUSTFLAGS=--cap-lints=warn" "-e" "RUSTDOCFLAGS=--cap-lints=warn" "-e" "CARGO_HOME=/opt/rustwide/cargo-home" "-e" "RUSTUP_HOME=/opt/rustwide/rustup-home" "-w" "/opt/rustwide/workdir" "-m" "1610612736" "--user" "0:0" "--network" "none" "ghcr.io/rust-lang/crates-build-env/linux@sha256:f3a9d4ad9d972b27faf3965f35b62e55ba32bbce8f20bc8fe909558a86702fde" "/opt/rustwide/cargo-home/bin/cargo" "+1.83.0" "build" "--frozen" "--message-format=json", kill_on_drop: false }`
[INFO] [stdout] 6828ffb1c2bc6ee9dc02a51c09b0d8911ffc336e10c9c2dde24f36e58497e580
[INFO] running `Command { std: "docker" "start" "-a" "6828ffb1c2bc6ee9dc02a51c09b0d8911ffc336e10c9c2dde24f36e58497e580", kill_on_drop: false }`
[INFO] [stderr]    Compiling proc-macro2 v1.0.92
[INFO] [stderr]    Compiling unicode-ident v1.0.14
[INFO] [stderr]    Compiling pin-project-lite v0.2.15
[INFO] [stderr]    Compiling futures-core v0.3.31
[INFO] [stderr]    Compiling crossbeam-utils v0.8.20
[INFO] [stderr]    Compiling stable_deref_trait v1.2.0
[INFO] [stderr]    Compiling futures-io v0.3.31
[INFO] [stderr]    Compiling writeable v0.5.5
[INFO] [stderr]    Compiling litemap v0.7.4
[INFO] [stderr]    Compiling fastrand v2.3.0
[INFO] [stderr]    Compiling futures-sink v0.3.31
[INFO] [stderr]    Compiling icu_locid_transform_data v1.5.0
[INFO] [stderr]    Compiling rustix v0.38.42
[INFO] [stderr]    Compiling syn v1.0.109
[INFO] [stderr]    Compiling tracing-core v0.1.33
[INFO] [stderr]    Compiling linux-raw-sys v0.4.14
[INFO] [stderr]    Compiling icu_properties_data v1.5.0
[INFO] [stderr]    Compiling write16 v1.0.0
[INFO] [stderr]    Compiling bytes v1.9.0
[INFO] [stderr]    Compiling icu_normalizer_data v1.5.0
[INFO] [stderr]    Compiling utf8_iter v1.0.4
[INFO] [stderr]    Compiling smallvec v1.13.2
[INFO] [stderr]    Compiling utf16_iter v1.0.5
[INFO] [stderr]    Compiling value-bag v1.10.0
[INFO] [stderr]    Compiling futures-channel v0.3.31
[INFO] [stderr]    Compiling futures-task v0.3.31
[INFO] [stderr]    Compiling libc v0.2.168
[INFO] [stderr]    Compiling futures-lite v2.5.0
[INFO] [stderr]    Compiling piper v0.2.4
[INFO] [stderr]    Compiling serde v1.0.216
[INFO] [stderr]    Compiling once_cell v1.20.2
[INFO] [stderr]    Compiling form_urlencoded v1.2.1
[INFO] [stderr]    Compiling tokio v1.42.0
[INFO] [stderr]    Compiling unicode-segmentation v1.12.0
[INFO] [stderr]    Compiling sha1_smol v1.0.1
[INFO] [stderr]    Compiling tracing v0.1.41
[INFO] [stderr]    Compiling concurrent-queue v2.5.0
[INFO] [stderr]    Compiling log v0.4.22
[INFO] [stderr]    Compiling dtoa v0.4.8
[INFO] [stderr]    Compiling sha1 v0.6.1
[INFO] [stderr]    Compiling arc-swap v1.7.1
[INFO] [stderr]    Compiling event-listener v5.3.1
[INFO] [stderr]    Compiling async-channel v1.9.0
[INFO] [stderr]    Compiling itoa v0.4.8
[INFO] [stderr]    Compiling strum v0.20.0
[INFO] [stderr]    Compiling kv-log-macro v1.0.7
[INFO] [stderr]    Compiling heck v0.3.3
[INFO] [stderr]    Compiling async-executor v1.13.1
[INFO] [stderr]    Compiling quote v1.0.37
[INFO] [stderr]    Compiling event-listener-strategy v0.5.3
[INFO] [stderr]    Compiling async-channel v2.3.1
[INFO] [stderr]    Compiling async-lock v3.4.0
[INFO] [stderr]    Compiling blocking v1.6.1
[INFO] [stderr]    Compiling syn v2.0.90
[INFO] [stderr]    Compiling getrandom v0.2.15
[INFO] [stderr]    Compiling tokio-util v0.7.13
[INFO] [stderr]    Compiling tokio-util v0.6.10
[INFO] [stderr]    Compiling combine v4.6.7
[INFO] [stderr]    Compiling polling v3.7.4
[INFO] [stderr]    Compiling async-attributes v1.1.2
[INFO] [stderr]    Compiling strum_macros v0.20.1
[INFO] [stderr]    Compiling async-io v2.4.0
[INFO] [stderr]    Compiling synstructure v0.13.1
[INFO] [stderr]    Compiling async-global-executor v2.4.1
[INFO] [stderr]    Compiling async-std v1.13.0
[INFO] [stderr]    Compiling zerofrom-derive v0.1.5
[INFO] [stderr]    Compiling yoke-derive v0.7.5
[INFO] [stderr]    Compiling zerovec-derive v0.10.3
[INFO] [stderr]    Compiling displaydoc v0.2.5
[INFO] [stderr]    Compiling icu_provider_macros v1.5.0
[INFO] [stderr]    Compiling futures-macro v0.3.31
[INFO] [stderr]    Compiling serde_derive v1.0.216
[INFO] [stderr]    Compiling async-trait v0.1.83
[INFO] [stderr]    Compiling futures-util v0.3.31
[INFO] [stderr]    Compiling zerofrom v0.1.5
[INFO] [stderr]    Compiling yoke v0.7.5
[INFO] [stderr]    Compiling zerovec v0.10.4
[INFO] [stderr]    Compiling tinystr v0.7.6
[INFO] [stderr]    Compiling icu_collections v1.5.0
[INFO] [stderr]    Compiling icu_locid v1.5.0
[INFO] [stderr]    Compiling icu_provider v1.5.0
[INFO] [stderr]    Compiling icu_locid_transform v1.5.0
[INFO] [stderr]    Compiling futures-executor v0.3.31
[INFO] [stderr]    Compiling futures v0.3.31
[INFO] [stderr]    Compiling icu_properties v1.5.1
[INFO] [stderr]    Compiling icu_normalizer v1.5.0
[INFO] [stderr]    Compiling uuid v0.8.2
[INFO] [stderr]    Compiling idna_adapter v1.2.0
[INFO] [stderr]    Compiling idna v1.0.3
[INFO] [stderr]    Compiling url v2.5.4
[INFO] [stderr]    Compiling redis v0.19.0
[INFO] [stderr]    Compiling embedded_redis_client v0.1.0 (/opt/rustwide/workdir)
[INFO] [stdout] warning: unused variable: `faulty_client`
[INFO] [stdout]   --> src/embedded_redis_client/embedded_redis_client.rs:59:41
[INFO] [stdout]    |
[INFO] [stdout] 59 |             EmbeddedRedisClient::Faulty(faulty_client) => Err(EmbeddedRedisClientError::new(
[INFO] [stdout]    |                                         ^^^^^^^^^^^^^ help: if this is intentional, prefix it with an underscore: `_faulty_client`
[INFO] [stdout]    |
[INFO] [stdout]    = note: `#[warn(unused_variables)]` on by default
[INFO] [stdout] 
[INFO] [stdout] 
[INFO] [stdout] warning: unused variable: `faulty_client`
[INFO] [stdout]    --> src/embedded_redis_client/embedded_redis_client.rs:101:49
[INFO] [stdout]     |
[INFO] [stdout] 101 |                     EmbeddedRedisClient::Faulty(faulty_client) => Err(EmbeddedRedisClientError::new(
[INFO] [stdout]     |                                                 ^^^^^^^^^^^^^ help: if this is intentional, prefix it with an underscore: `_faulty_client`
[INFO] [stdout] 
[INFO] [stdout] 
[INFO] [stdout] warning: unused variable: `redis_server_ready_to_start`
[INFO] [stdout]   --> src/embedded_redis_server/states/started.rs:20:9
[INFO] [stdout]    |
[INFO] [stdout] 20 |         redis_server_ready_to_start: ReadyToStart,
[INFO] [stdout]    |         ^^^^^^^^^^^^^^^^^^^^^^^^^^^ help: if this is intentional, prefix it with an underscore: `_redis_server_ready_to_start`
[INFO] [stdout] 
[INFO] [stdout] 
[INFO] [stdout] warning: field `settings` is never read
[INFO] [stdout]  --> src/embedded_redis_client/states/faulty.rs:7:5
[INFO] [stdout]   |
[INFO] [stdout] 6 | pub struct FaultyRedisClient {
[INFO] [stdout]   |            ----------------- field in this struct
[INFO] [stdout] 7 |     settings: EmbeddedRedisClientSettings,
[INFO] [stdout]   |     ^^^^^^^^
[INFO] [stdout]   |
[INFO] [stdout]   = note: `FaultyRedisClient` has a derived impl for the trait `Debug`, but this is intentionally ignored during dead code analysis
[INFO] [stdout]   = note: `#[warn(dead_code)]` on by default
[INFO] [stdout] 
[INFO] [stdout] 
[INFO] [stdout] warning: function `get_multiplexed_redis_server_connection` is never used
[INFO] [stdout]    --> src/embedded_redis_server/embedded_redis_server.rs:109:18
[INFO] [stdout]     |
[INFO] [stdout] 109 |     pub async fn get_multiplexed_redis_server_connection(
[INFO] [stdout]     |                  ^^^^^^^^^^^^^^^^^^^^^^^^^^^^^^^^^^^^^^^
[INFO] [stdout] 
[INFO] [stdout] 
[INFO] [stdout] warning: field `server_process` is never read
[INFO] [stdout]   --> src/embedded_redis_server/states/ready.rs:10:5
[INFO] [stdout]    |
[INFO] [stdout] 9  | pub struct ReadyRedisServerProcess {
[INFO] [stdout]    |            ----------------------- field in this struct
[INFO] [stdout] 10 |     server_process: StartedRedisServerProcess,
[INFO] [stdout]    |     ^^^^^^^^^^^^^^
[INFO] [stdout] 
[INFO] [stdout] 
[INFO] [stdout] warning: field `connection` is never read
[INFO] [stdout]  --> src/embedded_redis_server/states/running_in_another_process.rs:8:5
[INFO] [stdout]   |
[INFO] [stdout] 7 | pub struct RedisServerRunningInAnotherProcess {
[INFO] [stdout]   |            ---------------------------------- field in this struct
[INFO] [stdout] 8 |     connection: redis::Connection,
[INFO] [stdout]   |     ^^^^^^^^^^
[INFO] [stdout] 
[INFO] [stdout] 
[INFO] [stdout] warning: function `kill_process_occupying_target_tcp_port` is never used
[INFO] [stdout]  --> src/embedded_redis_server/util.rs:4:4
[INFO] [stdout]   |
[INFO] [stdout] 4 | fn kill_process_occupying_target_tcp_port(port: u16) {
[INFO] [stdout]   |    ^^^^^^^^^^^^^^^^^^^^^^^^^^^^^^^^^^^^^^
[INFO] [stdout] 
[INFO] [stdout] 
[INFO] [stdout] warning: function `trim_newline` is never used
[INFO] [stdout]   --> src/embedded_redis_server/util.rs:55:4
[INFO] [stdout]    |
[INFO] [stdout] 55 | fn trim_newline(s: &mut String) {
[INFO] [stdout]    |    ^^^^^^^^^^^^
[INFO] [stdout] 
[INFO] [stdout] 
[INFO] [stdout] warning: calls to `std::mem::drop` with a reference instead of an owned value does nothing
[INFO] [stdout]   --> src/embedded_redis_client/embedded_redis_client.rs:25:17
[INFO] [stdout]    |
[INFO] [stdout] 25 |                 drop(ready_client);
[INFO] [stdout]    |                 ^^^^^------------^
[INFO] [stdout]    |                      |
[INFO] [stdout]    |                      argument has type `&mut ReadyRedisClient`
[INFO] [stdout]    |
[INFO] [stdout]    = note: `#[warn(dropping_references)]` on by default
[INFO] [stdout] help: use `let _ = ...` to ignore the expression or result
[INFO] [stdout]    |
[INFO] [stdout] 25 -                 drop(ready_client);
[INFO] [stdout] 25 +                 let _ = ready_client;
[INFO] [stdout]    |
[INFO] [stdout] 
[INFO] [stdout] 
[INFO] [stderr]     Finished `dev` profile [unoptimized + debuginfo] target(s) in 34.60s
[INFO] [stderr] warning: the following packages contain code that will be rejected by a future version of Rust: redis v0.19.0
[INFO] [stderr] note: to see what the problems were, use the option `--future-incompat-report`, or run `cargo report future-incompatibilities --id 1`
[INFO] running `Command { std: "docker" "inspect" "6828ffb1c2bc6ee9dc02a51c09b0d8911ffc336e10c9c2dde24f36e58497e580", kill_on_drop: false }`
[INFO] running `Command { std: "docker" "rm" "-f" "6828ffb1c2bc6ee9dc02a51c09b0d8911ffc336e10c9c2dde24f36e58497e580", kill_on_drop: false }`
[INFO] [stdout] 6828ffb1c2bc6ee9dc02a51c09b0d8911ffc336e10c9c2dde24f36e58497e580
[INFO] running `Command { std: "docker" "create" "-v" "/var/lib/crater-agent-workspace/builds/worker-5-tc1/target:/opt/rustwide/target:rw,Z" "-v" "/var/lib/crater-agent-workspace/builds/worker-5-tc1/source:/opt/rustwide/workdir:ro,Z" "-v" "/var/lib/crater-agent-workspace/cargo-home:/opt/rustwide/cargo-home:ro,Z" "-v" "/var/lib/crater-agent-workspace/rustup-home:/opt/rustwide/rustup-home:ro,Z" "-e" "SOURCE_DIR=/opt/rustwide/workdir" "-e" "CARGO_TARGET_DIR=/opt/rustwide/target" "-e" "CARGO_INCREMENTAL=0" "-e" "RUST_BACKTRACE=full" "-e" "RUSTFLAGS=--cap-lints=warn" "-e" "RUSTDOCFLAGS=--cap-lints=warn" "-e" "CARGO_HOME=/opt/rustwide/cargo-home" "-e" "RUSTUP_HOME=/opt/rustwide/rustup-home" "-w" "/opt/rustwide/workdir" "-m" "1610612736" "--user" "0:0" "--network" "none" "ghcr.io/rust-lang/crates-build-env/linux@sha256:f3a9d4ad9d972b27faf3965f35b62e55ba32bbce8f20bc8fe909558a86702fde" "/opt/rustwide/cargo-home/bin/cargo" "+1.83.0" "test" "--frozen" "--no-run" "--message-format=json", kill_on_drop: false }`
[INFO] [stdout] 0118656c2859b03171941f659d30947547719bc3a044bdafb46d12ad7ddf8812
[INFO] running `Command { std: "docker" "start" "-a" "0118656c2859b03171941f659d30947547719bc3a044bdafb46d12ad7ddf8812", kill_on_drop: false }`
[INFO] [stderr]    Compiling zerocopy-derive v0.7.35
[INFO] [stderr]    Compiling byteorder v1.5.0
[INFO] [stderr]    Compiling rand_core v0.6.4
[INFO] [stdout] warning: unused variable: `faulty_client`
[INFO] [stdout]   --> src/embedded_redis_client/embedded_redis_client.rs:59:41
[INFO] [stdout]    |
[INFO] [stdout] 59 |             EmbeddedRedisClient::Faulty(faulty_client) => Err(EmbeddedRedisClientError::new(
[INFO] [stdout]    |                                         ^^^^^^^^^^^^^ help: if this is intentional, prefix it with an underscore: `_faulty_client`
[INFO] [stdout]    |
[INFO] [stdout]    = note: `#[warn(unused_variables)]` on by default
[INFO] [stdout] 
[INFO] [stdout] 
[INFO] [stdout] warning: unused variable: `faulty_client`
[INFO] [stdout]    --> src/embedded_redis_client/embedded_redis_client.rs:101:49
[INFO] [stdout]     |
[INFO] [stdout] 101 |                     EmbeddedRedisClient::Faulty(faulty_client) => Err(EmbeddedRedisClientError::new(
[INFO] [stdout]     |                                                 ^^^^^^^^^^^^^ help: if this is intentional, prefix it with an underscore: `_faulty_client`
[INFO] [stdout] 
[INFO] [stdout] 
[INFO] [stdout] warning: unused variable: `redis_server_ready_to_start`
[INFO] [stdout]   --> src/embedded_redis_server/states/started.rs:20:9
[INFO] [stdout]    |
[INFO] [stdout] 20 |         redis_server_ready_to_start: ReadyToStart,
[INFO] [stdout]    |         ^^^^^^^^^^^^^^^^^^^^^^^^^^^ help: if this is intentional, prefix it with an underscore: `_redis_server_ready_to_start`
[INFO] [stdout] 
[INFO] [stdout] 
[INFO] [stdout] warning: field `settings` is never read
[INFO] [stdout]  --> src/embedded_redis_client/states/faulty.rs:7:5
[INFO] [stdout]   |
[INFO] [stdout] 6 | pub struct FaultyRedisClient {
[INFO] [stdout]   |            ----------------- field in this struct
[INFO] [stdout] 7 |     settings: EmbeddedRedisClientSettings,
[INFO] [stdout]   |     ^^^^^^^^
[INFO] [stdout]   |
[INFO] [stdout]   = note: `FaultyRedisClient` has a derived impl for the trait `Debug`, but this is intentionally ignored during dead code analysis
[INFO] [stdout]   = note: `#[warn(dead_code)]` on by default
[INFO] [stdout] 
[INFO] [stdout] 
[INFO] [stdout] warning: function `get_multiplexed_redis_server_connection` is never used
[INFO] [stdout]    --> src/embedded_redis_server/embedded_redis_server.rs:109:18
[INFO] [stdout]     |
[INFO] [stdout] 109 |     pub async fn get_multiplexed_redis_server_connection(
[INFO] [stdout]     |                  ^^^^^^^^^^^^^^^^^^^^^^^^^^^^^^^^^^^^^^^
[INFO] [stdout] 
[INFO] [stdout] 
[INFO] [stdout] warning: field `server_process` is never read
[INFO] [stdout]   --> src/embedded_redis_server/states/ready.rs:10:5
[INFO] [stdout]    |
[INFO] [stdout] 9  | pub struct ReadyRedisServerProcess {
[INFO] [stdout]    |            ----------------------- field in this struct
[INFO] [stdout] 10 |     server_process: StartedRedisServerProcess,
[INFO] [stdout]    |     ^^^^^^^^^^^^^^
[INFO] [stdout] 
[INFO] [stdout] 
[INFO] [stdout] warning: field `connection` is never read
[INFO] [stdout]  --> src/embedded_redis_server/states/running_in_another_process.rs:8:5
[INFO] [stdout]   |
[INFO] [stdout] 7 | pub struct RedisServerRunningInAnotherProcess {
[INFO] [stdout]   |            ---------------------------------- field in this struct
[INFO] [stdout] 8 |     connection: redis::Connection,
[INFO] [stdout]   |     ^^^^^^^^^^
[INFO] [stdout] 
[INFO] [stdout] 
[INFO] [stdout] warning: function `kill_process_occupying_target_tcp_port` is never used
[INFO] [stdout]  --> src/embedded_redis_server/util.rs:4:4
[INFO] [stdout]   |
[INFO] [stdout] 4 | fn kill_process_occupying_target_tcp_port(port: u16) {
[INFO] [stdout]   |    ^^^^^^^^^^^^^^^^^^^^^^^^^^^^^^^^^^^^^^
[INFO] [stdout] 
[INFO] [stdout] 
[INFO] [stdout] warning: function `trim_newline` is never used
[INFO] [stdout]   --> src/embedded_redis_server/util.rs:55:4
[INFO] [stdout]    |
[INFO] [stdout] 55 | fn trim_newline(s: &mut String) {
[INFO] [stdout]    |    ^^^^^^^^^^^^
[INFO] [stdout] 
[INFO] [stdout] 
[INFO] [stdout] warning: calls to `std::mem::drop` with a reference instead of an owned value does nothing
[INFO] [stdout]   --> src/embedded_redis_client/embedded_redis_client.rs:25:17
[INFO] [stdout]    |
[INFO] [stdout] 25 |                 drop(ready_client);
[INFO] [stdout]    |                 ^^^^^------------^
[INFO] [stdout]    |                      |
[INFO] [stdout]    |                      argument has type `&mut ReadyRedisClient`
[INFO] [stdout]    |
[INFO] [stdout]    = note: `#[warn(dropping_references)]` on by default
[INFO] [stdout] help: use `let _ = ...` to ignore the expression or result
[INFO] [stdout]    |
[INFO] [stdout] 25 -                 drop(ready_client);
[INFO] [stdout] 25 +                 let _ = ready_client;
[INFO] [stdout]    |
[INFO] [stdout] 
[INFO] [stdout] 
[INFO] [stderr]    Compiling zerocopy v0.7.35
[INFO] [stderr]    Compiling ppv-lite86 v0.2.20
[INFO] [stderr]    Compiling rand_chacha v0.3.1
[INFO] [stderr]    Compiling rand v0.8.5
[INFO] [stderr]    Compiling embedded_redis_client v0.1.0 (/opt/rustwide/workdir)
[INFO] [stdout] warning: unused variable: `faulty_client`
[INFO] [stdout]   --> src/embedded_redis_client/embedded_redis_client.rs:59:41
[INFO] [stdout]    |
[INFO] [stdout] 59 |             EmbeddedRedisClient::Faulty(faulty_client) => Err(EmbeddedRedisClientError::new(
[INFO] [stdout]    |                                         ^^^^^^^^^^^^^ help: if this is intentional, prefix it with an underscore: `_faulty_client`
[INFO] [stdout]    |
[INFO] [stdout]    = note: `#[warn(unused_variables)]` on by default
[INFO] [stdout] 
[INFO] [stdout] 
[INFO] [stdout] warning: unused variable: `faulty_client`
[INFO] [stdout]    --> src/embedded_redis_client/embedded_redis_client.rs:101:49
[INFO] [stdout]     |
[INFO] [stdout] 101 |                     EmbeddedRedisClient::Faulty(faulty_client) => Err(EmbeddedRedisClientError::new(
[INFO] [stdout]     |                                                 ^^^^^^^^^^^^^ help: if this is intentional, prefix it with an underscore: `_faulty_client`
[INFO] [stdout] 
[INFO] [stdout] 
[INFO] [stdout] warning: unused variable: `redis_server_ready_to_start`
[INFO] [stdout]   --> src/embedded_redis_server/states/started.rs:20:9
[INFO] [stdout]    |
[INFO] [stdout] 20 |         redis_server_ready_to_start: ReadyToStart,
[INFO] [stdout]    |         ^^^^^^^^^^^^^^^^^^^^^^^^^^^ help: if this is intentional, prefix it with an underscore: `_redis_server_ready_to_start`
[INFO] [stdout] 
[INFO] [stdout] 
[INFO] [stdout] warning: field `settings` is never read
[INFO] [stdout]  --> src/embedded_redis_client/states/faulty.rs:7:5
[INFO] [stdout]   |
[INFO] [stdout] 6 | pub struct FaultyRedisClient {
[INFO] [stdout]   |            ----------------- field in this struct
[INFO] [stdout] 7 |     settings: EmbeddedRedisClientSettings,
[INFO] [stdout]   |     ^^^^^^^^
[INFO] [stdout]   |
[INFO] [stdout]   = note: `FaultyRedisClient` has a derived impl for the trait `Debug`, but this is intentionally ignored during dead code analysis
[INFO] [stdout]   = note: `#[warn(dead_code)]` on by default
[INFO] [stdout] 
[INFO] [stdout] 
[INFO] [stdout] warning: function `get_multiplexed_redis_server_connection` is never used
[INFO] [stdout]    --> src/embedded_redis_server/embedded_redis_server.rs:109:18
[INFO] [stdout]     |
[INFO] [stdout] 109 |     pub async fn get_multiplexed_redis_server_connection(
[INFO] [stdout]     |                  ^^^^^^^^^^^^^^^^^^^^^^^^^^^^^^^^^^^^^^^
[INFO] [stdout] 
[INFO] [stdout] 
[INFO] [stdout] warning: field `server_process` is never read
[INFO] [stdout]   --> src/embedded_redis_server/states/ready.rs:10:5
[INFO] [stdout]    |
[INFO] [stdout] 9  | pub struct ReadyRedisServerProcess {
[INFO] [stdout]    |            ----------------------- field in this struct
[INFO] [stdout] 10 |     server_process: StartedRedisServerProcess,
[INFO] [stdout]    |     ^^^^^^^^^^^^^^
[INFO] [stdout] 
[INFO] [stdout] 
[INFO] [stdout] warning: field `connection` is never read
[INFO] [stdout]  --> src/embedded_redis_server/states/running_in_another_process.rs:8:5
[INFO] [stdout]   |
[INFO] [stdout] 7 | pub struct RedisServerRunningInAnotherProcess {
[INFO] [stdout]   |            ---------------------------------- field in this struct
[INFO] [stdout] 8 |     connection: redis::Connection,
[INFO] [stdout]   |     ^^^^^^^^^^
[INFO] [stdout] 
[INFO] [stdout] 
[INFO] [stdout] warning: function `kill_process_occupying_target_tcp_port` is never used
[INFO] [stdout]  --> src/embedded_redis_server/util.rs:4:4
[INFO] [stdout]   |
[INFO] [stdout] 4 | fn kill_process_occupying_target_tcp_port(port: u16) {
[INFO] [stdout]   |    ^^^^^^^^^^^^^^^^^^^^^^^^^^^^^^^^^^^^^^
[INFO] [stdout] 
[INFO] [stdout] 
[INFO] [stdout] warning: function `trim_newline` is never used
[INFO] [stdout]   --> src/embedded_redis_server/util.rs:55:4
[INFO] [stdout]    |
[INFO] [stdout] 55 | fn trim_newline(s: &mut String) {
[INFO] [stdout]    |    ^^^^^^^^^^^^
[INFO] [stdout] 
[INFO] [stdout] 
[INFO] [stdout] warning: calls to `std::mem::drop` with a reference instead of an owned value does nothing
[INFO] [stdout]   --> src/embedded_redis_client/embedded_redis_client.rs:25:17
[INFO] [stdout]    |
[INFO] [stdout] 25 |                 drop(ready_client);
[INFO] [stdout]    |                 ^^^^^------------^
[INFO] [stdout]    |                      |
[INFO] [stdout]    |                      argument has type `&mut ReadyRedisClient`
[INFO] [stdout]    |
[INFO] [stdout]    = note: `#[warn(dropping_references)]` on by default
[INFO] [stdout] help: use `let _ = ...` to ignore the expression or result
[INFO] [stdout]    |
[INFO] [stdout] 25 -                 drop(ready_client);
[INFO] [stdout] 25 +                 let _ = ready_client;
[INFO] [stdout]    |
[INFO] [stdout] 
[INFO] [stdout] 
[INFO] [stderr]     Finished `test` profile [unoptimized + debuginfo] target(s) in 6.57s
[INFO] [stderr] warning: the following packages contain code that will be rejected by a future version of Rust: redis v0.19.0
[INFO] [stderr] note: to see what the problems were, use the option `--future-incompat-report`, or run `cargo report future-incompatibilities --id 1`
[INFO] running `Command { std: "docker" "inspect" "0118656c2859b03171941f659d30947547719bc3a044bdafb46d12ad7ddf8812", kill_on_drop: false }`
[INFO] running `Command { std: "docker" "rm" "-f" "0118656c2859b03171941f659d30947547719bc3a044bdafb46d12ad7ddf8812", kill_on_drop: false }`
[INFO] [stdout] 0118656c2859b03171941f659d30947547719bc3a044bdafb46d12ad7ddf8812
[INFO] running `Command { std: "docker" "create" "-v" "/var/lib/crater-agent-workspace/builds/worker-5-tc1/target:/opt/rustwide/target:rw,Z" "-v" "/var/lib/crater-agent-workspace/builds/worker-5-tc1/source:/opt/rustwide/workdir:ro,Z" "-v" "/var/lib/crater-agent-workspace/cargo-home:/opt/rustwide/cargo-home:ro,Z" "-v" "/var/lib/crater-agent-workspace/rustup-home:/opt/rustwide/rustup-home:ro,Z" "-e" "SOURCE_DIR=/opt/rustwide/workdir" "-e" "CARGO_TARGET_DIR=/opt/rustwide/target" "-e" "CARGO_INCREMENTAL=0" "-e" "RUST_BACKTRACE=full" "-e" "RUSTFLAGS=--cap-lints=warn" "-e" "RUSTDOCFLAGS=--cap-lints=warn" "-e" "CARGO_HOME=/opt/rustwide/cargo-home" "-e" "RUSTUP_HOME=/opt/rustwide/rustup-home" "-w" "/opt/rustwide/workdir" "-m" "1610612736" "--user" "0:0" "--network" "none" "ghcr.io/rust-lang/crates-build-env/linux@sha256:f3a9d4ad9d972b27faf3965f35b62e55ba32bbce8f20bc8fe909558a86702fde" "/opt/rustwide/cargo-home/bin/cargo" "+1.83.0" "test" "--frozen", kill_on_drop: false }`
[INFO] [stdout] 748d0696c8829b7332af133a825e6ba4e5c16083180967a33ac14a37fa245fe4
[INFO] running `Command { std: "docker" "start" "-a" "748d0696c8829b7332af133a825e6ba4e5c16083180967a33ac14a37fa245fe4", kill_on_drop: false }`
[INFO] [stderr] warning: unused variable: `faulty_client`
[INFO] [stderr]   --> src/embedded_redis_client/embedded_redis_client.rs:59:41
[INFO] [stderr]    |
[INFO] [stderr] 59 |             EmbeddedRedisClient::Faulty(faulty_client) => Err(EmbeddedRedisClientError::new(
[INFO] [stderr]    |                                         ^^^^^^^^^^^^^ help: if this is intentional, prefix it with an underscore: `_faulty_client`
[INFO] [stderr]    |
[INFO] [stderr]    = note: `#[warn(unused_variables)]` on by default
[INFO] [stderr] 
[INFO] [stderr] warning: unused variable: `faulty_client`
[INFO] [stderr]    --> src/embedded_redis_client/embedded_redis_client.rs:101:49
[INFO] [stderr]     |
[INFO] [stderr] 101 |                     EmbeddedRedisClient::Faulty(faulty_client) => Err(EmbeddedRedisClientError::new(
[INFO] [stderr]     |                                                 ^^^^^^^^^^^^^ help: if this is intentional, prefix it with an underscore: `_faulty_client`
[INFO] [stderr] 
[INFO] [stderr] warning: unused variable: `redis_server_ready_to_start`
[INFO] [stderr]   --> src/embedded_redis_server/states/started.rs:20:9
[INFO] [stderr]    |
[INFO] [stderr] 20 |         redis_server_ready_to_start: ReadyToStart,
[INFO] [stderr]    |         ^^^^^^^^^^^^^^^^^^^^^^^^^^^ help: if this is intentional, prefix it with an underscore: `_redis_server_ready_to_start`
[INFO] [stderr] 
[INFO] [stderr] warning: field `settings` is never read
[INFO] [stderr]  --> src/embedded_redis_client/states/faulty.rs:7:5
[INFO] [stderr]   |
[INFO] [stderr] 6 | pub struct FaultyRedisClient {
[INFO] [stderr]   |            ----------------- field in this struct
[INFO] [stderr] 7 |     settings: EmbeddedRedisClientSettings,
[INFO] [stderr]   |     ^^^^^^^^
[INFO] [stderr]   |
[INFO] [stderr]   = note: `FaultyRedisClient` has a derived impl for the trait `Debug`, but this is intentionally ignored during dead code analysis
[INFO] [stderr]   = note: `#[warn(dead_code)]` on by default
[INFO] [stderr] 
[INFO] [stderr] warning: function `get_multiplexed_redis_server_connection` is never used
[INFO] [stderr]    --> src/embedded_redis_server/embedded_redis_server.rs:109:18
[INFO] [stderr]     |
[INFO] [stderr] 109 |     pub async fn get_multiplexed_redis_server_connection(
[INFO] [stderr]     |                  ^^^^^^^^^^^^^^^^^^^^^^^^^^^^^^^^^^^^^^^
[INFO] [stderr] 
[INFO] [stderr] warning: field `server_process` is never read
[INFO] [stderr]   --> src/embedded_redis_server/states/ready.rs:10:5
[INFO] [stderr]    |
[INFO] [stderr] 9  | pub struct ReadyRedisServerProcess {
[INFO] [stderr]    |            ----------------------- field in this struct
[INFO] [stderr] 10 |     server_process: StartedRedisServerProcess,
[INFO] [stderr]    |     ^^^^^^^^^^^^^^
[INFO] [stderr] 
[INFO] [stderr] warning: field `connection` is never read
[INFO] [stderr]  --> src/embedded_redis_server/states/running_in_another_process.rs:8:5
[INFO] [stderr]   |
[INFO] [stderr] 7 | pub struct RedisServerRunningInAnotherProcess {
[INFO] [stderr]   |            ---------------------------------- field in this struct
[INFO] [stderr] 8 |     connection: redis::Connection,
[INFO] [stderr]   |     ^^^^^^^^^^
[INFO] [stderr] 
[INFO] [stderr] warning: function `kill_process_occupying_target_tcp_port` is never used
[INFO] [stderr]  --> src/embedded_redis_server/util.rs:4:4
[INFO] [stderr]   |
[INFO] [stderr] 4 | fn kill_process_occupying_target_tcp_port(port: u16) {
[INFO] [stderr]   |    ^^^^^^^^^^^^^^^^^^^^^^^^^^^^^^^^^^^^^^
[INFO] [stderr] 
[INFO] [stderr] warning: function `trim_newline` is never used
[INFO] [stderr]   --> src/embedded_redis_server/util.rs:55:4
[INFO] [stderr]    |
[INFO] [stderr] 55 | fn trim_newline(s: &mut String) {
[INFO] [stderr]    |    ^^^^^^^^^^^^
[INFO] [stderr] 
[INFO] [stderr] warning: calls to `std::mem::drop` with a reference instead of an owned value does nothing
[INFO] [stderr]   --> src/embedded_redis_client/embedded_redis_client.rs:25:17
[INFO] [stderr]    |
[INFO] [stderr] 25 |                 drop(ready_client);
[INFO] [stderr]    |                 ^^^^^------------^
[INFO] [stderr]    |                      |
[INFO] [stderr]    |                      argument has type `&mut ReadyRedisClient`
[INFO] [stderr]    |
[INFO] [stderr]    = note: `#[warn(dropping_references)]` on by default
[INFO] [stderr] help: use `let _ = ...` to ignore the expression or result
[INFO] [stderr]    |
[INFO] [stderr] 25 -                 drop(ready_client);
[INFO] [stderr] 25 +                 let _ = ready_client;
[INFO] [stderr]    |
[INFO] [stderr] 
[INFO] [stderr] warning: `embedded_redis_client` (lib) generated 10 warnings
[INFO] [stderr] warning: `embedded_redis_client` (lib test) generated 10 warnings (10 duplicates)
[INFO] [stderr]     Finished `test` profile [unoptimized + debuginfo] target(s) in 0.15s
[INFO] [stderr] warning: the following packages contain code that will be rejected by a future version of Rust: redis v0.19.0
[INFO] [stderr] note: to see what the problems were, use the option `--future-incompat-report`, or run `cargo report future-incompatibilities --id 1`
[INFO] [stderr]      Running unittests src/lib.rs (/opt/rustwide/target/debug/deps/embedded_redis_client-3a3b39b4c1c12785)
[INFO] [stdout] 
[INFO] [stdout] running 4 tests
[INFO] [stdout] test embedded_redis_client::embedded_redis_client::tests::create_redis_client ... ok
[INFO] [stdout] test embedded_redis_server::embedded_redis_server::tests::start_redis_server ... FAILED
[INFO] [stdout] test embedded_redis_client::embedded_redis_client::tests::test_parallel_redis_connections ... FAILED
[INFO] [stdout] test embedded_redis_client::embedded_redis_client::tests::test_redis_connection ... FAILED
[INFO] [stdout] 
[INFO] [stdout] failures:
[INFO] [stdout] 
[INFO] [stdout] ---- embedded_redis_server::embedded_redis_server::tests::start_redis_server stdout ----
[INFO] [stdout] RedisGraphClient current directory: Ok("/opt/rustwide/workdir")
[INFO] [stdout] 
[INFO] [stdout] RedisServerSettings { startup: RedisServerStartupSettings { path_redis_server_executable: "/opt/rustwide/database/redis/redis/redis-server", path_redis_server_configuration_file: "/opt/rustwide/database/redis/configuration/redis.conf", startup_timeout: 7s, maximum_startup_retries: 3 }, connection: RedisServerConnectionSettings { server_address: 127.0.0.1:6379, database_id: 0 } }
[INFO] [stdout] 
[INFO] [stdout] thread 'embedded_redis_server::embedded_redis_server::tests::start_redis_server' panicked at src/embedded_redis_server/util.rs:39:10:
[INFO] [stdout] Failed to determine if local port 6379 is in use.: Os { code: 2, kind: NotFound, message: "No such file or directory" }
[INFO] [stdout] stack backtrace:
[INFO] [stdout]    0:     0x611aa8a25aba - std::backtrace_rs::backtrace::libunwind::trace::h5a5b8284f2d0c266
[INFO] [stdout]                                at /rustc/90b35a6239c3d8bdabc530a6a0816f7ff89a0aaf/library/std/src/../../backtrace/src/backtrace/libunwind.rs:116:5
[INFO] [stdout]    1:     0x611aa8a25aba - std::backtrace_rs::backtrace::trace_unsynchronized::h76d4f1c9b0b875e3
[INFO] [stdout]                                at /rustc/90b35a6239c3d8bdabc530a6a0816f7ff89a0aaf/library/std/src/../../backtrace/src/backtrace/mod.rs:66:5
[INFO] [stdout]    2:     0x611aa8a25aba - std::sys::backtrace::_print_fmt::hc4546b8364a537c6
[INFO] [stdout]                                at /rustc/90b35a6239c3d8bdabc530a6a0816f7ff89a0aaf/library/std/src/sys/backtrace.rs:66:9
[INFO] [stdout]    3:     0x611aa8a25aba - <std::sys::backtrace::BacktraceLock::print::DisplayBacktrace as core::fmt::Display>::fmt::h5b6bd5631a6d1f6b
[INFO] [stdout]                                at /rustc/90b35a6239c3d8bdabc530a6a0816f7ff89a0aaf/library/std/src/sys/backtrace.rs:39:26
[INFO] [stdout]    4:     0x611aa8a4d933 - core::fmt::rt::Argument::fmt::h270f6602a2b96f62
[INFO] [stdout]                                at /rustc/90b35a6239c3d8bdabc530a6a0816f7ff89a0aaf/library/core/src/fmt/rt.rs:177:76
[INFO] [stdout]    5:     0x611aa8a4d933 - core::fmt::write::h7550c97b06c86515
[INFO] [stdout]                                at /rustc/90b35a6239c3d8bdabc530a6a0816f7ff89a0aaf/library/core/src/fmt/mod.rs:1186:21
[INFO] [stdout]    6:     0x611aa8a21a03 - std::io::Write::write_fmt::h509ff860e5956e5e
[INFO] [stdout]                                at /rustc/90b35a6239c3d8bdabc530a6a0816f7ff89a0aaf/library/std/src/io/mod.rs:1839:15
[INFO] [stdout]    7:     0x611aa8a25902 - std::sys::backtrace::BacktraceLock::print::h2395ccd2c84ba3aa
[INFO] [stdout]                                at /rustc/90b35a6239c3d8bdabc530a6a0816f7ff89a0aaf/library/std/src/sys/backtrace.rs:42:9
[INFO] [stdout]    8:     0x611aa8a26f1a - std::panicking::default_hook::{{closure}}::he19d4c7230e07961
[INFO] [stdout]                                at /rustc/90b35a6239c3d8bdabc530a6a0816f7ff89a0aaf/library/std/src/panicking.rs:268:22
[INFO] [stdout]    9:     0x611aa8a26d24 - std::panicking::default_hook::hf614597d3c67bbdb
[INFO] [stdout]                                at /rustc/90b35a6239c3d8bdabc530a6a0816f7ff89a0aaf/library/std/src/panicking.rs:292:9
[INFO] [stdout]   10:     0x611aa8854299 - <alloc::boxed::Box<F,A> as core::ops::function::Fn<Args>>::call::h39b51ce4599c23d1
[INFO] [stdout]                                at /rustc/90b35a6239c3d8bdabc530a6a0816f7ff89a0aaf/library/alloc/src/boxed.rs:2468:9
[INFO] [stdout]   11:     0x611aa8854299 - test::test_main::{{closure}}::he977ae839a582784
[INFO] [stdout]                                at /rustc/90b35a6239c3d8bdabc530a6a0816f7ff89a0aaf/library/test/src/lib.rs:133:21
[INFO] [stdout]   12:     0x611aa8a275b8 - <alloc::boxed::Box<F,A> as core::ops::function::Fn<Args>>::call::h9455091b6b06f9fb
[INFO] [stdout]                                at /rustc/90b35a6239c3d8bdabc530a6a0816f7ff89a0aaf/library/alloc/src/boxed.rs:2468:9
[INFO] [stdout]   13:     0x611aa8a275b8 - std::panicking::rust_panic_with_hook::h8942133a8b252070
[INFO] [stdout]                                at /rustc/90b35a6239c3d8bdabc530a6a0816f7ff89a0aaf/library/std/src/panicking.rs:809:13
[INFO] [stdout]   14:     0x611aa8a2737a - std::panicking::begin_panic_handler::{{closure}}::hb5f5963570096b29
[INFO] [stdout]                                at /rustc/90b35a6239c3d8bdabc530a6a0816f7ff89a0aaf/library/std/src/panicking.rs:674:13
[INFO] [stdout]   15:     0x611aa8a25f99 - std::sys::backtrace::__rust_end_short_backtrace::h6208cedc1922feda
[INFO] [stdout]                                at /rustc/90b35a6239c3d8bdabc530a6a0816f7ff89a0aaf/library/std/src/sys/backtrace.rs:170:18
[INFO] [stdout]   16:     0x611aa8a2700c - rust_begin_unwind
[INFO] [stdout]                                at /rustc/90b35a6239c3d8bdabc530a6a0816f7ff89a0aaf/library/std/src/panicking.rs:665:5
[INFO] [stdout]   17:     0x611aa87e70a0 - core::panicking::panic_fmt::h0c3082644d1bf418
[INFO] [stdout]                                at /rustc/90b35a6239c3d8bdabc530a6a0816f7ff89a0aaf/library/core/src/panicking.rs:74:14
[INFO] [stdout]   18:     0x611aa87e74e6 - core::result::unwrap_failed::hd20b4aa073bda1e2
[INFO] [stdout]                                at /rustc/90b35a6239c3d8bdabc530a6a0816f7ff89a0aaf/library/core/src/result.rs:1700:5
[INFO] [stdout]   19:     0x611aa8807fb8 - core::result::Result<T,E>::expect::h342d71c3b1ef74ca
[INFO] [stdout]                                at /rustc/90b35a6239c3d8bdabc530a6a0816f7ff89a0aaf/library/core/src/result.rs:1061:23
[INFO] [stdout]   20:     0x611aa88195f4 - embedded_redis_client::embedded_redis_server::util::get_processes_using_target_port::h67a775a242a0fd15
[INFO] [stdout]                                at /opt/rustwide/workdir/src/embedded_redis_server/util.rs:36:37
[INFO] [stdout]   21:     0x611aa880cfaa - embedded_redis_client::embedded_redis_server::states::checking_environment::CheckingRedisServerEnvironment::start::hdf98cbcfa5cf9ccb
[INFO] [stdout]                                at /opt/rustwide/workdir/src/embedded_redis_server/states/checking_environment.rs:36:21
[INFO] [stdout]   22:     0x611aa880bd7b - embedded_redis_client::embedded_redis_server::embedded_redis_server::EmbeddedRedisServer::start::h4ae77fdbb0e2948d
[INFO] [stdout]                                at /opt/rustwide/workdir/src/embedded_redis_server/embedded_redis_server.rs:34:28
[INFO] [stdout]   23:     0x611aa880db96 - embedded_redis_client::embedded_redis_server::embedded_redis_server::tests::start_redis_server::h917b8394344b60c8
[INFO] [stdout]                                at /opt/rustwide/workdir/src/embedded_redis_server/embedded_redis_server.rs:145:29
[INFO] [stdout]   24:     0x611aa880db57 - embedded_redis_client::embedded_redis_server::embedded_redis_server::tests::start_redis_server::{{closure}}::h2952ce19f1417aac
[INFO] [stdout]                                at /opt/rustwide/workdir/src/embedded_redis_server/embedded_redis_server.rs:144:28
[INFO] [stdout]   25:     0x611aa8813006 - core::ops::function::FnOnce::call_once::hd35009e842175e7c
[INFO] [stdout]                                at /rustc/90b35a6239c3d8bdabc530a6a0816f7ff89a0aaf/library/core/src/ops/function.rs:250:5
[INFO] [stdout]   26:     0x611aa8858c5b - core::ops::function::FnOnce::call_once::h109cf8051a59b34e
[INFO] [stdout]                                at /rustc/90b35a6239c3d8bdabc530a6a0816f7ff89a0aaf/library/core/src/ops/function.rs:250:5
[INFO] [stdout]   27:     0x611aa8858c5b - test::__rust_begin_short_backtrace::hf4fff89d377446ba
[INFO] [stdout]                                at /rustc/90b35a6239c3d8bdabc530a6a0816f7ff89a0aaf/library/test/src/lib.rs:621:18
[INFO] [stdout]   28:     0x611aa8858497 - test::run_test_in_process::{{closure}}::h0e39181dd7ee5a43
[INFO] [stdout]                                at /rustc/90b35a6239c3d8bdabc530a6a0816f7ff89a0aaf/library/test/src/lib.rs:644:60
[INFO] [stdout]   29:     0x611aa8858497 - <core::panic::unwind_safe::AssertUnwindSafe<F> as core::ops::function::FnOnce<()>>::call_once::hc5a66a30f0bdfd1f
[INFO] [stdout]                                at /rustc/90b35a6239c3d8bdabc530a6a0816f7ff89a0aaf/library/core/src/panic/unwind_safe.rs:272:9
[INFO] [stdout]   30:     0x611aa8858497 - std::panicking::try::do_call::h873b7cf639554a5e
[INFO] [stdout]                                at /rustc/90b35a6239c3d8bdabc530a6a0816f7ff89a0aaf/library/std/src/panicking.rs:557:40
[INFO] [stdout]   31:     0x611aa8858497 - std::panicking::try::hdb19862fad9c8bd1
[INFO] [stdout]                                at /rustc/90b35a6239c3d8bdabc530a6a0816f7ff89a0aaf/library/std/src/panicking.rs:520:19
[INFO] [stdout]   32:     0x611aa8858497 - std::panic::catch_unwind::h281fe732d236d260
[INFO] [stdout]                                at /rustc/90b35a6239c3d8bdabc530a6a0816f7ff89a0aaf/library/std/src/panic.rs:358:14
[INFO] [stdout]   33:     0x611aa8858497 - test::run_test_in_process::h949b6df8457ed338
[INFO] [stdout]                                at /rustc/90b35a6239c3d8bdabc530a6a0816f7ff89a0aaf/library/test/src/lib.rs:644:27
[INFO] [stdout]   34:     0x611aa8858497 - test::run_test::{{closure}}::h52c556a6d4740e10
[INFO] [stdout]                                at /rustc/90b35a6239c3d8bdabc530a6a0816f7ff89a0aaf/library/test/src/lib.rs:565:43
[INFO] [stdout]   35:     0x611aa881d774 - test::run_test::{{closure}}::h4237f6381c45ccb9
[INFO] [stdout]                                at /rustc/90b35a6239c3d8bdabc530a6a0816f7ff89a0aaf/library/test/src/lib.rs:595:41
[INFO] [stdout]   36:     0x611aa881d774 - std::sys::backtrace::__rust_begin_short_backtrace::h505c97a579eca628
[INFO] [stdout]                                at /rustc/90b35a6239c3d8bdabc530a6a0816f7ff89a0aaf/library/std/src/sys/backtrace.rs:154:18
[INFO] [stdout]   37:     0x611aa8820e3e - std::thread::Builder::spawn_unchecked_::{{closure}}::{{closure}}::h9e86b2e2bc107ea3
[INFO] [stdout]                                at /rustc/90b35a6239c3d8bdabc530a6a0816f7ff89a0aaf/library/std/src/thread/mod.rs:538:17
[INFO] [stdout]   38:     0x611aa8820e3e - <core::panic::unwind_safe::AssertUnwindSafe<F> as core::ops::function::FnOnce<()>>::call_once::h8b06ddb275ff4a25
[INFO] [stdout]                                at /rustc/90b35a6239c3d8bdabc530a6a0816f7ff89a0aaf/library/core/src/panic/unwind_safe.rs:272:9
[INFO] [stdout]   39:     0x611aa8820e3e - std::panicking::try::do_call::hb26ecd7cd9a9355d
[INFO] [stdout]                                at /rustc/90b35a6239c3d8bdabc530a6a0816f7ff89a0aaf/library/std/src/panicking.rs:557:40
[INFO] [stdout]   40:     0x611aa8820e3e - std::panicking::try::h8ddeca9d705f9069
[INFO] [stdout]                                at /rustc/90b35a6239c3d8bdabc530a6a0816f7ff89a0aaf/library/std/src/panicking.rs:520:19
[INFO] [stdout]   41:     0x611aa8820e3e - std::panic::catch_unwind::h49e1c33078844c46
[INFO] [stdout]                                at /rustc/90b35a6239c3d8bdabc530a6a0816f7ff89a0aaf/library/std/src/panic.rs:358:14
[INFO] [stdout]   42:     0x611aa8820e3e - std::thread::Builder::spawn_unchecked_::{{closure}}::h6073db6ff56ad35d
[INFO] [stdout]                                at /rustc/90b35a6239c3d8bdabc530a6a0816f7ff89a0aaf/library/std/src/thread/mod.rs:537:30
[INFO] [stdout]   43:     0x611aa8820e3e - core::ops::function::FnOnce::call_once{{vtable.shim}}::h2c5a5f3779c774f1
[INFO] [stdout]                                at /rustc/90b35a6239c3d8bdabc530a6a0816f7ff89a0aaf/library/core/src/ops/function.rs:250:5
[INFO] [stdout]   44:     0x611aa8a2b73b - <alloc::boxed::Box<F,A> as core::ops::function::FnOnce<Args>>::call_once::hf75717d9f28faebf
[INFO] [stdout]                                at /rustc/90b35a6239c3d8bdabc530a6a0816f7ff89a0aaf/library/alloc/src/boxed.rs:2454:9
[INFO] [stdout]   45:     0x611aa8a2b73b - <alloc::boxed::Box<F,A> as core::ops::function::FnOnce<Args>>::call_once::h7bd883a5f3c5f3c1
[INFO] [stdout]                                at /rustc/90b35a6239c3d8bdabc530a6a0816f7ff89a0aaf/library/alloc/src/boxed.rs:2454:9
[INFO] [stdout]   46:     0x611aa8a2b73b - std::sys::pal::unix::thread::Thread::new::thread_start::hcc78f3943333fa94
[INFO] [stdout]                                at /rustc/90b35a6239c3d8bdabc530a6a0816f7ff89a0aaf/library/std/src/sys/pal/unix/thread.rs:105:17
[INFO] [stdout]   47:     0x7b30cccdbac3 - <unknown>
[INFO] [stdout]   48:     0x7b30ccd6ca04 - clone
[INFO] [stdout]   49:                0x0 - <unknown>
[INFO] [stdout] 
[INFO] [stdout] ---- embedded_redis_client::embedded_redis_client::tests::test_redis_connection stdout ----
[INFO] [stdout] RedisGraphClient current directory: Ok("/opt/rustwide/workdir")
[INFO] [stdout] 
[INFO] [stdout] RedisServerSettings { startup: RedisServerStartupSettings { path_redis_server_executable: "/opt/rustwide/database/redis/redis/redis-server", path_redis_server_configuration_file: "/opt/rustwide/database/redis/configuration/redis.conf", startup_timeout: 7s, maximum_startup_retries: 3 }, connection: RedisServerConnectionSettings { server_address: 127.0.0.1:6379, database_id: 0 } }
[INFO] [stdout] 
[INFO] [stdout] RedisGraphClient current directory: Ok("/opt/rustwide/workdir")
[INFO] [stdout] 
[INFO] [stdout] RedisServerSettings { startup: RedisServerStartupSettings { path_redis_server_executable: "/opt/rustwide/database/redis/redis/redis-server", path_redis_server_configuration_file: "/opt/rustwide/database/redis/configuration/redis.conf", startup_timeout: 7s, maximum_startup_retries: 3 }, connection: RedisServerConnectionSettings { server_address: 127.0.0.1:6379, database_id: 0 } }
[INFO] [stdout] 
[INFO] [stdout] RedisGraphClient current directory: Ok("/opt/rustwide/workdir")
[INFO] [stdout] 
[INFO] [stdout] RedisServerSettings { startup: RedisServerStartupSettings { path_redis_server_executable: "/opt/rustwide/database/redis/redis/redis-server", path_redis_server_configuration_file: "/opt/rustwide/database/redis/configuration/redis.conf", startup_timeout: 7s, maximum_startup_retries: 3 }, connection: RedisServerConnectionSettings { server_address: 127.0.0.1:6379, database_id: 0 } }
[INFO] [stdout] 
[INFO] [stdout] thread 'async-std/runtime' panicked at src/embedded_redis_server/util.rs:39:10:
[INFO] [stdout] Failed to determine if local port 6379 is in use.: Os { code: 2, kind: NotFound, message: "No such file or directory" }
[INFO] [stdout] stack backtrace:
[INFO] [stdout]    0:     0x611aa8a25aba - std::backtrace_rs::backtrace::libunwind::trace::h5a5b8284f2d0c266
[INFO] [stdout]                                at /rustc/90b35a6239c3d8bdabc530a6a0816f7ff89a0aaf/library/std/src/../../backtrace/src/backtrace/libunwind.rs:116:5
[INFO] [stdout]    1:     0x611aa8a25aba - std::backtrace_rs::backtrace::trace_unsynchronized::h76d4f1c9b0b875e3
[INFO] [stdout]                                at /rustc/90b35a6239c3d8bdabc530a6a0816f7ff89a0aaf/library/std/src/../../backtrace/src/backtrace/mod.rs:66:5
[INFO] [stdout]    2:     0x611aa8a25aba - std::sys::backtrace::_print_fmt::hc4546b8364a537c6
[INFO] [stdout]                                at /rustc/90b35a6239c3d8bdabc530a6a0816f7ff89a0aaf/library/std/src/sys/backtrace.rs:66:9
[INFO] [stdout]    3:     0x611aa8a25aba - <std::sys::backtrace::BacktraceLock::print::DisplayBacktrace as core::fmt::Display>::fmt::h5b6bd5631a6d1f6b
[INFO] [stdout]                                at /rustc/90b35a6239c3d8bdabc530a6a0816f7ff89a0aaf/library/std/src/sys/backtrace.rs:39:26
[INFO] [stdout]    4:     0x611aa8a4d933 - core::fmt::rt::Argument::fmt::h270f6602a2b96f62
[INFO] [stdout]                                at /rustc/90b35a6239c3d8bdabc530a6a0816f7ff89a0aaf/library/core/src/fmt/rt.rs:177:76
[INFO] [stdout]    5:     0x611aa8a4d933 - core::fmt::write::h7550c97b06c86515
[INFO] [stdout]                                at /rustc/90b35a6239c3d8bdabc530a6a0816f7ff89a0aaf/library/core/src/fmt/mod.rs:1186:21
[INFO] [stdout]    6:     0x611aa8a21a03 - std::io::Write::write_fmt::h509ff860e5956e5e
[INFO] [stdout]                                at /rustc/90b35a6239c3d8bdabc530a6a0816f7ff89a0aaf/library/std/src/io/mod.rs:1839:15
[INFO] [stdout]    7:     0x611aa8a25902 - std::sys::backtrace::BacktraceLock::print::h2395ccd2c84ba3aa
[INFO] [stdout]                                at /rustc/90b35a6239c3d8bdabc530a6a0816f7ff89a0aaf/library/std/src/sys/backtrace.rs:42:9
[INFO] [stdout]    8:     0x611aa8a26f1a - std::panicking::default_hook::{{closure}}::he19d4c7230e07961
[INFO] [stdout]                                at /rustc/90b35a6239c3d8bdabc530a6a0816f7ff89a0aaf/library/std/src/panicking.rs:268:22
[INFO] [stdout]    9:     0x611aa8a26d24 - std::panicking::default_hook::hf614597d3c67bbdb
[INFO] [stdout]                                at /rustc/90b35a6239c3d8bdabc530a6a0816f7ff89a0aaf/library/std/src/panicking.rs:292:9
[INFO] [stdout]   10:     0x611aa8854299 - <alloc::boxed::Box<F,A> as core::ops::function::Fn<Args>>::call::h39b51ce4599c23d1
[INFO] [stdout]                                at /rustc/90b35a6239c3d8bdabc530a6a0816f7ff89a0aaf/library/alloc/src/boxed.rs:2468:9
[INFO] [stdout]   11:     0x611aa8854299 - test::test_main::{{closure}}::he977ae839a582784
[INFO] [stdout]                                at /rustc/90b35a6239c3d8bdabc530a6a0816f7ff89a0aaf/library/test/src/lib.rs:133:21
[INFO] [stdout]   12:     0x611aa8a275b8 - <alloc::boxed::Box<F,A> as core::ops::function::Fn<Args>>::call::h9455091b6b06f9fb
[INFO] [stdout]                                at /rustc/90b35a6239c3d8bdabc530a6a0816f7ff89a0aaf/library/alloc/src/boxed.rs:2468:9
[INFO] [stdout]   13:     0x611aa8a275b8 - std::panicking::rust_panic_with_hook::h8942133a8b252070
[INFO] [stdout]                                at /rustc/90b35a6239c3d8bdabc530a6a0816f7ff89a0aaf/library/std/src/panicking.rs:809:13
[INFO] [stdout]   14:     0x611aa8a2737a - std::panicking::begin_panic_handler::{{closure}}::hb5f5963570096b29
[INFO] [stdout]                                at /rustc/90b35a6239c3d8bdabc530a6a0816f7ff89a0aaf/library/std/src/panicking.rs:674:13
[INFO] [stdout]   15:     0x611aa8a25f99 - std::sys::backtrace::__rust_end_short_backtrace::h6208cedc1922feda
[INFO] [stdout]                                at /rustc/90b35a6239c3d8bdabc530a6a0816f7ff89a0aaf/library/std/src/sys/backtrace.rs:170:18
[INFO] [stdout]   16:     0x611aa8a2700c - rust_begin_unwind
[INFO] [stdout]                                at /rustc/90b35a6239c3d8bdabc530a6a0816f7ff89a0aaf/library/std/src/panicking.rs:665:5
[INFO] [stdout]   17:     0x611aa87e70a0 - core::panicking::panic_fmt::h0c3082644d1bf418
[INFO] [stdout]                                at /rustc/90b35a6239c3d8bdabc530a6a0816f7ff89a0aaf/library/core/src/panicking.rs:74:14
[INFO] [stdout]   18:     0x611aa87e74e6 - core::result::unwrap_failed::hd20b4aa073bda1e2
[INFO] [stdout]                                at /rustc/90b35a6239c3d8bdabc530a6a0816f7ff89a0aaf/library/core/src/result.rs:1700:5
[INFO] [stdout]   19:     0x611aa8807fb8 - core::result::Result<T,E>::expect::h342d71c3b1ef74ca
[INFO] [stdout]                                at /rustc/90b35a6239c3d8bdabc530a6a0816f7ff89a0aaf/library/core/src/result.rs:1061:23
[INFO] [stdout]   20:     0x611aa88195f4 - embedded_redis_client::embedded_redis_server::util::get_processes_using_target_port::h67a775a242a0fd15
[INFO] [stdout]                                at /opt/rustwide/workdir/src/embedded_redis_server/util.rs:36:37
[INFO] [stdout]   21:     0x611aa880cfaa - embedded_redis_client::embedded_redis_server::states::checking_environment::CheckingRedisServerEnvironment::start::hdf98cbcfa5cf9ccb
[INFO] [stdout]                                at /opt/rustwide/workdir/src/embedded_redis_server/states/checking_environment.rs:36:21
[INFO] [stdout]   22:     0x611aa880bd7b - embedded_redis_client::embedded_redis_server::embedded_redis_server::EmbeddedRedisServer::start::h4ae77fdbb0e2948d
[INFO] [stdout]                                at /opt/rustwide/workdir/src/embedded_redis_server/embedded_redis_server.rs:34:28
[INFO] [stdout]   23:     0x611aa880c902 - embedded_redis_client::embedded_redis_server::embedded_redis_server::EmbeddedRedisServer::start_with_retry::h0a34fefc6eece781
[INFO] [stdout]                                at /opt/rustwide/workdir/src/embedded_redis_server/embedded_redis_server.rs:63:19
[INFO] [stdout]   24:     0x611aa880277f - embedded_redis_client::embedded_redis_client::states::started::StartedRedisClient::new::hc2b16a9a750d991f
[INFO] [stdout]                                at /opt/rustwide/workdir/src/embedded_redis_client/states/started.rs:18:13
[INFO] [stdout]   25:     0x611aa87fb3d7 - embedded_redis_client::embedded_redis_client::embedded_redis_client::EmbeddedRedisClient::start::{{closure}}::h048f8ce613112d83
[INFO] [stdout]                                at /opt/rustwide/workdir/src/embedded_redis_client/embedded_redis_client.rs:16:42
[INFO] [stdout]   26:     0x611aa8818638 - embedded_redis_client::embedded_redis_client::embedded_redis_client::tests::new_embedded_redis_client::{{closure}}::hfb2078c3b805721b
[INFO] [stdout]                                at /opt/rustwide/workdir/src/embedded_redis_client/embedded_redis_client.rs:162:18
[INFO] [stdout]   27:     0x611aa881adfe - embedded_redis_client::embedded_redis_client::embedded_redis_client::tests::test_parallel_redis_connections::{{closure}}::{{closure}}::h18c437b208fa49a1
[INFO] [stdout]                                at /opt/rustwide/workdir/src/embedded_redis_client/embedded_redis_client.rs:213:77
[INFO] [stdout]   28:     0x611aa8807252 - <async_std::task::builder::SupportTaskLocals<F> as core::future::future::Future>::poll::{{closure}}::had8b5b0382d78c31
[INFO] [stdout]                                at /opt/rustwide/cargo-home/registry/src/index.crates.io-6f17d22bba15001f/async-std-1.13.0/src/task/builder.rs:199:17
[INFO] [stdout]   29:     0x611aa880602c - async_std::task::task_locals_wrapper::TaskLocalsWrapper::set_current::{{closure}}::h96dd173b5cb749f1
[INFO] [stdout]                                at /opt/rustwide/cargo-home/registry/src/index.crates.io-6f17d22bba15001f/async-std-1.13.0/src/task/task_locals_wrapper.rs:60:13
[INFO] [stdout]   30:     0x611aa87f898a - std::thread::local::LocalKey<T>::try_with::h9ae2ebc469f6830e
[INFO] [stdout]                                at /rustc/90b35a6239c3d8bdabc530a6a0816f7ff89a0aaf/library/std/src/thread/local.rs:283:12
[INFO] [stdout]   31:     0x611aa87f6d9a - std::thread::local::LocalKey<T>::with::h2c3d7b93fc1de061
[INFO] [stdout]                                at /rustc/90b35a6239c3d8bdabc530a6a0816f7ff89a0aaf/library/std/src/thread/local.rs:260:9
[INFO] [stdout]   32:     0x611aa88058b8 - async_std::task::task_locals_wrapper::TaskLocalsWrapper::set_current::h03b3f506e3da3406
[INFO] [stdout]                                at /opt/rustwide/cargo-home/registry/src/index.crates.io-6f17d22bba15001f/async-std-1.13.0/src/task/task_locals_wrapper.rs:55:9
[INFO] [stdout]   33:     0x611aa880710a - <async_std::task::builder::SupportTaskLocals<F> as core::future::future::Future>::poll::h8404c1fdc77f91f0
[INFO] [stdout]                                at /opt/rustwide/cargo-home/registry/src/index.crates.io-6f17d22bba15001f/async-std-1.13.0/src/task/builder.rs:197:13
[INFO] [stdout]   34:     0x611aa881071c - async_executor::Executor::spawn_inner::{{closure}}::h2203b6d579a2e966
[INFO] [stdout]                                at /opt/rustwide/cargo-home/registry/src/index.crates.io-6f17d22bba15001f/async-executor-1.13.1/src/lib.rs:250:20
[INFO] [stdout]   35:     0x611aa88121fd - <core::pin::Pin<P> as core::future::future::Future>::poll::h7fff724612bf9628
[INFO] [stdout]                                at /rustc/90b35a6239c3d8bdabc530a6a0816f7ff89a0aaf/library/core/src/future/future.rs:123:9
[INFO] [stdout]   36:     0x611aa87ea140 - async_task::raw::RawTask<F,T,S,M>::run::{{closure}}::h242b541bbac56222
[INFO] [stdout]                                at /opt/rustwide/cargo-home/registry/src/index.crates.io-6f17d22bba15001f/async-task-4.7.1/src/raw.rs:550:21
[INFO] [stdout]   37:     0x611aa8812c48 - core::ops::function::FnOnce::call_once::h2b85f65f84e59479
[INFO] [stdout]                                at /rustc/90b35a6239c3d8bdabc530a6a0816f7ff89a0aaf/library/core/src/ops/function.rs:250:5
[INFO] [stdout]   38:     0x611aa8816183 - <core::panic::unwind_safe::AssertUnwindSafe<F> as core::ops::function::FnOnce<()>>::call_once::h1c7499e6aa9d2f4b
[INFO] [stdout]                                at /rustc/90b35a6239c3d8bdabc530a6a0816f7ff89a0aaf/library/core/src/panic/unwind_safe.rs:272:9
[INFO] [stdout]   39:     0x611aa8803796 - std::panicking::try::do_call::h9059806cd1a43b06
[INFO] [stdout]                                at /rustc/90b35a6239c3d8bdabc530a6a0816f7ff89a0aaf/library/std/src/panicking.rs:557:40
[INFO] [stdout]   40:     0x611aa87ff75b - __rust_try
[INFO] [stdout]   41:     0x611aa87fa554 - std::panicking::try::ha3716c11409c46c9
[INFO] [stdout]                                at /rustc/90b35a6239c3d8bdabc530a6a0816f7ff89a0aaf/library/std/src/panicking.rs:520:19
[INFO] [stdout]   42:     0x611aa87fa554 - std::panic::catch_unwind::hcd686fdc85a03a97
[INFO] [stdout]                                at /rustc/90b35a6239c3d8bdabc530a6a0816f7ff89a0aaf/library/std/src/panic.rs:358:14
[INFO] [stdout]   43:     0x611aa87e9543 - async_task::raw::RawTask<F,T,S,M>::run::h974fca2e93212949
[INFO] [stdout]                                at /opt/rustwide/cargo-home/registry/src/index.crates.io-6f17d22bba15001f/async-task-4.7.1/src/raw.rs:549:23
[INFO] [stdout]   44:     0x611aa896cdff - async_task::runnable::Runnable<M>::run::h71c173b3c52ba6fc
[INFO] [stdout]                                at /opt/rustwide/cargo-home/registry/src/index.crates.io-6f17d22bba15001f/async-task-4.7.1/src/runnable.rs:781:18
[INFO] [stdout]   45:     0x611aa894997b - async_executor::State::run::{{closure}}::{{closure}}::h0b139386f6197812
[INFO] [stdout]                                at /opt/rustwide/cargo-home/registry/src/index.crates.io-6f17d22bba15001f/async-executor-1.13.1/src/lib.rs:741:21
[INFO] [stdout]   46:     0x611aa8963022 - <futures_lite::future::Or<F1,F2> as core::future::future::Future>::poll::hdb778aa8e9ac8722
[INFO] [stdout]                                at /opt/rustwide/cargo-home/registry/src/index.crates.io-6f17d22bba15001f/futures-lite-2.5.0/src/future.rs:457:33
[INFO] [stdout]   47:     0x611aa8949592 - async_executor::State::run::{{closure}}::ha449e39a02f0dd56
[INFO] [stdout]                                at /opt/rustwide/cargo-home/registry/src/index.crates.io-6f17d22bba15001f/async-executor-1.13.1/src/lib.rs:748:32
[INFO] [stdout]   48:     0x611aa894ba6b - async_executor::Executor::run::{{closure}}::hf349270b8240ac99
[INFO] [stdout]                                at /opt/rustwide/cargo-home/registry/src/index.crates.io-6f17d22bba15001f/async-executor-1.13.1/src/lib.rs:344:34
[INFO] [stdout]   49:     0x611aa8962f82 - <futures_lite::future::Or<F1,F2> as core::future::future::Future>::poll::hc0d9ff6db006cc48
[INFO] [stdout]                                at /opt/rustwide/cargo-home/registry/src/index.crates.io-6f17d22bba15001f/futures-lite-2.5.0/src/future.rs:457:33
[INFO] [stdout]   50:     0x611aa895722e - async_io::driver::block_on::{{closure}}::ha2f80586a6b5570a
[INFO] [stdout]                                at /opt/rustwide/cargo-home/registry/src/index.crates.io-6f17d22bba15001f/async-io-2.4.0/src/driver.rs:199:37
[INFO] [stdout]   51:     0x611aa89477fc - std::thread::local::LocalKey<T>::try_with::h822aeb428af3c365
[INFO] [stdout]                                at /rustc/90b35a6239c3d8bdabc530a6a0816f7ff89a0aaf/library/std/src/thread/local.rs:283:12
[INFO] [stdout]   52:     0x611aa8946a6b - std::thread::local::LocalKey<T>::with::hfd890958aa0c0700
[INFO] [stdout]                                at /rustc/90b35a6239c3d8bdabc530a6a0816f7ff89a0aaf/library/std/src/thread/local.rs:260:9
[INFO] [stdout]   53:     0x611aa894cd9e - async_io::driver::block_on::h6e09e0c920c09033
[INFO] [stdout]                                at /opt/rustwide/cargo-home/registry/src/index.crates.io-6f17d22bba15001f/async-io-2.4.0/src/driver.rs:175:5
[INFO] [stdout]   54:     0x611aa8948a24 - async_global_executor::reactor::block_on::{{closure}}::hd90fdadc04855cbb
[INFO] [stdout]                                at /opt/rustwide/cargo-home/registry/src/index.crates.io-6f17d22bba15001f/async-global-executor-2.4.1/src/reactor.rs:3:18
[INFO] [stdout]   55:     0x611aa89488d4 - async_global_executor::reactor::block_on::h4eabe0ea575826a0
[INFO] [stdout]                                at /opt/rustwide/cargo-home/registry/src/index.crates.io-6f17d22bba15001f/async-global-executor-2.4.1/src/reactor.rs:12:5
[INFO] [stdout]   56:     0x611aa895e196 - async_global_executor::threading::thread_main_loop::{{closure}}::{{closure}}::hbce5723a11b3ebd5
[INFO] [stdout]                                at /opt/rustwide/cargo-home/registry/src/index.crates.io-6f17d22bba15001f/async-global-executor-2.4.1/src/threading.rs:95:17
[INFO] [stdout]   57:     0x611aa8947c3b - std::thread::local::LocalKey<T>::try_with::hd9ab37512a810917
[INFO] [stdout]                                at /rustc/90b35a6239c3d8bdabc530a6a0816f7ff89a0aaf/library/std/src/thread/local.rs:283:12
[INFO] [stdout]   58:     0x611aa8946764 - std::thread::local::LocalKey<T>::with::h86583e3087a30f83
[INFO] [stdout]                                at /rustc/90b35a6239c3d8bdabc530a6a0816f7ff89a0aaf/library/std/src/thread/local.rs:260:9
[INFO] [stdout]   59:     0x611aa895e096 - async_global_executor::threading::thread_main_loop::{{closure}}::hb71ecb851134ad4c
[INFO] [stdout]                                at /opt/rustwide/cargo-home/registry/src/index.crates.io-6f17d22bba15001f/async-global-executor-2.4.1/src/threading.rs:89:13
[INFO] [stdout]   60:     0x611aa8964f55 - std::panicking::try::do_call::h6c8c9c4077dc1f78
[INFO] [stdout]                                at /rustc/90b35a6239c3d8bdabc530a6a0816f7ff89a0aaf/library/std/src/panicking.rs:557:40
[INFO] [stdout]   61:     0x611aa896660b - __rust_try
[INFO] [stdout]   62:     0x611aa8963680 - std::panicking::try::hed60a34421f2e866
[INFO] [stdout]                                at /rustc/90b35a6239c3d8bdabc530a6a0816f7ff89a0aaf/library/std/src/panicking.rs:520:19
[INFO] [stdout]   63:     0x611aa8963680 - std::panic::catch_unwind::h7b959e771ea7c822
[INFO] [stdout]                                at /rustc/90b35a6239c3d8bdabc530a6a0816f7ff89a0aaf/library/std/src/panic.rs:358:14
[INFO] [stdout]   64:     0x611aa895decc - async_global_executor::threading::thread_main_loop::ha97679dc315b2c20
[INFO] [stdout]                                at /opt/rustwide/cargo-home/registry/src/index.crates.io-6f17d22bba15001f/async-global-executor-2.4.1/src/threading.rs:88:12
[INFO] [stdout]   65:     0x611aa895af17 - core::ops::function::FnOnce::call_once::hcba32ea1a18da8b4
[INFO] [stdout]                                at /rustc/90b35a6239c3d8bdabc530a6a0816f7ff89a0aaf/library/core/src/ops/function.rs:250:5
[INFO] [stdout]   66:     0x611aa8966e97 - std::sys::backtrace::__rust_begin_short_backtrace::he4b41289576f8181
[INFO] [stdout]                                at /rustc/90b35a6239c3d8bdabc530a6a0816f7ff89a0aaf/library/std/src/sys/backtrace.rs:154:18
[INFO] [stdout]   67:     0x611aa8964c77 - std::thread::Builder::spawn_unchecked_::{{closure}}::{{closure}}::h14083c3823dd39b6
[INFO] [stdout]                                at /rustc/90b35a6239c3d8bdabc530a6a0816f7ff89a0aaf/library/std/src/thread/mod.rs:538:17
[INFO] [stdout]   68:     0x611aa8969c97 - <core::panic::unwind_safe::AssertUnwindSafe<F> as core::ops::function::FnOnce<()>>::call_once::h0612efbac974ce39
[INFO] [stdout]                                at /rustc/90b35a6239c3d8bdabc530a6a0816f7ff89a0aaf/library/core/src/panic/unwind_safe.rs:272:9
[INFO] [stdout]   69:     0x611aa8964eed - std::panicking::try::do_call::h2a3725a80170d1fc
[INFO] [stdout]                                at /rustc/90b35a6239c3d8bdabc530a6a0816f7ff89a0aaf/library/std/src/panicking.rs:557:40
[INFO] [stdout]   70:     0x611aa896660b - __rust_try
[INFO] [stdout]   71:     0x611aa8964a9e - std::panicking::try::hfee67c7f61c1e4e1
[INFO] [stdout]                                at /rustc/90b35a6239c3d8bdabc530a6a0816f7ff89a0aaf/library/std/src/panicking.rs:520:19
[INFO] [stdout]   72:     0x611aa8964a9e - std::panic::catch_unwind::hb9595797223de90e
[INFO] [stdout]                                at /rustc/90b35a6239c3d8bdabc530a6a0816f7ff89a0aaf/library/std/src/panic.rs:358:14
[INFO] [stdout]   73:     0x611aa8964a9e - std::thread::Builder::spawn_unchecked_::{{closure}}::heaa0dc8447dc800a
[INFO] [stdout]                                at /rustc/90b35a6239c3d8bdabc530a6a0816f7ff89a0aaf/library/std/src/thread/mod.rs:537:30
[INFO] [stdout]   74:     0x611aa895abcf - core::ops::function::FnOnce::call_once{{vtable.shim}}::hfcdc9fada28bafdc
[INFO] [stdout]                                at /rustc/90b35a6239c3d8bdabc530a6a0816f7ff89a0aaf/library/core/src/ops/function.rs:250:5
[INFO] [stdout]   75:     0x611aa8a2b73b - <alloc::boxed::Box<F,A> as core::ops::function::FnOnce<Args>>::call_once::hf75717d9f28faebf
[INFO] [stdout]                                at /rustc/90b35a6239c3d8bdabc530a6a0816f7ff89a0aaf/library/alloc/src/boxed.rs:2454:9
[INFO] [stdout]   76:     0x611aa8a2b73b - <alloc::boxed::Box<F,A> as core::ops::function::FnOnce<Args>>::call_once::h7bd883a5f3c5f3c1
[INFO] [stdout]                                at /rustc/90b35a6239c3d8bdabc530a6a0816f7ff89a0aaf/library/alloc/src/boxed.rs:2454:9
[INFO] [stdout]   77:     0x611aa8a2b73b - std::sys::pal::unix::thread::Thread::new::thread_start::hcc78f3943333fa94
[INFO] [stdout]                                at /rustc/90b35a6239c3d8bdabc530a6a0816f7ff89a0aaf/library/std/src/sys/pal/unix/thread.rs:105:17
[INFO] [stdout]   78:     0x7b30cccdbac3 - <unknown>
[INFO] [stdout]   79:     0x7b30ccd6ca04 - clone
[INFO] [stdout]   80:                0x0 - <unknown>
[INFO] [stdout] thread 'embedded_redis_client::embedded_redis_client::tests::test_redis_connection' panicked at src/embedded_redis_server/util.rs:39:10:
[INFO] [stdout] Failed to determine if local port 6379 is in use.: Os { code: 2, kind: NotFound, message: "No such file or directory" }
[INFO] [stdout] stack backtrace:
[INFO] [stdout]    0:     0x611aa8a25aba - std::backtrace_rs::backtrace::libunwind::trace::h5a5b8284f2d0c266
[INFO] [stdout]                                at /rustc/90b35a6239c3d8bdabc530a6a0816f7ff89a0aaf/library/std/src/../../backtrace/src/backtrace/libunwind.rs:116:5
[INFO] [stdout]    1:     0x611aa8a25aba - std::backtrace_rs::backtrace::trace_unsynchronized::h76d4f1c9b0b875e3
[INFO] [stdout]                                at /rustc/90b35a6239c3d8bdabc530a6a0816f7ff89a0aaf/library/std/src/../../backtrace/src/backtrace/mod.rs:66:5
[INFO] [stdout]    2:     0x611aa8a25aba - std::sys::backtrace::_print_fmt::hc4546b8364a537c6
[INFO] [stdout]                                at /rustc/90b35a6239c3d8bdabc530a6a0816f7ff89a0aaf/library/std/src/sys/backtrace.rs:66:9
[INFO] [stdout]    3:     0x611aa8a25aba - <std::sys::backtrace::BacktraceLock::print::DisplayBacktrace as core::fmt::Display>::fmt::h5b6bd5631a6d1f6b
[INFO] [stdout]                                at /rustc/90b35a6239c3d8bdabc530a6a0816f7ff89a0aaf/library/std/src/sys/backtrace.rs:39:26
[INFO] [stdout]    4:     0x611aa8a4d933 - core::fmt::rt::Argument::fmt::h270f6602a2b96f62
[INFO] [stdout]                                at /rustc/90b35a6239c3d8bdabc530a6a0816f7ff89a0aaf/library/core/src/fmt/rt.rs:177:76
[INFO] [stdout]    5:     0x611aa8a4d933 - core::fmt::write::h7550c97b06c86515
[INFO] [stdout]                                at /rustc/90b35a6239c3d8bdabc530a6a0816f7ff89a0aaf/library/core/src/fmt/mod.rs:1186:21
[INFO] [stdout]    6:     0x611aa8a21a03 - std::io::Write::write_fmt::h509ff860e5956e5e
[INFO] [stdout]                                at /rustc/90b35a6239c3d8bdabc530a6a0816f7ff89a0aaf/library/std/src/io/mod.rs:1839:15
[INFO] [stdout]    7:     0x611aa8a25902 - std::sys::backtrace::BacktraceLock::print::h2395ccd2c84ba3aa
[INFO] [stdout]                                at /rustc/90b35a6239c3d8bdabc530a6a0816f7ff89a0aaf/library/std/src/sys/backtrace.rs:42:9
[INFO] [stdout]    8:     0x611aa8a26f1a - std::panicking::default_hook::{{closure}}::he19d4c7230e07961
[INFO] [stdout]                                at /rustc/90b35a6239c3d8bdabc530a6a0816f7ff89a0aaf/library/std/src/panicking.rs:268:22
[INFO] [stdout]    9:     0x611aa8a26d24 - std::panicking::default_hook::hf614597d3c67bbdb
[INFO] [stdout]                                at /rustc/90b35a6239c3d8bdabc530a6a0816f7ff89a0aaf/library/std/src/panicking.rs:292:9
[INFO] [stdout]   10:     0x611aa8854299 - <alloc::boxed::Box<F,A> as core::ops::function::Fn<Args>>::call::h39b51ce4599c23d1
[INFO] [stdout]                                at /rustc/90b35a6239c3d8bdabc530a6a0816f7ff89a0aaf/library/alloc/src/boxed.rs:2468:9
[INFO] [stdout]   11:     0x611aa8854299 - test::test_main::{{closure}}::he977ae839a582784
[INFO] [stdout]                                at /rustc/90b35a6239c3d8bdabc530a6a0816f7ff89a0aaf/library/test/src/lib.rs:133:21
[INFO] [stdout]   12:     0x611aa8a275b8 - <alloc::boxed::Box<F,A> as core::ops::function::Fn<Args>>::call::h9455091b6b06f9fb
[INFO] [stdout]                                at /rustc/90b35a6239c3d8bdabc530a6a0816f7ff89a0aaf/library/alloc/src/boxed.rs:2468:9
[INFO] [stdout]   13:     0x611aa8a275b8 - std::panicking::rust_panic_with_hook::h8942133a8b252070
[INFO] [stdout]                                at /rustc/90b35a6239c3d8bdabc530a6a0816f7ff89a0aaf/library/std/src/panicking.rs:809:13
[INFO] [stdout]   14:     0x611aa8a2737a - std::panicking::begin_panic_handler::{{closure}}::hb5f5963570096b29
[INFO] [stdout]                                at /rustc/90b35a6239c3d8bdabc530a6a0816f7ff89a0aaf/library/std/src/panicking.rs:674:13
[INFO] [stdout]   15:     0x611aa8a25f99 - std::sys::backtrace::__rust_end_short_backtrace::h6208cedc1922feda
[INFO] [stdout]                                at /rustc/90b35a6239c3d8bdabc530a6a0816f7ff89a0aaf/library/std/src/sys/backtrace.rs:170:18
[INFO] [stdout]   16:     0x611aa8a2700c - rust_begin_unwind
[INFO] [stdout]                                at /rustc/90b35a6239c3d8bdabc530a6a0816f7ff89a0aaf/library/std/src/panicking.rs:665:5
[INFO] [stdout]   17:     0x611aa87e70a0 - core::panicking::panic_fmt::h0c3082644d1bf418
[INFO] [stdout]                                at /rustc/90b35a6239c3d8bdabc530a6a0816f7ff89a0aaf/library/core/src/panicking.rs:74:14
[INFO] [stdout]   18:     0x611aa87e74e6 - core::result::unwrap_failed::hd20b4aa073bda1e2
[INFO] [stdout]                                at /rustc/90b35a6239c3d8bdabc530a6a0816f7ff89a0aaf/library/core/src/result.rs:1700:5
[INFO] [stdout]   19:     0x611aa8807fb8 - core::result::Result<T,E>::expect::h342d71c3b1ef74ca
[INFO] [stdout]                                at /rustc/90b35a6239c3d8bdabc530a6a0816f7ff89a0aaf/library/core/src/result.rs:1061:23
[INFO] [stdout]   20:     0x611aa88195f4 - embedded_redis_client::embedded_redis_server::util::get_processes_using_target_port::h67a775a242a0fd15
[INFO] [stdout]                                at /opt/rustwide/workdir/src/embedded_redis_server/util.rs:36:37
[INFO] [stdout]   21:     0x611aa880cfaa - embedded_redis_client::embedded_redis_server::states::checking_environment::CheckingRedisServerEnvironment::start::hdf98cbcfa5cf9ccb
[INFO] [stdout]                                at /opt/rustwide/workdir/src/embedded_redis_server/states/checking_environment.rs:36:21
[INFO] [stdout]   22:     0x611aa880bd7b - embedded_redis_client::embedded_redis_server::embedded_redis_server::EmbeddedRedisServer::start::h4ae77fdbb0e2948d
[INFO] [stdout]                                at /opt/rustwide/workdir/src/embedded_redis_server/embedded_redis_server.rs:34:28
[INFO] [stdout]   23:     0x611aa880c902 - embedded_redis_client::embedded_redis_server::embedded_redis_server::EmbeddedRedisServer::start_with_retry::h0a34fefc6eece781
[INFO] [stdout]                                at /opt/rustwide/workdir/src/embedded_redis_server/embedded_redis_server.rs:63:19
[INFO] [stdout]   24:     0x611aa880277f - embedded_redis_client::embedded_redis_client::states::started::StartedRedisClient::new::hc2b16a9a750d991f
[INFO] [stdout]                                at /opt/rustwide/workdir/src/embedded_redis_client/states/started.rs:18:13
[INFO] [stdout]   25:     0x611aa87fb3d7 - embedded_redis_client::embedded_redis_client::embedded_redis_client::EmbeddedRedisClient::start::{{closure}}::h048f8ce613112d83
[INFO] [stdout]                                at /opt/rustwide/workdir/src/embedded_redis_client/embedded_redis_client.rs:16:42
[INFO] [stdout]   26:     0x611aa8818638 - embedded_redis_client::embedded_redis_client::embedded_redis_client::tests::new_embedded_redis_client::{{closure}}::hfb2078c3b805721b
[INFO] [stdout]                                at /opt/rustwide/workdir/src/embedded_redis_client/embedded_redis_client.rs:162:18
[INFO] [stdout]   27:     0x611aa8819dee - embedded_redis_client::embedded_redis_client::embedded_redis_client::tests::test_redis_connection::{{closure}}::h179dba8b4b7574a3
[INFO] [stdout]                                at /opt/rustwide/workdir/src/embedded_redis_client/embedded_redis_client.rs:174:69
[INFO] [stdout]   28:     0x611aa88071d2 - <async_std::task::builder::SupportTaskLocals<F> as core::future::future::Future>::poll::{{closure}}::h4bd27df00188868e
[INFO] [stdout]                                at /opt/rustwide/cargo-home/registry/src/index.crates.io-6f17d22bba15001f/async-std-1.13.0/src/task/builder.rs:199:17
[INFO] [stdout]   29:     0x611aa8805abc - async_std::task::task_locals_wrapper::TaskLocalsWrapper::set_current::{{closure}}::h04d2a319a61ef7cd
[INFO] [stdout]                                at /opt/rustwide/cargo-home/registry/src/index.crates.io-6f17d22bba15001f/async-std-1.13.0/src/task/task_locals_wrapper.rs:60:13
[INFO] [stdout]   30:     0x611aa87f8cca - std::thread::local::LocalKey<T>::try_with::ha72e99a5c58fa86e
[INFO] [stdout]                                at /rustc/90b35a6239c3d8bdabc530a6a0816f7ff89a0aaf/library/std/src/thread/local.rs:283:12
[INFO] [stdout]   31:     0x611aa87f70fa - std::thread::local::LocalKey<T>::with::hb4611f9ca3be139d
[INFO] [stdout]                                at /rustc/90b35a6239c3d8bdabc530a6a0816f7ff89a0aaf/library/std/src/thread/local.rs:260:9
[INFO] [stdout]   32:     0x611aa8805948 - async_std::task::task_locals_wrapper::TaskLocalsWrapper::set_current::h22ce25f371a9c06c
[INFO] [stdout]                                at /opt/rustwide/cargo-home/registry/src/index.crates.io-6f17d22bba15001f/async-std-1.13.0/src/task/task_locals_wrapper.rs:55:9
[INFO] [stdout]   33:     0x611aa88070ca - <async_std::task::builder::SupportTaskLocals<F> as core::future::future::Future>::poll::h686486ff51ddde1a
[INFO] [stdout]                                at /opt/rustwide/cargo-home/registry/src/index.crates.io-6f17d22bba15001f/async-std-1.13.0/src/task/builder.rs:197:13
[INFO] [stdout]   34:     0x611aa88182a4 - <futures_lite::future::Or<F1,F2> as core::future::future::Future>::poll::h565a858c6439cde9
[INFO] [stdout]                                at /opt/rustwide/cargo-home/registry/src/index.crates.io-6f17d22bba15001f/futures-lite-2.5.0/src/future.rs:454:33
[INFO] [stdout]   35:     0x611aa880f077 - async_executor::State::run::{{closure}}::h07c98813d0eecf82
[INFO] [stdout]                                at /opt/rustwide/cargo-home/registry/src/index.crates.io-6f17d22bba15001f/async-executor-1.13.1/src/lib.rs:748:32
[INFO] [stdout]   36:     0x611aa8810d6c - async_executor::Executor::run::{{closure}}::haeb82f0cbe85563b
[INFO] [stdout]                                at /opt/rustwide/cargo-home/registry/src/index.crates.io-6f17d22bba15001f/async-executor-1.13.1/src/lib.rs:344:34
[INFO] [stdout]   37:     0x611aa880ebdf - async_executor::LocalExecutor::run::{{closure}}::hf04ddee0597bc77f
[INFO] [stdout]                                at /opt/rustwide/cargo-home/registry/src/index.crates.io-6f17d22bba15001f/async-executor-1.13.1/src/lib.rs:648:34
[INFO] [stdout]   38:     0x611aa87f3790 - async_io::driver::block_on::{{closure}}::hf9625edd1bfb4a69
[INFO] [stdout]                                at /opt/rustwide/cargo-home/registry/src/index.crates.io-6f17d22bba15001f/async-io-2.4.0/src/driver.rs:199:37
[INFO] [stdout]   39:     0x611aa87f8ae5 - std::thread::local::LocalKey<T>::try_with::h9bdc261133f94998
[INFO] [stdout]                                at /rustc/90b35a6239c3d8bdabc530a6a0816f7ff89a0aaf/library/std/src/thread/local.rs:283:12
[INFO] [stdout]   40:     0x611aa87f6e3a - std::thread::local::LocalKey<T>::with::h4a4d58b43c240b4a
[INFO] [stdout]                                at /rustc/90b35a6239c3d8bdabc530a6a0816f7ff89a0aaf/library/std/src/thread/local.rs:260:9
[INFO] [stdout]   41:     0x611aa87ec498 - async_io::driver::block_on::h9cbca5d86af14584
[INFO] [stdout]                                at /opt/rustwide/cargo-home/registry/src/index.crates.io-6f17d22bba15001f/async-io-2.4.0/src/driver.rs:175:5
[INFO] [stdout]   42:     0x611aa8807d11 - async_global_executor::reactor::block_on::{{closure}}::ha370eb5ce3e748d7
[INFO] [stdout]                                at /opt/rustwide/cargo-home/registry/src/index.crates.io-6f17d22bba15001f/async-global-executor-2.4.1/src/reactor.rs:3:18
[INFO] [stdout]   43:     0x611aa8807c91 - async_global_executor::reactor::block_on::hc4bdcd7e6b26ff55
[INFO] [stdout]                                at /opt/rustwide/cargo-home/registry/src/index.crates.io-6f17d22bba15001f/async-global-executor-2.4.1/src/reactor.rs:12:5
[INFO] [stdout]   44:     0x611aa87fa45a - async_global_executor::executor::block_on::{{closure}}::hf2ee960a0b4ecfe6
[INFO] [stdout]                                at /opt/rustwide/cargo-home/registry/src/index.crates.io-6f17d22bba15001f/async-global-executor-2.4.1/src/executor.rs:26:36
[INFO] [stdout]   45:     0x611aa87f93b7 - std::thread::local::LocalKey<T>::try_with::he20d09bc862886bd
[INFO] [stdout]                                at /rustc/90b35a6239c3d8bdabc530a6a0816f7ff89a0aaf/library/std/src/thread/local.rs:283:12
[INFO] [stdout]   46:     0x611aa87f6cba - std::thread::local::LocalKey<T>::with::h16adb64ca1751a6f
[INFO] [stdout]                                at /rustc/90b35a6239c3d8bdabc530a6a0816f7ff89a0aaf/library/std/src/thread/local.rs:260:9
[INFO] [stdout]   47:     0x611aa87fa29a - async_global_executor::executor::block_on::h42f12e564050934b
[INFO] [stdout]                                at /opt/rustwide/cargo-home/registry/src/index.crates.io-6f17d22bba15001f/async-global-executor-2.4.1/src/executor.rs:26:5
[INFO] [stdout]   48:     0x611aa880bc4f - async_std::task::builder::Builder::blocking::{{closure}}::{{closure}}::ha2305fcaabee2cac
[INFO] [stdout]                                at /opt/rustwide/cargo-home/registry/src/index.crates.io-6f17d22bba15001f/async-std-1.13.0/src/task/builder.rs:171:25
[INFO] [stdout]   49:     0x611aa8805d0a - async_std::task::task_locals_wrapper::TaskLocalsWrapper::set_current::{{closure}}::h5cd3ac2c0a0526c4
[INFO] [stdout]                                at /opt/rustwide/cargo-home/registry/src/index.crates.io-6f17d22bba15001f/async-std-1.13.0/src/task/task_locals_wrapper.rs:60:13
[INFO] [stdout]   50:     0x611aa87f9145 - std::thread::local::LocalKey<T>::try_with::hd4b7c6e33e4a1dcc
[INFO] [stdout]                                at /rustc/90b35a6239c3d8bdabc530a6a0816f7ff89a0aaf/library/std/src/thread/local.rs:283:12
[INFO] [stdout]   51:     0x611aa87f6c8a - std::thread::local::LocalKey<T>::with::h14a8594fb0725d0c
[INFO] [stdout]                                at /rustc/90b35a6239c3d8bdabc530a6a0816f7ff89a0aaf/library/std/src/thread/local.rs:260:9
[INFO] [stdout]   52:     0x611aa88058fa - async_std::task::task_locals_wrapper::TaskLocalsWrapper::set_current::h159d96ce3e6db3ab
[INFO] [stdout]                                at /opt/rustwide/cargo-home/registry/src/index.crates.io-6f17d22bba15001f/async-std-1.13.0/src/task/task_locals_wrapper.rs:55:9
[INFO] [stdout]   53:     0x611aa880b9de - async_std::task::builder::Builder::blocking::{{closure}}::hf5e9abd552a31556
[INFO] [stdout]                                at /opt/rustwide/cargo-home/registry/src/index.crates.io-6f17d22bba15001f/async-std-1.13.0/src/task/builder.rs:168:17
[INFO] [stdout]   54:     0x611aa87f7df7 - std::thread::local::LocalKey<T>::try_with::h3c6e2981e94951e3
[INFO] [stdout]                                at /rustc/90b35a6239c3d8bdabc530a6a0816f7ff89a0aaf/library/std/src/thread/local.rs:283:12
[INFO] [stdout]   55:     0x611aa87f71aa - std::thread::local::LocalKey<T>::with::hcd8d2107752a62c8
[INFO] [stdout]                                at /rustc/90b35a6239c3d8bdabc530a6a0816f7ff89a0aaf/library/std/src/thread/local.rs:260:9
[INFO] [stdout]   56:     0x611aa880b45b - async_std::task::builder::Builder::blocking::he301f9f0b88de6b3
[INFO] [stdout]                                at /opt/rustwide/cargo-home/registry/src/index.crates.io-6f17d22bba15001f/async-std-1.13.0/src/task/builder.rs:161:9
[INFO] [stdout]   57:     0x611aa88026ec - async_std::task::block_on::block_on::hb2780ff2236eb944
[INFO] [stdout]                                at /opt/rustwide/cargo-home/registry/src/index.crates.io-6f17d22bba15001f/async-std-1.13.0/src/task/block_on.rs:33:5
[INFO] [stdout]   58:     0x611aa8819bd7 - embedded_redis_client::embedded_redis_client::embedded_redis_client::tests::test_redis_connection::h3133ea49ef5ba0fd
[INFO] [stdout]                                at /opt/rustwide/workdir/src/embedded_redis_client/embedded_redis_client.rs:172:5
[INFO] [stdout]   59:     0x611aa8819ba7 - embedded_redis_client::embedded_redis_client::embedded_redis_client::tests::test_redis_connection::{{closure}}::h9026706163e76ad7
[INFO] [stdout]                                at /opt/rustwide/workdir/src/embedded_redis_client/embedded_redis_client.rs:172:23
[INFO] [stdout]   60:     0x611aa8812d26 - core::ops::function::FnOnce::call_once::h575ea059f6a5b84b
[INFO] [stdout]                                at /rustc/90b35a6239c3d8bdabc530a6a0816f7ff89a0aaf/library/core/src/ops/function.rs:250:5
[INFO] [stdout]   61:     0x611aa8858c5b - core::ops::function::FnOnce::call_once::h109cf8051a59b34e
[INFO] [stdout]                                at /rustc/90b35a6239c3d8bdabc530a6a0816f7ff89a0aaf/library/core/src/ops/function.rs:250:5
[INFO] [stdout]   62:     0x611aa8858c5b - test::__rust_begin_short_backtrace::hf4fff89d377446ba
[INFO] [stdout]                                at /rustc/90b35a6239c3d8bdabc530a6a0816f7ff89a0aaf/library/test/src/lib.rs:621:18
[INFO] [stdout]   63:     0x611aa8858497 - test::run_test_in_process::{{closure}}::h0e39181dd7ee5a43
[INFO] [stdout]                                at /rustc/90b35a6239c3d8bdabc530a6a0816f7ff89a0aaf/library/test/src/lib.rs:644:60
[INFO] [stdout]   64:     0x611aa8858497 - <core::panic::unwind_safe::AssertUnwindSafe<F> as core::ops::function::FnOnce<()>>::call_once::hc5a66a30f0bdfd1f
[INFO] [stdout]                                at /rustc/90b35a6239c3d8bdabc530a6a0816f7ff89a0aaf/library/core/src/panic/unwind_safe.rs:272:9
[INFO] [stdout]   65:     0x611aa8858497 - std::panicking::try::do_call::h873b7cf639554a5e
[INFO] [stdout]                                at /rustc/90b35a6239c3d8bdabc530a6a0816f7ff89a0aaf/library/std/src/panicking.rs:557:40
[INFO] [stdout]   66:     0x611aa8858497 - std::panicking::try::hdb19862fad9c8bd1
[INFO] [stdout]                                at /rustc/90b35a6239c3d8bdabc530a6a0816f7ff89a0aaf/library/std/src/panicking.rs:520:19
[INFO] [stdout]   67:     0x611aa8858497 - std::panic::catch_unwind::h281fe732d236d260
[INFO] [stdout]                                at /rustc/90b35a6239c3d8bdabc530a6a0816f7ff89a0aaf/library/std/src/panic.rs:358:14
[INFO] [stdout]   68:     0x611aa8858497 - test::run_test_in_process::h949b6df8457ed338
[INFO] [stdout]                                at /rustc/90b35a6239c3d8bdabc530a6a0816f7ff89a0aaf/library/test/src/lib.rs:644:27
[INFO] [stdout]   69:     0x611aa8858497 - test::run_test::{{closure}}::h52c556a6d4740e10
[INFO] [stdout]                                at /rustc/90b35a6239c3d8bdabc530a6a0816f7ff89a0aaf/library/test/src/lib.rs:565:43
[INFO] [stdout]   70:     0x611aa881d774 - test::run_test::{{closure}}::h4237f6381c45ccb9
[INFO] [stdout]                                at /rustc/90b35a6239c3d8bdabc530a6a0816f7ff89a0aaf/library/test/src/lib.rs:595:41
[INFO] [stdout]   71:     0x611aa881d774 - std::sys::backtrace::__rust_begin_short_backtrace::h505c97a579eca628
[INFO] [stdout]                                at /rustc/90b35a6239c3d8bdabc530a6a0816f7ff89a0aaf/library/std/src/sys/backtrace.rs:154:18
[INFO] [stdout]   72:     0x611aa8820e3e - std::thread::Builder::spawn_unchecked_::{{closure}}::{{closure}}::h9e86b2e2bc107ea3
[INFO] [stdout]                                at /rustc/90b35a6239c3d8bdabc530a6a0816f7ff89a0aaf/library/std/src/thread/mod.rs:538:17
[INFO] [stdout]   73:     0x611aa8820e3e - <core::panic::unwind_safe::AssertUnwindSafe<F> as core::ops::function::FnOnce<()>>::call_once::h8b06ddb275ff4a25
[INFO] [stdout]                                at /rustc/90b35a6239c3d8bdabc530a6a0816f7ff89a0aaf/library/core/src/panic/unwind_safe.rs:272:9
[INFO] [stdout]   74:     0x611aa8820e3e - std::panicking::try::do_call::hb26ecd7cd9a9355d
[INFO] [stdout]                                at /rustc/90b35a6239c3d8bdabc530a6a0816f7ff89a0aaf/library/std/src/panicking.rs:557:40
[INFO] [stdout]   75:     0x611aa8820e3e - std::panicking::try::h8ddeca9d705f9069
[INFO] [stdout]                                at /rustc/90b35a6239c3d8bdabc530a6a0816f7ff89a0aaf/library/std/src/panicking.rs:520:19
[INFO] [stdout]   76:     0x611aa8820e3e - std::panic::catch_unwind::h49e1c33078844c46
[INFO] [stdout]                                at /rustc/90b35a6239c3d8bdabc530a6a0816f7ff89a0aaf/library/std/src/panic.rs:358:14
[INFO] [stdout]   77:     0x611aa8820e3e - std::thread::Builder::spawn_unchecked_::{{closure}}::h6073db6ff56ad35d
[INFO] [stdout]                                at /rustc/90b35a6239c3d8bdabc530a6a0816f7ff89a0aaf/library/std/src/thread/mod.rs:537:30
[INFO] [stdout]   78:     0x611aa8820e3e - core::ops::function::FnOnce::call_once{{vtable.shim}}::h2c5a5f3779c774f1
[INFO] [stdout]                                at /rustc/90b35a6239c3d8bdabc530a6a0816f7ff89a0aaf/library/core/src/ops/function.rs:250:5
[INFO] [stdout]   79:     0x611aa8a2b73b - <alloc::boxed::Box<F,A> as core::ops::function::FnOnce<Args>>::call_once::hf75717d9f28faebf
[INFO] [stdout]                                at /rustc/90b35a6239c3d8bdabc530a6a0816f7ff89a0aaf/library/alloc/src/boxed.rs:2454:9
[INFO] [stdout]   80:     0x611aa8a2b73b - <alloc::boxed::Box<F,A> as core::ops::function::FnOnce<Args>>::call_once::h7bd883a5f3c5f3c1
[INFO] [stdout]                                at /rustc/90b35a6239c3d8bdabc530a6a0816f7ff89a0aaf/library/alloc/src/boxed.rs:2454:9
[INFO] [stdout]   81:     0x611aa8a2b73b - std::sys::pal::unix::thread::Thread::new::thread_start::hcc78f3943333fa94
[INFO] [stdout]                                at /rustc/90b35a6239c3d8bdabc530a6a0816f7ff89a0aaf/library/std/src/sys/pal/unix/thread.rs:105:17
[INFO] [stdout]   82:     0x7b30cccdbac3 - <unknown>
[INFO] [stdout]   83:     0x7b30ccd6ca04 - clone
[INFO] [stdout]   84:                0x0 - <unknown>
[INFO] [stdout] thread 'async-std/runtime' panicked at src/embedded_redis_server/util.rs:39:10:
[INFO] [stdout] Failed to determine if local port 6379 is in use.: Os { code: 2, kind: NotFound, message: "No such file or directory" }
[INFO] [stdout] stack backtrace:
[INFO] [stdout]    0:     0x611aa8a25aba - std::backtrace_rs::backtrace::libunwind::trace::h5a5b8284f2d0c266
[INFO] [stdout]                                at /rustc/90b35a6239c3d8bdabc530a6a0816f7ff89a0aaf/library/std/src/../../backtrace/src/backtrace/libunwind.rs:116:5
[INFO] [stdout]    1:     0x611aa8a25aba - std::backtrace_rs::backtrace::trace_unsynchronized::h76d4f1c9b0b875e3
[INFO] [stdout]                                at /rustc/90b35a6239c3d8bdabc530a6a0816f7ff89a0aaf/library/std/src/../../backtrace/src/backtrace/mod.rs:66:5
[INFO] [stdout]    2:     0x611aa8a25aba - std::sys::backtrace::_print_fmt::hc4546b8364a537c6
[INFO] [stdout]                                at /rustc/90b35a6239c3d8bdabc530a6a0816f7ff89a0aaf/library/std/src/sys/backtrace.rs:66:9
[INFO] [stdout]    3:     0x611aa8a25aba - <std::sys::backtrace::BacktraceLock::print::DisplayBacktrace as core::fmt::Display>::fmt::h5b6bd5631a6d1f6b
[INFO] [stdout]                                at /rustc/90b35a6239c3d8bdabc530a6a0816f7ff89a0aaf/library/std/src/sys/backtrace.rs:39:26
[INFO] [stdout]    4:     0x611aa8a4d933 - core::fmt::rt::Argument::fmt::h270f6602a2b96f62
[INFO] [stdout]                                at /rustc/90b35a6239c3d8bdabc530a6a0816f7ff89a0aaf/library/core/src/fmt/rt.rs:177:76
[INFO] [stdout]    5:     0x611aa8a4d933 - core::fmt::write::h7550c97b06c86515
[INFO] [stdout]                                at /rustc/90b35a6239c3d8bdabc530a6a0816f7ff89a0aaf/library/core/src/fmt/mod.rs:1186:21
[INFO] [stdout]    6:     0x611aa8a21a03 - std::io::Write::write_fmt::h509ff860e5956e5e
[INFO] [stdout]                                at /rustc/90b35a6239c3d8bdabc530a6a0816f7ff89a0aaf/library/std/src/io/mod.rs:1839:15
[INFO] [stdout]    7:     0x611aa8a25902 - std::sys::backtrace::BacktraceLock::print::h2395ccd2c84ba3aa
[INFO] [stdout]                                at /rustc/90b35a6239c3d8bdabc530a6a0816f7ff89a0aaf/library/std/src/sys/backtrace.rs:42:9
[INFO] [stdout]    8:     0x611aa8a26f1a - std::panicking::default_hook::{{closure}}::he19d4c7230e07961
[INFO] [stdout]                                at /rustc/90b35a6239c3d8bdabc530a6a0816f7ff89a0aaf/library/std/src/panicking.rs:268:22
[INFO] [stdout]    9:     0x611aa8a26d24 - std::panicking::default_hook::hf614597d3c67bbdb
[INFO] [stdout]                                at /rustc/90b35a6239c3d8bdabc530a6a0816f7ff89a0aaf/library/std/src/panicking.rs:292:9
[INFO] [stdout]   10:     0x611aa8854299 - <alloc::boxed::Box<F,A> as core::ops::function::Fn<Args>>::call::h39b51ce4599c23d1
[INFO] [stdout]                                at /rustc/90b35a6239c3d8bdabc530a6a0816f7ff89a0aaf/library/alloc/src/boxed.rs:2468:9
[INFO] [stdout]   11:     0x611aa8854299 - test::test_main::{{closure}}::he977ae839a582784
[INFO] [stdout]                                at /rustc/90b35a6239c3d8bdabc530a6a0816f7ff89a0aaf/library/test/src/lib.rs:133:21
[INFO] [stdout]   12:     0x611aa8a275b8 - <alloc::boxed::Box<F,A> as core::ops::function::Fn<Args>>::call::h9455091b6b06f9fb
[INFO] [stdout]                                at /rustc/90b35a6239c3d8bdabc530a6a0816f7ff89a0aaf/library/alloc/src/boxed.rs:2468:9
[INFO] [stdout]   13:     0x611aa8a275b8 - std::panicking::rust_panic_with_hook::h8942133a8b252070
[INFO] [stdout]                                at /rustc/90b35a6239c3d8bdabc530a6a0816f7ff89a0aaf/library/std/src/panicking.rs:809:13
[INFO] [stdout]   14:     0x611aa8a2737a - std::panicking::begin_panic_handler::{{closure}}::hb5f5963570096b29
[INFO] [stdout]                                at /rustc/90b35a6239c3d8bdabc530a6a0816f7ff89a0aaf/library/std/src/panicking.rs:674:13
[INFO] [stdout]   15:     0x611aa8a25f99 - std::sys::backtrace::__rust_end_short_backtrace::h6208cedc1922feda
[INFO] [stdout]                                at /rustc/90b35a6239c3d8bdabc530a6a0816f7ff89a0aaf/library/std/src/sys/backtrace.rs:170:18
[INFO] [stdout]   16:     0x611aa8a2700c - rust_begin_unwind
[INFO] [stdout]                                at /rustc/90b35a6239c3d8bdabc530a6a0816f7ff89a0aaf/library/std/src/panicking.rs:665:5
[INFO] [stdout]   17:     0x611aa87e70a0 - core::panicking::panic_fmt::h0c3082644d1bf418
[INFO] [stdout]                                at /rustc/90b35a6239c3d8bdabc530a6a0816f7ff89a0aaf/library/core/src/panicking.rs:74:14
[INFO] [stdout]   18:     0x611aa87e74e6 - core::result::unwrap_failed::hd20b4aa073bda1e2
[INFO] [stdout]                                at /rustc/90b35a6239c3d8bdabc530a6a0816f7ff89a0aaf/library/core/src/result.rs:1700:5
[INFO] [stdout]   19:     0x611aa8807fb8 - core::result::Result<T,E>::expect::h342d71c3b1ef74ca
[INFO] [stdout]                                at /rustc/90b35a6239c3d8bdabc530a6a0816f7ff89a0aaf/library/core/src/result.rs:1061:23
[INFO] [stdout]   20:     0x611aa88195f4 - embedded_redis_client::embedded_redis_server::util::get_processes_using_target_port::h67a775a242a0fd15
[INFO] [stdout]                                at /opt/rustwide/workdir/src/embedded_redis_server/util.rs:36:37
[INFO] [stdout]   21:     0x611aa880cfaa - embedded_redis_client::embedded_redis_server::states::checking_environment::CheckingRedisServerEnvironment::start::hdf98cbcfa5cf9ccb
[INFO] [stdout]                                at /opt/rustwide/workdir/src/embedded_redis_server/states/checking_environment.rs:36:21
[INFO] [stdout]   22:     0x611aa880bd7b - embedded_redis_client::embedded_redis_server::embedded_redis_server::EmbeddedRedisServer::start::h4ae77fdbb0e2948d
[INFO] [stdout]                                at /opt/rustwide/workdir/src/embedded_redis_server/embedded_redis_server.rs:34:28
[INFO] [stdout]   23:     0x611aa880c902 - embedded_redis_client::embedded_redis_server::embedded_redis_server::EmbeddedRedisServer::start_with_retry::h0a34fefc6eece781
[INFO] [stdout]                                at /opt/rustwide/workdir/src/embedded_redis_server/embedded_redis_server.rs:63:19
[INFO] [stdout]   24:     0x611aa880277f - embedded_redis_client::embedded_redis_client::states::started::StartedRedisClient::new::hc2b16a9a750d991f
[INFO] [stdout]                                at /opt/rustwide/workdir/src/embedded_redis_client/states/started.rs:18:13
[INFO] [stdout]   25:     0x611aa87fb3d7 - embedded_redis_client::embedded_redis_client::embedded_redis_client::EmbeddedRedisClient::start::{{closure}}::h048f8ce613112d83
[INFO] [stdout]                                at /opt/rustwide/workdir/src/embedded_redis_client/embedded_redis_client.rs:16:42
[INFO] [stdout]   26:     0x611aa8818638 - embedded_redis_client::embedded_redis_client::embedded_redis_client::tests::new_embedded_redis_client::{{closure}}::hfb2078c3b805721b
[INFO] [stdout]                                at /opt/rustwide/workdir/src/embedded_redis_client/embedded_redis_client.rs:162:18
[INFO] [stdout]   27:     0x611aa881adfe - embedded_redis_client::embedded_redis_client::embedded_redis_client::tests::test_parallel_redis_connections::{{closure}}::{{closure}}::h18c437b208fa49a1
[INFO] [stdout]                                at /opt/rustwide/workdir/src/embedded_redis_client/embedded_redis_client.rs:213:77
[INFO] [stdout]   28:     0x611aa8807252 - <async_std::task::builder::SupportTaskLocals<F> as core::future::future::Future>::poll::{{closure}}::had8b5b0382d78c31
[INFO] [stdout]                                at /opt/rustwide/cargo-home/registry/src/index.crates.io-6f17d22bba15001f/async-std-1.13.0/src/task/builder.rs:199:17
[INFO] [stdout]   29:     0x611aa880602c - async_std::task::task_locals_wrapper::TaskLocalsWrapper::set_current::{{closure}}::h96dd173b5cb749f1
[INFO] [stdout]                                at /opt/rustwide/cargo-home/registry/src/index.crates.io-6f17d22bba15001f/async-std-1.13.0/src/task/task_locals_wrapper.rs:60:13
[INFO] [stdout]   30:     0x611aa87f898a - std::thread::local::LocalKey<T>::try_with::h9ae2ebc469f6830e
[INFO] [stdout]                                at /rustc/90b35a6239c3d8bdabc530a6a0816f7ff89a0aaf/library/std/src/thread/local.rs:283:12
[INFO] [stdout]   31:     0x611aa87f6d9a - std::thread::local::LocalKey<T>::with::h2c3d7b93fc1de061
[INFO] [stdout]                                at /rustc/90b35a6239c3d8bdabc530a6a0816f7ff89a0aaf/library/std/src/thread/local.rs:260:9
[INFO] [stdout]   32:     0x611aa88058b8 - async_std::task::task_locals_wrapper::TaskLocalsWrapper::set_current::h03b3f506e3da3406
[INFO] [stdout]                                at /opt/rustwide/cargo-home/registry/src/index.crates.io-6f17d22bba15001f/async-std-1.13.0/src/task/task_locals_wrapper.rs:55:9
[INFO] [stdout]   33:     0x611aa880710a - <async_std::task::builder::SupportTaskLocals<F> as core::future::future::Future>::poll::h8404c1fdc77f91f0
[INFO] [stdout]                                at /opt/rustwide/cargo-home/registry/src/index.crates.io-6f17d22bba15001f/async-std-1.13.0/src/task/builder.rs:197:13
[INFO] [stdout]   34:     0x611aa881071c - async_executor::Executor::spawn_inner::{{closure}}::h2203b6d579a2e966
[INFO] [stdout]                                at /opt/rustwide/cargo-home/registry/src/index.crates.io-6f17d22bba15001f/async-executor-1.13.1/src/lib.rs:250:20
[INFO] [stdout]   35:     0x611aa88121fd - <core::pin::Pin<P> as core::future::future::Future>::poll::h7fff724612bf9628
[INFO] [stdout]                                at /rustc/90b35a6239c3d8bdabc530a6a0816f7ff89a0aaf/library/core/src/future/future.rs:123:9
[INFO] [stdout]   36:     0x611aa87ea140 - async_task::raw::RawTask<F,T,S,M>::run::{{closure}}::h242b541bbac56222
[INFO] [stdout]                                at /opt/rustwide/cargo-home/registry/src/index.crates.io-6f17d22bba15001f/async-task-4.7.1/src/raw.rs:550:21
[INFO] [stdout]   37:     0x611aa8812c48 - core::ops::function::FnOnce::call_once::h2b85f65f84e59479
[INFO] [stdout]                                at /rustc/90b35a6239c3d8bdabc530a6a0816f7ff89a0aaf/library/core/src/ops/function.rs:250:5
[INFO] [stdout]   38:     0x611aa8816183 - <core::panic::unwind_safe::AssertUnwindSafe<F> as core::ops::function::FnOnce<()>>::call_once::h1c7499e6aa9d2f4b
[INFO] [stdout]                                at /rustc/90b35a6239c3d8bdabc530a6a0816f7ff89a0aaf/library/core/src/panic/unwind_safe.rs:272:9
[INFO] [stdout]   39:     0x611aa8803796 - std::panicking::try::do_call::h9059806cd1a43b06
[INFO] [stdout]                                at /rustc/90b35a6239c3d8bdabc530a6a0816f7ff89a0aaf/library/std/src/panicking.rs:557:40
[INFO] [stdout]   40:     0x611aa87ff75b - __rust_try
[INFO] [stdout]   41:     0x611aa87fa554 - std::panicking::try::ha3716c11409c46c9
[INFO] [stdout]                                at /rustc/90b35a6239c3d8bdabc530a6a0816f7ff89a0aaf/library/std/src/panicking.rs:520:19
[INFO] [stdout]   42:     0x611aa87fa554 - std::panic::catch_unwind::hcd686fdc85a03a97
[INFO] [stdout]                                at /rustc/90b35a6239c3d8bdabc530a6a0816f7ff89a0aaf/library/std/src/panic.rs:358:14
[INFO] [stdout]   43:     0x611aa87e9543 - async_task::raw::RawTask<F,T,S,M>::run::h974fca2e93212949
[INFO] [stdout]                                at /opt/rustwide/cargo-home/registry/src/index.crates.io-6f17d22bba15001f/async-task-4.7.1/src/raw.rs:549:23
[INFO] [stdout]   44:     0x611aa896cdff - async_task::runnable::Runnable<M>::run::h71c173b3c52ba6fc
[INFO] [stdout]                                at /opt/rustwide/cargo-home/registry/src/index.crates.io-6f17d22bba15001f/async-task-4.7.1/src/runnable.rs:781:18
[INFO] [stdout]   45:     0x611aa894997b - async_executor::State::run::{{closure}}::{{closure}}::h0b139386f6197812
[INFO] [stdout]                                at /opt/rustwide/cargo-home/registry/src/index.crates.io-6f17d22bba15001f/async-executor-1.13.1/src/lib.rs:741:21
[INFO] [stdout]   46:     0x611aa8963022 - <futures_lite::future::Or<F1,F2> as core::future::future::Future>::poll::hdb778aa8e9ac8722
[INFO] [stdout]                                at /opt/rustwide/cargo-home/registry/src/index.crates.io-6f17d22bba15001f/futures-lite-2.5.0/src/future.rs:457:33
[INFO] [stdout]   47:     0x611aa8949592 - async_executor::State::run::{{closure}}::ha449e39a02f0dd56
[INFO] [stdout]                                at /opt/rustwide/cargo-home/registry/src/index.crates.io-6f17d22bba15001f/async-executor-1.13.1/src/lib.rs:748:32
[INFO] [stdout]   48:     0x611aa894ba6b - async_executor::Executor::run::{{closure}}::hf349270b8240ac99
[INFO] [stdout]                                at /opt/rustwide/cargo-home/registry/src/index.crates.io-6f17d22bba15001f/async-executor-1.13.1/src/lib.rs:344:34
[INFO] [stdout]   49:     0x611aa8962f82 - <futures_lite::future::Or<F1,F2> as core::future::future::Future>::poll::hc0d9ff6db006cc48
[INFO] [stdout]                                at /opt/rustwide/cargo-home/registry/src/index.crates.io-6f17d22bba15001f/futures-lite-2.5.0/src/future.rs:457:33
[INFO] [stdout]   50:     0x611aa895722e - async_io::driver::block_on::{{closure}}::ha2f80586a6b5570a
[INFO] [stdout]                                at /opt/rustwide/cargo-home/registry/src/index.crates.io-6f17d22bba15001f/async-io-2.4.0/src/driver.rs:199:37
[INFO] [stdout]   51:     0x611aa89477fc - std::thread::local::LocalKey<T>::try_with::h822aeb428af3c365
[INFO] [stdout]                                at /rustc/90b35a6239c3d8bdabc530a6a0816f7ff89a0aaf/library/std/src/thread/local.rs:283:12
[INFO] [stdout]   52:     0x611aa8946a6b - std::thread::local::LocalKey<T>::with::hfd890958aa0c0700
[INFO] [stdout]                                at /rustc/90b35a6239c3d8bdabc530a6a0816f7ff89a0aaf/library/std/src/thread/local.rs:260:9
[INFO] [stdout]   53:     0x611aa894cd9e - async_io::driver::block_on::h6e09e0c920c09033
[INFO] [stdout]                                at /opt/rustwide/cargo-home/registry/src/index.crates.io-6f17d22bba15001f/async-io-2.4.0/src/driver.rs:175:5
[INFO] [stdout]   54:     0x611aa8948a24 - async_global_executor::reactor::block_on::{{closure}}::hd90fdadc04855cbb
[INFO] [stdout]                                at /opt/rustwide/cargo-home/registry/src/index.crates.io-6f17d22bba15001f/async-global-executor-2.4.1/src/reactor.rs:3:18
[INFO] [stdout]   55:     0x611aa89488d4 - async_global_executor::reactor::block_on::h4eabe0ea575826a0
[INFO] [stdout]                                at /opt/rustwide/cargo-home/registry/src/index.crates.io-6f17d22bba15001f/async-global-executor-2.4.1/src/reactor.rs:12:5
[INFO] [stdout]   56:     0x611aa895e196 - async_global_executor::threading::thread_main_loop::{{closure}}::{{closure}}::hbce5723a11b3ebd5
[INFO] [stdout]                                at /opt/rustwide/cargo-home/registry/src/index.crates.io-6f17d22bba15001f/async-global-executor-2.4.1/src/threading.rs:95:17
[INFO] [stdout]   57:     0x611aa8947c3b - std::thread::local::LocalKey<T>::try_with::hd9ab37512a810917
[INFO] [stdout]                                at /rustc/90b35a6239c3d8bdabc530a6a0816f7ff89a0aaf/library/std/src/thread/local.rs:283:12
[INFO] [stdout]   58:     0x611aa8946764 - std::thread::local::LocalKey<T>::with::h86583e3087a30f83
[INFO] [stdout]                                at /rustc/90b35a6239c3d8bdabc530a6a0816f7ff89a0aaf/library/std/src/thread/local.rs:260:9
[INFO] [stdout]   59:     0x611aa895e096 - async_global_executor::threading::thread_main_loop::{{closure}}::hb71ecb851134ad4c
[INFO] [stdout]                                at /opt/rustwide/cargo-home/registry/src/index.crates.io-6f17d22bba15001f/async-global-executor-2.4.1/src/threading.rs:89:13
[INFO] [stdout]   60:     0x611aa8964f55 - std::panicking::try::do_call::h6c8c9c4077dc1f78
[INFO] [stdout]                                at /rustc/90b35a6239c3d8bdabc530a6a0816f7ff89a0aaf/library/std/src/panicking.rs:557:40
[INFO] [stdout]   61:     0x611aa896660b - __rust_try
[INFO] [stdout]   62:     0x611aa8963680 - std::panicking::try::hed60a34421f2e866
[INFO] [stdout]                                at /rustc/90b35a6239c3d8bdabc530a6a0816f7ff89a0aaf/library/std/src/panicking.rs:520:19
[INFO] [stdout]   63:     0x611aa8963680 - std::panic::catch_unwind::h7b959e771ea7c822
[INFO] [stdout]                                at /rustc/90b35a6239c3d8bdabc530a6a0816f7ff89a0aaf/library/std/src/panic.rs:358:14
[INFO] [stdout]   64:     0x611aa895decc - async_global_executor::threading::thread_main_loop::ha97679dc315b2c20
[INFO] [stdout]                                at /opt/rustwide/cargo-home/registry/src/index.crates.io-6f17d22bba15001f/async-global-executor-2.4.1/src/threading.rs:88:12
[INFO] [stdout]   65:     0x611aa895af17 - core::ops::function::FnOnce::call_once::hcba32ea1a18da8b4
[INFO] [stdout]                                at /rustc/90b35a6239c3d8bdabc530a6a0816f7ff89a0aaf/library/core/src/ops/function.rs:250:5
[INFO] [stdout]   66:     0x611aa8966e97 - std::sys::backtrace::__rust_begin_short_backtrace::he4b41289576f8181
[INFO] [stdout]                                at /rustc/90b35a6239c3d8bdabc530a6a0816f7ff89a0aaf/library/std/src/sys/backtrace.rs:154:18
[INFO] [stdout]   67:     0x611aa8964c77 - std::thread::Builder::spawn_unchecked_::{{closure}}::{{closure}}::h14083c3823dd39b6
[INFO] [stdout]                                at /rustc/90b35a6239c3d8bdabc530a6a0816f7ff89a0aaf/library/std/src/thread/mod.rs:538:17
[INFO] [stdout]   68:     0x611aa8969c97 - <core::panic::unwind_safe::AssertUnwindSafe<F> as core::ops::function::FnOnce<()>>::call_once::h0612efbac974ce39
[INFO] [stdout]                                at /rustc/90b35a6239c3d8bdabc530a6a0816f7ff89a0aaf/library/core/src/panic/unwind_safe.rs:272:9
[INFO] [stdout]   69:     0x611aa8964eed - std::panicking::try::do_call::h2a3725a80170d1fc
[INFO] [stdout]                                at /rustc/90b35a6239c3d8bdabc530a6a0816f7ff89a0aaf/library/std/src/panicking.rs:557:40
[INFO] [stdout]   70:     0x611aa896660b - __rust_try
[INFO] [stdout]   71:     0x611aa8964a9e - std::panicking::try::hfee67c7f61c1e4e1
[INFO] [stdout]                                at /rustc/90b35a6239c3d8bdabc530a6a0816f7ff89a0aaf/library/std/src/panicking.rs:520:19
[INFO] [stdout]   72:     0x611aa8964a9e - std::panic::catch_unwind::hb9595797223de90e
[INFO] [stdout]                                at /rustc/90b35a6239c3d8bdabc530a6a0816f7ff89a0aaf/library/std/src/panic.rs:358:14
[INFO] [stdout]   73:     0x611aa8964a9e - std::thread::Builder::spawn_unchecked_::{{closure}}::heaa0dc8447dc800a
[INFO] [stdout]                                at /rustc/90b35a6239c3d8bdabc530a6a0816f7ff89a0aaf/library/std/src/thread/mod.rs:537:30
[INFO] [stdout]   74:     0x611aa895abcf - core::ops::function::FnOnce::call_once{{vtable.shim}}::hfcdc9fada28bafdc
[INFO] [stdout]                                at /rustc/90b35a6239c3d8bdabc530a6a0816f7ff89a0aaf/library/core/src/ops/function.rs:250:5
[INFO] [stdout]   75:     0x611aa8a2b73b - <alloc::boxed::Box<F,A> as core::ops::function::FnOnce<Args>>::call_once::hf75717d9f28faebf
[INFO] [stdout]                                at /rustc/90b35a6239c3d8bdabc530a6a0816f7ff89a0aaf/library/alloc/src/boxed.rs:2454:9
[INFO] [stdout]   76:     0x611aa8a2b73b - <alloc::boxed::Box<F,A> as core::ops::function::FnOnce<Args>>::call_once::h7bd883a5f3c5f3c1
[INFO] [stdout]                                at /rustc/90b35a6239c3d8bdabc530a6a0816f7ff89a0aaf/library/alloc/src/boxed.rs:2454:9
[INFO] [stdout]   77:     0x611aa8a2b73b - std::sys::pal::unix::thread::Thread::new::thread_start::hcc78f3943333fa94
[INFO] [stdout]                                at /rustc/90b35a6239c3d8bdabc530a6a0816f7ff89a0aaf/library/std/src/sys/pal/unix/thread.rs:105:17
[INFO] [stdout]   78:     0x7b30cccdbac3 - <unknown>
[INFO] [stdout]   79:     0x7b30ccd6ca04 - clone
[INFO] [stdout]   80:                0x0 - <unknown>
[INFO] [stdout] 
[INFO] [stdout] 
[INFO] [stdout] failures:
[INFO] [stdout]     embedded_redis_client::embedded_redis_client::tests::test_parallel_redis_connections
[INFO] [stdout]     embedded_redis_client::embedded_redis_client::tests::test_redis_connection
[INFO] [stdout]     embedded_redis_server::embedded_redis_server::tests::start_redis_server
[INFO] [stdout] 
[INFO] [stdout] test result: FAILED. 1 passed; 3 failed; 0 ignored; 0 measured; 0 filtered out; finished in 0.08s
[INFO] [stdout] 
[INFO] [stderr] error: test failed, to rerun pass `--lib`
[INFO] running `Command { std: "docker" "inspect" "748d0696c8829b7332af133a825e6ba4e5c16083180967a33ac14a37fa245fe4", kill_on_drop: false }`
[INFO] running `Command { std: "docker" "rm" "-f" "748d0696c8829b7332af133a825e6ba4e5c16083180967a33ac14a37fa245fe4", kill_on_drop: false }`
[INFO] [stdout] 748d0696c8829b7332af133a825e6ba4e5c16083180967a33ac14a37fa245fe4
