[INFO] fetching crate embassy-time-queue-driver 0.1.0...
[INFO] testing embassy-time-queue-driver-0.1.0 against 1.83.0 for beta-1.84.0-4-retry
[INFO] extracting crate embassy-time-queue-driver 0.1.0 into /workspace/builds/worker-0-tc1/source
[INFO] validating manifest of crates.io crate embassy-time-queue-driver 0.1.0 on toolchain 1.83.0
[INFO] running `Command { std: CARGO_HOME="/workspace/cargo-home" RUSTUP_HOME="/workspace/rustup-home" "/workspace/cargo-home/bin/cargo" "+1.83.0" "metadata" "--manifest-path" "Cargo.toml" "--no-deps", kill_on_drop: false }`
[INFO] started tweaking crates.io crate embassy-time-queue-driver 0.1.0
[INFO] finished tweaking crates.io crate embassy-time-queue-driver 0.1.0
[INFO] tweaked toml for crates.io crate embassy-time-queue-driver 0.1.0 written to /workspace/builds/worker-0-tc1/source/Cargo.toml
[INFO] running `Command { std: CARGO_HOME="/workspace/cargo-home" RUSTUP_HOME="/workspace/rustup-home" "/workspace/cargo-home/bin/cargo" "+1.83.0" "generate-lockfile" "--manifest-path" "Cargo.toml", kill_on_drop: false }`
[INFO] running `Command { std: CARGO_HOME="/workspace/cargo-home" RUSTUP_HOME="/workspace/rustup-home" "/workspace/cargo-home/bin/cargo" "+1.83.0" "fetch" "--manifest-path" "Cargo.toml", kill_on_drop: false }`
[INFO] running `Command { std: "docker" "create" "-v" "/var/lib/crater-agent-workspace/builds/worker-0-tc1/target:/opt/rustwide/target:rw,Z" "-v" "/var/lib/crater-agent-workspace/builds/worker-0-tc1/source:/opt/rustwide/workdir:ro,Z" "-v" "/var/lib/crater-agent-workspace/cargo-home:/opt/rustwide/cargo-home:ro,Z" "-v" "/var/lib/crater-agent-workspace/rustup-home:/opt/rustwide/rustup-home:ro,Z" "-e" "SOURCE_DIR=/opt/rustwide/workdir" "-e" "CARGO_TARGET_DIR=/opt/rustwide/target" "-e" "CARGO_HOME=/opt/rustwide/cargo-home" "-e" "RUSTUP_HOME=/opt/rustwide/rustup-home" "-w" "/opt/rustwide/workdir" "-m" "1610612736" "--user" "0:0" "--network" "none" "ghcr.io/rust-lang/crates-build-env/linux@sha256:f3a9d4ad9d972b27faf3965f35b62e55ba32bbce8f20bc8fe909558a86702fde" "/opt/rustwide/cargo-home/bin/cargo" "+1.83.0" "metadata" "--no-deps" "--format-version=1", kill_on_drop: false }`
[INFO] [stdout] 59ca8f21fb59a31d4ffbb05ba72bf9128cb37571624ec8ed77516cdd0a893c74
[INFO] running `Command { std: "docker" "start" "-a" "59ca8f21fb59a31d4ffbb05ba72bf9128cb37571624ec8ed77516cdd0a893c74", kill_on_drop: false }`
[INFO] running `Command { std: "docker" "inspect" "59ca8f21fb59a31d4ffbb05ba72bf9128cb37571624ec8ed77516cdd0a893c74", kill_on_drop: false }`
[INFO] running `Command { std: "docker" "rm" "-f" "59ca8f21fb59a31d4ffbb05ba72bf9128cb37571624ec8ed77516cdd0a893c74", kill_on_drop: false }`
[INFO] [stdout] 59ca8f21fb59a31d4ffbb05ba72bf9128cb37571624ec8ed77516cdd0a893c74
[INFO] running `Command { std: "docker" "create" "-v" "/var/lib/crater-agent-workspace/builds/worker-0-tc1/target:/opt/rustwide/target:rw,Z" "-v" "/var/lib/crater-agent-workspace/builds/worker-0-tc1/source:/opt/rustwide/workdir:ro,Z" "-v" "/var/lib/crater-agent-workspace/cargo-home:/opt/rustwide/cargo-home:ro,Z" "-v" "/var/lib/crater-agent-workspace/rustup-home:/opt/rustwide/rustup-home:ro,Z" "-e" "SOURCE_DIR=/opt/rustwide/workdir" "-e" "CARGO_TARGET_DIR=/opt/rustwide/target" "-e" "CARGO_INCREMENTAL=0" "-e" "RUST_BACKTRACE=full" "-e" "RUSTFLAGS=--cap-lints=warn" "-e" "RUSTDOCFLAGS=--cap-lints=warn" "-e" "CARGO_HOME=/opt/rustwide/cargo-home" "-e" "RUSTUP_HOME=/opt/rustwide/rustup-home" "-w" "/opt/rustwide/workdir" "-m" "1610612736" "--user" "0:0" "--network" "none" "ghcr.io/rust-lang/crates-build-env/linux@sha256:f3a9d4ad9d972b27faf3965f35b62e55ba32bbce8f20bc8fe909558a86702fde" "/opt/rustwide/cargo-home/bin/cargo" "+1.83.0" "build" "--frozen" "--message-format=json", kill_on_drop: false }`
[INFO] [stdout] d786c9052b410497fd83aa8b5e1a11e47979bb814a81014ac85c11d72e772ad4
[INFO] running `Command { std: "docker" "start" "-a" "d786c9052b410497fd83aa8b5e1a11e47979bb814a81014ac85c11d72e772ad4", kill_on_drop: false }`
[INFO] [stderr]    Compiling embassy-time-queue-driver v0.1.0 (/opt/rustwide/workdir)
[INFO] [stderr]     Finished `dev` profile [unoptimized + debuginfo] target(s) in 0.38s
[INFO] running `Command { std: "docker" "inspect" "d786c9052b410497fd83aa8b5e1a11e47979bb814a81014ac85c11d72e772ad4", kill_on_drop: false }`
[INFO] running `Command { std: "docker" "rm" "-f" "d786c9052b410497fd83aa8b5e1a11e47979bb814a81014ac85c11d72e772ad4", kill_on_drop: false }`
[INFO] [stdout] d786c9052b410497fd83aa8b5e1a11e47979bb814a81014ac85c11d72e772ad4
[INFO] running `Command { std: "docker" "create" "-v" "/var/lib/crater-agent-workspace/builds/worker-0-tc1/target:/opt/rustwide/target:rw,Z" "-v" "/var/lib/crater-agent-workspace/builds/worker-0-tc1/source:/opt/rustwide/workdir:ro,Z" "-v" "/var/lib/crater-agent-workspace/cargo-home:/opt/rustwide/cargo-home:ro,Z" "-v" "/var/lib/crater-agent-workspace/rustup-home:/opt/rustwide/rustup-home:ro,Z" "-e" "SOURCE_DIR=/opt/rustwide/workdir" "-e" "CARGO_TARGET_DIR=/opt/rustwide/target" "-e" "CARGO_INCREMENTAL=0" "-e" "RUST_BACKTRACE=full" "-e" "RUSTFLAGS=--cap-lints=warn" "-e" "RUSTDOCFLAGS=--cap-lints=warn" "-e" "CARGO_HOME=/opt/rustwide/cargo-home" "-e" "RUSTUP_HOME=/opt/rustwide/rustup-home" "-w" "/opt/rustwide/workdir" "-m" "1610612736" "--user" "0:0" "--network" "none" "ghcr.io/rust-lang/crates-build-env/linux@sha256:f3a9d4ad9d972b27faf3965f35b62e55ba32bbce8f20bc8fe909558a86702fde" "/opt/rustwide/cargo-home/bin/cargo" "+1.83.0" "test" "--frozen" "--no-run" "--message-format=json", kill_on_drop: false }`
[INFO] [stdout] 944e03c094f1aa748fd6c4c1fee4a1785ca01beb486134a001d01e65c5b63b2e
[INFO] running `Command { std: "docker" "start" "-a" "944e03c094f1aa748fd6c4c1fee4a1785ca01beb486134a001d01e65c5b63b2e", kill_on_drop: false }`
[INFO] [stderr]    Compiling embassy-time-queue-driver v0.1.0 (/opt/rustwide/workdir)
[INFO] [stderr]     Finished `test` profile [unoptimized + debuginfo] target(s) in 0.43s
[INFO] running `Command { std: "docker" "inspect" "944e03c094f1aa748fd6c4c1fee4a1785ca01beb486134a001d01e65c5b63b2e", kill_on_drop: false }`
[INFO] running `Command { std: "docker" "rm" "-f" "944e03c094f1aa748fd6c4c1fee4a1785ca01beb486134a001d01e65c5b63b2e", kill_on_drop: false }`
[INFO] [stdout] 944e03c094f1aa748fd6c4c1fee4a1785ca01beb486134a001d01e65c5b63b2e
[INFO] running `Command { std: "docker" "create" "-v" "/var/lib/crater-agent-workspace/builds/worker-0-tc1/target:/opt/rustwide/target:rw,Z" "-v" "/var/lib/crater-agent-workspace/builds/worker-0-tc1/source:/opt/rustwide/workdir:ro,Z" "-v" "/var/lib/crater-agent-workspace/cargo-home:/opt/rustwide/cargo-home:ro,Z" "-v" "/var/lib/crater-agent-workspace/rustup-home:/opt/rustwide/rustup-home:ro,Z" "-e" "SOURCE_DIR=/opt/rustwide/workdir" "-e" "CARGO_TARGET_DIR=/opt/rustwide/target" "-e" "CARGO_INCREMENTAL=0" "-e" "RUST_BACKTRACE=full" "-e" "RUSTFLAGS=--cap-lints=warn" "-e" "RUSTDOCFLAGS=--cap-lints=warn" "-e" "CARGO_HOME=/opt/rustwide/cargo-home" "-e" "RUSTUP_HOME=/opt/rustwide/rustup-home" "-w" "/opt/rustwide/workdir" "-m" "1610612736" "--user" "0:0" "--network" "none" "ghcr.io/rust-lang/crates-build-env/linux@sha256:f3a9d4ad9d972b27faf3965f35b62e55ba32bbce8f20bc8fe909558a86702fde" "/opt/rustwide/cargo-home/bin/cargo" "+1.83.0" "test" "--frozen", kill_on_drop: false }`
[INFO] [stdout] d9e90ba495a6ed8f94633b8afeac0b240b0c24acc41bcc4358b3a00448095fd0
[INFO] running `Command { std: "docker" "start" "-a" "d9e90ba495a6ed8f94633b8afeac0b240b0c24acc41bcc4358b3a00448095fd0", kill_on_drop: false }`
[INFO] [stderr]     Finished `test` profile [unoptimized + debuginfo] target(s) in 0.01s
[INFO] [stderr]      Running unittests src/lib.rs (/opt/rustwide/target/debug/deps/embassy_time_queue_driver-5730437aa4e24372)
[INFO] [stdout] 
[INFO] [stdout] running 0 tests
[INFO] [stdout] 
[INFO] [stdout] test result: ok. 0 passed; 0 failed; 0 ignored; 0 measured; 0 filtered out; finished in 0.00s
[INFO] [stdout] 
[INFO] [stderr]    Doc-tests embassy_time_queue_driver
[INFO] [stdout] 
[INFO] [stdout] running 1 test
[INFO] [stdout] test src/lib.rs - (line 44) ... FAILED
[INFO] [stdout] 
[INFO] [stdout] failures:
[INFO] [stdout] 
[INFO] [stdout] ---- src/lib.rs - (line 44) stdout ----
[INFO] [stdout] error[E0433]: failed to resolve: use of undeclared crate or module `embassy_time`
[INFO] [stdout]  --> src/lib.rs:49:5
[INFO] [stdout]   |
[INFO] [stdout] 8 | use embassy_time::queue::{TimerQueue};
[INFO] [stdout]   |     ^^^^^^^^^^^^ use of undeclared crate or module `embassy_time`
[INFO] [stdout] 
[INFO] [stdout] error[E0432]: unresolved import `embassy_time`
[INFO] [stdout]  --> src/lib.rs:48:5
[INFO] [stdout]   |
[INFO] [stdout] 7 | use embassy_time::Instant;
[INFO] [stdout]   |     ^^^^^^^^^^^^ use of undeclared crate or module `embassy_time`
[INFO] [stdout] 
[INFO] [stdout] error: aborting due to 2 previous errors
[INFO] [stdout] 
[INFO] [stdout] Some errors have detailed explanations: E0432, E0433.
[INFO] [stdout] For more information about an error, try `rustc --explain E0432`.
[INFO] [stdout] Couldn't compile the test.
[INFO] [stdout] 
[INFO] [stdout] failures:
[INFO] [stdout]     src/lib.rs - (line 44)
[INFO] [stdout] 
[INFO] [stdout] test result: FAILED. 0 passed; 1 failed; 0 ignored; 0 measured; 0 filtered out; finished in 0.04s
[INFO] [stdout] 
[INFO] [stderr] error: doctest failed, to rerun pass `--doc`
[INFO] running `Command { std: "docker" "inspect" "d9e90ba495a6ed8f94633b8afeac0b240b0c24acc41bcc4358b3a00448095fd0", kill_on_drop: false }`
[INFO] running `Command { std: "docker" "rm" "-f" "d9e90ba495a6ed8f94633b8afeac0b240b0c24acc41bcc4358b3a00448095fd0", kill_on_drop: false }`
[INFO] [stdout] d9e90ba495a6ed8f94633b8afeac0b240b0c24acc41bcc4358b3a00448095fd0
