[INFO] fetching crate embassy-executor-macros 0.6.2...
[INFO] testing embassy-executor-macros-0.6.2 against 1.83.0 for beta-1.84.0-4-retry
[INFO] extracting crate embassy-executor-macros 0.6.2 into /workspace/builds/worker-1-tc1/source
[INFO] validating manifest of crates.io crate embassy-executor-macros 0.6.2 on toolchain 1.83.0
[INFO] running `Command { std: CARGO_HOME="/workspace/cargo-home" RUSTUP_HOME="/workspace/rustup-home" "/workspace/cargo-home/bin/cargo" "+1.83.0" "metadata" "--manifest-path" "Cargo.toml" "--no-deps", kill_on_drop: false }`
[INFO] started tweaking crates.io crate embassy-executor-macros 0.6.2
[INFO] finished tweaking crates.io crate embassy-executor-macros 0.6.2
[INFO] tweaked toml for crates.io crate embassy-executor-macros 0.6.2 written to /workspace/builds/worker-1-tc1/source/Cargo.toml
[INFO] running `Command { std: CARGO_HOME="/workspace/cargo-home" RUSTUP_HOME="/workspace/rustup-home" "/workspace/cargo-home/bin/cargo" "+1.83.0" "generate-lockfile" "--manifest-path" "Cargo.toml", kill_on_drop: false }`
[INFO] [stderr]     Updating crates.io index
[INFO] [stderr]      Locking 10 packages to latest compatible versions
[INFO] running `Command { std: CARGO_HOME="/workspace/cargo-home" RUSTUP_HOME="/workspace/rustup-home" "/workspace/cargo-home/bin/cargo" "+1.83.0" "fetch" "--manifest-path" "Cargo.toml", kill_on_drop: false }`
[INFO] running `Command { std: "docker" "create" "-v" "/var/lib/crater-agent-workspace/builds/worker-1-tc1/target:/opt/rustwide/target:rw,Z" "-v" "/var/lib/crater-agent-workspace/builds/worker-1-tc1/source:/opt/rustwide/workdir:ro,Z" "-v" "/var/lib/crater-agent-workspace/cargo-home:/opt/rustwide/cargo-home:ro,Z" "-v" "/var/lib/crater-agent-workspace/rustup-home:/opt/rustwide/rustup-home:ro,Z" "-e" "SOURCE_DIR=/opt/rustwide/workdir" "-e" "CARGO_TARGET_DIR=/opt/rustwide/target" "-e" "CARGO_HOME=/opt/rustwide/cargo-home" "-e" "RUSTUP_HOME=/opt/rustwide/rustup-home" "-w" "/opt/rustwide/workdir" "-m" "1610612736" "--user" "0:0" "--network" "none" "ghcr.io/rust-lang/crates-build-env/linux@sha256:f3a9d4ad9d972b27faf3965f35b62e55ba32bbce8f20bc8fe909558a86702fde" "/opt/rustwide/cargo-home/bin/cargo" "+1.83.0" "metadata" "--no-deps" "--format-version=1", kill_on_drop: false }`
[INFO] [stdout] 5723ecd0576c66a15da220357aa3f9e98984516acd2ae30791b83d028e783c54
[INFO] running `Command { std: "docker" "start" "-a" "5723ecd0576c66a15da220357aa3f9e98984516acd2ae30791b83d028e783c54", kill_on_drop: false }`
[INFO] running `Command { std: "docker" "inspect" "5723ecd0576c66a15da220357aa3f9e98984516acd2ae30791b83d028e783c54", kill_on_drop: false }`
[INFO] running `Command { std: "docker" "rm" "-f" "5723ecd0576c66a15da220357aa3f9e98984516acd2ae30791b83d028e783c54", kill_on_drop: false }`
[INFO] [stdout] 5723ecd0576c66a15da220357aa3f9e98984516acd2ae30791b83d028e783c54
[INFO] running `Command { std: "docker" "create" "-v" "/var/lib/crater-agent-workspace/builds/worker-1-tc1/target:/opt/rustwide/target:rw,Z" "-v" "/var/lib/crater-agent-workspace/builds/worker-1-tc1/source:/opt/rustwide/workdir:ro,Z" "-v" "/var/lib/crater-agent-workspace/cargo-home:/opt/rustwide/cargo-home:ro,Z" "-v" "/var/lib/crater-agent-workspace/rustup-home:/opt/rustwide/rustup-home:ro,Z" "-e" "SOURCE_DIR=/opt/rustwide/workdir" "-e" "CARGO_TARGET_DIR=/opt/rustwide/target" "-e" "CARGO_INCREMENTAL=0" "-e" "RUST_BACKTRACE=full" "-e" "RUSTFLAGS=--cap-lints=warn" "-e" "RUSTDOCFLAGS=--cap-lints=warn" "-e" "CARGO_HOME=/opt/rustwide/cargo-home" "-e" "RUSTUP_HOME=/opt/rustwide/rustup-home" "-w" "/opt/rustwide/workdir" "-m" "1610612736" "--user" "0:0" "--network" "none" "ghcr.io/rust-lang/crates-build-env/linux@sha256:f3a9d4ad9d972b27faf3965f35b62e55ba32bbce8f20bc8fe909558a86702fde" "/opt/rustwide/cargo-home/bin/cargo" "+1.83.0" "build" "--frozen" "--message-format=json", kill_on_drop: false }`
[INFO] [stdout] c2a39a2502079cf9959d7fef8176d3962b8003a19f1a6a345d1567b7455131c8
[INFO] running `Command { std: "docker" "start" "-a" "c2a39a2502079cf9959d7fef8176d3962b8003a19f1a6a345d1567b7455131c8", kill_on_drop: false }`
[INFO] [stderr]    Compiling proc-macro2 v1.0.92
[INFO] [stderr]    Compiling unicode-ident v1.0.14
[INFO] [stderr]    Compiling strsim v0.11.1
[INFO] [stderr]    Compiling ident_case v1.0.1
[INFO] [stderr]    Compiling fnv v1.0.7
[INFO] [stderr]    Compiling quote v1.0.37
[INFO] [stderr]    Compiling syn v2.0.90
[INFO] [stderr]    Compiling darling_core v0.20.10
[INFO] [stderr]    Compiling darling_macro v0.20.10
[INFO] [stderr]    Compiling darling v0.20.10
[INFO] [stderr]    Compiling embassy-executor-macros v0.6.2 (/opt/rustwide/workdir)
[INFO] [stderr]     Finished `dev` profile [unoptimized + debuginfo] target(s) in 10.46s
[INFO] running `Command { std: "docker" "inspect" "c2a39a2502079cf9959d7fef8176d3962b8003a19f1a6a345d1567b7455131c8", kill_on_drop: false }`
[INFO] running `Command { std: "docker" "rm" "-f" "c2a39a2502079cf9959d7fef8176d3962b8003a19f1a6a345d1567b7455131c8", kill_on_drop: false }`
[INFO] [stdout] c2a39a2502079cf9959d7fef8176d3962b8003a19f1a6a345d1567b7455131c8
[INFO] running `Command { std: "docker" "create" "-v" "/var/lib/crater-agent-workspace/builds/worker-1-tc1/target:/opt/rustwide/target:rw,Z" "-v" "/var/lib/crater-agent-workspace/builds/worker-1-tc1/source:/opt/rustwide/workdir:ro,Z" "-v" "/var/lib/crater-agent-workspace/cargo-home:/opt/rustwide/cargo-home:ro,Z" "-v" "/var/lib/crater-agent-workspace/rustup-home:/opt/rustwide/rustup-home:ro,Z" "-e" "SOURCE_DIR=/opt/rustwide/workdir" "-e" "CARGO_TARGET_DIR=/opt/rustwide/target" "-e" "CARGO_INCREMENTAL=0" "-e" "RUST_BACKTRACE=full" "-e" "RUSTFLAGS=--cap-lints=warn" "-e" "RUSTDOCFLAGS=--cap-lints=warn" "-e" "CARGO_HOME=/opt/rustwide/cargo-home" "-e" "RUSTUP_HOME=/opt/rustwide/rustup-home" "-w" "/opt/rustwide/workdir" "-m" "1610612736" "--user" "0:0" "--network" "none" "ghcr.io/rust-lang/crates-build-env/linux@sha256:f3a9d4ad9d972b27faf3965f35b62e55ba32bbce8f20bc8fe909558a86702fde" "/opt/rustwide/cargo-home/bin/cargo" "+1.83.0" "test" "--frozen" "--no-run" "--message-format=json", kill_on_drop: false }`
[INFO] [stdout] 73046228373a4114e3a0152f71e36f9b49e6e7826af80f4ac85cd31601ea8b38
[INFO] running `Command { std: "docker" "start" "-a" "73046228373a4114e3a0152f71e36f9b49e6e7826af80f4ac85cd31601ea8b38", kill_on_drop: false }`
[INFO] [stderr]    Compiling embassy-executor-macros v0.6.2 (/opt/rustwide/workdir)
[INFO] [stderr]     Finished `test` profile [unoptimized + debuginfo] target(s) in 0.81s
[INFO] running `Command { std: "docker" "inspect" "73046228373a4114e3a0152f71e36f9b49e6e7826af80f4ac85cd31601ea8b38", kill_on_drop: false }`
[INFO] running `Command { std: "docker" "rm" "-f" "73046228373a4114e3a0152f71e36f9b49e6e7826af80f4ac85cd31601ea8b38", kill_on_drop: false }`
[INFO] [stdout] 73046228373a4114e3a0152f71e36f9b49e6e7826af80f4ac85cd31601ea8b38
[INFO] running `Command { std: "docker" "create" "-v" "/var/lib/crater-agent-workspace/builds/worker-1-tc1/target:/opt/rustwide/target:rw,Z" "-v" "/var/lib/crater-agent-workspace/builds/worker-1-tc1/source:/opt/rustwide/workdir:ro,Z" "-v" "/var/lib/crater-agent-workspace/cargo-home:/opt/rustwide/cargo-home:ro,Z" "-v" "/var/lib/crater-agent-workspace/rustup-home:/opt/rustwide/rustup-home:ro,Z" "-e" "SOURCE_DIR=/opt/rustwide/workdir" "-e" "CARGO_TARGET_DIR=/opt/rustwide/target" "-e" "CARGO_INCREMENTAL=0" "-e" "RUST_BACKTRACE=full" "-e" "RUSTFLAGS=--cap-lints=warn" "-e" "RUSTDOCFLAGS=--cap-lints=warn" "-e" "CARGO_HOME=/opt/rustwide/cargo-home" "-e" "RUSTUP_HOME=/opt/rustwide/rustup-home" "-w" "/opt/rustwide/workdir" "-m" "1610612736" "--user" "0:0" "--network" "none" "ghcr.io/rust-lang/crates-build-env/linux@sha256:f3a9d4ad9d972b27faf3965f35b62e55ba32bbce8f20bc8fe909558a86702fde" "/opt/rustwide/cargo-home/bin/cargo" "+1.83.0" "test" "--frozen", kill_on_drop: false }`
[INFO] [stdout] 0f56b4346dcfa2df011fcf754b67288a2b72fd57b293cea593694372a61a1bcb
[INFO] running `Command { std: "docker" "start" "-a" "0f56b4346dcfa2df011fcf754b67288a2b72fd57b293cea593694372a61a1bcb", kill_on_drop: false }`
[INFO] [stderr]     Finished `test` profile [unoptimized + debuginfo] target(s) in 0.01s
[INFO] [stderr]      Running unittests src/lib.rs (/opt/rustwide/target/debug/deps/embassy_executor_macros-b86ec4f11949f36b)
[INFO] [stdout] 
[INFO] [stdout] running 0 tests
[INFO] [stdout] 
[INFO] [stdout] test result: ok. 0 passed; 0 failed; 0 ignored; 0 measured; 0 filtered out; finished in 0.00s
[INFO] [stdout] 
[INFO] [stderr]    Doc-tests embassy_executor_macros
[INFO] [stdout] 
[INFO] [stdout] running 8 tests
[INFO] [stdout] test src/lib.rs - task (line 34) ... FAILED
[INFO] [stdout] test src/lib.rs - task (line 25) ... FAILED
[INFO] [stdout] test src/lib.rs - main_spin (line 87) ... FAILED
[INFO] [stdout] test src/lib.rs - main_cortex_m (line 62) ... FAILED
[INFO] [stdout] test src/lib.rs - main_wasm (line 166) ... FAILED
[INFO] [stdout] test src/lib.rs - main_std (line 143) ... FAILED
[INFO] [stdout] test src/lib.rs - main_riscv (line 120) ... FAILED
[INFO] [stdout] test src/lib.rs - main_riscv (line 112) ... FAILED
[INFO] [stdout] 
[INFO] [stdout] failures:
[INFO] [stdout] 
[INFO] [stdout] ---- src/lib.rs - task (line 34) stdout ----
[INFO] [stdout] error[E0433]: failed to resolve: use of undeclared crate or module `embassy_executor`
[INFO] [stdout]  --> src/lib.rs:35:3
[INFO] [stdout]   |
[INFO] [stdout] 3 | #[embassy_executor::task(pool_size = 4)]
[INFO] [stdout]   |   ^^^^^^^^^^^^^^^^ use of undeclared crate or module `embassy_executor`
[INFO] [stdout] 
[INFO] [stdout] error: aborting due to 1 previous error
[INFO] [stdout] 
[INFO] [stdout] For more information about this error, try `rustc --explain E0433`.
[INFO] [stdout] Couldn't compile the test.
[INFO] [stdout] ---- src/lib.rs - task (line 25) stdout ----
[INFO] [stdout] error[E0433]: failed to resolve: use of undeclared crate or module `embassy_executor`
[INFO] [stdout]  --> src/lib.rs:26:3
[INFO] [stdout]   |
[INFO] [stdout] 3 | #[embassy_executor::task]
[INFO] [stdout]   |   ^^^^^^^^^^^^^^^^ use of undeclared crate or module `embassy_executor`
[INFO] [stdout] 
[INFO] [stdout] error: aborting due to 1 previous error
[INFO] [stdout] 
[INFO] [stdout] For more information about this error, try `rustc --explain E0433`.
[INFO] [stdout] Couldn't compile the test.
[INFO] [stdout] ---- src/lib.rs - main_spin (line 87) stdout ----
[INFO] [stdout] error[E0433]: failed to resolve: use of undeclared crate or module `embassy_executor`
[INFO] [stdout]  --> src/lib.rs:88:3
[INFO] [stdout]   |
[INFO] [stdout] 2 | #[embassy_executor::main(entry = "qingke_rt::entry")]
[INFO] [stdout]   |   ^^^^^^^^^^^^^^^^ use of undeclared crate or module `embassy_executor`
[INFO] [stdout] 
[INFO] [stdout] error[E0752]: `main` function is not allowed to be `async`
[INFO] [stdout]  --> src/lib.rs:89:1
[INFO] [stdout]   |
[INFO] [stdout] 3 | async fn main(_s: embassy_executor::Spawner) {
[INFO] [stdout]   | ^^^^^^^^^^^^^^^^^^^^^^^^^^^^^^^^^^^^^^^^^^^^ `main` function is not allowed to be `async`
[INFO] [stdout] 
[INFO] [stdout] error[E0433]: failed to resolve: use of undeclared crate or module `embassy_executor`
[INFO] [stdout]  --> src/lib.rs:89:19
[INFO] [stdout]   |
[INFO] [stdout] 3 | async fn main(_s: embassy_executor::Spawner) {
[INFO] [stdout]   |                   ^^^^^^^^^^^^^^^^ use of undeclared crate or module `embassy_executor`
[INFO] [stdout] 
[INFO] [stdout] error: aborting due to 3 previous errors
[INFO] [stdout] 
[INFO] [stdout] Some errors have detailed explanations: E0433, E0752.
[INFO] [stdout] For more information about an error, try `rustc --explain E0433`.
[INFO] [stdout] Couldn't compile the test.
[INFO] [stdout] ---- src/lib.rs - main_cortex_m (line 62) stdout ----
[INFO] [stdout] error[E0433]: failed to resolve: use of undeclared crate or module `embassy_executor`
[INFO] [stdout]  --> src/lib.rs:63:3
[INFO] [stdout]   |
[INFO] [stdout] 2 | #[embassy_executor::main]
[INFO] [stdout]   |   ^^^^^^^^^^^^^^^^ use of undeclared crate or module `embassy_executor`
[INFO] [stdout] 
[INFO] [stdout] error[E0752]: `main` function is not allowed to be `async`
[INFO] [stdout]  --> src/lib.rs:64:1
[INFO] [stdout]   |
[INFO] [stdout] 3 | async fn main(_s: embassy_executor::Spawner) {
[INFO] [stdout]   | ^^^^^^^^^^^^^^^^^^^^^^^^^^^^^^^^^^^^^^^^^^^^ `main` function is not allowed to be `async`
[INFO] [stdout] 
[INFO] [stdout] error[E0433]: failed to resolve: use of undeclared crate or module `embassy_executor`
[INFO] [stdout]  --> src/lib.rs:64:19
[INFO] [stdout]   |
[INFO] [stdout] 3 | async fn main(_s: embassy_executor::Spawner) {
[INFO] [stdout]   |                   ^^^^^^^^^^^^^^^^ use of undeclared crate or module `embassy_executor`
[INFO] [stdout] 
[INFO] [stdout] error: aborting due to 3 previous errors
[INFO] [stdout] 
[INFO] [stdout] Some errors have detailed explanations: E0433, E0752.
[INFO] [stdout] For more information about an error, try `rustc --explain E0433`.
[INFO] [stdout] Couldn't compile the test.
[INFO] [stdout] ---- src/lib.rs - main_wasm (line 166) stdout ----
[INFO] [stdout] error[E0433]: failed to resolve: use of undeclared crate or module `embassy_executor`
[INFO] [stdout]  --> src/lib.rs:167:3
[INFO] [stdout]   |
[INFO] [stdout] 2 | #[embassy_executor::main]
[INFO] [stdout]   |   ^^^^^^^^^^^^^^^^ use of undeclared crate or module `embassy_executor`
[INFO] [stdout] 
[INFO] [stdout] error[E0752]: `main` function is not allowed to be `async`
[INFO] [stdout]  --> src/lib.rs:168:1
[INFO] [stdout]   |
[INFO] [stdout] 3 | async fn main(_s: embassy_executor::Spawner) {
[INFO] [stdout]   | ^^^^^^^^^^^^^^^^^^^^^^^^^^^^^^^^^^^^^^^^^^^^ `main` function is not allowed to be `async`
[INFO] [stdout] 
[INFO] [stdout] error[E0433]: failed to resolve: use of undeclared crate or module `embassy_executor`
[INFO] [stdout]  --> src/lib.rs:168:19
[INFO] [stdout]   |
[INFO] [stdout] 3 | async fn main(_s: embassy_executor::Spawner) {
[INFO] [stdout]   |                   ^^^^^^^^^^^^^^^^ use of undeclared crate or module `embassy_executor`
[INFO] [stdout] 
[INFO] [stdout] error: aborting due to 3 previous errors
[INFO] [stdout] 
[INFO] [stdout] Some errors have detailed explanations: E0433, E0752.
[INFO] [stdout] For more information about an error, try `rustc --explain E0433`.
[INFO] [stdout] Couldn't compile the test.
[INFO] [stdout] ---- src/lib.rs - main_std (line 143) stdout ----
[INFO] [stdout] error[E0433]: failed to resolve: use of undeclared crate or module `embassy_executor`
[INFO] [stdout]  --> src/lib.rs:144:3
[INFO] [stdout]   |
[INFO] [stdout] 2 | #[embassy_executor::main]
[INFO] [stdout]   |   ^^^^^^^^^^^^^^^^ use of undeclared crate or module `embassy_executor`
[INFO] [stdout] 
[INFO] [stdout] error[E0752]: `main` function is not allowed to be `async`
[INFO] [stdout]  --> src/lib.rs:145:1
[INFO] [stdout]   |
[INFO] [stdout] 3 | async fn main(_s: embassy_executor::Spawner) {
[INFO] [stdout]   | ^^^^^^^^^^^^^^^^^^^^^^^^^^^^^^^^^^^^^^^^^^^^ `main` function is not allowed to be `async`
[INFO] [stdout] 
[INFO] [stdout] error[E0433]: failed to resolve: use of undeclared crate or module `embassy_executor`
[INFO] [stdout]  --> src/lib.rs:145:19
[INFO] [stdout]   |
[INFO] [stdout] 3 | async fn main(_s: embassy_executor::Spawner) {
[INFO] [stdout]   |                   ^^^^^^^^^^^^^^^^ use of undeclared crate or module `embassy_executor`
[INFO] [stdout] 
[INFO] [stdout] error: aborting due to 3 previous errors
[INFO] [stdout] 
[INFO] [stdout] Some errors have detailed explanations: E0433, E0752.
[INFO] [stdout] For more information about an error, try `rustc --explain E0433`.
[INFO] [stdout] Couldn't compile the test.
[INFO] [stdout] ---- src/lib.rs - main_riscv (line 120) stdout ----
[INFO] [stdout] error[E0433]: failed to resolve: use of undeclared crate or module `embassy_executor`
[INFO] [stdout]  --> src/lib.rs:121:3
[INFO] [stdout]   |
[INFO] [stdout] 2 | #[embassy_executor::main(entry = "esp_riscv_rt::entry")]
[INFO] [stdout]   |   ^^^^^^^^^^^^^^^^ use of undeclared crate or module `embassy_executor`
[INFO] [stdout] 
[INFO] [stdout] error[E0752]: `main` function is not allowed to be `async`
[INFO] [stdout]  --> src/lib.rs:122:1
[INFO] [stdout]   |
[INFO] [stdout] 3 | async fn main(_s: embassy_executor::Spawner) {
[INFO] [stdout]   | ^^^^^^^^^^^^^^^^^^^^^^^^^^^^^^^^^^^^^^^^^^^^ `main` function is not allowed to be `async`
[INFO] [stdout] 
[INFO] [stdout] error[E0433]: failed to resolve: use of undeclared crate or module `embassy_executor`
[INFO] [stdout]  --> src/lib.rs:122:19
[INFO] [stdout]   |
[INFO] [stdout] 3 | async fn main(_s: embassy_executor::Spawner) {
[INFO] [stdout]   |                   ^^^^^^^^^^^^^^^^ use of undeclared crate or module `embassy_executor`
[INFO] [stdout] 
[INFO] [stdout] error: aborting due to 3 previous errors
[INFO] [stdout] 
[INFO] [stdout] Some errors have detailed explanations: E0433, E0752.
[INFO] [stdout] For more information about an error, try `rustc --explain E0433`.
[INFO] [stdout] Couldn't compile the test.
[INFO] [stdout] ---- src/lib.rs - main_riscv (line 112) stdout ----
[INFO] [stdout] error[E0433]: failed to resolve: use of undeclared crate or module `embassy_executor`
[INFO] [stdout]  --> src/lib.rs:113:3
[INFO] [stdout]   |
[INFO] [stdout] 2 | #[embassy_executor::main]
[INFO] [stdout]   |   ^^^^^^^^^^^^^^^^ use of undeclared crate or module `embassy_executor`
[INFO] [stdout] 
[INFO] [stdout] error[E0752]: `main` function is not allowed to be `async`
[INFO] [stdout]  --> src/lib.rs:114:1
[INFO] [stdout]   |
[INFO] [stdout] 3 | async fn main(_s: embassy_executor::Spawner) {
[INFO] [stdout]   | ^^^^^^^^^^^^^^^^^^^^^^^^^^^^^^^^^^^^^^^^^^^^ `main` function is not allowed to be `async`
[INFO] [stdout] 
[INFO] [stdout] error[E0433]: failed to resolve: use of undeclared crate or module `embassy_executor`
[INFO] [stdout]  --> src/lib.rs:114:19
[INFO] [stdout]   |
[INFO] [stdout] 3 | async fn main(_s: embassy_executor::Spawner) {
[INFO] [stdout]   |                   ^^^^^^^^^^^^^^^^ use of undeclared crate or module `embassy_executor`
[INFO] [stdout] 
[INFO] [stdout] error: aborting due to 3 previous errors
[INFO] [stdout] 
[INFO] [stdout] Some errors have detailed explanations: E0433, E0752.
[INFO] [stdout] For more information about an error, try `rustc --explain E0433`.
[INFO] [stdout] Couldn't compile the test.
[INFO] [stdout] 
[INFO] [stdout] failures:
[INFO] [stdout]     src/lib.rs - main_cortex_m (line 62)
[INFO] [stdout]     src/lib.rs - main_riscv (line 112)
[INFO] [stdout]     src/lib.rs - main_riscv (line 120)
[INFO] [stdout]     src/lib.rs - main_spin (line 87)
[INFO] [stdout]     src/lib.rs - main_std (line 143)
[INFO] [stdout]     src/lib.rs - main_wasm (line 166)
[INFO] [stdout]     src/lib.rs - task (line 25)
[INFO] [stdout]     src/lib.rs - task (line 34)
[INFO] [stdout] 
[INFO] [stdout] test result: FAILED. 0 passed; 8 failed; 0 ignored; 0 measured; 0 filtered out; finished in 0.07s
[INFO] [stdout] 
[INFO] [stderr] error: doctest failed, to rerun pass `--doc`
[INFO] running `Command { std: "docker" "inspect" "0f56b4346dcfa2df011fcf754b67288a2b72fd57b293cea593694372a61a1bcb", kill_on_drop: false }`
[INFO] running `Command { std: "docker" "rm" "-f" "0f56b4346dcfa2df011fcf754b67288a2b72fd57b293cea593694372a61a1bcb", kill_on_drop: false }`
[INFO] [stdout] 0f56b4346dcfa2df011fcf754b67288a2b72fd57b293cea593694372a61a1bcb
